Jun 03 15:45:34.951853 np0000002072 devstack@placement-api.service[92232]: INFO placement.requestlog [req-2c4ec1aa-2ab1-4cee-bba1-eb99dde74696 req-408e6d1f-b061-49df-931f-132f6151be4d service nova] 10.4.3.19 "GET /placement/allocations/a6d80c58-376f-4bec-b161-9bf6784a6e1d" status: 200 len: 258 microversion: 1.28
Jun 03 15:45:34.952197 np0000002072 devstack@placement-api.service[92232]: [pid: 92232|app: 0|req: 108/327] 10.4.3.19 () {68 vars in 1492 bytes} [Wed Jun 3 15:45:34 2026] GET /placement/allocations/a6d80c58-376f-4bec-b161-9bf6784a6e1d => generated 258 bytes in 17 msecs (HTTP/1.1 200) 8 headers in 296 bytes (1 switches on core 0)
Jun 03 15:45:36.017227 np0000002072 devstack@placement-api.service[92233]: DEBUG placement.requestlog [req-2c4ec1aa-2ab1-4cee-bba1-eb99dde74696 req-2c84e195-a0a9-4d6f-a8d7-bd52a4898ee1 None None] Starting request: 10.4.3.19 "DELETE /placement/allocations/a6d80c58-376f-4bec-b161-9bf6784a6e1d" {{(pid=92233) __call__ /opt/stack/placement/placement/requestlog.py:55}}
Jun 03 15:45:36.058918 np0000002072 devstack@placement-api.service[92233]: DEBUG placement.handlers.allocation [req-2c4ec1aa-2ab1-4cee-bba1-eb99dde74696 req-2c84e195-a0a9-4d6f-a8d7-bd52a4898ee1 service nova] Successfully deleted allocations [, , ] {{(pid=92233) delete_allocations /opt/stack/placement/placement/handlers/allocation.py:627}}
Jun 03 15:45:36.059260 np0000002072 devstack@placement-api.service[92233]: INFO placement.requestlog [req-2c4ec1aa-2ab1-4cee-bba1-eb99dde74696 req-2c84e195-a0a9-4d6f-a8d7-bd52a4898ee1 service nova] 10.4.3.19 "DELETE /placement/allocations/a6d80c58-376f-4bec-b161-9bf6784a6e1d" status: 204 len: 0 microversion: 1.0
Jun 03 15:45:36.059540 np0000002072 devstack@placement-api.service[92233]: [pid: 92233|app: 0|req: 110/328] 10.4.3.19 () {68 vars in 1470 bytes} [Wed Jun 3 15:45:36 2026] DELETE /placement/allocations/a6d80c58-376f-4bec-b161-9bf6784a6e1d => generated 0 bytes in 42 msecs (HTTP/1.1 204) 5 headers in 198 bytes (1 switches on core 0)
Jun 03 15:45:38.536581 np0000002072 devstack@placement-api.service[92234]: DEBUG placement.requestlog [None req-626f79c3-a51b-48b9-9991-3de544b1cdd4 None None] Starting request: 10.4.3.19 "GET /placement/resource_providers/02d50d18-092b-439d-8f2c-dec59d622bb0/aggregates" {{(pid=92234) __call__ /opt/stack/placement/placement/requestlog.py:55}}
Jun 03 15:45:38.540821 np0000002072 devstack@placement-api.service[92232]: DEBUG placement.requestlog [None req-35f7fa08-8713-48c4-9576-a75d739de575 None None] Starting request: 10.4.3.19 "GET /placement/resource_providers/f5aa2b48-6c00-42f4-b0b6-56be58be8fd7/aggregates" {{(pid=92232) __call__ /opt/stack/placement/placement/requestlog.py:55}}
Jun 03 15:45:38.549000 np0000002072 devstack@placement-api.service[92232]: INFO placement.requestlog [None req-35f7fa08-8713-48c4-9576-a75d739de575 service placement] 10.4.3.19 "GET /placement/resource_providers/f5aa2b48-6c00-42f4-b0b6-56be58be8fd7/aggregates" status: 404 len: 235 microversion: 1.1
Jun 03 15:45:38.549363 np0000002072 devstack@placement-api.service[92232]: [pid: 92232|app: 0|req: 109/329] 10.4.3.19 () {66 vars in 1467 bytes} [Wed Jun 3 15:45:38 2026] GET /placement/resource_providers/f5aa2b48-6c00-42f4-b0b6-56be58be8fd7/aggregates => generated 235 bytes in 8 msecs (HTTP/1.1 404) 5 headers in 202 bytes (1 switches on core 0)
Jun 03 15:45:38.552875 np0000002072 devstack@placement-api.service[92234]: INFO placement.requestlog [None req-626f79c3-a51b-48b9-9991-3de544b1cdd4 service placement] 10.4.3.19 "GET /placement/resource_providers/02d50d18-092b-439d-8f2c-dec59d622bb0/aggregates" status: 404 len: 235 microversion: 1.1
Jun 03 15:45:38.553210 np0000002072 devstack@placement-api.service[92234]: [pid: 92234|app: 0|req: 111/330] 10.4.3.19 () {66 vars in 1467 bytes} [Wed Jun 3 15:45:38 2026] GET /placement/resource_providers/02d50d18-092b-439d-8f2c-dec59d622bb0/aggregates => generated 235 bytes in 17 msecs (HTTP/1.1 404) 5 headers in 202 bytes (1 switches on core 0)
Jun 03 15:45:38.599483 np0000002072 devstack@placement-api.service[92233]: DEBUG placement.requestlog [None req-78828990-82c8-403a-bfda-1d38971c11b5 None None] Starting request: 10.4.3.19 "DELETE /placement/resource_providers/f5aa2b48-6c00-42f4-b0b6-56be58be8fd7" {{(pid=92233) __call__ /opt/stack/placement/placement/requestlog.py:55}}
Jun 03 15:45:38.609545 np0000002072 devstack@placement-api.service[92233]: DEBUG placement.wsgi_wrapper [None req-78828990-82c8-403a-bfda-1d38971c11b5 service placement] Placement API returning an error response: No resource provider with uuid f5aa2b48-6c00-42f4-b0b6-56be58be8fd7 found for delete {{(pid=92233) call_func /opt/stack/placement/placement/wsgi_wrapper.py:31}}
Jun 03 15:45:38.609824 np0000002072 devstack@placement-api.service[92233]: INFO placement.requestlog [None req-78828990-82c8-403a-bfda-1d38971c11b5 service placement] 10.4.3.19 "DELETE /placement/resource_providers/f5aa2b48-6c00-42f4-b0b6-56be58be8fd7" status: 404 len: 246 microversion: 1.1
Jun 03 15:45:38.610150 np0000002072 devstack@placement-api.service[92233]: [pid: 92233|app: 0|req: 111/331] 10.4.3.19 () {68 vars in 1456 bytes} [Wed Jun 3 15:45:38 2026] DELETE /placement/resource_providers/f5aa2b48-6c00-42f4-b0b6-56be58be8fd7 => generated 246 bytes in 11 msecs (HTTP/1.1 404) 6 headers in 231 bytes (1 switches on core 0)
Jun 03 15:45:38.620799 np0000002072 devstack@placement-api.service[92232]: DEBUG placement.requestlog [None req-ab500f96-ce73-4a4f-a24c-a8058c6ff16d None None] Starting request: 10.4.3.19 "DELETE /placement/resource_providers/02d50d18-092b-439d-8f2c-dec59d622bb0" {{(pid=92232) __call__ /opt/stack/placement/placement/requestlog.py:55}}
Jun 03 15:45:38.628275 np0000002072 devstack@placement-api.service[92232]: DEBUG placement.wsgi_wrapper [None req-ab500f96-ce73-4a4f-a24c-a8058c6ff16d service placement] Placement API returning an error response: No resource provider with uuid 02d50d18-092b-439d-8f2c-dec59d622bb0 found for delete {{(pid=92232) call_func /opt/stack/placement/placement/wsgi_wrapper.py:31}}
Jun 03 15:45:38.628499 np0000002072 devstack@placement-api.service[92232]: INFO placement.requestlog [None req-ab500f96-ce73-4a4f-a24c-a8058c6ff16d service placement] 10.4.3.19 "DELETE /placement/resource_providers/02d50d18-092b-439d-8f2c-dec59d622bb0" status: 404 len: 246 microversion: 1.1
Jun 03 15:45:38.630083 np0000002072 devstack@placement-api.service[92232]: [pid: 92232|app: 0|req: 110/332] 10.4.3.19 () {68 vars in 1456 bytes} [Wed Jun 3 15:45:38 2026] DELETE /placement/resource_providers/02d50d18-092b-439d-8f2c-dec59d622bb0 => generated 246 bytes in 8 msecs (HTTP/1.1 404) 6 headers in 231 bytes (1 switches on core 0)
Jun 03 15:45:39.171639 np0000002072 devstack@placement-api.service[92234]: DEBUG placement.requestlog [None req-a7160cc6-5b7f-4e82-865d-8ff8ed1045d1 None None] Starting request: 10.4.3.19 "GET /placement/resource_providers/a81c028d-c0ac-4e5a-a667-ed315e749bc8/aggregates" {{(pid=92234) __call__ /opt/stack/placement/placement/requestlog.py:55}}
Jun 03 15:45:39.180682 np0000002072 devstack@placement-api.service[92234]: INFO placement.requestlog [None req-a7160cc6-5b7f-4e82-865d-8ff8ed1045d1 service placement] 10.4.3.19 "GET /placement/resource_providers/a81c028d-c0ac-4e5a-a667-ed315e749bc8/aggregates" status: 404 len: 235 microversion: 1.1
Jun 03 15:45:39.180682 np0000002072 devstack@placement-api.service[92234]: [pid: 92234|app: 0|req: 112/333] 10.4.3.19 () {66 vars in 1467 bytes} [Wed Jun 3 15:45:39 2026] GET /placement/resource_providers/a81c028d-c0ac-4e5a-a667-ed315e749bc8/aggregates => generated 235 bytes in 9 msecs (HTTP/1.1 404) 5 headers in 202 bytes (1 switches on core 0)
Jun 03 15:45:39.226504 np0000002072 devstack@placement-api.service[92233]: DEBUG placement.requestlog [None req-180be63d-976c-4ae7-b675-601cb702614d None None] Starting request: 10.4.3.19 "DELETE /placement/resource_providers/a81c028d-c0ac-4e5a-a667-ed315e749bc8" {{(pid=92233) __call__ /opt/stack/placement/placement/requestlog.py:55}}
Jun 03 15:45:39.233695 np0000002072 devstack@placement-api.service[92233]: DEBUG placement.wsgi_wrapper [None req-180be63d-976c-4ae7-b675-601cb702614d service placement] Placement API returning an error response: No resource provider with uuid a81c028d-c0ac-4e5a-a667-ed315e749bc8 found for delete {{(pid=92233) call_func /opt/stack/placement/placement/wsgi_wrapper.py:31}}
Jun 03 15:45:39.233753 np0000002072 devstack@placement-api.service[92233]: INFO placement.requestlog [None req-180be63d-976c-4ae7-b675-601cb702614d service placement] 10.4.3.19 "DELETE /placement/resource_providers/a81c028d-c0ac-4e5a-a667-ed315e749bc8" status: 404 len: 246 microversion: 1.1
Jun 03 15:45:39.233973 np0000002072 devstack@placement-api.service[92233]: [pid: 92233|app: 0|req: 112/334] 10.4.3.19 () {68 vars in 1456 bytes} [Wed Jun 3 15:45:39 2026] DELETE /placement/resource_providers/a81c028d-c0ac-4e5a-a667-ed315e749bc8 => generated 246 bytes in 8 msecs (HTTP/1.1 404) 6 headers in 231 bytes (1 switches on core 0)
Jun 03 15:45:39.491356 np0000002072 devstack@placement-api.service[92232]: DEBUG placement.requestlog [req-a571081a-3678-44de-8427-f167faf38942 req-f342926a-50dc-4cab-89c8-2790dfff7739 None None] Starting request: 10.4.3.19 "GET /placement/resource_providers/520cff63-59fd-4bc0-bf45-b7c8726d17a1/allocations" {{(pid=92232) __call__ /opt/stack/placement/placement/requestlog.py:55}}
Jun 03 15:45:39.503774 np0000002072 devstack@placement-api.service[92232]: INFO placement.requestlog [req-a571081a-3678-44de-8427-f167faf38942 req-f342926a-50dc-4cab-89c8-2790dfff7739 service nova] 10.4.3.19 "GET /placement/resource_providers/520cff63-59fd-4bc0-bf45-b7c8726d17a1/allocations" status: 200 len: 539 microversion: 1.0
Jun 03 15:45:39.504563 np0000002072 devstack@placement-api.service[92232]: [pid: 92232|app: 0|req: 111/335] 10.4.3.19 () {66 vars in 1505 bytes} [Wed Jun 3 15:45:39 2026] GET /placement/resource_providers/520cff63-59fd-4bc0-bf45-b7c8726d17a1/allocations => generated 539 bytes in 13 msecs (HTTP/1.1 200) 6 headers in 224 bytes (1 switches on core 0)
Jun 03 15:45:39.563572 np0000002072 devstack@placement-api.service[92234]: DEBUG placement.requestlog [req-a571081a-3678-44de-8427-f167faf38942 req-043fe9ba-dcdf-4ed6-8f63-261260a114b1 None None] Starting request: 10.4.3.19 "GET /placement/resource_providers/520cff63-59fd-4bc0-bf45-b7c8726d17a1/allocations" {{(pid=92234) __call__ /opt/stack/placement/placement/requestlog.py:55}}
Jun 03 15:45:39.576627 np0000002072 devstack@placement-api.service[92234]: INFO placement.requestlog [req-a571081a-3678-44de-8427-f167faf38942 req-043fe9ba-dcdf-4ed6-8f63-261260a114b1 service nova] 10.4.3.19 "GET /placement/resource_providers/520cff63-59fd-4bc0-bf45-b7c8726d17a1/allocations" status: 200 len: 539 microversion: 1.0
Jun 03 15:45:39.576835 np0000002072 devstack@placement-api.service[92234]: [pid: 92234|app: 0|req: 113/336] 10.4.3.19 () {66 vars in 1505 bytes} [Wed Jun 3 15:45:39 2026] GET /placement/resource_providers/520cff63-59fd-4bc0-bf45-b7c8726d17a1/allocations => generated 539 bytes in 14 msecs (HTTP/1.1 200) 6 headers in 224 bytes (1 switches on core 0)
Jun 03 15:45:39.617411 np0000002072 devstack@placement-api.service[92233]: DEBUG placement.requestlog [req-a571081a-3678-44de-8427-f167faf38942 req-0664eb2f-eb83-4d56-9b70-ab8ef8fea429 None None] Starting request: 10.4.3.19 "GET /placement/allocations/d865ec77-db65-409d-af77-e6afc7c6d7fe" {{(pid=92233) __call__ /opt/stack/placement/placement/requestlog.py:55}}
Jun 03 15:45:39.631956 np0000002072 devstack@placement-api.service[92233]: INFO placement.requestlog [req-a571081a-3678-44de-8427-f167faf38942 req-0664eb2f-eb83-4d56-9b70-ab8ef8fea429 service nova] 10.4.3.19 "GET /placement/allocations/d865ec77-db65-409d-af77-e6afc7c6d7fe" status: 200 len: 244 microversion: 1.28
Jun 03 15:45:39.632182 np0000002072 devstack@placement-api.service[92233]: [pid: 92233|app: 0|req: 113/337] 10.4.3.19 () {68 vars in 1492 bytes} [Wed Jun 3 15:45:39 2026] GET /placement/allocations/d865ec77-db65-409d-af77-e6afc7c6d7fe => generated 244 bytes in 15 msecs (HTTP/1.1 200) 8 headers in 296 bytes (1 switches on core 0)
Jun 03 15:45:39.673600 np0000002072 devstack@placement-api.service[92232]: DEBUG placement.requestlog [req-a571081a-3678-44de-8427-f167faf38942 req-6ac00f16-530f-4c17-ad1e-0ab0619c873e None None] Starting request: 10.4.3.19 "GET /placement/allocations/36a0dc30-1791-4a24-82e4-24fa5048154f" {{(pid=92232) __call__ /opt/stack/placement/placement/requestlog.py:55}}
Jun 03 15:45:39.689678 np0000002072 devstack@placement-api.service[92232]: INFO placement.requestlog [req-a571081a-3678-44de-8427-f167faf38942 req-6ac00f16-530f-4c17-ad1e-0ab0619c873e service nova] 10.4.3.19 "GET /placement/allocations/36a0dc30-1791-4a24-82e4-24fa5048154f" status: 200 len: 258 microversion: 1.28
Jun 03 15:45:39.689951 np0000002072 devstack@placement-api.service[92232]: [pid: 92232|app: 0|req: 112/338] 10.4.3.19 () {68 vars in 1492 bytes} [Wed Jun 3 15:45:39 2026] GET /placement/allocations/36a0dc30-1791-4a24-82e4-24fa5048154f => generated 258 bytes in 16 msecs (HTTP/1.1 200) 8 headers in 296 bytes (1 switches on core 0)
Jun 03 15:45:39.726212 np0000002072 devstack@placement-api.service[92234]: DEBUG placement.requestlog [req-a571081a-3678-44de-8427-f167faf38942 req-dcf67e26-8154-4b39-913d-28bbcdd28bf2 None None] Starting request: 10.4.3.19 "GET /placement/allocations/c7f721c4-a887-4b1c-b807-7056a6da18a6" {{(pid=92234) __call__ /opt/stack/placement/placement/requestlog.py:55}}
Jun 03 15:45:39.735152 np0000002072 devstack@placement-api.service[92234]: INFO placement.requestlog [req-a571081a-3678-44de-8427-f167faf38942 req-dcf67e26-8154-4b39-913d-28bbcdd28bf2 service nova] 10.4.3.19 "GET /placement/allocations/c7f721c4-a887-4b1c-b807-7056a6da18a6" status: 200 len: 258 microversion: 1.28
Jun 03 15:45:39.735538 np0000002072 devstack@placement-api.service[92234]: [pid: 92234|app: 0|req: 114/339] 10.4.3.19 () {68 vars in 1492 bytes} [Wed Jun 3 15:45:39 2026] GET /placement/allocations/c7f721c4-a887-4b1c-b807-7056a6da18a6 => generated 258 bytes in 9 msecs (HTTP/1.1 200) 8 headers in 296 bytes (1 switches on core 0)
Jun 03 15:45:39.773674 np0000002072 devstack@placement-api.service[92233]: DEBUG placement.requestlog [req-a571081a-3678-44de-8427-f167faf38942 req-737a8cb7-2718-40f5-afcd-e787b3b1112d None None] Starting request: 10.4.3.19 "GET /placement/allocations/06ccaddd-4eb3-4d25-a0e2-72dadf304a9f" {{(pid=92233) __call__ /opt/stack/placement/placement/requestlog.py:55}}
Jun 03 15:45:39.787386 np0000002072 devstack@placement-api.service[92233]: INFO placement.requestlog [req-a571081a-3678-44de-8427-f167faf38942 req-737a8cb7-2718-40f5-afcd-e787b3b1112d service nova] 10.4.3.19 "GET /placement/allocations/06ccaddd-4eb3-4d25-a0e2-72dadf304a9f" status: 200 len: 258 microversion: 1.28
Jun 03 15:45:39.787483 np0000002072 devstack@placement-api.service[92233]: [pid: 92233|app: 0|req: 114/340] 10.4.3.19 () {68 vars in 1492 bytes} [Wed Jun 3 15:45:39 2026] GET /placement/allocations/06ccaddd-4eb3-4d25-a0e2-72dadf304a9f => generated 258 bytes in 14 msecs (HTTP/1.1 200) 8 headers in 296 bytes (1 switches on core 0)
Jun 03 15:45:39.830570 np0000002072 devstack@placement-api.service[92232]: DEBUG placement.requestlog [req-a571081a-3678-44de-8427-f167faf38942 req-2cb2d8e8-def7-4f03-bc2f-2a44bbf58aef None None] Starting request: 10.4.3.19 "GET /placement/allocations/c6471976-1772-437b-86cf-67eb587a07a7" {{(pid=92232) __call__ /opt/stack/placement/placement/requestlog.py:55}}
Jun 03 15:45:39.838311 np0000002072 devstack@placement-api.service[92232]: INFO placement.requestlog [req-a571081a-3678-44de-8427-f167faf38942 req-2cb2d8e8-def7-4f03-bc2f-2a44bbf58aef service nova] 10.4.3.19 "GET /placement/allocations/c6471976-1772-437b-86cf-67eb587a07a7" status: 200 len: 258 microversion: 1.28
Jun 03 15:45:39.838535 np0000002072 devstack@placement-api.service[92232]: [pid: 92232|app: 0|req: 113/341] 10.4.3.19 () {68 vars in 1492 bytes} [Wed Jun 3 15:45:39 2026] GET /placement/allocations/c6471976-1772-437b-86cf-67eb587a07a7 => generated 258 bytes in 8 msecs (HTTP/1.1 200) 8 headers in 296 bytes (1 switches on core 0)
Jun 03 15:45:41.298632 np0000002072 devstack@placement-api.service[92234]: DEBUG placement.requestlog [None req-a74c03e7-3b57-4ab3-8135-0197fab779fa None None] Starting request: 10.4.3.19 "GET /placement/resource_providers/c416e376-b1e0-4e3d-aecf-c389d12677b2/aggregates" {{(pid=92234) __call__ /opt/stack/placement/placement/requestlog.py:55}}
Jun 03 15:45:41.307116 np0000002072 devstack@placement-api.service[92234]: INFO placement.requestlog [None req-a74c03e7-3b57-4ab3-8135-0197fab779fa service placement] 10.4.3.19 "GET /placement/resource_providers/c416e376-b1e0-4e3d-aecf-c389d12677b2/aggregates" status: 404 len: 235 microversion: 1.1
Jun 03 15:45:41.308133 np0000002072 devstack@placement-api.service[92234]: [pid: 92234|app: 0|req: 115/342] 10.4.3.19 () {66 vars in 1467 bytes} [Wed Jun 3 15:45:41 2026] GET /placement/resource_providers/c416e376-b1e0-4e3d-aecf-c389d12677b2/aggregates => generated 235 bytes in 9 msecs (HTTP/1.1 404) 5 headers in 202 bytes (1 switches on core 0)
Jun 03 15:45:41.372386 np0000002072 devstack@placement-api.service[92233]: DEBUG placement.requestlog [None req-614d3e70-1bc7-473b-bb9d-44ad0049198f None None] Starting request: 10.4.3.19 "DELETE /placement/resource_providers/c416e376-b1e0-4e3d-aecf-c389d12677b2" {{(pid=92233) __call__ /opt/stack/placement/placement/requestlog.py:55}}
Jun 03 15:45:41.383607 np0000002072 devstack@placement-api.service[92233]: DEBUG placement.wsgi_wrapper [None req-614d3e70-1bc7-473b-bb9d-44ad0049198f service placement] Placement API returning an error response: No resource provider with uuid c416e376-b1e0-4e3d-aecf-c389d12677b2 found for delete {{(pid=92233) call_func /opt/stack/placement/placement/wsgi_wrapper.py:31}}
Jun 03 15:45:41.385108 np0000002072 devstack@placement-api.service[92233]: INFO placement.requestlog [None req-614d3e70-1bc7-473b-bb9d-44ad0049198f service placement] 10.4.3.19 "DELETE /placement/resource_providers/c416e376-b1e0-4e3d-aecf-c389d12677b2" status: 404 len: 246 microversion: 1.1
Jun 03 15:45:41.385546 np0000002072 devstack@placement-api.service[92233]: [pid: 92233|app: 0|req: 115/343] 10.4.3.19 () {68 vars in 1456 bytes} [Wed Jun 3 15:45:41 2026] DELETE /placement/resource_providers/c416e376-b1e0-4e3d-aecf-c389d12677b2 => generated 246 bytes in 13 msecs (HTTP/1.1 404) 6 headers in 231 bytes (1 switches on core 0)
Jun 03 15:45:41.450144 np0000002072 devstack@placement-api.service[92232]: DEBUG placement.requestlog [None req-fd8e8519-7c19-4c38-9ff1-efcda35afe8d None None] Starting request: 10.4.3.19 "GET /placement/resource_providers/48383f9f-1b2e-41e2-bc10-88bd2e536c6c/aggregates" {{(pid=92232) __call__ /opt/stack/placement/placement/requestlog.py:55}}
Jun 03 15:45:41.459105 np0000002072 devstack@placement-api.service[92232]: INFO placement.requestlog [None req-fd8e8519-7c19-4c38-9ff1-efcda35afe8d service placement] 10.4.3.19 "GET /placement/resource_providers/48383f9f-1b2e-41e2-bc10-88bd2e536c6c/aggregates" status: 404 len: 235 microversion: 1.1
Jun 03 15:45:41.459320 np0000002072 devstack@placement-api.service[92232]: [pid: 92232|app: 0|req: 114/344] 10.4.3.19 () {66 vars in 1467 bytes} [Wed Jun 3 15:45:41 2026] GET /placement/resource_providers/48383f9f-1b2e-41e2-bc10-88bd2e536c6c/aggregates => generated 235 bytes in 9 msecs (HTTP/1.1 404) 5 headers in 202 bytes (1 switches on core 0)
Jun 03 15:45:41.507520 np0000002072 devstack@placement-api.service[92234]: DEBUG placement.requestlog [None req-213a0615-6be9-42ce-b234-d88cfdb544b6 None None] Starting request: 10.4.3.19 "DELETE /placement/resource_providers/48383f9f-1b2e-41e2-bc10-88bd2e536c6c" {{(pid=92234) __call__ /opt/stack/placement/placement/requestlog.py:55}}
Jun 03 15:45:41.516829 np0000002072 devstack@placement-api.service[92234]: DEBUG placement.wsgi_wrapper [None req-213a0615-6be9-42ce-b234-d88cfdb544b6 service placement] Placement API returning an error response: No resource provider with uuid 48383f9f-1b2e-41e2-bc10-88bd2e536c6c found for delete {{(pid=92234) call_func /opt/stack/placement/placement/wsgi_wrapper.py:31}}
Jun 03 15:45:41.517395 np0000002072 devstack@placement-api.service[92234]: INFO placement.requestlog [None req-213a0615-6be9-42ce-b234-d88cfdb544b6 service placement] 10.4.3.19 "DELETE /placement/resource_providers/48383f9f-1b2e-41e2-bc10-88bd2e536c6c" status: 404 len: 246 microversion: 1.1
Jun 03 15:45:41.517732 np0000002072 devstack@placement-api.service[92234]: [pid: 92234|app: 0|req: 116/345] 10.4.3.19 () {68 vars in 1456 bytes} [Wed Jun 3 15:45:41 2026] DELETE /placement/resource_providers/48383f9f-1b2e-41e2-bc10-88bd2e536c6c => generated 246 bytes in 10 msecs (HTTP/1.1 404) 6 headers in 231 bytes (1 switches on core 0)
Jun 03 15:45:42.330465 np0000002072 devstack@placement-api.service[92233]: DEBUG placement.requestlog [None req-3b9901ac-739a-4592-a09c-16bac7dd2c5a None None] Starting request: 10.4.3.19 "GET /placement/resource_providers/66066d79-c151-4cd4-bf5c-72ab13d37114/aggregates" {{(pid=92233) __call__ /opt/stack/placement/placement/requestlog.py:55}}
Jun 03 15:45:42.339952 np0000002072 devstack@placement-api.service[92233]: INFO placement.requestlog [None req-3b9901ac-739a-4592-a09c-16bac7dd2c5a service placement] 10.4.3.19 "GET /placement/resource_providers/66066d79-c151-4cd4-bf5c-72ab13d37114/aggregates" status: 404 len: 235 microversion: 1.1
Jun 03 15:45:42.340344 np0000002072 devstack@placement-api.service[92233]: [pid: 92233|app: 0|req: 116/346] 10.4.3.19 () {66 vars in 1467 bytes} [Wed Jun 3 15:45:42 2026] GET /placement/resource_providers/66066d79-c151-4cd4-bf5c-72ab13d37114/aggregates => generated 235 bytes in 10 msecs (HTTP/1.1 404) 5 headers in 202 bytes (1 switches on core 0)
Jun 03 15:45:42.401525 np0000002072 devstack@placement-api.service[92232]: DEBUG placement.requestlog [None req-9d1fb05d-3463-45a6-8941-4d4310ce3a7c None None] Starting request: 10.4.3.19 "DELETE /placement/resource_providers/66066d79-c151-4cd4-bf5c-72ab13d37114" {{(pid=92232) __call__ /opt/stack/placement/placement/requestlog.py:55}}
Jun 03 15:45:42.409450 np0000002072 devstack@placement-api.service[92232]: DEBUG placement.wsgi_wrapper [None req-9d1fb05d-3463-45a6-8941-4d4310ce3a7c service placement] Placement API returning an error response: No resource provider with uuid 66066d79-c151-4cd4-bf5c-72ab13d37114 found for delete {{(pid=92232) call_func /opt/stack/placement/placement/wsgi_wrapper.py:31}}
Jun 03 15:45:42.409850 np0000002072 devstack@placement-api.service[92232]: INFO placement.requestlog [None req-9d1fb05d-3463-45a6-8941-4d4310ce3a7c service placement] 10.4.3.19 "DELETE /placement/resource_providers/66066d79-c151-4cd4-bf5c-72ab13d37114" status: 404 len: 246 microversion: 1.1
Jun 03 15:45:42.410110 np0000002072 devstack@placement-api.service[92232]: [pid: 92232|app: 0|req: 115/347] 10.4.3.19 () {68 vars in 1456 bytes} [Wed Jun 3 15:45:42 2026] DELETE /placement/resource_providers/66066d79-c151-4cd4-bf5c-72ab13d37114 => generated 246 bytes in 9 msecs (HTTP/1.1 404) 6 headers in 231 bytes (1 switches on core 0)
Jun 03 15:45:44.129672 np0000002072 devstack@placement-api.service[92234]: DEBUG placement.requestlog [None req-f4b3be11-0629-49a8-a996-d93658f1ddbc None None] Starting request: 10.4.3.19 "GET /placement/resource_providers/c3fe5a7a-3c26-42a8-9f0f-c80f6695291a/aggregates" {{(pid=92234) __call__ /opt/stack/placement/placement/requestlog.py:55}}
Jun 03 15:45:44.142183 np0000002072 devstack@placement-api.service[92234]: INFO placement.requestlog [None req-f4b3be11-0629-49a8-a996-d93658f1ddbc service placement] 10.4.3.19 "GET /placement/resource_providers/c3fe5a7a-3c26-42a8-9f0f-c80f6695291a/aggregates" status: 404 len: 235 microversion: 1.1
Jun 03 15:45:44.142444 np0000002072 devstack@placement-api.service[92234]: [pid: 92234|app: 0|req: 117/348] 10.4.3.19 () {66 vars in 1467 bytes} [Wed Jun 3 15:45:44 2026] GET /placement/resource_providers/c3fe5a7a-3c26-42a8-9f0f-c80f6695291a/aggregates => generated 235 bytes in 13 msecs (HTTP/1.1 404) 5 headers in 202 bytes (1 switches on core 0)
Jun 03 15:45:44.192220 np0000002072 devstack@placement-api.service[92233]: DEBUG placement.requestlog [None req-a893a54e-17b9-4d38-b1c3-7cf70cb61572 None None] Starting request: 10.4.3.19 "DELETE /placement/resource_providers/c3fe5a7a-3c26-42a8-9f0f-c80f6695291a" {{(pid=92233) __call__ /opt/stack/placement/placement/requestlog.py:55}}
Jun 03 15:45:44.198936 np0000002072 devstack@placement-api.service[92233]: DEBUG placement.wsgi_wrapper [None req-a893a54e-17b9-4d38-b1c3-7cf70cb61572 service placement] Placement API returning an error response: No resource provider with uuid c3fe5a7a-3c26-42a8-9f0f-c80f6695291a found for delete {{(pid=92233) call_func /opt/stack/placement/placement/wsgi_wrapper.py:31}}
Jun 03 15:45:44.199420 np0000002072 devstack@placement-api.service[92233]: INFO placement.requestlog [None req-a893a54e-17b9-4d38-b1c3-7cf70cb61572 service placement] 10.4.3.19 "DELETE /placement/resource_providers/c3fe5a7a-3c26-42a8-9f0f-c80f6695291a" status: 404 len: 246 microversion: 1.1
Jun 03 15:45:44.199685 np0000002072 devstack@placement-api.service[92233]: [pid: 92233|app: 0|req: 117/349] 10.4.3.19 () {68 vars in 1456 bytes} [Wed Jun 3 15:45:44 2026] DELETE /placement/resource_providers/c3fe5a7a-3c26-42a8-9f0f-c80f6695291a => generated 246 bytes in 8 msecs (HTTP/1.1 404) 6 headers in 231 bytes (1 switches on core 0)
Jun 03 15:45:47.911664 np0000002072 devstack@placement-api.service[92232]: DEBUG placement.requestlog [None req-8fc508d6-26df-4a2f-9bbf-b20655059546 None None] Starting request: 10.4.3.19 "GET /placement/resource_providers/c643cc10-5586-409e-ade7-6602c3089fa7/aggregates" {{(pid=92232) __call__ /opt/stack/placement/placement/requestlog.py:55}}
Jun 03 15:45:47.920402 np0000002072 devstack@placement-api.service[92234]: DEBUG placement.requestlog [None req-c04311af-1fbd-4857-877f-8fd9b367fa3f None None] Starting request: 10.4.3.19 "GET /placement/resource_providers/70a1f71b-bf99-483e-8470-238b0f282685/aggregates" {{(pid=92234) __call__ /opt/stack/placement/placement/requestlog.py:55}}
Jun 03 15:45:47.923760 np0000002072 devstack@placement-api.service[92232]: INFO placement.requestlog [None req-8fc508d6-26df-4a2f-9bbf-b20655059546 service placement] 10.4.3.19 "GET /placement/resource_providers/c643cc10-5586-409e-ade7-6602c3089fa7/aggregates" status: 404 len: 235 microversion: 1.1
Jun 03 15:45:47.924054 np0000002072 devstack@placement-api.service[92232]: [pid: 92232|app: 0|req: 116/350] 10.4.3.19 () {66 vars in 1467 bytes} [Wed Jun 3 15:45:47 2026] GET /placement/resource_providers/c643cc10-5586-409e-ade7-6602c3089fa7/aggregates => generated 235 bytes in 12 msecs (HTTP/1.1 404) 5 headers in 202 bytes (1 switches on core 0)
Jun 03 15:45:47.930979 np0000002072 devstack@placement-api.service[92234]: INFO placement.requestlog [None req-c04311af-1fbd-4857-877f-8fd9b367fa3f service placement] 10.4.3.19 "GET /placement/resource_providers/70a1f71b-bf99-483e-8470-238b0f282685/aggregates" status: 404 len: 235 microversion: 1.1
Jun 03 15:45:47.930979 np0000002072 devstack@placement-api.service[92234]: [pid: 92234|app: 0|req: 118/351] 10.4.3.19 () {66 vars in 1467 bytes} [Wed Jun 3 15:45:47 2026] GET /placement/resource_providers/70a1f71b-bf99-483e-8470-238b0f282685/aggregates => generated 235 bytes in 11 msecs (HTTP/1.1 404) 5 headers in 202 bytes (1 switches on core 0)
Jun 03 15:45:47.970440 np0000002072 devstack@placement-api.service[92233]: DEBUG placement.requestlog [None req-de4909b0-fc5e-4a26-bfe1-d6ca97906f0d None None] Starting request: 10.4.3.19 "DELETE /placement/resource_providers/70a1f71b-bf99-483e-8470-238b0f282685" {{(pid=92233) __call__ /opt/stack/placement/placement/requestlog.py:55}}
Jun 03 15:45:47.974537 np0000002072 devstack@placement-api.service[92232]: DEBUG placement.requestlog [None req-c7462a7c-f7fb-443d-89fe-fb0c71f0c2a0 None None] Starting request: 10.4.3.19 "DELETE /placement/resource_providers/c643cc10-5586-409e-ade7-6602c3089fa7" {{(pid=92232) __call__ /opt/stack/placement/placement/requestlog.py:55}}
Jun 03 15:45:47.983489 np0000002072 devstack@placement-api.service[92233]: DEBUG placement.wsgi_wrapper [None req-de4909b0-fc5e-4a26-bfe1-d6ca97906f0d service placement] Placement API returning an error response: No resource provider with uuid 70a1f71b-bf99-483e-8470-238b0f282685 found for delete {{(pid=92233) call_func /opt/stack/placement/placement/wsgi_wrapper.py:31}}
Jun 03 15:45:47.984172 np0000002072 devstack@placement-api.service[92233]: INFO placement.requestlog [None req-de4909b0-fc5e-4a26-bfe1-d6ca97906f0d service placement] 10.4.3.19 "DELETE /placement/resource_providers/70a1f71b-bf99-483e-8470-238b0f282685" status: 404 len: 246 microversion: 1.1
Jun 03 15:45:47.984562 np0000002072 devstack@placement-api.service[92232]: DEBUG placement.wsgi_wrapper [None req-c7462a7c-f7fb-443d-89fe-fb0c71f0c2a0 service placement] Placement API returning an error response: No resource provider with uuid c643cc10-5586-409e-ade7-6602c3089fa7 found for delete {{(pid=92232) call_func /opt/stack/placement/placement/wsgi_wrapper.py:31}}
Jun 03 15:45:47.984813 np0000002072 devstack@placement-api.service[92233]: [pid: 92233|app: 0|req: 118/352] 10.4.3.19 () {68 vars in 1456 bytes} [Wed Jun 3 15:45:47 2026] DELETE /placement/resource_providers/70a1f71b-bf99-483e-8470-238b0f282685 => generated 246 bytes in 14 msecs (HTTP/1.1 404) 6 headers in 231 bytes (1 switches on core 0)
Jun 03 15:45:47.985219 np0000002072 devstack@placement-api.service[92232]: INFO placement.requestlog [None req-c7462a7c-f7fb-443d-89fe-fb0c71f0c2a0 service placement] 10.4.3.19 "DELETE /placement/resource_providers/c643cc10-5586-409e-ade7-6602c3089fa7" status: 404 len: 246 microversion: 1.1
Jun 03 15:45:47.985439 np0000002072 devstack@placement-api.service[92232]: [pid: 92232|app: 0|req: 117/353] 10.4.3.19 () {68 vars in 1456 bytes} [Wed Jun 3 15:45:47 2026] DELETE /placement/resource_providers/c643cc10-5586-409e-ade7-6602c3089fa7 => generated 246 bytes in 11 msecs (HTTP/1.1 404) 6 headers in 231 bytes (1 switches on core 0)
Jun 03 15:45:52.181446 np0000002072 devstack@placement-api.service[92234]: DEBUG placement.requestlog [None req-ece70a80-56fc-4936-9e58-b1b4c1d3e72d None None] Starting request: 10.4.3.19 "GET /placement/" {{(pid=92234) __call__ /opt/stack/placement/placement/requestlog.py:55}}
Jun 03 15:45:52.182078 np0000002072 devstack@placement-api.service[92234]: INFO placement.requestlog [None req-ece70a80-56fc-4936-9e58-b1b4c1d3e72d None None] 10.4.3.19 "GET /placement/" status: 200 len: 136 microversion: 1.0
Jun 03 15:45:52.182325 np0000002072 devstack@placement-api.service[92234]: [pid: 92234|app: 0|req: 119/354] 10.4.3.19 () {62 vars in 1021 bytes} [Wed Jun 3 15:45:52 2026] GET /placement => generated 136 bytes in 1 msecs (HTTP/1.1 200) 6 headers in 224 bytes (2 switches on core 0)
Jun 03 15:45:52.225431 np0000002072 devstack@placement-api.service[92233]: DEBUG placement.requestlog [None req-9d16a79c-c964-47c9-a802-673f7c2a52e6 None None] Starting request: 10.4.3.19 "GET /placement/resource_providers/0221d648-28ce-4086-9fef-3aa62faf07c8/aggregates" {{(pid=92233) __call__ /opt/stack/placement/placement/requestlog.py:55}}
Jun 03 15:45:52.232078 np0000002072 devstack@placement-api.service[92232]: DEBUG placement.requestlog [req-2a9146bb-69e8-478a-b157-00e5b2005dd7 req-2ab0be47-1798-43a4-8acb-d71fb07402de None None] Starting request: 10.4.3.19 "GET /placement/resource_providers/520cff63-59fd-4bc0-bf45-b7c8726d17a1/traits" {{(pid=92232) __call__ /opt/stack/placement/placement/requestlog.py:55}}
Jun 03 15:45:52.238582 np0000002072 devstack@placement-api.service[92233]: INFO placement.requestlog [None req-9d16a79c-c964-47c9-a802-673f7c2a52e6 service placement] 10.4.3.19 "GET /placement/resource_providers/0221d648-28ce-4086-9fef-3aa62faf07c8/aggregates" status: 404 len: 235 microversion: 1.1
Jun 03 15:45:52.238847 np0000002072 devstack@placement-api.service[92233]: [pid: 92233|app: 0|req: 119/355] 10.4.3.19 () {66 vars in 1467 bytes} [Wed Jun 3 15:45:52 2026] GET /placement/resource_providers/0221d648-28ce-4086-9fef-3aa62faf07c8/aggregates => generated 235 bytes in 16 msecs (HTTP/1.1 404) 5 headers in 202 bytes (1 switches on core 0)
Jun 03 15:45:52.294325 np0000002072 devstack@placement-api.service[92234]: DEBUG placement.requestlog [None req-c87bbeaf-5b09-4265-8380-169e51668e10 None None] Starting request: 10.4.3.19 "DELETE /placement/resource_providers/0221d648-28ce-4086-9fef-3aa62faf07c8" {{(pid=92234) __call__ /opt/stack/placement/placement/requestlog.py:55}}
Jun 03 15:45:52.306136 np0000002072 devstack@placement-api.service[92234]: DEBUG placement.wsgi_wrapper [None req-c87bbeaf-5b09-4265-8380-169e51668e10 service placement] Placement API returning an error response: No resource provider with uuid 0221d648-28ce-4086-9fef-3aa62faf07c8 found for delete {{(pid=92234) call_func /opt/stack/placement/placement/wsgi_wrapper.py:31}}
Jun 03 15:45:52.306502 np0000002072 devstack@placement-api.service[92234]: INFO placement.requestlog [None req-c87bbeaf-5b09-4265-8380-169e51668e10 service placement] 10.4.3.19 "DELETE /placement/resource_providers/0221d648-28ce-4086-9fef-3aa62faf07c8" status: 404 len: 246 microversion: 1.1
Jun 03 15:45:52.316336 np0000002072 devstack@placement-api.service[92234]: [pid: 92234|app: 0|req: 120/356] 10.4.3.19 () {68 vars in 1456 bytes} [Wed Jun 3 15:45:52 2026] DELETE /placement/resource_providers/0221d648-28ce-4086-9fef-3aa62faf07c8 => generated 246 bytes in 22 msecs (HTTP/1.1 404) 6 headers in 231 bytes (1 switches on core 0)
Jun 03 15:45:52.402556 np0000002072 devstack@placement-api.service[92232]: INFO placement.requestlog [req-2a9146bb-69e8-478a-b157-00e5b2005dd7 req-2ab0be47-1798-43a4-8acb-d71fb07402de service nova] 10.4.3.19 "GET /placement/resource_providers/520cff63-59fd-4bc0-bf45-b7c8726d17a1/traits" status: 200 len: 2027 microversion: 1.6
Jun 03 15:45:52.402833 np0000002072 devstack@placement-api.service[92232]: [pid: 92232|app: 0|req: 118/357] 10.4.3.19 () {68 vars in 1526 bytes} [Wed Jun 3 15:45:52 2026] GET /placement/resource_providers/520cff63-59fd-4bc0-bf45-b7c8726d17a1/traits => generated 2027 bytes in 172 msecs (HTTP/1.1 200) 6 headers in 225 bytes (1 switches on core 0)
Jun 03 15:45:53.230079 np0000002072 devstack@placement-api.service[92233]: DEBUG placement.requestlog [None req-7fdfd10e-bcec-4103-a095-08e64318fbec None None] Starting request: 10.4.3.19 "GET /placement/resource_providers/1af951da-7c89-4f29-a3f0-8098770eb4e6/aggregates" {{(pid=92233) __call__ /opt/stack/placement/placement/requestlog.py:55}}
Jun 03 15:45:53.237716 np0000002072 devstack@placement-api.service[92233]: INFO placement.requestlog [None req-7fdfd10e-bcec-4103-a095-08e64318fbec service placement] 10.4.3.19 "GET /placement/resource_providers/1af951da-7c89-4f29-a3f0-8098770eb4e6/aggregates" status: 404 len: 235 microversion: 1.1
Jun 03 15:45:53.237927 np0000002072 devstack@placement-api.service[92233]: [pid: 92233|app: 0|req: 120/358] 10.4.3.19 () {66 vars in 1467 bytes} [Wed Jun 3 15:45:53 2026] GET /placement/resource_providers/1af951da-7c89-4f29-a3f0-8098770eb4e6/aggregates => generated 235 bytes in 8 msecs (HTTP/1.1 404) 5 headers in 202 bytes (1 switches on core 0)
Jun 03 15:45:53.272280 np0000002072 devstack@placement-api.service[92234]: DEBUG placement.requestlog [None req-3649e8bc-40f2-4d70-8bd3-2d57f1a41721 None None] Starting request: 10.4.3.19 "DELETE /placement/resource_providers/1af951da-7c89-4f29-a3f0-8098770eb4e6" {{(pid=92234) __call__ /opt/stack/placement/placement/requestlog.py:55}}
Jun 03 15:45:53.284875 np0000002072 devstack@placement-api.service[92234]: DEBUG placement.wsgi_wrapper [None req-3649e8bc-40f2-4d70-8bd3-2d57f1a41721 service placement] Placement API returning an error response: No resource provider with uuid 1af951da-7c89-4f29-a3f0-8098770eb4e6 found for delete {{(pid=92234) call_func /opt/stack/placement/placement/wsgi_wrapper.py:31}}
Jun 03 15:45:53.285446 np0000002072 devstack@placement-api.service[92234]: INFO placement.requestlog [None req-3649e8bc-40f2-4d70-8bd3-2d57f1a41721 service placement] 10.4.3.19 "DELETE /placement/resource_providers/1af951da-7c89-4f29-a3f0-8098770eb4e6" status: 404 len: 246 microversion: 1.1
Jun 03 15:45:53.285699 np0000002072 devstack@placement-api.service[92234]: [pid: 92234|app: 0|req: 121/359] 10.4.3.19 () {68 vars in 1456 bytes} [Wed Jun 3 15:45:53 2026] DELETE /placement/resource_providers/1af951da-7c89-4f29-a3f0-8098770eb4e6 => generated 246 bytes in 13 msecs (HTTP/1.1 404) 6 headers in 231 bytes (1 switches on core 0)
Jun 03 15:45:55.256865 np0000002072 devstack@placement-api.service[92232]: DEBUG placement.requestlog [req-f7628e6d-22df-4341-acca-d74d9ce89550 req-9974a14b-b005-461f-9482-1f3b6573efcb None None] Starting request: 10.4.3.19 "GET /placement/allocation_candidates?limit=1000&resources=DISK_GB%3A1%2CMEMORY_MB%3A192%2CVCPU%3A1&root_required=%21COMPUTE_STATUS_DISABLED" {{(pid=92232) __call__ /opt/stack/placement/placement/requestlog.py:55}}
Jun 03 15:45:55.277623 np0000002072 devstack@placement-api.service[92232]: DEBUG placement.objects.research_context [req-f7628e6d-22df-4341-acca-d74d9ce89550 req-9974a14b-b005-461f-9482-1f3b6573efcb service nova] getting providers with 1 DISK_GB {{(pid=92232) __init__ /opt/stack/placement/placement/objects/research_context.py:137}}
Jun 03 15:45:55.280829 np0000002072 devstack@placement-api.service[92232]: DEBUG placement.objects.research_context [req-f7628e6d-22df-4341-acca-d74d9ce89550 req-9974a14b-b005-461f-9482-1f3b6573efcb service nova] getting providers with 192 MEMORY_MB {{(pid=92232) __init__ /opt/stack/placement/placement/objects/research_context.py:137}}
Jun 03 15:45:55.283105 np0000002072 devstack@placement-api.service[92232]: DEBUG placement.objects.research_context [req-f7628e6d-22df-4341-acca-d74d9ce89550 req-9974a14b-b005-461f-9482-1f3b6573efcb service nova] getting providers with 1 VCPU {{(pid=92232) __init__ /opt/stack/placement/placement/objects/research_context.py:137}}
Jun 03 15:45:55.285705 np0000002072 devstack@placement-api.service[92232]: DEBUG placement.objects.research_context [req-f7628e6d-22df-4341-acca-d74d9ce89550 req-9974a14b-b005-461f-9482-1f3b6573efcb service nova] found 1 providers with available 1 DISK_GB {{(pid=92232) get_provider_ids_matching /opt/stack/placement/placement/objects/research_context.py:563}}
Jun 03 15:45:55.285790 np0000002072 devstack@placement-api.service[92232]: DEBUG placement.objects.research_context [req-f7628e6d-22df-4341-acca-d74d9ce89550 req-9974a14b-b005-461f-9482-1f3b6573efcb service nova] found 1 providers with available 192 MEMORY_MB {{(pid=92232) get_provider_ids_matching /opt/stack/placement/placement/objects/research_context.py:563}}
Jun 03 15:45:55.285910 np0000002072 devstack@placement-api.service[92232]: DEBUG placement.objects.research_context [req-f7628e6d-22df-4341-acca-d74d9ce89550 req-9974a14b-b005-461f-9482-1f3b6573efcb service nova] found 1 providers after filtering by previous result {{(pid=92232) get_provider_ids_matching /opt/stack/placement/placement/objects/research_context.py:594}}
Jun 03 15:45:55.285996 np0000002072 devstack@placement-api.service[92232]: DEBUG placement.objects.research_context [req-f7628e6d-22df-4341-acca-d74d9ce89550 req-9974a14b-b005-461f-9482-1f3b6573efcb service nova] found 1 providers with available 1 VCPU {{(pid=92232) get_provider_ids_matching /opt/stack/placement/placement/objects/research_context.py:563}}
Jun 03 15:45:55.286143 np0000002072 devstack@placement-api.service[92232]: DEBUG placement.objects.research_context [req-f7628e6d-22df-4341-acca-d74d9ce89550 req-9974a14b-b005-461f-9482-1f3b6573efcb service nova] found 1 providers after filtering by previous result {{(pid=92232) get_provider_ids_matching /opt/stack/placement/placement/objects/research_context.py:594}}
Jun 03 15:45:55.291352 np0000002072 devstack@placement-api.service[92232]: DEBUG placement.objects.allocation_candidate [req-f7628e6d-22df-4341-acca-d74d9ce89550 req-9974a14b-b005-461f-9482-1f3b6573efcb service nova] RequestGroup(use_same_provider=False, resources={DISK_GB:1, MEMORY_MB:192, VCPU:1}, traits=(), aggregates=[]) (suffix '') returned 1 matches {{(pid=92232) _get_by_requests /opt/stack/placement/placement/objects/allocation_candidate.py:158}}
Jun 03 15:45:55.291417 np0000002072 devstack@placement-api.service[92232]: DEBUG placement.objects.allocation_candidate [req-f7628e6d-22df-4341-acca-d74d9ce89550 req-9974a14b-b005-461f-9482-1f3b6573efcb service nova] Merging candidates yields 1 allocation requests and 1 provider summaries {{(pid=92232) _merge_candidates /opt/stack/placement/placement/objects/allocation_candidate.py:908}}
Jun 03 15:45:55.293121 np0000002072 devstack@placement-api.service[92232]: INFO placement.requestlog [req-f7628e6d-22df-4341-acca-d74d9ce89550 req-9974a14b-b005-461f-9482-1f3b6573efcb service nova] 10.4.3.19 "GET /placement/allocation_candidates?limit=1000&resources=DISK_GB%3A1%2CMEMORY_MB%3A192%2CVCPU%3A1&root_required=%21COMPUTE_STATUS_DISABLED" status: 200 len: 2492 microversion: 1.36
Jun 03 15:45:55.293121 np0000002072 devstack@placement-api.service[92232]: [pid: 92232|app: 0|req: 119/360] 10.4.3.19 () {68 vars in 1618 bytes} [Wed Jun 3 15:45:55 2026] GET /placement/allocation_candidates?limit=1000&resources=DISK_GB%3A1%2CMEMORY_MB%3A192%2CVCPU%3A1&root_required=%21COMPUTE_STATUS_DISABLED => generated 2492 bytes in 37 msecs (HTTP/1.1 200) 8 headers in 297 bytes (2 switches on core 0)
Jun 03 15:45:55.363717 np0000002072 devstack@placement-api.service[92233]: DEBUG placement.requestlog [req-f7628e6d-22df-4341-acca-d74d9ce89550 req-2861048a-4161-4e19-afdf-7524dc47d491 None None] Starting request: 10.4.3.19 "GET /placement/allocations/dbe312c4-7284-40bd-bab5-5926c67068fb" {{(pid=92233) __call__ /opt/stack/placement/placement/requestlog.py:55}}
Jun 03 15:45:55.376177 np0000002072 devstack@placement-api.service[92233]: INFO placement.requestlog [req-f7628e6d-22df-4341-acca-d74d9ce89550 req-2861048a-4161-4e19-afdf-7524dc47d491 service nova] 10.4.3.19 "GET /placement/allocations/dbe312c4-7284-40bd-bab5-5926c67068fb" status: 200 len: 19 microversion: 1.28
Jun 03 15:45:55.376440 np0000002072 devstack@placement-api.service[92233]: [pid: 92233|app: 0|req: 121/361] 10.4.3.19 () {68 vars in 1494 bytes} [Wed Jun 3 15:45:55 2026] GET /placement/allocations/dbe312c4-7284-40bd-bab5-5926c67068fb => generated 19 bytes in 13 msecs (HTTP/1.1 200) 8 headers in 295 bytes (1 switches on core 0)
Jun 03 15:45:55.421831 np0000002072 devstack@placement-api.service[92234]: DEBUG placement.requestlog [req-f7628e6d-22df-4341-acca-d74d9ce89550 req-7ad3e87f-1f40-4dcf-a2e3-66f00c99bdca None None] Starting request: 10.4.3.19 "PUT /placement/allocations/dbe312c4-7284-40bd-bab5-5926c67068fb" {{(pid=92234) __call__ /opt/stack/placement/placement/requestlog.py:55}}
Jun 03 15:45:55.463828 np0000002072 devstack@placement-api.service[92234]: DEBUG placement.handlers.allocation [req-f7628e6d-22df-4341-acca-d74d9ce89550 req-7ad3e87f-1f40-4dcf-a2e3-66f00c99bdca service nova] Successfully wrote allocations [, , ] {{(pid=92234) _update_consumers_and_create_allocations /opt/stack/placement/placement/handlers/allocation.py:462}}
Jun 03 15:45:55.468309 np0000002072 devstack@placement-api.service[92234]: INFO placement.requestlog [req-f7628e6d-22df-4341-acca-d74d9ce89550 req-7ad3e87f-1f40-4dcf-a2e3-66f00c99bdca service nova] 10.4.3.19 "PUT /placement/allocations/dbe312c4-7284-40bd-bab5-5926c67068fb" status: 204 len: 0 microversion: 1.36
Jun 03 15:45:55.468519 np0000002072 devstack@placement-api.service[92234]: [pid: 92234|app: 0|req: 122/362] 10.4.3.19 () {72 vars in 1547 bytes} [Wed Jun 3 15:45:55 2026] PUT /placement/allocations/dbe312c4-7284-40bd-bab5-5926c67068fb => generated 0 bytes in 47 msecs (HTTP/1.1 204) 5 headers in 199 bytes (1 switches on core 0)
Jun 03 15:45:56.885776 np0000002072 devstack@placement-api.service[92232]: DEBUG placement.requestlog [req-f7628e6d-22df-4341-acca-d74d9ce89550 req-0e60bc58-0dfe-43c2-a721-a0b69d56b66b None None] Starting request: 10.4.3.19 "GET /placement/allocations/dbe312c4-7284-40bd-bab5-5926c67068fb" {{(pid=92232) __call__ /opt/stack/placement/placement/requestlog.py:55}}
Jun 03 15:45:57.059420 np0000002072 devstack@placement-api.service[92232]: INFO placement.requestlog [req-f7628e6d-22df-4341-acca-d74d9ce89550 req-0e60bc58-0dfe-43c2-a721-a0b69d56b66b service nova] 10.4.3.19 "GET /placement/allocations/dbe312c4-7284-40bd-bab5-5926c67068fb" status: 200 len: 258 microversion: 1.28
Jun 03 15:45:57.060122 np0000002072 devstack@placement-api.service[92232]: [pid: 92232|app: 0|req: 120/363] 10.4.3.19 () {68 vars in 1492 bytes} [Wed Jun 3 15:45:56 2026] GET /placement/allocations/dbe312c4-7284-40bd-bab5-5926c67068fb => generated 258 bytes in 174 msecs (HTTP/1.1 200) 8 headers in 296 bytes (1 switches on core 0)
Jun 03 15:45:57.236083 np0000002072 devstack@placement-api.service[92233]: DEBUG placement.requestlog [req-d61cd92c-1177-4e0e-9e58-c652089583c3 req-f0935a7b-7d5d-4c87-b762-78f98f1d2b2a None None] Starting request: 10.4.3.19 "GET /placement/allocation_candidates?limit=1000&resources=DISK_GB%3A1%2CMEMORY_MB%3A192%2CVCPU%3A1&root_required=%21COMPUTE_STATUS_DISABLED" {{(pid=92233) __call__ /opt/stack/placement/placement/requestlog.py:55}}
Jun 03 15:45:57.254799 np0000002072 devstack@placement-api.service[92233]: DEBUG placement.objects.research_context [req-d61cd92c-1177-4e0e-9e58-c652089583c3 req-f0935a7b-7d5d-4c87-b762-78f98f1d2b2a service nova] getting providers with 1 DISK_GB {{(pid=92233) __init__ /opt/stack/placement/placement/objects/research_context.py:137}}
Jun 03 15:45:57.258931 np0000002072 devstack@placement-api.service[92233]: DEBUG placement.objects.research_context [req-d61cd92c-1177-4e0e-9e58-c652089583c3 req-f0935a7b-7d5d-4c87-b762-78f98f1d2b2a service nova] getting providers with 192 MEMORY_MB {{(pid=92233) __init__ /opt/stack/placement/placement/objects/research_context.py:137}}
Jun 03 15:45:57.262822 np0000002072 devstack@placement-api.service[92233]: DEBUG placement.objects.research_context [req-d61cd92c-1177-4e0e-9e58-c652089583c3 req-f0935a7b-7d5d-4c87-b762-78f98f1d2b2a service nova] getting providers with 1 VCPU {{(pid=92233) __init__ /opt/stack/placement/placement/objects/research_context.py:137}}
Jun 03 15:45:57.268160 np0000002072 devstack@placement-api.service[92233]: DEBUG placement.objects.research_context [req-d61cd92c-1177-4e0e-9e58-c652089583c3 req-f0935a7b-7d5d-4c87-b762-78f98f1d2b2a service nova] found 1 providers with available 1 DISK_GB {{(pid=92233) get_provider_ids_matching /opt/stack/placement/placement/objects/research_context.py:563}}
Jun 03 15:45:57.268160 np0000002072 devstack@placement-api.service[92233]: DEBUG placement.objects.research_context [req-d61cd92c-1177-4e0e-9e58-c652089583c3 req-f0935a7b-7d5d-4c87-b762-78f98f1d2b2a service nova] found 1 providers with available 192 MEMORY_MB {{(pid=92233) get_provider_ids_matching /opt/stack/placement/placement/objects/research_context.py:563}}
Jun 03 15:45:57.268160 np0000002072 devstack@placement-api.service[92233]: DEBUG placement.objects.research_context [req-d61cd92c-1177-4e0e-9e58-c652089583c3 req-f0935a7b-7d5d-4c87-b762-78f98f1d2b2a service nova] found 1 providers after filtering by previous result {{(pid=92233) get_provider_ids_matching /opt/stack/placement/placement/objects/research_context.py:594}}
Jun 03 15:45:57.268160 np0000002072 devstack@placement-api.service[92233]: DEBUG placement.objects.research_context [req-d61cd92c-1177-4e0e-9e58-c652089583c3 req-f0935a7b-7d5d-4c87-b762-78f98f1d2b2a service nova] found 1 providers with available 1 VCPU {{(pid=92233) get_provider_ids_matching /opt/stack/placement/placement/objects/research_context.py:563}}
Jun 03 15:45:57.268160 np0000002072 devstack@placement-api.service[92233]: DEBUG placement.objects.research_context [req-d61cd92c-1177-4e0e-9e58-c652089583c3 req-f0935a7b-7d5d-4c87-b762-78f98f1d2b2a service nova] found 1 providers after filtering by previous result {{(pid=92233) get_provider_ids_matching /opt/stack/placement/placement/objects/research_context.py:594}}
Jun 03 15:45:57.273124 np0000002072 devstack@placement-api.service[92233]: DEBUG placement.objects.allocation_candidate [req-d61cd92c-1177-4e0e-9e58-c652089583c3 req-f0935a7b-7d5d-4c87-b762-78f98f1d2b2a service nova] RequestGroup(use_same_provider=False, resources={DISK_GB:1, MEMORY_MB:192, VCPU:1}, traits=(), aggregates=[]) (suffix '') returned 1 matches {{(pid=92233) _get_by_requests /opt/stack/placement/placement/objects/allocation_candidate.py:158}}
Jun 03 15:45:57.273124 np0000002072 devstack@placement-api.service[92233]: DEBUG placement.objects.allocation_candidate [req-d61cd92c-1177-4e0e-9e58-c652089583c3 req-f0935a7b-7d5d-4c87-b762-78f98f1d2b2a service nova] Merging candidates yields 1 allocation requests and 1 provider summaries {{(pid=92233) _merge_candidates /opt/stack/placement/placement/objects/allocation_candidate.py:908}}
Jun 03 15:45:57.273334 np0000002072 devstack@placement-api.service[92233]: INFO placement.requestlog [req-d61cd92c-1177-4e0e-9e58-c652089583c3 req-f0935a7b-7d5d-4c87-b762-78f98f1d2b2a service nova] 10.4.3.19 "GET /placement/allocation_candidates?limit=1000&resources=DISK_GB%3A1%2CMEMORY_MB%3A192%2CVCPU%3A1&root_required=%21COMPUTE_STATUS_DISABLED" status: 200 len: 2493 microversion: 1.36
Jun 03 15:45:57.273573 np0000002072 devstack@placement-api.service[92233]: [pid: 92233|app: 0|req: 122/364] 10.4.3.19 () {68 vars in 1618 bytes} [Wed Jun 3 15:45:57 2026] GET /placement/allocation_candidates?limit=1000&resources=DISK_GB%3A1%2CMEMORY_MB%3A192%2CVCPU%3A1&root_required=%21COMPUTE_STATUS_DISABLED => generated 2493 bytes in 38 msecs (HTTP/1.1 200) 8 headers in 297 bytes (1 switches on core 0)
