Jul 05 22:04:59.491055 np0000004610 nova-conductor[98945]: DEBUG cotyledon.oslo_config_glue [-] profiler.hmac_keys = **** {{(pid=98945) log_opt_values /opt/stack/data/venv/lib/python3.12/site-packages/oslo_config/cfg.py:3253}}
Jul 05 22:04:59.491055 np0000004610 nova-conductor[98945]: DEBUG cotyledon.oslo_config_glue [-] profiler.sentinel_service_name = mymaster {{(pid=98945) log_opt_values /opt/stack/data/venv/lib/python3.12/site-packages/oslo_config/cfg.py:3253}}
Jul 05 22:04:59.491055 np0000004610 nova-conductor[98945]: DEBUG cotyledon.oslo_config_glue [-] profiler.socket_timeout = 0.1 {{(pid=98945) log_opt_values /opt/stack/data/venv/lib/python3.12/site-packages/oslo_config/cfg.py:3253}}
Jul 05 22:04:59.491251 np0000004610 nova-conductor[98945]: DEBUG cotyledon.oslo_config_glue [-] profiler.trace_requests = False {{(pid=98945) log_opt_values /opt/stack/data/venv/lib/python3.12/site-packages/oslo_config/cfg.py:3253}}
Jul 05 22:04:59.491251 np0000004610 nova-conductor[98945]: DEBUG cotyledon.oslo_config_glue [-] profiler.trace_sqlalchemy = False {{(pid=98945) log_opt_values /opt/stack/data/venv/lib/python3.12/site-packages/oslo_config/cfg.py:3253}}
Jul 05 22:04:59.491251 np0000004610 nova-conductor[98945]: DEBUG cotyledon.oslo_config_glue [-] profiler_jaeger.process_tags = {} {{(pid=98945) log_opt_values /opt/stack/data/venv/lib/python3.12/site-packages/oslo_config/cfg.py:3253}}
Jul 05 22:04:59.491251 np0000004610 nova-conductor[98945]: DEBUG cotyledon.oslo_config_glue [-] profiler_jaeger.service_name_prefix = None {{(pid=98945) log_opt_values /opt/stack/data/venv/lib/python3.12/site-packages/oslo_config/cfg.py:3253}}
Jul 05 22:04:59.491251 np0000004610 nova-conductor[98945]: DEBUG cotyledon.oslo_config_glue [-] profiler_otlp.service_name_prefix = None {{(pid=98945) log_opt_values /opt/stack/data/venv/lib/python3.12/site-packages/oslo_config/cfg.py:3253}}
Jul 05 22:04:59.491251 np0000004610 nova-conductor[98945]: DEBUG cotyledon.oslo_config_glue [-] oslo_messaging_rabbit.amqp_auto_delete = False {{(pid=98945) log_opt_values /opt/stack/data/venv/lib/python3.12/site-packages/oslo_config/cfg.py:3253}}
Jul 05 22:04:59.491251 np0000004610 nova-conductor[98945]: DEBUG cotyledon.oslo_config_glue [-] oslo_messaging_rabbit.amqp_durable_queues = False {{(pid=98945) log_opt_values /opt/stack/data/venv/lib/python3.12/site-packages/oslo_config/cfg.py:3253}}
Jul 05 22:04:59.491251 np0000004610 nova-conductor[98945]: DEBUG cotyledon.oslo_config_glue [-] oslo_messaging_rabbit.conn_pool_min_size = 2 {{(pid=98945) log_opt_values /opt/stack/data/venv/lib/python3.12/site-packages/oslo_config/cfg.py:3253}}
Jul 05 22:04:59.491251 np0000004610 nova-conductor[98945]: DEBUG cotyledon.oslo_config_glue [-] oslo_messaging_rabbit.conn_pool_ttl = 1200 {{(pid=98945) log_opt_values /opt/stack/data/venv/lib/python3.12/site-packages/oslo_config/cfg.py:3253}}
Jul 05 22:04:59.491420 np0000004610 nova-conductor[98945]: DEBUG cotyledon.oslo_config_glue [-] oslo_messaging_rabbit.direct_mandatory_flag = True {{(pid=98945) log_opt_values /opt/stack/data/venv/lib/python3.12/site-packages/oslo_config/cfg.py:3253}}
Jul 05 22:04:59.491420 np0000004610 nova-conductor[98945]: DEBUG cotyledon.oslo_config_glue [-] oslo_messaging_rabbit.enable_cancel_on_failover = False {{(pid=98945) log_opt_values /opt/stack/data/venv/lib/python3.12/site-packages/oslo_config/cfg.py:3253}}
Jul 05 22:04:59.491420 np0000004610 nova-conductor[98945]: DEBUG cotyledon.oslo_config_glue [-] oslo_messaging_rabbit.heartbeat_rate = 3 {{(pid=98945) log_opt_values /opt/stack/data/venv/lib/python3.12/site-packages/oslo_config/cfg.py:3253}}
Jul 05 22:04:59.491420 np0000004610 nova-conductor[98945]: DEBUG cotyledon.oslo_config_glue [-] oslo_messaging_rabbit.heartbeat_timeout_threshold = 60 {{(pid=98945) log_opt_values /opt/stack/data/venv/lib/python3.12/site-packages/oslo_config/cfg.py:3253}}
Jul 05 22:04:59.491420 np0000004610 nova-conductor[98945]: DEBUG cotyledon.oslo_config_glue [-] oslo_messaging_rabbit.hostname = np0000004610 {{(pid=98945) log_opt_values /opt/stack/data/venv/lib/python3.12/site-packages/oslo_config/cfg.py:3253}}
Jul 05 22:04:59.491420 np0000004610 nova-conductor[98945]: DEBUG cotyledon.oslo_config_glue [-] oslo_messaging_rabbit.kombu_compression = None {{(pid=98945) log_opt_values /opt/stack/data/venv/lib/python3.12/site-packages/oslo_config/cfg.py:3253}}
Jul 05 22:04:59.491420 np0000004610 nova-conductor[98945]: DEBUG cotyledon.oslo_config_glue [-] oslo_messaging_rabbit.kombu_failover_strategy = round-robin {{(pid=98945) log_opt_values /opt/stack/data/venv/lib/python3.12/site-packages/oslo_config/cfg.py:3253}}
Jul 05 22:04:59.491420 np0000004610 nova-conductor[98945]: DEBUG cotyledon.oslo_config_glue [-] oslo_messaging_rabbit.kombu_missing_consumer_retry_timeout = 60 {{(pid=98945) log_opt_values /opt/stack/data/venv/lib/python3.12/site-packages/oslo_config/cfg.py:3253}}
Jul 05 22:04:59.491420 np0000004610 nova-conductor[98945]: DEBUG cotyledon.oslo_config_glue [-] oslo_messaging_rabbit.kombu_reconnect_delay = 1.0 {{(pid=98945) log_opt_values /opt/stack/data/venv/lib/python3.12/site-packages/oslo_config/cfg.py:3253}}
Jul 05 22:04:59.491592 np0000004610 nova-conductor[98945]: DEBUG cotyledon.oslo_config_glue [-] oslo_messaging_rabbit.kombu_reconnect_splay = 0.0 {{(pid=98945) log_opt_values /opt/stack/data/venv/lib/python3.12/site-packages/oslo_config/cfg.py:3253}}
Jul 05 22:04:59.491592 np0000004610 nova-conductor[98945]: DEBUG cotyledon.oslo_config_glue [-] oslo_messaging_rabbit.processname = nova-conductor {{(pid=98945) log_opt_values /opt/stack/data/venv/lib/python3.12/site-packages/oslo_config/cfg.py:3253}}
Jul 05 22:04:59.491592 np0000004610 nova-conductor[98945]: DEBUG cotyledon.oslo_config_glue [-] oslo_messaging_rabbit.rabbit_ha_queues = False {{(pid=98945) log_opt_values /opt/stack/data/venv/lib/python3.12/site-packages/oslo_config/cfg.py:3253}}
Jul 05 22:04:59.491592 np0000004610 nova-conductor[98945]: DEBUG cotyledon.oslo_config_glue [-] oslo_messaging_rabbit.rabbit_interval_max = 30 {{(pid=98945) log_opt_values /opt/stack/data/venv/lib/python3.12/site-packages/oslo_config/cfg.py:3253}}
Jul 05 22:04:59.491592 np0000004610 nova-conductor[98945]: DEBUG cotyledon.oslo_config_glue [-] oslo_messaging_rabbit.rabbit_login_method = AMQPLAIN {{(pid=98945) log_opt_values /opt/stack/data/venv/lib/python3.12/site-packages/oslo_config/cfg.py:3253}}
Jul 05 22:04:59.491592 np0000004610 nova-conductor[98945]: DEBUG cotyledon.oslo_config_glue [-] oslo_messaging_rabbit.rabbit_qos_prefetch_count = 0 {{(pid=98945) log_opt_values /opt/stack/data/venv/lib/python3.12/site-packages/oslo_config/cfg.py:3253}}
Jul 05 22:04:59.491592 np0000004610 nova-conductor[98945]: DEBUG cotyledon.oslo_config_glue [-] oslo_messaging_rabbit.rabbit_quorum_delivery_limit = 0 {{(pid=98945) log_opt_values /opt/stack/data/venv/lib/python3.12/site-packages/oslo_config/cfg.py:3253}}
Jul 05 22:04:59.491592 np0000004610 nova-conductor[98945]: DEBUG cotyledon.oslo_config_glue [-] oslo_messaging_rabbit.rabbit_quorum_max_memory_bytes = 0 {{(pid=98945) log_opt_values /opt/stack/data/venv/lib/python3.12/site-packages/oslo_config/cfg.py:3253}}
Jul 05 22:04:59.491592 np0000004610 nova-conductor[98945]: DEBUG cotyledon.oslo_config_glue [-] oslo_messaging_rabbit.rabbit_quorum_max_memory_length = 0 {{(pid=98945) log_opt_values /opt/stack/data/venv/lib/python3.12/site-packages/oslo_config/cfg.py:3253}}
Jul 05 22:04:59.491786 np0000004610 nova-conductor[98945]: DEBUG cotyledon.oslo_config_glue [-] oslo_messaging_rabbit.rabbit_quorum_queue = False {{(pid=98945) log_opt_values /opt/stack/data/venv/lib/python3.12/site-packages/oslo_config/cfg.py:3253}}
Jul 05 22:04:59.491786 np0000004610 nova-conductor[98945]: DEBUG cotyledon.oslo_config_glue [-] oslo_messaging_rabbit.rabbit_retry_backoff = 2 {{(pid=98945) log_opt_values /opt/stack/data/venv/lib/python3.12/site-packages/oslo_config/cfg.py:3253}}
Jul 05 22:04:59.491786 np0000004610 nova-conductor[98945]: DEBUG cotyledon.oslo_config_glue [-] oslo_messaging_rabbit.rabbit_retry_interval = 1 {{(pid=98945) log_opt_values /opt/stack/data/venv/lib/python3.12/site-packages/oslo_config/cfg.py:3253}}
Jul 05 22:04:59.491786 np0000004610 nova-conductor[98945]: DEBUG cotyledon.oslo_config_glue [-] oslo_messaging_rabbit.rabbit_stream_fanout = False {{(pid=98945) log_opt_values /opt/stack/data/venv/lib/python3.12/site-packages/oslo_config/cfg.py:3253}}
Jul 05 22:04:59.491786 np0000004610 nova-conductor[98945]: DEBUG cotyledon.oslo_config_glue [-] oslo_messaging_rabbit.rabbit_transient_queues_ttl = 1800 {{(pid=98945) log_opt_values /opt/stack/data/venv/lib/python3.12/site-packages/oslo_config/cfg.py:3253}}
Jul 05 22:04:59.491786 np0000004610 nova-conductor[98945]: DEBUG cotyledon.oslo_config_glue [-] oslo_messaging_rabbit.rabbit_transient_quorum_queue = False {{(pid=98945) log_opt_values /opt/stack/data/venv/lib/python3.12/site-packages/oslo_config/cfg.py:3253}}
Jul 05 22:04:59.491786 np0000004610 nova-conductor[98945]: DEBUG cotyledon.oslo_config_glue [-] oslo_messaging_rabbit.rpc_conn_pool_size = 30 {{(pid=98945) log_opt_values /opt/stack/data/venv/lib/python3.12/site-packages/oslo_config/cfg.py:3253}}
Jul 05 22:04:59.491786 np0000004610 nova-conductor[98945]: DEBUG cotyledon.oslo_config_glue [-] oslo_messaging_rabbit.ssl = False {{(pid=98945) log_opt_values /opt/stack/data/venv/lib/python3.12/site-packages/oslo_config/cfg.py:3253}}
Jul 05 22:04:59.491786 np0000004610 nova-conductor[98945]: DEBUG cotyledon.oslo_config_glue [-] oslo_messaging_rabbit.ssl_ca_file = {{(pid=98945) log_opt_values /opt/stack/data/venv/lib/python3.12/site-packages/oslo_config/cfg.py:3253}}
Jul 05 22:04:59.492003 np0000004610 nova-conductor[98945]: DEBUG cotyledon.oslo_config_glue [-] oslo_messaging_rabbit.ssl_cert_file = {{(pid=98945) log_opt_values /opt/stack/data/venv/lib/python3.12/site-packages/oslo_config/cfg.py:3253}}
Jul 05 22:04:59.492003 np0000004610 nova-conductor[98945]: DEBUG cotyledon.oslo_config_glue [-] oslo_messaging_rabbit.ssl_enforce_fips_mode = False {{(pid=98945) log_opt_values /opt/stack/data/venv/lib/python3.12/site-packages/oslo_config/cfg.py:3253}}
Jul 05 22:04:59.492003 np0000004610 nova-conductor[98945]: DEBUG cotyledon.oslo_config_glue [-] oslo_messaging_rabbit.ssl_enforce_hostname_verification = True {{(pid=98945) log_opt_values /opt/stack/data/venv/lib/python3.12/site-packages/oslo_config/cfg.py:3253}}
Jul 05 22:04:59.492003 np0000004610 nova-conductor[98945]: DEBUG cotyledon.oslo_config_glue [-] oslo_messaging_rabbit.ssl_key_file = {{(pid=98945) log_opt_values /opt/stack/data/venv/lib/python3.12/site-packages/oslo_config/cfg.py:3253}}
Jul 05 22:04:59.492003 np0000004610 nova-conductor[98945]: DEBUG cotyledon.oslo_config_glue [-] oslo_messaging_rabbit.ssl_version = {{(pid=98945) log_opt_values /opt/stack/data/venv/lib/python3.12/site-packages/oslo_config/cfg.py:3253}}
Jul 05 22:04:59.492003 np0000004610 nova-conductor[98945]: DEBUG cotyledon.oslo_config_glue [-] oslo_messaging_rabbit.use_queue_manager = False {{(pid=98945) log_opt_values /opt/stack/data/venv/lib/python3.12/site-packages/oslo_config/cfg.py:3253}}
Jul 05 22:04:59.492003 np0000004610 nova-conductor[98945]: DEBUG cotyledon.oslo_config_glue [-] oslo_messaging_notifications.driver = ['messagingv2'] {{(pid=98945) log_opt_values /opt/stack/data/venv/lib/python3.12/site-packages/oslo_config/cfg.py:3253}}
Jul 05 22:04:59.492003 np0000004610 nova-conductor[98945]: DEBUG cotyledon.oslo_config_glue [-] oslo_messaging_notifications.retry = -1 {{(pid=98945) log_opt_values /opt/stack/data/venv/lib/python3.12/site-packages/oslo_config/cfg.py:3253}}
Jul 05 22:04:59.492003 np0000004610 nova-conductor[98945]: DEBUG cotyledon.oslo_config_glue [-] oslo_messaging_notifications.topics = ['notifications'] {{(pid=98945) log_opt_values /opt/stack/data/venv/lib/python3.12/site-packages/oslo_config/cfg.py:3253}}
Jul 05 22:04:59.492198 np0000004610 nova-conductor[98945]: DEBUG cotyledon.oslo_config_glue [-] oslo_messaging_notifications.transport_url = **** {{(pid=98945) log_opt_values /opt/stack/data/venv/lib/python3.12/site-packages/oslo_config/cfg.py:3253}}
Jul 05 22:04:59.492198 np0000004610 nova-conductor[98945]: DEBUG cotyledon.oslo_config_glue [-] oslo_limit.auth_section = None {{(pid=98945) log_opt_values /opt/stack/data/venv/lib/python3.12/site-packages/oslo_config/cfg.py:3253}}
Jul 05 22:04:59.492198 np0000004610 nova-conductor[98945]: DEBUG cotyledon.oslo_config_glue [-] oslo_limit.auth_type = None {{(pid=98945) log_opt_values /opt/stack/data/venv/lib/python3.12/site-packages/oslo_config/cfg.py:3253}}
Jul 05 22:04:59.492198 np0000004610 nova-conductor[98945]: DEBUG cotyledon.oslo_config_glue [-] oslo_limit.cafile = None {{(pid=98945) log_opt_values /opt/stack/data/venv/lib/python3.12/site-packages/oslo_config/cfg.py:3253}}
Jul 05 22:04:59.492198 np0000004610 nova-conductor[98945]: DEBUG cotyledon.oslo_config_glue [-] oslo_limit.certfile = None {{(pid=98945) log_opt_values /opt/stack/data/venv/lib/python3.12/site-packages/oslo_config/cfg.py:3253}}
Jul 05 22:04:59.492198 np0000004610 nova-conductor[98945]: DEBUG cotyledon.oslo_config_glue [-] oslo_limit.collect_timing = False {{(pid=98945) log_opt_values /opt/stack/data/venv/lib/python3.12/site-packages/oslo_config/cfg.py:3253}}
Jul 05 22:04:59.492198 np0000004610 nova-conductor[98945]: DEBUG cotyledon.oslo_config_glue [-] oslo_limit.connect_retries = None {{(pid=98945) log_opt_values /opt/stack/data/venv/lib/python3.12/site-packages/oslo_config/cfg.py:3253}}
Jul 05 22:04:59.492198 np0000004610 nova-conductor[98945]: DEBUG cotyledon.oslo_config_glue [-] oslo_limit.connect_retry_delay = None {{(pid=98945) log_opt_values /opt/stack/data/venv/lib/python3.12/site-packages/oslo_config/cfg.py:3253}}
Jul 05 22:04:59.492198 np0000004610 nova-conductor[98945]: DEBUG cotyledon.oslo_config_glue [-] oslo_limit.endpoint_id = None {{(pid=98945) log_opt_values /opt/stack/data/venv/lib/python3.12/site-packages/oslo_config/cfg.py:3253}}
Jul 05 22:04:59.492390 np0000004610 nova-conductor[98945]: DEBUG cotyledon.oslo_config_glue [-] oslo_limit.endpoint_interface = public {{(pid=98945) log_opt_values /opt/stack/data/venv/lib/python3.12/site-packages/oslo_config/cfg.py:3253}}
Jul 05 22:04:59.492390 np0000004610 nova-conductor[98945]: DEBUG cotyledon.oslo_config_glue [-] oslo_limit.endpoint_override = None {{(pid=98945) log_opt_values /opt/stack/data/venv/lib/python3.12/site-packages/oslo_config/cfg.py:3253}}
Jul 05 22:04:59.492390 np0000004610 nova-conductor[98945]: DEBUG cotyledon.oslo_config_glue [-] oslo_limit.endpoint_region_name = None {{(pid=98945) log_opt_values /opt/stack/data/venv/lib/python3.12/site-packages/oslo_config/cfg.py:3253}}
Jul 05 22:04:59.492390 np0000004610 nova-conductor[98945]: DEBUG cotyledon.oslo_config_glue [-] oslo_limit.endpoint_service_name = None {{(pid=98945) log_opt_values /opt/stack/data/venv/lib/python3.12/site-packages/oslo_config/cfg.py:3253}}
Jul 05 22:04:59.492390 np0000004610 nova-conductor[98945]: DEBUG cotyledon.oslo_config_glue [-] oslo_limit.endpoint_service_type = None {{(pid=98945) log_opt_values /opt/stack/data/venv/lib/python3.12/site-packages/oslo_config/cfg.py:3253}}
Jul 05 22:04:59.492390 np0000004610 nova-conductor[98945]: DEBUG cotyledon.oslo_config_glue [-] oslo_limit.insecure = False {{(pid=98945) log_opt_values /opt/stack/data/venv/lib/python3.12/site-packages/oslo_config/cfg.py:3253}}
Jul 05 22:04:59.492390 np0000004610 nova-conductor[98945]: DEBUG cotyledon.oslo_config_glue [-] oslo_limit.keyfile = None {{(pid=98945) log_opt_values /opt/stack/data/venv/lib/python3.12/site-packages/oslo_config/cfg.py:3253}}
Jul 05 22:04:59.492390 np0000004610 nova-conductor[98945]: DEBUG cotyledon.oslo_config_glue [-] oslo_limit.max_version = None {{(pid=98945) log_opt_values /opt/stack/data/venv/lib/python3.12/site-packages/oslo_config/cfg.py:3253}}
Jul 05 22:04:59.492390 np0000004610 nova-conductor[98945]: DEBUG cotyledon.oslo_config_glue [-] oslo_limit.min_version = None {{(pid=98945) log_opt_values /opt/stack/data/venv/lib/python3.12/site-packages/oslo_config/cfg.py:3253}}
Jul 05 22:04:59.492548 np0000004610 nova-conductor[98938]: INFO dbcounter [None req-cec64d77-26a9-4946-bf20-7c07bd476fa2 None None] Registered counter for database nova_cell0
Jul 05 22:04:59.492571 np0000004610 nova-conductor[98945]: DEBUG cotyledon.oslo_config_glue [-] oslo_limit.region_name = None {{(pid=98945) log_opt_values /opt/stack/data/venv/lib/python3.12/site-packages/oslo_config/cfg.py:3253}}
Jul 05 22:04:59.492571 np0000004610 nova-conductor[98945]: DEBUG cotyledon.oslo_config_glue [-] oslo_limit.retriable_status_codes = None {{(pid=98945) log_opt_values /opt/stack/data/venv/lib/python3.12/site-packages/oslo_config/cfg.py:3253}}
Jul 05 22:04:59.492571 np0000004610 nova-conductor[98945]: DEBUG cotyledon.oslo_config_glue [-] oslo_limit.service_name = None {{(pid=98945) log_opt_values /opt/stack/data/venv/lib/python3.12/site-packages/oslo_config/cfg.py:3253}}
Jul 05 22:04:59.492571 np0000004610 nova-conductor[98945]: DEBUG cotyledon.oslo_config_glue [-] oslo_limit.service_type = None {{(pid=98945) log_opt_values /opt/stack/data/venv/lib/python3.12/site-packages/oslo_config/cfg.py:3253}}
Jul 05 22:04:59.492571 np0000004610 nova-conductor[98945]: DEBUG cotyledon.oslo_config_glue [-] oslo_limit.split_loggers = False {{(pid=98945) log_opt_values /opt/stack/data/venv/lib/python3.12/site-packages/oslo_config/cfg.py:3253}}
Jul 05 22:04:59.492571 np0000004610 nova-conductor[98945]: DEBUG cotyledon.oslo_config_glue [-] oslo_limit.status_code_retries = None {{(pid=98945) log_opt_values /opt/stack/data/venv/lib/python3.12/site-packages/oslo_config/cfg.py:3253}}
Jul 05 22:04:59.492571 np0000004610 nova-conductor[98945]: DEBUG cotyledon.oslo_config_glue [-] oslo_limit.status_code_retry_delay = None {{(pid=98945) log_opt_values /opt/stack/data/venv/lib/python3.12/site-packages/oslo_config/cfg.py:3253}}
Jul 05 22:04:59.492571 np0000004610 nova-conductor[98945]: DEBUG cotyledon.oslo_config_glue [-] oslo_limit.timeout = None {{(pid=98945) log_opt_values /opt/stack/data/venv/lib/python3.12/site-packages/oslo_config/cfg.py:3253}}
Jul 05 22:04:59.492571 np0000004610 nova-conductor[98945]: DEBUG cotyledon.oslo_config_glue [-] oslo_limit.valid_interfaces = None {{(pid=98945) log_opt_values /opt/stack/data/venv/lib/python3.12/site-packages/oslo_config/cfg.py:3253}}
Jul 05 22:04:59.492764 np0000004610 nova-conductor[98945]: DEBUG cotyledon.oslo_config_glue [-] oslo_limit.version = None {{(pid=98945) log_opt_values /opt/stack/data/venv/lib/python3.12/site-packages/oslo_config/cfg.py:3253}}
Jul 05 22:04:59.492764 np0000004610 nova-conductor[98945]: DEBUG cotyledon.oslo_config_glue [-] oslo_reports.file_event_handler = None {{(pid=98945) log_opt_values /opt/stack/data/venv/lib/python3.12/site-packages/oslo_config/cfg.py:3253}}
Jul 05 22:04:59.492764 np0000004610 nova-conductor[98945]: DEBUG cotyledon.oslo_config_glue [-] oslo_reports.file_event_handler_interval = 1 {{(pid=98945) log_opt_values /opt/stack/data/venv/lib/python3.12/site-packages/oslo_config/cfg.py:3253}}
Jul 05 22:04:59.492764 np0000004610 nova-conductor[98945]: DEBUG cotyledon.oslo_config_glue [-] oslo_reports.log_dir = None {{(pid=98945) log_opt_values /opt/stack/data/venv/lib/python3.12/site-packages/oslo_config/cfg.py:3253}}
Jul 05 22:04:59.492764 np0000004610 nova-conductor[98945]: DEBUG cotyledon.oslo_config_glue [-] ******************************************************************************** {{(pid=98945) log_opt_values /opt/stack/data/venv/lib/python3.12/site-packages/oslo_config/cfg.py:3260}}
Jul 05 22:04:59.492764 np0000004610 nova-conductor[98945]: DEBUG cotyledon._service_worker [-] Run service ServiceWrapper(3) [98945] {{(pid=98945) wait_forever /opt/stack/data/venv/lib/python3.12/site-packages/cotyledon/_service_worker.py:218}}
Jul 05 22:04:59.492764 np0000004610 nova-conductor[98945]: INFO nova.service [-] Starting conductor node (version 33.1.0)
Jul 05 22:04:59.492764 np0000004610 nova-conductor[98945]: INFO dbcounter [None req-dc303c51-4ac6-4520-b7f7-185f2bc3188d None None] Registered counter for database nova_cell0
Jul 05 22:04:59.492959 np0000004610 nova-conductor[98927]: DEBUG oslo_db.sqlalchemy.engines [None req-9eff2cf4-4d71-400c-b74a-f38c3c8bb45a None None] MySQL server mode set to STRICT_TRANS_TABLES,STRICT_ALL_TABLES,NO_ZERO_IN_DATE,NO_ZERO_DATE,ERROR_FOR_DIVISION_BY_ZERO,TRADITIONAL,NO_ENGINE_SUBSTITUTION {{(pid=98927) _check_effective_sql_mode /opt/stack/data/venv/lib/python3.12/site-packages/oslo_db/sqlalchemy/engines.py:325}}
Jul 05 22:04:59.500012 np0000004610 nova-conductor[98934]: DEBUG oslo_db.sqlalchemy.engines [None req-9a802ff8-d173-40a5-919b-c9cfcbfb7bfc None None] MySQL server mode set to STRICT_TRANS_TABLES,STRICT_ALL_TABLES,NO_ZERO_IN_DATE,NO_ZERO_DATE,ERROR_FOR_DIVISION_BY_ZERO,TRADITIONAL,NO_ENGINE_SUBSTITUTION {{(pid=98934) _check_effective_sql_mode /opt/stack/data/venv/lib/python3.12/site-packages/oslo_db/sqlalchemy/engines.py:325}}
Jul 05 22:04:59.502281 np0000004610 nova-conductor[98927]: DEBUG dbcounter [-] [98927] Writer thread running {{(pid=98927) stat_writer /opt/stack/data/venv/lib/python3.12/site-packages/dbcounter.py:102}}
Jul 05 22:04:59.513404 np0000004610 nova-conductor[98934]: DEBUG dbcounter [-] [98934] Writer thread running {{(pid=98934) stat_writer /opt/stack/data/venv/lib/python3.12/site-packages/dbcounter.py:102}}
Jul 05 22:04:59.516564 np0000004610 nova-conductor[98927]: DEBUG nova.service [None req-9eff2cf4-4d71-400c-b74a-f38c3c8bb45a None None] Creating RPC server for service: nova-conductor on topic: conductor {{(pid=98927) start /opt/stack/nova/nova/service.py:196}}
Jul 05 22:04:59.521349 np0000004610 nova-conductor[98938]: DEBUG oslo_db.sqlalchemy.engines [None req-cec64d77-26a9-4946-bf20-7c07bd476fa2 None None] MySQL server mode set to STRICT_TRANS_TABLES,STRICT_ALL_TABLES,NO_ZERO_IN_DATE,NO_ZERO_DATE,ERROR_FOR_DIVISION_BY_ZERO,TRADITIONAL,NO_ENGINE_SUBSTITUTION {{(pid=98938) _check_effective_sql_mode /opt/stack/data/venv/lib/python3.12/site-packages/oslo_db/sqlalchemy/engines.py:325}}
Jul 05 22:04:59.528250 np0000004610 nova-conductor[98945]: DEBUG oslo_db.sqlalchemy.engines [None req-dc303c51-4ac6-4520-b7f7-185f2bc3188d None None] MySQL server mode set to STRICT_TRANS_TABLES,STRICT_ALL_TABLES,NO_ZERO_IN_DATE,NO_ZERO_DATE,ERROR_FOR_DIVISION_BY_ZERO,TRADITIONAL,NO_ENGINE_SUBSTITUTION {{(pid=98945) _check_effective_sql_mode /opt/stack/data/venv/lib/python3.12/site-packages/oslo_db/sqlalchemy/engines.py:325}}
Jul 05 22:04:59.531896 np0000004610 nova-conductor[98934]: DEBUG nova.service [None req-9a802ff8-d173-40a5-919b-c9cfcbfb7bfc None None] Creating RPC server for service: nova-conductor on topic: conductor {{(pid=98934) start /opt/stack/nova/nova/service.py:196}}
Jul 05 22:04:59.531974 np0000004610 nova-conductor[98938]: DEBUG dbcounter [-] [98938] Writer thread running {{(pid=98938) stat_writer /opt/stack/data/venv/lib/python3.12/site-packages/dbcounter.py:102}}
Jul 05 22:04:59.535061 np0000004610 nova-conductor[98938]: DEBUG nova.service [None req-cec64d77-26a9-4946-bf20-7c07bd476fa2 None None] Creating RPC server for service: nova-conductor on topic: conductor {{(pid=98938) start /opt/stack/nova/nova/service.py:196}}
Jul 05 22:04:59.538299 np0000004610 nova-conductor[98927]: DEBUG nova.service [None req-9eff2cf4-4d71-400c-b74a-f38c3c8bb45a None None] Join ServiceGroup membership for this service conductor {{(pid=98927) start /opt/stack/nova/nova/service.py:222}}
Jul 05 22:04:59.538396 np0000004610 nova-conductor[98945]: DEBUG dbcounter [-] [98945] Writer thread running {{(pid=98945) stat_writer /opt/stack/data/venv/lib/python3.12/site-packages/dbcounter.py:102}}
Jul 05 22:04:59.538464 np0000004610 nova-conductor[98927]: DEBUG nova.servicegroup.drivers.db [None req-9eff2cf4-4d71-400c-b74a-f38c3c8bb45a None None] DB_Driver: join new ServiceGroup member np0000004610 to the conductor group, service = {{(pid=98927) join /opt/stack/nova/nova/servicegroup/drivers/db.py:44}}
Jul 05 22:04:59.541425 np0000004610 nova-conductor[98945]: DEBUG nova.service [None req-dc303c51-4ac6-4520-b7f7-185f2bc3188d None None] Creating RPC server for service: nova-conductor on topic: conductor {{(pid=98945) start /opt/stack/nova/nova/service.py:196}}
Jul 05 22:04:59.546716 np0000004610 nova-conductor[98934]: DEBUG nova.service [None req-9a802ff8-d173-40a5-919b-c9cfcbfb7bfc None None] Join ServiceGroup membership for this service conductor {{(pid=98934) start /opt/stack/nova/nova/service.py:222}}
Jul 05 22:04:59.546897 np0000004610 nova-conductor[98934]: DEBUG nova.servicegroup.drivers.db [None req-9a802ff8-d173-40a5-919b-c9cfcbfb7bfc None None] DB_Driver: join new ServiceGroup member np0000004610 to the conductor group, service = {{(pid=98934) join /opt/stack/nova/nova/servicegroup/drivers/db.py:44}}
Jul 05 22:04:59.554810 np0000004610 nova-conductor[98938]: DEBUG nova.service [None req-cec64d77-26a9-4946-bf20-7c07bd476fa2 None None] Join ServiceGroup membership for this service conductor {{(pid=98938) start /opt/stack/nova/nova/service.py:222}}
Jul 05 22:04:59.555071 np0000004610 nova-conductor[98938]: DEBUG nova.servicegroup.drivers.db [None req-cec64d77-26a9-4946-bf20-7c07bd476fa2 None None] DB_Driver: join new ServiceGroup member np0000004610 to the conductor group, service = {{(pid=98938) join /opt/stack/nova/nova/servicegroup/drivers/db.py:44}}
Jul 05 22:04:59.558128 np0000004610 nova-conductor[98945]: DEBUG nova.service [None req-dc303c51-4ac6-4520-b7f7-185f2bc3188d None None] Join ServiceGroup membership for this service conductor {{(pid=98945) start /opt/stack/nova/nova/service.py:222}}
Jul 05 22:04:59.558321 np0000004610 nova-conductor[98945]: DEBUG nova.servicegroup.drivers.db [None req-dc303c51-4ac6-4520-b7f7-185f2bc3188d None None] DB_Driver: join new ServiceGroup member np0000004610 to the conductor group, service = {{(pid=98945) join /opt/stack/nova/nova/servicegroup/drivers/db.py:44}}
Jul 05 22:05:04.550245 np0000004610 nova-conductor[98927]: DEBUG oslo.service.backend._threading.loopingcall [-] Fixed interval looping call 'nova.servicegroup.drivers.db.DbDriver._report_state' sleeping for 119.99 seconds {{(pid=98927) _run_loop /opt/stack/data/venv/lib/python3.12/site-packages/oslo_service/backend/_threading/loopingcall.py:125}}
Jul 05 22:05:04.552946 np0000004610 nova-conductor[98934]: DEBUG oslo.service.backend._threading.loopingcall [-] Fixed interval looping call 'nova.servicegroup.drivers.db.DbDriver._report_state' sleeping for 120.00 seconds {{(pid=98934) _run_loop /opt/stack/data/venv/lib/python3.12/site-packages/oslo_service/backend/_threading/loopingcall.py:125}}
Jul 05 22:05:04.566145 np0000004610 nova-conductor[98938]: DEBUG oslo.service.backend._threading.loopingcall [-] Fixed interval looping call 'nova.servicegroup.drivers.db.DbDriver._report_state' sleeping for 119.99 seconds {{(pid=98938) _run_loop /opt/stack/data/venv/lib/python3.12/site-packages/oslo_service/backend/_threading/loopingcall.py:125}}
Jul 05 22:05:04.570128 np0000004610 nova-conductor[98945]: DEBUG oslo.service.backend._threading.loopingcall [-] Fixed interval looping call 'nova.servicegroup.drivers.db.DbDriver._report_state' sleeping for 119.99 seconds {{(pid=98945) _run_loop /opt/stack/data/venv/lib/python3.12/site-packages/oslo_service/backend/_threading/loopingcall.py:125}}
Jul 05 22:05:08.119068 np0000004610 nova-conductor[97428]: DEBUG dbcounter [-] [97428] Writing DB stats nova_api:SELECT=1 {{(pid=97428) stat_writer /opt/stack/data/venv/lib/python3.12/site-packages/dbcounter.py:115}}
Jul 05 22:05:08.251822 np0000004610 nova-conductor[97428]: DEBUG dbcounter [-] [97428] Writing DB stats nova_cell0:SELECT=1 {{(pid=97428) stat_writer /opt/stack/data/venv/lib/python3.12/site-packages/dbcounter.py:115}}
Jul 05 22:05:08.254965 np0000004610 nova-conductor[97428]: DEBUG dbcounter [-] [97428] Writing DB stats nova_cell1:SELECT=1 {{(pid=97428) stat_writer /opt/stack/data/venv/lib/python3.12/site-packages/dbcounter.py:115}}
Jul 05 22:05:14.547609 np0000004610 nova-conductor[98927]: DEBUG dbcounter [-] [98927] Writing DB stats nova_cell0:SELECT=4,nova_cell0:INSERT=1,nova_cell0:UPDATE=1 {{(pid=98927) stat_writer /opt/stack/data/venv/lib/python3.12/site-packages/dbcounter.py:115}}
Jul 05 22:05:14.551171 np0000004610 nova-conductor[98934]: DEBUG dbcounter [-] [98934] Writing DB stats nova_cell0:SELECT=4,nova_cell0:INSERT=1 {{(pid=98934) stat_writer /opt/stack/data/venv/lib/python3.12/site-packages/dbcounter.py:115}}
Jul 05 22:05:14.563643 np0000004610 nova-conductor[98938]: DEBUG dbcounter [-] [98938] Writing DB stats nova_cell0:SELECT=3 {{(pid=98938) stat_writer /opt/stack/data/venv/lib/python3.12/site-packages/dbcounter.py:115}}
Jul 05 22:05:14.567837 np0000004610 nova-conductor[98945]: DEBUG dbcounter [-] [98945] Writing DB stats nova_cell0:SELECT=3 {{(pid=98945) stat_writer /opt/stack/data/venv/lib/python3.12/site-packages/dbcounter.py:115}}
Jul 05 22:05:15.560319 np0000004610 nova-conductor[98938]: DEBUG oslo.service.backend._threading.loopingcall [None req-d680db48-a731-42cb-acd6-5d6ad09b1c37 None None] Dynamic interval looping call 'nova.service.Service.periodic_tasks' sleeping for 60.00 seconds {{(pid=98938) _run_loop /opt/stack/data/venv/lib/python3.12/site-packages/oslo_service/backend/_threading/loopingcall.py:125}}
Jul 05 22:05:30.560708 np0000004610 nova-conductor[98945]: DEBUG oslo.service.backend._threading.loopingcall [None req-f5baea5f-3528-45ee-8dcb-688714065dbf None None] Dynamic interval looping call 'nova.service.Service.periodic_tasks' sleeping for 60.00 seconds {{(pid=98945) _run_loop /opt/stack/data/venv/lib/python3.12/site-packages/oslo_service/backend/_threading/loopingcall.py:125}}
Jul 05 22:05:33.549044 np0000004610 nova-conductor[98934]: DEBUG oslo.service.backend._threading.loopingcall [None req-36b50c26-28d9-4f62-a30c-498b15aaa6b1 None None] Dynamic interval looping call 'nova.service.Service.periodic_tasks' sleeping for 60.00 seconds {{(pid=98934) _run_loop /opt/stack/data/venv/lib/python3.12/site-packages/oslo_service/backend/_threading/loopingcall.py:125}}
Jul 05 22:05:48.540587 np0000004610 nova-conductor[98927]: DEBUG oslo.service.backend._threading.loopingcall [None req-dbeb6bc1-0fed-4dd6-83fe-4f18e9cdf582 None None] Dynamic interval looping call 'nova.service.Service.periodic_tasks' sleeping for 60.00 seconds {{(pid=98927) _run_loop /opt/stack/data/venv/lib/python3.12/site-packages/oslo_service/backend/_threading/loopingcall.py:125}}
Jul 05 22:06:15.558068 np0000004610 nova-conductor[98938]: DEBUG oslo.service.backend._threading.loopingcall [None req-d680db48-a731-42cb-acd6-5d6ad09b1c37 None None] Dynamic interval looping call 'nova.service.Service.periodic_tasks' sleeping for 60.00 seconds {{(pid=98938) _run_loop /opt/stack/data/venv/lib/python3.12/site-packages/oslo_service/backend/_threading/loopingcall.py:125}}
Jul 05 22:06:30.561195 np0000004610 nova-conductor[98945]: DEBUG oslo.service.backend._threading.loopingcall [None req-f5baea5f-3528-45ee-8dcb-688714065dbf None None] Dynamic interval looping call 'nova.service.Service.periodic_tasks' sleeping for 60.00 seconds {{(pid=98945) _run_loop /opt/stack/data/venv/lib/python3.12/site-packages/oslo_service/backend/_threading/loopingcall.py:125}}
Jul 05 22:06:33.549506 np0000004610 nova-conductor[98934]: DEBUG oslo.service.backend._threading.loopingcall [None req-36b50c26-28d9-4f62-a30c-498b15aaa6b1 None None] Dynamic interval looping call 'nova.service.Service.periodic_tasks' sleeping for 60.00 seconds {{(pid=98934) _run_loop /opt/stack/data/venv/lib/python3.12/site-packages/oslo_service/backend/_threading/loopingcall.py:125}}
Jul 05 22:06:48.541056 np0000004610 nova-conductor[98927]: DEBUG oslo.service.backend._threading.loopingcall [None req-dbeb6bc1-0fed-4dd6-83fe-4f18e9cdf582 None None] Dynamic interval looping call 'nova.service.Service.periodic_tasks' sleeping for 60.00 seconds {{(pid=98927) _run_loop /opt/stack/data/venv/lib/python3.12/site-packages/oslo_service/backend/_threading/loopingcall.py:125}}
Jul 05 22:07:04.555349 np0000004610 nova-conductor[98927]: DEBUG oslo.service.backend._threading.loopingcall [-] Fixed interval looping call 'nova.servicegroup.drivers.db.DbDriver._report_state' sleeping for 119.99 seconds {{(pid=98927) _run_loop /opt/stack/data/venv/lib/python3.12/site-packages/oslo_service/backend/_threading/loopingcall.py:125}}
Jul 05 22:07:04.559694 np0000004610 nova-conductor[98934]: DEBUG oslo.service.backend._threading.loopingcall [-] Fixed interval looping call 'nova.servicegroup.drivers.db.DbDriver._report_state' sleeping for 119.99 seconds {{(pid=98934) _run_loop /opt/stack/data/venv/lib/python3.12/site-packages/oslo_service/backend/_threading/loopingcall.py:125}}
Jul 05 22:07:04.560248 np0000004610 nova-conductor[98938]: DEBUG oslo.service.backend._threading.loopingcall [-] Fixed interval looping call 'nova.servicegroup.drivers.db.DbDriver._report_state' sleeping for 120.00 seconds {{(pid=98938) _run_loop /opt/stack/data/venv/lib/python3.12/site-packages/oslo_service/backend/_threading/loopingcall.py:125}}
Jul 05 22:07:04.567674 np0000004610 nova-conductor[98945]: DEBUG oslo.service.backend._threading.loopingcall [-] Fixed interval looping call 'nova.servicegroup.drivers.db.DbDriver._report_state' sleeping for 120.00 seconds {{(pid=98945) _run_loop /opt/stack/data/venv/lib/python3.12/site-packages/oslo_service/backend/_threading/loopingcall.py:125}}
Jul 05 22:07:07.422650 np0000004610 nova-conductor[98927]: DEBUG oslo_db.sqlalchemy.engines [None req-ce0139ff-e3c8-4101-8945-741846b68d4e tempest-ServerBootFromVolumeStableRescueTest-2009238458 tempest-ServerBootFromVolumeStableRescueTest-2009238458-project-member] Parent process 97428 forked (98927) with an open database connection, which is being discarded and recreated. {{(pid=98927) checkout /opt/stack/data/venv/lib/python3.12/site-packages/oslo_db/sqlalchemy/engines.py:402}}
Jul 05 22:07:07.474351 np0000004610 nova-conductor[98927]: DEBUG dbcounter [-] [98927] Writer thread running {{(pid=98927) stat_writer /opt/stack/data/venv/lib/python3.12/site-packages/dbcounter.py:102}}
Jul 05 22:07:08.497476 np0000004610 nova-conductor[98927]: DEBUG nova.conductor.manager [None req-ce0139ff-e3c8-4101-8945-741846b68d4e tempest-ServerBootFromVolumeStableRescueTest-2009238458 tempest-ServerBootFromVolumeStableRescueTest-2009238458-project-member] Took 1.02 seconds to select destinations for 1 instance(s). {{(pid=98927) _schedule_instances /opt/stack/nova/nova/conductor/manager.py:968}}
Jul 05 22:07:08.531536 np0000004610 nova-conductor[98927]: DEBUG oslo_concurrency.lockutils [None req-ce0139ff-e3c8-4101-8945-741846b68d4e tempest-ServerBootFromVolumeStableRescueTest-2009238458 tempest-ServerBootFromVolumeStableRescueTest-2009238458-project-member] Acquiring lock "de37dd5c-9c7d-43aa-b0e9-02914f0019e2" by "nova.context.set_target_cell..get_or_set_cached_cell_and_set_connections" {{(pid=98927) inner /opt/stack/data/venv/lib/python3.12/site-packages/oslo_concurrency/lockutils.py:511}}
Jul 05 22:07:08.531795 np0000004610 nova-conductor[98927]: DEBUG oslo_concurrency.lockutils [None req-ce0139ff-e3c8-4101-8945-741846b68d4e tempest-ServerBootFromVolumeStableRescueTest-2009238458 tempest-ServerBootFromVolumeStableRescueTest-2009238458-project-member] Lock "de37dd5c-9c7d-43aa-b0e9-02914f0019e2" acquired by "nova.context.set_target_cell..get_or_set_cached_cell_and_set_connections" :: waited 0.000s {{(pid=98927) inner /opt/stack/data/venv/lib/python3.12/site-packages/oslo_concurrency/lockutils.py:524}}
Jul 05 22:07:08.533292 np0000004610 nova-conductor[98927]: DEBUG oslo_concurrency.lockutils [None req-ce0139ff-e3c8-4101-8945-741846b68d4e tempest-ServerBootFromVolumeStableRescueTest-2009238458 tempest-ServerBootFromVolumeStableRescueTest-2009238458-project-member] Lock "de37dd5c-9c7d-43aa-b0e9-02914f0019e2" "released" by "nova.context.set_target_cell..get_or_set_cached_cell_and_set_connections" :: held 0.001s {{(pid=98927) inner /opt/stack/data/venv/lib/python3.12/site-packages/oslo_concurrency/lockutils.py:543}}
Jul 05 22:07:08.535431 np0000004610 nova-conductor[98927]: INFO dbcounter [None req-ce0139ff-e3c8-4101-8945-741846b68d4e tempest-ServerBootFromVolumeStableRescueTest-2009238458 tempest-ServerBootFromVolumeStableRescueTest-2009238458-project-member] Registered counter for database nova_cell1
Jul 05 22:07:08.574557 np0000004610 nova-conductor[98927]: DEBUG oslo_db.sqlalchemy.engines [None req-ce0139ff-e3c8-4101-8945-741846b68d4e tempest-ServerBootFromVolumeStableRescueTest-2009238458 tempest-ServerBootFromVolumeStableRescueTest-2009238458-project-member] MySQL server mode set to STRICT_TRANS_TABLES,STRICT_ALL_TABLES,NO_ZERO_IN_DATE,NO_ZERO_DATE,ERROR_FOR_DIVISION_BY_ZERO,TRADITIONAL,NO_ENGINE_SUBSTITUTION {{(pid=98927) _check_effective_sql_mode /opt/stack/data/venv/lib/python3.12/site-packages/oslo_db/sqlalchemy/engines.py:325}}
Jul 05 22:07:08.580707 np0000004610 nova-conductor[98927]: DEBUG dbcounter [-] [98927] Writer thread running {{(pid=98927) stat_writer /opt/stack/data/venv/lib/python3.12/site-packages/dbcounter.py:102}}
Jul 05 22:07:08.646054 np0000004610 nova-conductor[98927]: INFO nova.utils [None req-ce0139ff-e3c8-4101-8945-741846b68d4e tempest-ServerBootFromVolumeStableRescueTest-2009238458 tempest-ServerBootFromVolumeStableRescueTest-2009238458-project-member] The cell worker thread pool ForkProcess-1.cell_worker is initialized
Jul 05 22:07:08.646524 np0000004610 nova-conductor[98927]: DEBUG oslo_concurrency.lockutils [None req-ce0139ff-e3c8-4101-8945-741846b68d4e tempest-ServerBootFromVolumeStableRescueTest-2009238458 tempest-ServerBootFromVolumeStableRescueTest-2009238458-project-member] Acquiring lock "00000000-0000-0000-0000-000000000000" by "nova.context.set_target_cell..get_or_set_cached_cell_and_set_connections" {{(pid=98927) inner /opt/stack/data/venv/lib/python3.12/site-packages/oslo_concurrency/lockutils.py:511}}
Jul 05 22:07:08.646524 np0000004610 nova-conductor[98927]: DEBUG oslo_concurrency.lockutils [None req-ce0139ff-e3c8-4101-8945-741846b68d4e tempest-ServerBootFromVolumeStableRescueTest-2009238458 tempest-ServerBootFromVolumeStableRescueTest-2009238458-project-member] Lock "00000000-0000-0000-0000-000000000000" acquired by "nova.context.set_target_cell..get_or_set_cached_cell_and_set_connections" :: waited 0.000s {{(pid=98927) inner /opt/stack/data/venv/lib/python3.12/site-packages/oslo_concurrency/lockutils.py:524}}
Jul 05 22:07:08.646967 np0000004610 nova-conductor[98927]: DEBUG oslo_concurrency.lockutils [None req-ce0139ff-e3c8-4101-8945-741846b68d4e tempest-ServerBootFromVolumeStableRescueTest-2009238458 tempest-ServerBootFromVolumeStableRescueTest-2009238458-project-member] Lock "00000000-0000-0000-0000-000000000000" "released" by "nova.context.set_target_cell..get_or_set_cached_cell_and_set_connections" :: held 0.000s {{(pid=98927) inner /opt/stack/data/venv/lib/python3.12/site-packages/oslo_concurrency/lockutils.py:543}}
Jul 05 22:07:08.647625 np0000004610 nova-conductor[98927]: DEBUG oslo_concurrency.lockutils [None req-ce0139ff-e3c8-4101-8945-741846b68d4e tempest-ServerBootFromVolumeStableRescueTest-2009238458 tempest-ServerBootFromVolumeStableRescueTest-2009238458-project-member] Acquiring lock "de37dd5c-9c7d-43aa-b0e9-02914f0019e2" by "nova.context.set_target_cell..get_or_set_cached_cell_and_set_connections" {{(pid=98927) inner /opt/stack/data/venv/lib/python3.12/site-packages/oslo_concurrency/lockutils.py:511}}
Jul 05 22:07:08.648031 np0000004610 nova-conductor[98927]: DEBUG oslo_concurrency.lockutils [None req-ce0139ff-e3c8-4101-8945-741846b68d4e tempest-ServerBootFromVolumeStableRescueTest-2009238458 tempest-ServerBootFromVolumeStableRescueTest-2009238458-project-member] Lock "de37dd5c-9c7d-43aa-b0e9-02914f0019e2" acquired by "nova.context.set_target_cell..get_or_set_cached_cell_and_set_connections" :: waited 0.000s {{(pid=98927) inner /opt/stack/data/venv/lib/python3.12/site-packages/oslo_concurrency/lockutils.py:524}}
Jul 05 22:07:08.648031 np0000004610 nova-conductor[98927]: DEBUG oslo_concurrency.lockutils [None req-ce0139ff-e3c8-4101-8945-741846b68d4e tempest-ServerBootFromVolumeStableRescueTest-2009238458 tempest-ServerBootFromVolumeStableRescueTest-2009238458-project-member] Lock "de37dd5c-9c7d-43aa-b0e9-02914f0019e2" "released" by "nova.context.set_target_cell..get_or_set_cached_cell_and_set_connections" :: held 0.000s {{(pid=98927) inner /opt/stack/data/venv/lib/python3.12/site-packages/oslo_concurrency/lockutils.py:543}}
Jul 05 22:07:08.649449 np0000004610 nova-conductor[98927]: INFO dbcounter [None req-ce0139ff-e3c8-4101-8945-741846b68d4e tempest-ServerBootFromVolumeStableRescueTest-2009238458 tempest-ServerBootFromVolumeStableRescueTest-2009238458-project-member] Registered counter for database nova_cell0
Jul 05 22:07:08.700431 np0000004610 nova-conductor[98927]: DEBUG oslo_db.sqlalchemy.engines [None req-ce0139ff-e3c8-4101-8945-741846b68d4e tempest-ServerBootFromVolumeStableRescueTest-2009238458 tempest-ServerBootFromVolumeStableRescueTest-2009238458-project-member] MySQL server mode set to STRICT_TRANS_TABLES,STRICT_ALL_TABLES,NO_ZERO_IN_DATE,NO_ZERO_DATE,ERROR_FOR_DIVISION_BY_ZERO,TRADITIONAL,NO_ENGINE_SUBSTITUTION {{(pid=98927) _check_effective_sql_mode /opt/stack/data/venv/lib/python3.12/site-packages/oslo_db/sqlalchemy/engines.py:325}}
Jul 05 22:07:08.706268 np0000004610 nova-conductor[98927]: DEBUG dbcounter [-] [98927] Writer thread running {{(pid=98927) stat_writer /opt/stack/data/venv/lib/python3.12/site-packages/dbcounter.py:102}}
Jul 05 22:07:08.716508 np0000004610 nova-conductor[98927]: DEBUG nova.quota [None req-ce0139ff-e3c8-4101-8945-741846b68d4e tempest-ServerBootFromVolumeStableRescueTest-2009238458 tempest-ServerBootFromVolumeStableRescueTest-2009238458-project-member] Getting quotas for project 5075b2804d3e4a1d9d2e8036c18538ce. Resources: {'instances', 'ram', 'cores'} {{(pid=98927) _get_quotas /opt/stack/nova/nova/quota.py:389}}
Jul 05 22:07:08.719806 np0000004610 nova-conductor[98927]: DEBUG nova.quota [None req-ce0139ff-e3c8-4101-8945-741846b68d4e tempest-ServerBootFromVolumeStableRescueTest-2009238458 tempest-ServerBootFromVolumeStableRescueTest-2009238458-project-member] Getting quotas for user 801969948c7e472f89c0fda9a326c244 and project 5075b2804d3e4a1d9d2e8036c18538ce. Resources: {'instances', 'ram', 'cores'} {{(pid=98927) _get_quotas /opt/stack/nova/nova/quota.py:379}}
Jul 05 22:07:08.725095 np0000004610 nova-conductor[98927]: DEBUG nova.conductor.manager [None req-ce0139ff-e3c8-4101-8945-741846b68d4e tempest-ServerBootFromVolumeStableRescueTest-2009238458 tempest-ServerBootFromVolumeStableRescueTest-2009238458-project-member] [instance: 0019dc0a-6160-4259-b09a-744dfa505c49] Selected host: np0000004610; Selected node: np0000004610; Alternates: [] {{(pid=98927) schedule_and_build_instances /opt/stack/nova/nova/conductor/manager.py:1784}}
Jul 05 22:07:08.726122 np0000004610 nova-conductor[98927]: DEBUG oslo_concurrency.lockutils [None req-ce0139ff-e3c8-4101-8945-741846b68d4e tempest-ServerBootFromVolumeStableRescueTest-2009238458 tempest-ServerBootFromVolumeStableRescueTest-2009238458-project-member] Acquiring lock "de37dd5c-9c7d-43aa-b0e9-02914f0019e2" by "nova.context.set_target_cell..get_or_set_cached_cell_and_set_connections" {{(pid=98927) inner /opt/stack/data/venv/lib/python3.12/site-packages/oslo_concurrency/lockutils.py:511}}
Jul 05 22:07:08.726122 np0000004610 nova-conductor[98927]: DEBUG oslo_concurrency.lockutils [None req-ce0139ff-e3c8-4101-8945-741846b68d4e tempest-ServerBootFromVolumeStableRescueTest-2009238458 tempest-ServerBootFromVolumeStableRescueTest-2009238458-project-member] Lock "de37dd5c-9c7d-43aa-b0e9-02914f0019e2" acquired by "nova.context.set_target_cell..get_or_set_cached_cell_and_set_connections" :: waited 0.000s {{(pid=98927) inner /opt/stack/data/venv/lib/python3.12/site-packages/oslo_concurrency/lockutils.py:524}}
Jul 05 22:07:08.726122 np0000004610 nova-conductor[98927]: DEBUG oslo_concurrency.lockutils [None req-ce0139ff-e3c8-4101-8945-741846b68d4e tempest-ServerBootFromVolumeStableRescueTest-2009238458 tempest-ServerBootFromVolumeStableRescueTest-2009238458-project-member] Lock "de37dd5c-9c7d-43aa-b0e9-02914f0019e2" "released" by "nova.context.set_target_cell..get_or_set_cached_cell_and_set_connections" :: held 0.000s {{(pid=98927) inner /opt/stack/data/venv/lib/python3.12/site-packages/oslo_concurrency/lockutils.py:543}}
Jul 05 22:07:08.734184 np0000004610 nova-conductor[98927]: DEBUG nova.conductor.manager [None req-ce0139ff-e3c8-4101-8945-741846b68d4e tempest-ServerBootFromVolumeStableRescueTest-2009238458 tempest-ServerBootFromVolumeStableRescueTest-2009238458-project-member] [instance: 0019dc0a-6160-4259-b09a-744dfa505c49] block_device_mapping [BlockDeviceMapping(attachment_id=,boot_index=0,connection_info=None,created_at=,delete_on_termination=True,deleted=,deleted_at=,destination_type='local',device_name=None,device_type='disk',disk_bus=None,encrypted=False,encryption_format=None,encryption_options=None,encryption_secret_uuid=None,guest_format=None,id=,image_id='28d8dea8-7b58-410a-aa87-3ee6cec9c963',instance=,instance_uuid=,no_device=False,snapshot_id=None,source_type='image',tag=None,updated_at=,uuid=,volume_id=None,volume_size=None,volume_type=None)] {{(pid=98927) _create_block_device_mapping /opt/stack/nova/nova/conductor/manager.py:1529}}
Jul 05 22:07:08.735602 np0000004610 nova-conductor[98927]: DEBUG oslo_concurrency.lockutils [None req-ce0139ff-e3c8-4101-8945-741846b68d4e tempest-ServerBootFromVolumeStableRescueTest-2009238458 tempest-ServerBootFromVolumeStableRescueTest-2009238458-project-member] Acquiring lock "de37dd5c-9c7d-43aa-b0e9-02914f0019e2" by "nova.context.set_target_cell..get_or_set_cached_cell_and_set_connections" {{(pid=98927) inner /opt/stack/data/venv/lib/python3.12/site-packages/oslo_concurrency/lockutils.py:511}}
Jul 05 22:07:08.735743 np0000004610 nova-conductor[98927]: DEBUG oslo_concurrency.lockutils [None req-ce0139ff-e3c8-4101-8945-741846b68d4e tempest-ServerBootFromVolumeStableRescueTest-2009238458 tempest-ServerBootFromVolumeStableRescueTest-2009238458-project-member] Lock "de37dd5c-9c7d-43aa-b0e9-02914f0019e2" acquired by "nova.context.set_target_cell..get_or_set_cached_cell_and_set_connections" :: waited 0.000s {{(pid=98927) inner /opt/stack/data/venv/lib/python3.12/site-packages/oslo_concurrency/lockutils.py:524}}
Jul 05 22:07:08.735852 np0000004610 nova-conductor[98927]: DEBUG oslo_concurrency.lockutils [None req-ce0139ff-e3c8-4101-8945-741846b68d4e tempest-ServerBootFromVolumeStableRescueTest-2009238458 tempest-ServerBootFromVolumeStableRescueTest-2009238458-project-member] Lock "de37dd5c-9c7d-43aa-b0e9-02914f0019e2" "released" by "nova.context.set_target_cell..get_or_set_cached_cell_and_set_connections" :: held 0.000s {{(pid=98927) inner /opt/stack/data/venv/lib/python3.12/site-packages/oslo_concurrency/lockutils.py:543}}
Jul 05 22:07:08.787092 np0000004610 nova-conductor[98927]: DEBUG oslo_concurrency.lockutils [None req-ce0139ff-e3c8-4101-8945-741846b68d4e tempest-ServerBootFromVolumeStableRescueTest-2009238458 tempest-ServerBootFromVolumeStableRescueTest-2009238458-project-member] Acquiring lock "de37dd5c-9c7d-43aa-b0e9-02914f0019e2" by "nova.context.set_target_cell..get_or_set_cached_cell_and_set_connections" {{(pid=98927) inner /opt/stack/data/venv/lib/python3.12/site-packages/oslo_concurrency/lockutils.py:511}}
Jul 05 22:07:08.787296 np0000004610 nova-conductor[98927]: DEBUG oslo_concurrency.lockutils [None req-ce0139ff-e3c8-4101-8945-741846b68d4e tempest-ServerBootFromVolumeStableRescueTest-2009238458 tempest-ServerBootFromVolumeStableRescueTest-2009238458-project-member] Lock "de37dd5c-9c7d-43aa-b0e9-02914f0019e2" acquired by "nova.context.set_target_cell..get_or_set_cached_cell_and_set_connections" :: waited 0.000s {{(pid=98927) inner /opt/stack/data/venv/lib/python3.12/site-packages/oslo_concurrency/lockutils.py:524}}
Jul 05 22:07:08.787453 np0000004610 nova-conductor[98927]: DEBUG oslo_concurrency.lockutils [None req-ce0139ff-e3c8-4101-8945-741846b68d4e tempest-ServerBootFromVolumeStableRescueTest-2009238458 tempest-ServerBootFromVolumeStableRescueTest-2009238458-project-member] Lock "de37dd5c-9c7d-43aa-b0e9-02914f0019e2" "released" by "nova.context.set_target_cell..get_or_set_cached_cell_and_set_connections" :: held 0.000s {{(pid=98927) inner /opt/stack/data/venv/lib/python3.12/site-packages/oslo_concurrency/lockutils.py:543}}
Jul 05 22:07:08.787706 np0000004610 nova-conductor[98927]: DEBUG oslo_concurrency.lockutils [None req-ce0139ff-e3c8-4101-8945-741846b68d4e tempest-ServerBootFromVolumeStableRescueTest-2009238458 tempest-ServerBootFromVolumeStableRescueTest-2009238458-project-member] Acquiring lock "compute-rpcapi-router" {{(pid=98927) lock /opt/stack/data/venv/lib/python3.12/site-packages/oslo_concurrency/lockutils.py:395}}
Jul 05 22:07:08.787834 np0000004610 nova-conductor[98927]: DEBUG oslo_concurrency.lockutils [None req-ce0139ff-e3c8-4101-8945-741846b68d4e tempest-ServerBootFromVolumeStableRescueTest-2009238458 tempest-ServerBootFromVolumeStableRescueTest-2009238458-project-member] Acquired lock "compute-rpcapi-router" {{(pid=98927) lock /opt/stack/data/venv/lib/python3.12/site-packages/oslo_concurrency/lockutils.py:398}}
Jul 05 22:07:08.788367 np0000004610 nova-conductor[98927]: DEBUG oslo_concurrency.lockutils [None req-1486a9b4-6983-4302-b33f-39ddde04662a None None] Acquiring lock "00000000-0000-0000-0000-000000000000" by "nova.context.set_target_cell..get_or_set_cached_cell_and_set_connections" {{(pid=98927) inner /opt/stack/data/venv/lib/python3.12/site-packages/oslo_concurrency/lockutils.py:511}}
