Jul 05 22:04:55.333553 np0000004610 devstack@neutron-api.service[90674]: DEBUG ovsdbapp.backend.ovs_idl.transaction [None req-a493b419-74a4-4a96-9bef-72d4594eeded None None] Running txn n=1 command(idx=0): CheckRevisionNumberCommand(_result=None, name=lrp-d4519c8d-d9be-4762-9a6c-2e4adad9dd8a, resource={'id': 'd4519c8d-d9be-4762-9a6c-2e4adad9dd8a', 'name': '', 'network_id': 'a741002d-8b33-44dc-a91e-adb5e42f73af', 'project_id': '6ac4d396412443b58b7ec54eebee875a', 'mac_address': 'fa:16:3e:68:19:5f', 'admin_state_up': True, 'status': 'ACTIVE', 'device_id': 'f4ad4a40-9903-4f4b-a644-04427efaaba4', 'device_owner': 'network:router_interface', 'standard_attr_id': 24, 'fixed_ips': [{'subnet_id': '19082d86-2d22-450e-b4da-e8aee6b18edc', 'ip_address': 'fd87:dccb:f801::1'}], 'allowed_address_pairs': [], 'extra_dhcp_opts': [], 'security_groups': [], 'description': '', 'binding:vnic_type': 'normal', 'binding:profile': {}, 'binding:host_id': '', 'binding:vif_type': 'unbound', 'binding:vif_details': {}, 'port_security_enabled': False, 'tags': [], 'created_at': '2026-07-05T22:04:46Z', 'updated_at': '2026-07-05T22:04:49Z', 'revision_number': 4, 'tenant_id': '6ac4d396412443b58b7ec54eebee875a'}, resource_type=router_ports, if_exists=True) {{(pid=90674) do_commit /opt/stack/data/venv/lib/python3.12/site-packages/ovsdbapp/backend/ovs_idl/transaction.py:89}}
Jul 05 22:04:55.333825 np0000004610 devstack@neutron-api.service[90674]: DEBUG ovsdbapp.backend.ovs_idl.transaction [None req-a493b419-74a4-4a96-9bef-72d4594eeded None None] Running txn n=1 command(idx=1): UpdateLRouterPortCommand(_result=None, name=lrp-d4519c8d-d9be-4762-9a6c-2e4adad9dd8a, columns={'external_ids': {'neutron:revision_number': '4', 'neutron:subnet_ids': '19082d86-2d22-450e-b4da-e8aee6b18edc', 'neutron:network_name': 'neutron-a741002d-8b33-44dc-a91e-adb5e42f73af', 'neutron:is_ext_gw': 'False', 'neutron:router_name': 'neutron-f4ad4a40-9903-4f4b-a644-04427efaaba4'}, 'options': {}, 'networks': ['fd87:dccb:f801::1/64'], 'ipv6_ra_configs': {'address_mode': 'slaac', 'send_periodic': 'true', 'mtu': '1372'}}, if_exists=False) {{(pid=90674) do_commit /opt/stack/data/venv/lib/python3.12/site-packages/ovsdbapp/backend/ovs_idl/transaction.py:89}}
Jul 05 22:04:55.334166 np0000004610 devstack@neutron-api.service[90674]: DEBUG ovsdbapp.backend.ovs_idl.transaction [None req-a493b419-74a4-4a96-9bef-72d4594eeded None None] Running txn n=1 command(idx=2): SetLRouterPortInLSwitchPortCommand(_result=None, lswitch_port=d4519c8d-d9be-4762-9a6c-2e4adad9dd8a, lrouter_port=lrp-d4519c8d-d9be-4762-9a6c-2e4adad9dd8a, is_gw_port=False, if_exists=True, lsp_address=router) {{(pid=90674) do_commit /opt/stack/data/venv/lib/python3.12/site-packages/ovsdbapp/backend/ovs_idl/transaction.py:89}}
Jul 05 22:04:55.334450 np0000004610 devstack@neutron-api.service[90674]: DEBUG ovsdbapp.backend.ovs_idl.transaction [None req-a493b419-74a4-4a96-9bef-72d4594eeded None None] Transaction caused no change {{(pid=90674) do_commit /opt/stack/data/venv/lib/python3.12/site-packages/ovsdbapp/backend/ovs_idl/transaction.py:129}}
Jul 05 22:04:55.384025 np0000004610 devstack@neutron-api.service[90674]: DEBUG ovsdbapp.backend.ovs_idl.transaction [None req-a493b419-74a4-4a96-9bef-72d4594eeded None None] Running txn n=1 command(idx=0): CheckRevisionNumberCommand(_result=None, name=lrp-d4519c8d-d9be-4762-9a6c-2e4adad9dd8a, resource={'id': 'd4519c8d-d9be-4762-9a6c-2e4adad9dd8a', 'name': '', 'network_id': 'a741002d-8b33-44dc-a91e-adb5e42f73af', 'project_id': '6ac4d396412443b58b7ec54eebee875a', 'mac_address': 'fa:16:3e:68:19:5f', 'admin_state_up': True, 'status': 'ACTIVE', 'device_id': 'f4ad4a40-9903-4f4b-a644-04427efaaba4', 'device_owner': 'network:router_interface', 'standard_attr_id': 24, 'fixed_ips': [{'subnet_id': '19082d86-2d22-450e-b4da-e8aee6b18edc', 'ip_address': 'fd87:dccb:f801::1'}], 'allowed_address_pairs': [], 'extra_dhcp_opts': [], 'security_groups': [], 'description': '', 'binding:vnic_type': 'normal', 'binding:profile': {}, 'binding:host_id': '', 'binding:vif_type': 'unbound', 'binding:vif_details': {}, 'port_security_enabled': False, 'tags': [], 'created_at': '2026-07-05T22:04:46Z', 'updated_at': '2026-07-05T22:04:49Z', 'revision_number': 4, 'tenant_id': '6ac4d396412443b58b7ec54eebee875a'}, resource_type=router_ports, if_exists=True) {{(pid=90674) do_commit /opt/stack/data/venv/lib/python3.12/site-packages/ovsdbapp/backend/ovs_idl/transaction.py:89}}
Jul 05 22:04:55.384357 np0000004610 devstack@neutron-api.service[90674]: DEBUG ovsdbapp.backend.ovs_idl.transaction [None req-a493b419-74a4-4a96-9bef-72d4594eeded None None] Running txn n=1 command(idx=1): UpdateLRouterPortCommand(_result=None, name=lrp-d4519c8d-d9be-4762-9a6c-2e4adad9dd8a, columns={'external_ids': {'neutron:revision_number': '4', 'neutron:subnet_ids': '19082d86-2d22-450e-b4da-e8aee6b18edc', 'neutron:network_name': 'neutron-a741002d-8b33-44dc-a91e-adb5e42f73af', 'neutron:is_ext_gw': 'False', 'neutron:router_name': 'neutron-f4ad4a40-9903-4f4b-a644-04427efaaba4'}, 'options': {}, 'networks': ['fd87:dccb:f801::1/64'], 'ipv6_ra_configs': {'address_mode': 'slaac', 'send_periodic': 'true', 'mtu': '1372'}}, if_exists=False) {{(pid=90674) do_commit /opt/stack/data/venv/lib/python3.12/site-packages/ovsdbapp/backend/ovs_idl/transaction.py:89}}
Jul 05 22:04:55.384743 np0000004610 devstack@neutron-api.service[90674]: DEBUG ovsdbapp.backend.ovs_idl.transaction [None req-a493b419-74a4-4a96-9bef-72d4594eeded None None] Running txn n=1 command(idx=2): SetLRouterPortInLSwitchPortCommand(_result=None, lswitch_port=d4519c8d-d9be-4762-9a6c-2e4adad9dd8a, lrouter_port=lrp-d4519c8d-d9be-4762-9a6c-2e4adad9dd8a, is_gw_port=False, if_exists=True, lsp_address=router) {{(pid=90674) do_commit /opt/stack/data/venv/lib/python3.12/site-packages/ovsdbapp/backend/ovs_idl/transaction.py:89}}
Jul 05 22:04:55.385139 np0000004610 devstack@neutron-api.service[90674]: DEBUG ovsdbapp.backend.ovs_idl.transaction [None req-a493b419-74a4-4a96-9bef-72d4594eeded None None] Transaction caused no change {{(pid=90674) do_commit /opt/stack/data/venv/lib/python3.12/site-packages/ovsdbapp/backend/ovs_idl/transaction.py:129}}
Jul 05 22:04:55.408250 np0000004610 devstack@neutron-api.service[90674]: INFO neutron.common.ovn.utils [None req-a50f8df7-0846-4df2-9d78-7d4d941eda99 None None] HA Chassis Group neutron-a741002d-8b33-44dc-a91e-adb5e42f73af synchronized; highest priority chassis df809ed9-2df4-49a3-9f3b-cf4a3dd5bb4a
Jul 05 22:04:55.408899 np0000004610 devstack@neutron-api.service[90674]: DEBUG ovsdbapp.backend.ovs_idl.transaction [None req-a493b419-74a4-4a96-9bef-72d4594eeded None None] Running txn n=1 command(idx=0): DbSetCommand(_result=None, table=HA_Chassis_Group, record=neutron-a741002d-8b33-44dc-a91e-adb5e42f73af, col_values=(('external_ids', {'neutron:availability_zone_hints': '', 'neutron:network_id': 'a741002d-8b33-44dc-a91e-adb5e42f73af', 'neutron:router_id': 'f4ad4a40-9903-4f4b-a644-04427efaaba4'}),), if_exists=True) {{(pid=90674) do_commit /opt/stack/data/venv/lib/python3.12/site-packages/ovsdbapp/backend/ovs_idl/transaction.py:89}}
Jul 05 22:04:55.409250 np0000004610 devstack@neutron-api.service[90674]: DEBUG ovsdbapp.backend.ovs_idl.transaction [None req-a493b419-74a4-4a96-9bef-72d4594eeded None None] Running txn n=1 command(idx=1): HAChassisGroupAddChassisCommand(_result=None, hcg=neutron-a741002d-8b33-44dc-a91e-adb5e42f73af, chassis=df809ed9-2df4-49a3-9f3b-cf4a3dd5bb4a, priority=1, columns={}) {{(pid=90674) do_commit /opt/stack/data/venv/lib/python3.12/site-packages/ovsdbapp/backend/ovs_idl/transaction.py:89}}
Jul 05 22:04:55.409555 np0000004610 devstack@neutron-api.service[90674]: DEBUG ovsdbapp.backend.ovs_idl.transaction [None req-a493b419-74a4-4a96-9bef-72d4594eeded None None] Transaction caused no change {{(pid=90674) do_commit /opt/stack/data/venv/lib/python3.12/site-packages/ovsdbapp/backend/ovs_idl/transaction.py:129}}
Jul 05 22:04:55.436453 np0000004610 devstack@neutron-api.service[90674]: INFO neutron.common.ovn.utils [None req-a50f8df7-0846-4df2-9d78-7d4d941eda99 None None] HA Chassis Group neutron-a741002d-8b33-44dc-a91e-adb5e42f73af synchronized; highest priority chassis df809ed9-2df4-49a3-9f3b-cf4a3dd5bb4a
Jul 05 22:04:55.436745 np0000004610 devstack@neutron-api.service[90674]: DEBUG ovsdbapp.backend.ovs_idl.transaction [None req-a493b419-74a4-4a96-9bef-72d4594eeded None None] Running txn n=1 command(idx=0): DbSetCommand(_result=None, table=HA_Chassis_Group, record=neutron-a741002d-8b33-44dc-a91e-adb5e42f73af, col_values=(('external_ids', {'neutron:availability_zone_hints': '', 'neutron:network_id': 'a741002d-8b33-44dc-a91e-adb5e42f73af', 'neutron:router_id': 'f4ad4a40-9903-4f4b-a644-04427efaaba4'}),), if_exists=True) {{(pid=90674) do_commit /opt/stack/data/venv/lib/python3.12/site-packages/ovsdbapp/backend/ovs_idl/transaction.py:89}}
Jul 05 22:04:55.437100 np0000004610 devstack@neutron-api.service[90674]: DEBUG ovsdbapp.backend.ovs_idl.transaction [None req-a493b419-74a4-4a96-9bef-72d4594eeded None None] Running txn n=1 command(idx=1): HAChassisGroupAddChassisCommand(_result=None, hcg=neutron-a741002d-8b33-44dc-a91e-adb5e42f73af, chassis=df809ed9-2df4-49a3-9f3b-cf4a3dd5bb4a, priority=1, columns={}) {{(pid=90674) do_commit /opt/stack/data/venv/lib/python3.12/site-packages/ovsdbapp/backend/ovs_idl/transaction.py:89}}
Jul 05 22:04:55.437397 np0000004610 devstack@neutron-api.service[90674]: DEBUG ovsdbapp.backend.ovs_idl.transaction [None req-a493b419-74a4-4a96-9bef-72d4594eeded None None] Transaction caused no change {{(pid=90674) do_commit /opt/stack/data/venv/lib/python3.12/site-packages/ovsdbapp/backend/ovs_idl/transaction.py:129}}
Jul 05 22:04:55.483207 np0000004610 devstack@neutron-api.service[90674]: DEBUG ovsdbapp.backend.ovs_idl.transaction [None req-a493b419-74a4-4a96-9bef-72d4594eeded None None] Running txn n=1 command(idx=0): CheckRevisionNumberCommand(_result=None, name=lrp-d4519c8d-d9be-4762-9a6c-2e4adad9dd8a, resource={'id': 'd4519c8d-d9be-4762-9a6c-2e4adad9dd8a', 'name': '', 'network_id': 'a741002d-8b33-44dc-a91e-adb5e42f73af', 'project_id': '6ac4d396412443b58b7ec54eebee875a', 'mac_address': 'fa:16:3e:68:19:5f', 'admin_state_up': True, 'status': 'ACTIVE', 'device_id': 'f4ad4a40-9903-4f4b-a644-04427efaaba4', 'device_owner': 'network:router_interface', 'standard_attr_id': 24, 'fixed_ips': [{'subnet_id': '19082d86-2d22-450e-b4da-e8aee6b18edc', 'ip_address': 'fd87:dccb:f801::1'}], 'allowed_address_pairs': [], 'extra_dhcp_opts': [], 'security_groups': [], 'description': '', 'binding:vnic_type': 'normal', 'binding:profile': {}, 'binding:host_id': '', 'binding:vif_type': 'unbound', 'binding:vif_details': {}, 'port_security_enabled': False, 'tags': [], 'created_at': '2026-07-05T22:04:46Z', 'updated_at': '2026-07-05T22:04:49Z', 'revision_number': 4, 'tenant_id': '6ac4d396412443b58b7ec54eebee875a'}, resource_type=router_ports, if_exists=True) {{(pid=90674) do_commit /opt/stack/data/venv/lib/python3.12/site-packages/ovsdbapp/backend/ovs_idl/transaction.py:89}}
Jul 05 22:04:55.483557 np0000004610 devstack@neutron-api.service[90674]: DEBUG ovsdbapp.backend.ovs_idl.transaction [None req-a493b419-74a4-4a96-9bef-72d4594eeded None None] Running txn n=1 command(idx=1): UpdateLRouterPortCommand(_result=None, name=lrp-d4519c8d-d9be-4762-9a6c-2e4adad9dd8a, columns={'external_ids': {'neutron:revision_number': '4', 'neutron:subnet_ids': '19082d86-2d22-450e-b4da-e8aee6b18edc', 'neutron:network_name': 'neutron-a741002d-8b33-44dc-a91e-adb5e42f73af', 'neutron:is_ext_gw': 'False', 'neutron:router_name': 'neutron-f4ad4a40-9903-4f4b-a644-04427efaaba4'}, 'options': {}, 'networks': ['fd87:dccb:f801::1/64'], 'ipv6_ra_configs': {'address_mode': 'slaac', 'send_periodic': 'true', 'mtu': '1372'}}, if_exists=False) {{(pid=90674) do_commit /opt/stack/data/venv/lib/python3.12/site-packages/ovsdbapp/backend/ovs_idl/transaction.py:89}}
Jul 05 22:04:55.483952 np0000004610 devstack@neutron-api.service[90674]: DEBUG ovsdbapp.backend.ovs_idl.transaction [None req-a493b419-74a4-4a96-9bef-72d4594eeded None None] Running txn n=1 command(idx=2): SetLRouterPortInLSwitchPortCommand(_result=None, lswitch_port=d4519c8d-d9be-4762-9a6c-2e4adad9dd8a, lrouter_port=lrp-d4519c8d-d9be-4762-9a6c-2e4adad9dd8a, is_gw_port=False, if_exists=True, lsp_address=router) {{(pid=90674) do_commit /opt/stack/data/venv/lib/python3.12/site-packages/ovsdbapp/backend/ovs_idl/transaction.py:89}}
Jul 05 22:04:55.484332 np0000004610 devstack@neutron-api.service[90674]: DEBUG ovsdbapp.backend.ovs_idl.transaction [None req-a493b419-74a4-4a96-9bef-72d4594eeded None None] Transaction caused no change {{(pid=90674) do_commit /opt/stack/data/venv/lib/python3.12/site-packages/ovsdbapp/backend/ovs_idl/transaction.py:129}}
Jul 05 22:04:55.537084 np0000004610 devstack@neutron-api.service[90674]: DEBUG ovsdbapp.backend.ovs_idl.transaction [None req-a493b419-74a4-4a96-9bef-72d4594eeded None None] Running txn n=1 command(idx=0): CheckRevisionNumberCommand(_result=None, name=lrp-d4519c8d-d9be-4762-9a6c-2e4adad9dd8a, resource={'id': 'd4519c8d-d9be-4762-9a6c-2e4adad9dd8a', 'name': '', 'network_id': 'a741002d-8b33-44dc-a91e-adb5e42f73af', 'project_id': '6ac4d396412443b58b7ec54eebee875a', 'mac_address': 'fa:16:3e:68:19:5f', 'admin_state_up': True, 'status': 'ACTIVE', 'device_id': 'f4ad4a40-9903-4f4b-a644-04427efaaba4', 'device_owner': 'network:router_interface', 'standard_attr_id': 24, 'fixed_ips': [{'subnet_id': '19082d86-2d22-450e-b4da-e8aee6b18edc', 'ip_address': 'fd87:dccb:f801::1'}], 'allowed_address_pairs': [], 'extra_dhcp_opts': [], 'security_groups': [], 'description': '', 'binding:vnic_type': 'normal', 'binding:profile': {}, 'binding:host_id': '', 'binding:vif_type': 'unbound', 'binding:vif_details': {}, 'port_security_enabled': False, 'tags': [], 'created_at': '2026-07-05T22:04:46Z', 'updated_at': '2026-07-05T22:04:49Z', 'revision_number': 4, 'tenant_id': '6ac4d396412443b58b7ec54eebee875a'}, resource_type=router_ports, if_exists=True) {{(pid=90674) do_commit /opt/stack/data/venv/lib/python3.12/site-packages/ovsdbapp/backend/ovs_idl/transaction.py:89}}
Jul 05 22:04:55.537428 np0000004610 devstack@neutron-api.service[90674]: DEBUG ovsdbapp.backend.ovs_idl.transaction [None req-a493b419-74a4-4a96-9bef-72d4594eeded None None] Running txn n=1 command(idx=1): UpdateLRouterPortCommand(_result=None, name=lrp-d4519c8d-d9be-4762-9a6c-2e4adad9dd8a, columns={'external_ids': {'neutron:revision_number': '4', 'neutron:subnet_ids': '19082d86-2d22-450e-b4da-e8aee6b18edc', 'neutron:network_name': 'neutron-a741002d-8b33-44dc-a91e-adb5e42f73af', 'neutron:is_ext_gw': 'False', 'neutron:router_name': 'neutron-f4ad4a40-9903-4f4b-a644-04427efaaba4'}, 'options': {}, 'networks': ['fd87:dccb:f801::1/64'], 'ipv6_ra_configs': {'address_mode': 'slaac', 'send_periodic': 'true', 'mtu': '1372'}}, if_exists=False) {{(pid=90674) do_commit /opt/stack/data/venv/lib/python3.12/site-packages/ovsdbapp/backend/ovs_idl/transaction.py:89}}
Jul 05 22:04:55.537812 np0000004610 devstack@neutron-api.service[90674]: DEBUG ovsdbapp.backend.ovs_idl.transaction [None req-a493b419-74a4-4a96-9bef-72d4594eeded None None] Running txn n=1 command(idx=2): SetLRouterPortInLSwitchPortCommand(_result=None, lswitch_port=d4519c8d-d9be-4762-9a6c-2e4adad9dd8a, lrouter_port=lrp-d4519c8d-d9be-4762-9a6c-2e4adad9dd8a, is_gw_port=False, if_exists=True, lsp_address=router) {{(pid=90674) do_commit /opt/stack/data/venv/lib/python3.12/site-packages/ovsdbapp/backend/ovs_idl/transaction.py:89}}
Jul 05 22:04:55.538200 np0000004610 devstack@neutron-api.service[90674]: DEBUG ovsdbapp.backend.ovs_idl.transaction [None req-a493b419-74a4-4a96-9bef-72d4594eeded None None] Transaction caused no change {{(pid=90674) do_commit /opt/stack/data/venv/lib/python3.12/site-packages/ovsdbapp/backend/ovs_idl/transaction.py:129}}
Jul 05 22:04:58.055385 np0000004610 devstack@neutron-api.service[90674]: DEBUG futurist.periodics [-] Submitting periodic callback 'neutron.plugins.ml2.drivers.ovn.mech_driver.ovsdb.maintenance.HashRingHealthCheckPeriodics.touch_hash_ring_node' {{(pid=90674) _process_scheduled /opt/stack/data/venv/lib/python3.12/site-packages/futurist/periodics.py:784}}
Jul 05 22:04:58.055842 np0000004610 devstack@neutron-api.service[90674]: DEBUG neutron.plugins.ml2.drivers.ovn.mech_driver.ovsdb.maintenance [-] Touching Hash Ring node "173dd4a33585583a9d87ee4116b7b737" from periodic health check thread {{(pid=90674) touch_hash_ring_node /opt/stack/neutron/neutron/plugins/ml2/drivers/ovn/mech_driver/ovsdb/maintenance.py:1419}}
Jul 05 22:04:58.947970 np0000004610 devstack@neutron-api.service[90675]: DEBUG futurist.periodics [-] Submitting periodic callback 'neutron.plugins.ml2.drivers.ovn.mech_driver.ovsdb.maintenance.HashRingHealthCheckPeriodics.touch_hash_ring_node' {{(pid=90675) _process_scheduled /opt/stack/data/venv/lib/python3.12/site-packages/futurist/periodics.py:784}}
Jul 05 22:04:58.948288 np0000004610 devstack@neutron-api.service[90675]: DEBUG neutron.plugins.ml2.drivers.ovn.mech_driver.ovsdb.maintenance [-] Touching Hash Ring node "e51a0be100e95c03a2a28f533c7f7c38" from periodic health check thread {{(pid=90675) touch_hash_ring_node /opt/stack/neutron/neutron/plugins/ml2/drivers/ovn/mech_driver/ovsdb/maintenance.py:1419}}
Jul 05 22:04:58.967818 np0000004610 devstack@neutron-api.service[90672]: DEBUG futurist.periodics [-] Submitting periodic callback 'neutron.plugins.ml2.drivers.ovn.mech_driver.ovsdb.maintenance.HashRingHealthCheckPeriodics.touch_hash_ring_node' {{(pid=90672) _process_scheduled /opt/stack/data/venv/lib/python3.12/site-packages/futurist/periodics.py:784}}
Jul 05 22:04:58.968131 np0000004610 devstack@neutron-api.service[90672]: DEBUG neutron.plugins.ml2.drivers.ovn.mech_driver.ovsdb.maintenance [-] Touching Hash Ring node "1ca04efe4608545892a9abbbe2c6f5b0" from periodic health check thread {{(pid=90672) touch_hash_ring_node /opt/stack/neutron/neutron/plugins/ml2/drivers/ovn/mech_driver/ovsdb/maintenance.py:1419}}
Jul 05 22:04:59.090039 np0000004610 devstack@neutron-api.service[90673]: DEBUG futurist.periodics [-] Submitting periodic callback 'neutron.plugins.ml2.drivers.ovn.mech_driver.ovsdb.maintenance.HashRingHealthCheckPeriodics.touch_hash_ring_node' {{(pid=90673) _process_scheduled /opt/stack/data/venv/lib/python3.12/site-packages/futurist/periodics.py:784}}
Jul 05 22:04:59.090404 np0000004610 devstack@neutron-api.service[90673]: DEBUG neutron.plugins.ml2.drivers.ovn.mech_driver.ovsdb.maintenance [-] Touching Hash Ring node "495fd6fddf2350cfb0b77a5efe9d906a" from periodic health check thread {{(pid=90673) touch_hash_ring_node /opt/stack/neutron/neutron/plugins/ml2/drivers/ovn/mech_driver/ovsdb/maintenance.py:1419}}
Jul 05 22:05:08.063102 np0000004610 devstack@neutron-api.service[90674]: DEBUG dbcounter [-] [90674] Writing DB stats neutron:SELECT=1779,neutron:INSERT=669,neutron:DELETE=6,neutron:UPDATE=92 {{(pid=90674) stat_writer /opt/stack/data/venv/lib/python3.12/site-packages/dbcounter.py:115}}
Jul 05 22:05:08.955586 np0000004610 devstack@neutron-api.service[90675]: DEBUG dbcounter [-] [90675] Writing DB stats neutron:SELECT=1093,neutron:INSERT=37,neutron:DELETE=9,neutron:UPDATE=53 {{(pid=90675) stat_writer /opt/stack/data/venv/lib/python3.12/site-packages/dbcounter.py:115}}
Jul 05 22:05:08.974994 np0000004610 devstack@neutron-api.service[90672]: DEBUG dbcounter [-] [90672] Writing DB stats neutron:SELECT=2107,neutron:INSERT=42,neutron:DELETE=8,neutron:UPDATE=43 {{(pid=90672) stat_writer /opt/stack/data/venv/lib/python3.12/site-packages/dbcounter.py:115}}
Jul 05 22:05:09.098034 np0000004610 devstack@neutron-api.service[90673]: DEBUG dbcounter [-] [90673] Writing DB stats neutron:SELECT=1685,neutron:INSERT=59,neutron:DELETE=7,neutron:UPDATE=42 {{(pid=90673) stat_writer /opt/stack/data/venv/lib/python3.12/site-packages/dbcounter.py:115}}
Jul 05 22:05:13.056008 np0000004610 devstack@neutron-api.service[90674]: DEBUG futurist.periodics [-] Submitting periodic callback 'neutron.plugins.ml2.drivers.ovn.mech_driver.ovsdb.maintenance.HashRingHealthCheckPeriodics.touch_hash_ring_node' {{(pid=90674) _process_scheduled /opt/stack/data/venv/lib/python3.12/site-packages/futurist/periodics.py:784}}
Jul 05 22:05:13.056453 np0000004610 devstack@neutron-api.service[90674]: DEBUG neutron.plugins.ml2.drivers.ovn.mech_driver.ovsdb.maintenance [-] Touching Hash Ring node "173dd4a33585583a9d87ee4116b7b737" from periodic health check thread {{(pid=90674) touch_hash_ring_node /opt/stack/neutron/neutron/plugins/ml2/drivers/ovn/mech_driver/ovsdb/maintenance.py:1419}}
Jul 05 22:05:13.948517 np0000004610 devstack@neutron-api.service[90675]: DEBUG futurist.periodics [-] Submitting periodic callback 'neutron.plugins.ml2.drivers.ovn.mech_driver.ovsdb.maintenance.HashRingHealthCheckPeriodics.touch_hash_ring_node' {{(pid=90675) _process_scheduled /opt/stack/data/venv/lib/python3.12/site-packages/futurist/periodics.py:784}}
Jul 05 22:05:13.949017 np0000004610 devstack@neutron-api.service[90675]: DEBUG neutron.plugins.ml2.drivers.ovn.mech_driver.ovsdb.maintenance [-] Touching Hash Ring node "e51a0be100e95c03a2a28f533c7f7c38" from periodic health check thread {{(pid=90675) touch_hash_ring_node /opt/stack/neutron/neutron/plugins/ml2/drivers/ovn/mech_driver/ovsdb/maintenance.py:1419}}
Jul 05 22:05:13.968364 np0000004610 devstack@neutron-api.service[90672]: DEBUG futurist.periodics [-] Submitting periodic callback 'neutron.plugins.ml2.drivers.ovn.mech_driver.ovsdb.maintenance.HashRingHealthCheckPeriodics.touch_hash_ring_node' {{(pid=90672) _process_scheduled /opt/stack/data/venv/lib/python3.12/site-packages/futurist/periodics.py:784}}
Jul 05 22:05:13.968819 np0000004610 devstack@neutron-api.service[90672]: DEBUG neutron.plugins.ml2.drivers.ovn.mech_driver.ovsdb.maintenance [-] Touching Hash Ring node "1ca04efe4608545892a9abbbe2c6f5b0" from periodic health check thread {{(pid=90672) touch_hash_ring_node /opt/stack/neutron/neutron/plugins/ml2/drivers/ovn/mech_driver/ovsdb/maintenance.py:1419}}
Jul 05 22:05:14.090540 np0000004610 devstack@neutron-api.service[90673]: DEBUG futurist.periodics [-] Submitting periodic callback 'neutron.plugins.ml2.drivers.ovn.mech_driver.ovsdb.maintenance.HashRingHealthCheckPeriodics.touch_hash_ring_node' {{(pid=90673) _process_scheduled /opt/stack/data/venv/lib/python3.12/site-packages/futurist/periodics.py:784}}
Jul 05 22:05:14.090961 np0000004610 devstack@neutron-api.service[90673]: DEBUG neutron.plugins.ml2.drivers.ovn.mech_driver.ovsdb.maintenance [-] Touching Hash Ring node "495fd6fddf2350cfb0b77a5efe9d906a" from periodic health check thread {{(pid=90673) touch_hash_ring_node /opt/stack/neutron/neutron/plugins/ml2/drivers/ovn/mech_driver/ovsdb/maintenance.py:1419}}
Jul 05 22:05:23.064309 np0000004610 devstack@neutron-api.service[90674]: DEBUG dbcounter [-] [90674] Writing DB stats neutron:UPDATE=1,neutron:SELECT=1 {{(pid=90674) stat_writer /opt/stack/data/venv/lib/python3.12/site-packages/dbcounter.py:115}}
Jul 05 22:05:23.955679 np0000004610 devstack@neutron-api.service[90675]: DEBUG dbcounter [-] [90675] Writing DB stats neutron:UPDATE=1,neutron:SELECT=1 {{(pid=90675) stat_writer /opt/stack/data/venv/lib/python3.12/site-packages/dbcounter.py:115}}
Jul 05 22:05:23.975674 np0000004610 devstack@neutron-api.service[90672]: DEBUG dbcounter [-] [90672] Writing DB stats neutron:UPDATE=1,neutron:SELECT=1 {{(pid=90672) stat_writer /opt/stack/data/venv/lib/python3.12/site-packages/dbcounter.py:115}}
Jul 05 22:05:24.098325 np0000004610 devstack@neutron-api.service[90673]: DEBUG dbcounter [-] [90673] Writing DB stats neutron:UPDATE=1,neutron:SELECT=1 {{(pid=90673) stat_writer /opt/stack/data/venv/lib/python3.12/site-packages/dbcounter.py:115}}
Jul 05 22:05:28.056726 np0000004610 devstack@neutron-api.service[90674]: DEBUG futurist.periodics [-] Submitting periodic callback 'neutron.plugins.ml2.drivers.ovn.mech_driver.ovsdb.maintenance.HashRingHealthCheckPeriodics.touch_hash_ring_node' {{(pid=90674) _process_scheduled /opt/stack/data/venv/lib/python3.12/site-packages/futurist/periodics.py:784}}
Jul 05 22:05:28.057131 np0000004610 devstack@neutron-api.service[90674]: DEBUG neutron.plugins.ml2.drivers.ovn.mech_driver.ovsdb.maintenance [-] Touching Hash Ring node "173dd4a33585583a9d87ee4116b7b737" from periodic health check thread {{(pid=90674) touch_hash_ring_node /opt/stack/neutron/neutron/plugins/ml2/drivers/ovn/mech_driver/ovsdb/maintenance.py:1419}}
Jul 05 22:05:28.949079 np0000004610 devstack@neutron-api.service[90675]: DEBUG futurist.periodics [-] Submitting periodic callback 'neutron.plugins.ml2.drivers.ovn.mech_driver.ovsdb.maintenance.HashRingHealthCheckPeriodics.touch_hash_ring_node' {{(pid=90675) _process_scheduled /opt/stack/data/venv/lib/python3.12/site-packages/futurist/periodics.py:784}}
Jul 05 22:05:28.949505 np0000004610 devstack@neutron-api.service[90675]: DEBUG neutron.plugins.ml2.drivers.ovn.mech_driver.ovsdb.maintenance [-] Touching Hash Ring node "e51a0be100e95c03a2a28f533c7f7c38" from periodic health check thread {{(pid=90675) touch_hash_ring_node /opt/stack/neutron/neutron/plugins/ml2/drivers/ovn/mech_driver/ovsdb/maintenance.py:1419}}
Jul 05 22:05:28.968899 np0000004610 devstack@neutron-api.service[90672]: DEBUG futurist.periodics [-] Submitting periodic callback 'neutron.plugins.ml2.drivers.ovn.mech_driver.ovsdb.maintenance.HashRingHealthCheckPeriodics.touch_hash_ring_node' {{(pid=90672) _process_scheduled /opt/stack/data/venv/lib/python3.12/site-packages/futurist/periodics.py:784}}
Jul 05 22:05:28.969364 np0000004610 devstack@neutron-api.service[90672]: DEBUG neutron.plugins.ml2.drivers.ovn.mech_driver.ovsdb.maintenance [-] Touching Hash Ring node "1ca04efe4608545892a9abbbe2c6f5b0" from periodic health check thread {{(pid=90672) touch_hash_ring_node /opt/stack/neutron/neutron/plugins/ml2/drivers/ovn/mech_driver/ovsdb/maintenance.py:1419}}
Jul 05 22:05:29.091099 np0000004610 devstack@neutron-api.service[90673]: DEBUG futurist.periodics [-] Submitting periodic callback 'neutron.plugins.ml2.drivers.ovn.mech_driver.ovsdb.maintenance.HashRingHealthCheckPeriodics.touch_hash_ring_node' {{(pid=90673) _process_scheduled /opt/stack/data/venv/lib/python3.12/site-packages/futurist/periodics.py:784}}
Jul 05 22:05:29.091619 np0000004610 devstack@neutron-api.service[90673]: DEBUG neutron.plugins.ml2.drivers.ovn.mech_driver.ovsdb.maintenance [-] Touching Hash Ring node "495fd6fddf2350cfb0b77a5efe9d906a" from periodic health check thread {{(pid=90673) touch_hash_ring_node /opt/stack/neutron/neutron/plugins/ml2/drivers/ovn/mech_driver/ovsdb/maintenance.py:1419}}
Jul 05 22:05:38.067291 np0000004610 devstack@neutron-api.service[90674]: DEBUG dbcounter [-] [90674] Writing DB stats neutron:UPDATE=1,neutron:SELECT=1 {{(pid=90674) stat_writer /opt/stack/data/venv/lib/python3.12/site-packages/dbcounter.py:115}}
Jul 05 22:05:38.959837 np0000004610 devstack@neutron-api.service[90675]: DEBUG dbcounter [-] [90675] Writing DB stats neutron:UPDATE=1,neutron:SELECT=1 {{(pid=90675) stat_writer /opt/stack/data/venv/lib/python3.12/site-packages/dbcounter.py:115}}
Jul 05 22:05:38.978207 np0000004610 devstack@neutron-api.service[90672]: DEBUG dbcounter [-] [90672] Writing DB stats neutron:UPDATE=1,neutron:SELECT=1 {{(pid=90672) stat_writer /opt/stack/data/venv/lib/python3.12/site-packages/dbcounter.py:115}}
Jul 05 22:05:39.099970 np0000004610 devstack@neutron-api.service[90673]: DEBUG dbcounter [-] [90673] Writing DB stats neutron:UPDATE=1,neutron:SELECT=1 {{(pid=90673) stat_writer /opt/stack/data/venv/lib/python3.12/site-packages/dbcounter.py:115}}
Jul 05 22:05:43.057231 np0000004610 devstack@neutron-api.service[90674]: DEBUG futurist.periodics [-] Submitting periodic callback 'neutron.plugins.ml2.drivers.ovn.mech_driver.ovsdb.maintenance.HashRingHealthCheckPeriodics.touch_hash_ring_node' {{(pid=90674) _process_scheduled /opt/stack/data/venv/lib/python3.12/site-packages/futurist/periodics.py:784}}
Jul 05 22:05:43.057582 np0000004610 devstack@neutron-api.service[90674]: DEBUG neutron.plugins.ml2.drivers.ovn.mech_driver.ovsdb.maintenance [-] Touching Hash Ring node "173dd4a33585583a9d87ee4116b7b737" from periodic health check thread {{(pid=90674) touch_hash_ring_node /opt/stack/neutron/neutron/plugins/ml2/drivers/ovn/mech_driver/ovsdb/maintenance.py:1419}}
Jul 05 22:05:43.949701 np0000004610 devstack@neutron-api.service[90675]: DEBUG futurist.periodics [-] Submitting periodic callback 'neutron.plugins.ml2.drivers.ovn.mech_driver.ovsdb.maintenance.HashRingHealthCheckPeriodics.touch_hash_ring_node' {{(pid=90675) _process_scheduled /opt/stack/data/venv/lib/python3.12/site-packages/futurist/periodics.py:784}}
Jul 05 22:05:43.951573 np0000004610 devstack@neutron-api.service[90675]: DEBUG neutron.plugins.ml2.drivers.ovn.mech_driver.ovsdb.maintenance [-] Touching Hash Ring node "e51a0be100e95c03a2a28f533c7f7c38" from periodic health check thread {{(pid=90675) touch_hash_ring_node /opt/stack/neutron/neutron/plugins/ml2/drivers/ovn/mech_driver/ovsdb/maintenance.py:1419}}
Jul 05 22:05:43.969450 np0000004610 devstack@neutron-api.service[90672]: DEBUG futurist.periodics [-] Submitting periodic callback 'neutron.plugins.ml2.drivers.ovn.mech_driver.ovsdb.maintenance.HashRingHealthCheckPeriodics.touch_hash_ring_node' {{(pid=90672) _process_scheduled /opt/stack/data/venv/lib/python3.12/site-packages/futurist/periodics.py:784}}
Jul 05 22:05:43.969914 np0000004610 devstack@neutron-api.service[90672]: DEBUG neutron.plugins.ml2.drivers.ovn.mech_driver.ovsdb.maintenance [-] Touching Hash Ring node "1ca04efe4608545892a9abbbe2c6f5b0" from periodic health check thread {{(pid=90672) touch_hash_ring_node /opt/stack/neutron/neutron/plugins/ml2/drivers/ovn/mech_driver/ovsdb/maintenance.py:1419}}
Jul 05 22:05:44.091760 np0000004610 devstack@neutron-api.service[90673]: DEBUG futurist.periodics [-] Submitting periodic callback 'neutron.plugins.ml2.drivers.ovn.mech_driver.ovsdb.maintenance.HashRingHealthCheckPeriodics.touch_hash_ring_node' {{(pid=90673) _process_scheduled /opt/stack/data/venv/lib/python3.12/site-packages/futurist/periodics.py:784}}
Jul 05 22:05:44.092269 np0000004610 devstack@neutron-api.service[90673]: DEBUG neutron.plugins.ml2.drivers.ovn.mech_driver.ovsdb.maintenance [-] Touching Hash Ring node "495fd6fddf2350cfb0b77a5efe9d906a" from periodic health check thread {{(pid=90673) touch_hash_ring_node /opt/stack/neutron/neutron/plugins/ml2/drivers/ovn/mech_driver/ovsdb/maintenance.py:1419}}
Jul 05 22:05:50.259066 np0000004610 devstack@neutron-api.service[90674]: DEBUG neutron.api.wsgi [None req-d7eb29d0-6dd9-44ec-aa61-9c4b41cd962f admin admin] Missing Content-Type {{(pid=90674) get_content_type /opt/stack/neutron/neutron/api/wsgi.py:80}}
Jul 05 22:05:50.259478 np0000004610 devstack@neutron-api.service[90674]: DEBUG neutron.api.wsgi [None req-d7eb29d0-6dd9-44ec-aa61-9c4b41cd962f admin admin] https://10.4.3.85/networking/v2.0/extensions returned with HTTP 200 {{(pid=90674) __call__ /opt/stack/neutron/neutron/api/wsgi.py:540}}
Jul 05 22:05:50.259921 np0000004610 devstack@neutron-api.service[90674]: [pid: 90674|app: 0|req: 10/34] 10.4.3.85 () {64 vars in 1285 bytes} [Sun Jul 5 22:05:50 2026] GET /networking/v2.0/extensions => generated 16171 bytes in 4 msecs (HTTP/1.1 200) 4 headers in 159 bytes (1 switches on core 0)
Jul 05 22:05:50.514294 np0000004610 devstack@neutron-api.service[90672]: INFO neutron.pecan_wsgi.hooks.translation [None req-0f4e5850-d834-4e0b-a89a-5247f5bef0fa admin admin] GET failed (client error): The resource could not be found.
Jul 05 22:05:50.514822 np0000004610 devstack@neutron-api.service[90672]: [pid: 90672|app: 0|req: 9/35] 10.4.3.85 () {64 vars in 1287 bytes} [Sun Jul 5 22:05:50 2026] GET /networking/v2.0/networks/public => generated 108 bytes in 7 msecs (HTTP/1.1 404) 4 headers in 164 bytes (1 switches on core 0)
Jul 05 22:05:50.554341 np0000004610 devstack@neutron-api.service[90675]: DEBUG neutron.pecan_wsgi.hooks.policy_enforcement [None req-966bd463-5db1-4cc9-9bdd-342531d794c2 admin admin] Attributes excluded by policy engine: ['standard_attr_id'] {{(pid=90675) _exclude_attributes_by_policy /opt/stack/neutron/neutron/pecan_wsgi/hooks/policy_enforcement.py:259}}
Jul 05 22:05:50.555385 np0000004610 devstack@neutron-api.service[90675]: [pid: 90675|app: 0|req: 9/36] 10.4.3.85 () {64 vars in 1302 bytes} [Sun Jul 5 22:05:50 2026] GET /networking/v2.0/networks?name=public => generated 759 bytes in 34 msecs (HTTP/1.1 200) 4 headers in 157 bytes (1 switches on core 0)
Jul 05 22:05:50.736926 np0000004610 devstack@neutron-api.service[90673]: DEBUG neutron.api.v2.base [None req-ae18fe4c-85fb-425c-8534-33a7c89e10c3 admin admin] Request body: {'network': {'name': 'shared', 'shared': True, 'admin_state_up': True}} {{(pid=90673) prepare_request_body /opt/stack/neutron/neutron/api/v2/base.py:727}}
Jul 05 22:05:50.748644 np0000004610 devstack@neutron-api.service[90673]: DEBUG neutron.pecan_wsgi.hooks.quota_enforcement [None req-ae18fe4c-85fb-425c-8534-33a7c89e10c3 admin admin] Made reservation on behalf of 6ac4d396412443b58b7ec54eebee875a for: {'network': 1} {{(pid=90673) before /opt/stack/neutron/neutron/pecan_wsgi/hooks/quota_enforcement.py:66}}
Jul 05 22:05:50.751145 np0000004610 devstack@neutron-api.service[90673]: DEBUG neutron_lib.callbacks.manager [None req-ae18fe4c-85fb-425c-8534-33a7c89e10c3 admin admin] Publish callbacks ['neutron.plugins.ml2.plugin.SecurityGroupDbMixin._ensure_default_security_group_handler-39310'] for network (None), before_create {{(pid=90673) _notify_loop /opt/stack/data/venv/lib/python3.12/site-packages/neutron_lib/callbacks/manager.py:184}}
Jul 05 22:05:50.775509 np0000004610 devstack@neutron-api.service[90673]: WARNING neutron.services.revisions.revision_plugin [None req-ae18fe4c-85fb-425c-8534-33a7c89e10c3 admin admin] Could not find related network for resource to bump revision.
Jul 05 22:05:50.814434 np0000004610 devstack@neutron-api.service[90673]: DEBUG neutron.plugins.ml2.drivers.helpers [None req-ae18fe4c-85fb-425c-8534-33a7c89e10c3 admin admin] geneve segment allocate from pool success with {'geneve_vni': 57582} {{(pid=90673) allocate_partially_specified_segment /opt/stack/neutron/neutron/plugins/ml2/drivers/helpers.py:142}}
Jul 05 22:05:50.821284 np0000004610 devstack@neutron-api.service[90673]: DEBUG neutron_lib.callbacks.manager [None req-ae18fe4c-85fb-425c-8534-33a7c89e10c3 admin admin] Publish callbacks ['neutron.services.segments.db._add_segment_host_mapping_for_segment-8266610130184', 'neutron.plugins.ml2.plugin.Ml2Plugin._handle_segment_change-354820'] for segment (12dd3855-acc6-433e-8e0c-63bd74ac65dc), precommit_create {{(pid=90673) _notify_loop /opt/stack/data/venv/lib/python3.12/site-packages/neutron_lib/callbacks/manager.py:184}}
Jul 05 22:05:50.821442 np0000004610 devstack@neutron-api.service[90673]: INFO neutron.db.segments_db [None req-ae18fe4c-85fb-425c-8534-33a7c89e10c3 admin admin] Added segment 12dd3855-acc6-433e-8e0c-63bd74ac65dc of type geneve for network 57f5b2de-7bac-41f6-a705-f4fa66a07893
Jul 05 22:05:50.833839 np0000004610 devstack@neutron-api.service[90673]: DEBUG neutron_lib.callbacks.manager [None req-ae18fe4c-85fb-425c-8534-33a7c89e10c3 admin admin] Publish callbacks ['neutron.services.auto_allocate.db._ensure_external_network_default_value_callback-8266609043226'] for network (57f5b2de-7bac-41f6-a705-f4fa66a07893), precommit_create {{(pid=90673) _notify_loop /opt/stack/data/venv/lib/python3.12/site-packages/neutron_lib/callbacks/manager.py:184}}
Jul 05 22:05:50.843961 np0000004610 devstack@neutron-api.service[90673]: DEBUG neutron.plugins.ml2.drivers.ovn.mech_driver.mech_driver [None req-ae18fe4c-85fb-425c-8534-33a7c89e10c3 admin admin] Validating network segment with type geneve, segmentation ID 57582, physical network None {{(pid=90673) _validate_network_segments /opt/stack/neutron/neutron/plugins/ml2/drivers/ovn/mech_driver/mech_driver.py:646}}
Jul 05 22:05:50.844087 np0000004610 devstack@neutron-api.service[90673]: DEBUG neutron.db.ovn_revision_numbers_db [None req-ae18fe4c-85fb-425c-8534-33a7c89e10c3 admin admin] create_initial_revision uuid=57f5b2de-7bac-41f6-a705-f4fa66a07893, type=networks, rev=-1 {{(pid=90673) create_initial_revision /opt/stack/neutron/neutron/db/ovn_revision_numbers_db.py:98}}
Jul 05 22:05:50.850239 np0000004610 devstack@neutron-api.service[90673]: DEBUG neutron_lib.callbacks.manager [None req-ae18fe4c-85fb-425c-8534-33a7c89e10c3 admin admin] Publish callbacks ['neutron.plugins.ml2.ovo_rpc._ObjectChangeHandler.handle_event-1941325'] for network (57f5b2de-7bac-41f6-a705-f4fa66a07893), after_create {{(pid=90673) _notify_loop /opt/stack/data/venv/lib/python3.12/site-packages/neutron_lib/callbacks/manager.py:184}}
Jul 05 22:05:50.862186 np0000004610 devstack@neutron-api.service[90673]: DEBUG neutron.api.rpc.handlers.resources_rpc [None req-ae18fe4c-85fb-425c-8534-33a7c89e10c3 admin admin] Pushing event updated for resources: {'Network': ['ID=57f5b2de-7bac-41f6-a705-f4fa66a07893,revision_number=1']} {{(pid=90673) push /opt/stack/neutron/neutron/api/rpc/handlers/resources_rpc.py:237}}
Jul 05 22:05:50.865987 np0000004610 devstack@neutron-api.service[90673]: DEBUG ovsdbapp.backend.ovs_idl.transaction [None req-fe5a4cdb-079c-4693-a280-5ba9d2989a12 None None] Running txn n=1 command(idx=0): CheckLivenessCommand(_result=None) {{(pid=90673) do_commit /opt/stack/data/venv/lib/python3.12/site-packages/ovsdbapp/backend/ovs_idl/transaction.py:89}}
Jul 05 22:05:50.873135 np0000004610 devstack@neutron-api.service[90674]: DEBUG neutron.plugins.ml2.drivers.ovn.mech_driver.ovsdb.ovsdb_monitor [None req-5a967031-7bdc-4fcf-bb79-c38eace11f1d None None] ChassisAgentWriteEvent : Matched Chassis_Private, update, None None {{(pid=90674) matches /opt/stack/neutron/neutron/plugins/ml2/drivers/ovn/mech_driver/ovsdb/ovsdb_monitor.py:64}}
Jul 05 22:05:50.873527 np0000004610 devstack@neutron-api.service[90675]: DEBUG neutron.plugins.ml2.drivers.ovn.mech_driver.ovsdb.ovsdb_monitor [-] ChassisAgentWriteEvent : Matched Chassis_Private, update, None None {{(pid=90675) matches /opt/stack/neutron/neutron/plugins/ml2/drivers/ovn/mech_driver/ovsdb/ovsdb_monitor.py:64}}
Jul 05 22:05:50.874406 np0000004610 devstack@neutron-api.service[90672]: DEBUG neutron.plugins.ml2.drivers.ovn.mech_driver.ovsdb.ovsdb_monitor [None req-c64dd217-5020-4d89-ae5b-0d8eb3509fd9 None None] ChassisAgentWriteEvent : Matched Chassis_Private, update, None None {{(pid=90672) matches /opt/stack/neutron/neutron/plugins/ml2/drivers/ovn/mech_driver/ovsdb/ovsdb_monitor.py:64}}
Jul 05 22:05:50.875476 np0000004610 devstack@neutron-api.service[90673]: DEBUG neutron.plugins.ml2.drivers.ovn.mech_driver.ovsdb.ovsdb_monitor [None req-add53a73-6817-4a51-8001-22eda07ec584 None None] ChassisAgentWriteEvent : Matched Chassis_Private, update, None None {{(pid=90673) matches /opt/stack/neutron/neutron/plugins/ml2/drivers/ovn/mech_driver/ovsdb/ovsdb_monitor.py:64}}
Jul 05 22:05:50.880500 np0000004610 devstack@neutron-api.service[90672]: DEBUG neutron.common.ovn.hash_ring_manager [None req-cbe703c0-ccbc-4ec9-a69c-2e471e20d14e None None] Hash Ring loaded. 4 active nodes. 0 offline nodes {{(pid=90672) _load_hash_ring /opt/stack/neutron/neutron/common/ovn/hash_ring_manager.py:110}}
Jul 05 22:05:50.882506 np0000004610 devstack@neutron-api.service[90675]: DEBUG neutron.common.ovn.hash_ring_manager [-] Hash Ring loaded. 4 active nodes. 0 offline nodes {{(pid=90675) _load_hash_ring /opt/stack/neutron/neutron/common/ovn/hash_ring_manager.py:110}}
Jul 05 22:05:50.883350 np0000004610 devstack@neutron-api.service[90673]: DEBUG neutron.common.ovn.hash_ring_manager [None req-fe5a4cdb-079c-4693-a280-5ba9d2989a12 None None] Hash Ring loaded. 4 active nodes. 0 offline nodes {{(pid=90673) _load_hash_ring /opt/stack/neutron/neutron/common/ovn/hash_ring_manager.py:110}}
Jul 05 22:05:50.884382 np0000004610 devstack@neutron-api.service[90674]: DEBUG neutron.common.ovn.hash_ring_manager [None req-a493b419-74a4-4a96-9bef-72d4594eeded None None] Hash Ring loaded. 4 active nodes. 0 offline nodes {{(pid=90674) _load_hash_ring /opt/stack/neutron/neutron/common/ovn/hash_ring_manager.py:110}}
Jul 05 22:05:50.884382 np0000004610 devstack@neutron-api.service[90674]: DEBUG neutron.plugins.ml2.drivers.ovn.mech_driver.ovsdb.ovsdb_monitor [None req-a493b419-74a4-4a96-9bef-72d4594eeded None None] Hash Ring: Node 173dd4a33585583a9d87ee4116b7b737 (host: np0000004610) handling event "update" for row 1e4b9fe5-0e39-42ce-95bc-369b373c6ee4 (table: NB_Global) {{(pid=90674) notify /opt/stack/neutron/neutron/plugins/ml2/drivers/ovn/mech_driver/ovsdb/ovsdb_monitor.py:1015}}
Jul 05 22:05:50.884517 np0000004610 devstack@neutron-api.service[90672]: DEBUG neutron.common.ovn.hash_ring_manager [None req-c64dd217-5020-4d89-ae5b-0d8eb3509fd9 None None] Hash Ring loaded. 4 active nodes. 0 offline nodes {{(pid=90672) _load_hash_ring /opt/stack/neutron/neutron/common/ovn/hash_ring_manager.py:110}}
Jul 05 22:05:50.886108 np0000004610 devstack@neutron-api.service[90675]: DEBUG neutron.common.ovn.hash_ring_manager [None req-8d85ace5-9bdc-4242-b198-949ee3a8fe74 None None] Hash Ring loaded. 4 active nodes. 0 offline nodes {{(pid=90675) _load_hash_ring /opt/stack/neutron/neutron/common/ovn/hash_ring_manager.py:110}}
Jul 05 22:05:50.886650 np0000004610 devstack@neutron-api.service[90674]: DEBUG neutron.plugins.ml2.drivers.ovn.mech_driver.ovsdb.ovsdb_monitor [None req-a493b419-74a4-4a96-9bef-72d4594eeded None None] Hash Ring: Node 173dd4a33585583a9d87ee4116b7b737 (host: np0000004610) handling event "update" for row 1e4b9fe5-0e39-42ce-95bc-369b373c6ee4 (table: NB_Global) {{(pid=90674) notify /opt/stack/neutron/neutron/plugins/ml2/drivers/ovn/mech_driver/ovsdb/ovsdb_monitor.py:1015}}
Jul 05 22:05:50.887075 np0000004610 devstack@neutron-api.service[90673]: DEBUG neutron.api.rpc.callbacks.version_manager [None req-ae18fe4c-85fb-425c-8534-33a7c89e10c3 admin admin] Tracked resource versions report:
Jul 05 22:05:50.887075 np0000004610 devstack@neutron-api.service[90673]: pushed versions:
Jul 05 22:05:50.887075 np0000004610 devstack@neutron-api.service[90673]: { 'AddressGroup': {'1.2'},
Jul 05 22:05:50.887075 np0000004610 devstack@neutron-api.service[90673]: 'Agent': {'1.1'},
Jul 05 22:05:50.887075 np0000004610 devstack@neutron-api.service[90673]: 'ConntrackHelper': {'1.0'},
Jul 05 22:05:50.887075 np0000004610 devstack@neutron-api.service[90673]: 'LocalIPAssociation': {'1.0'},
Jul 05 22:05:50.887075 np0000004610 devstack@neutron-api.service[90673]: 'Log': {'1.0'},
Jul 05 22:05:50.887075 np0000004610 devstack@neutron-api.service[90673]: 'NDPProxy': {'1.0'},
Jul 05 22:05:50.887075 np0000004610 devstack@neutron-api.service[90673]: 'Network': {'1.3'},
Jul 05 22:05:50.887075 np0000004610 devstack@neutron-api.service[90673]: 'Port': {'1.11'},
Jul 05 22:05:50.887075 np0000004610 devstack@neutron-api.service[90673]: 'PortForwarding': {'1.3'},
Jul 05 22:05:50.887075 np0000004610 devstack@neutron-api.service[90673]: 'QosPolicy': {'1.10'},
Jul 05 22:05:50.887075 np0000004610 devstack@neutron-api.service[90673]: 'SecurityGroup': {'1.6'},
Jul 05 22:05:50.887075 np0000004610 devstack@neutron-api.service[90673]: 'SecurityGroupRule': {'1.3'},
Jul 05 22:05:50.887075 np0000004610 devstack@neutron-api.service[90673]: 'SubPort': {'1.0'},
Jul 05 22:05:50.887075 np0000004610 devstack@neutron-api.service[90673]: 'Subnet': {'1.2'},
Jul 05 22:05:50.887075 np0000004610 devstack@neutron-api.service[90673]: 'Trunk': {'1.1'}}
Jul 05 22:05:50.887075 np0000004610 devstack@neutron-api.service[90673]: consumer versions:
Jul 05 22:05:50.887075 np0000004610 devstack@neutron-api.service[90673]: { OVN Controller Gateway agent@np0000004610: {},
Jul 05 22:05:50.887075 np0000004610 devstack@neutron-api.service[90673]: OVN Neutron agent@np0000004610: {}}
Jul 05 22:05:50.887075 np0000004610 devstack@neutron-api.service[90673]: {{(pid=90673) report /opt/stack/neutron/neutron/api/rpc/callbacks/version_manager.py:183}}
Jul 05 22:05:50.887867 np0000004610 devstack@neutron-api.service[90674]: DEBUG neutron.plugins.ml2.drivers.ovn.mech_driver.ovsdb.ovsdb_monitor [None req-a493b419-74a4-4a96-9bef-72d4594eeded None None] Hash Ring: Node 173dd4a33585583a9d87ee4116b7b737 (host: np0000004610) handling event "update" for row 1e4b9fe5-0e39-42ce-95bc-369b373c6ee4 (table: NB_Global) {{(pid=90674) notify /opt/stack/neutron/neutron/plugins/ml2/drivers/ovn/mech_driver/ovsdb/ovsdb_monitor.py:1015}}
Jul 05 22:05:50.888430 np0000004610 devstack@neutron-api.service[90674]: DEBUG neutron.plugins.ml2.drivers.ovn.mech_driver.ovsdb.ovsdb_monitor [None req-a493b419-74a4-4a96-9bef-72d4594eeded None None] Hash Ring: Node 173dd4a33585583a9d87ee4116b7b737 (host: np0000004610) handling event "update" for row 1e4b9fe5-0e39-42ce-95bc-369b373c6ee4 (table: NB_Global) {{(pid=90674) notify /opt/stack/neutron/neutron/plugins/ml2/drivers/ovn/mech_driver/ovsdb/ovsdb_monitor.py:1015}}
Jul 05 22:05:50.889902 np0000004610 devstack@neutron-api.service[90674]: DEBUG neutron.common.ovn.hash_ring_manager [None req-5a967031-7bdc-4fcf-bb79-c38eace11f1d None None] Hash Ring loaded. 4 active nodes. 0 offline nodes {{(pid=90674) _load_hash_ring /opt/stack/neutron/neutron/common/ovn/hash_ring_manager.py:110}}
Jul 05 22:05:50.890596 np0000004610 devstack@neutron-api.service[90673]: DEBUG neutron.common.ovn.hash_ring_manager [None req-add53a73-6817-4a51-8001-22eda07ec584 None None] Hash Ring loaded. 4 active nodes. 0 offline nodes {{(pid=90673) _load_hash_ring /opt/stack/neutron/neutron/common/ovn/hash_ring_manager.py:110}}
Jul 05 22:05:50.891042 np0000004610 devstack@neutron-api.service[90673]: DEBUG neutron.plugins.ml2.drivers.ovn.mech_driver.ovsdb.ovsdb_monitor [None req-add53a73-6817-4a51-8001-22eda07ec584 None None] Hash Ring: Node 495fd6fddf2350cfb0b77a5efe9d906a (host: np0000004610) handling event "update" for row 034be3a7-bc65-4821-8964-4171e1e4e1c7 (table: Chassis_Private) {{(pid=90673) notify /opt/stack/neutron/neutron/plugins/ml2/drivers/ovn/mech_driver/ovsdb/ovsdb_monitor.py:1015}}
Jul 05 22:05:50.894670 np0000004610 devstack@neutron-api.service[90673]: DEBUG ovsdbapp.backend.ovs_idl.transaction [None req-fe5a4cdb-079c-4693-a280-5ba9d2989a12 None None] Running txn n=1 command(idx=0): AddNetworkCommand(_result=None, network_uuid=57f5b2de-7bac-41f6-a705-f4fa66a07893, may_exist=True, columns={'external_ids': {'neutron:network_name': 'shared', 'neutron:mtu': '1372', 'neutron:revision_number': '1', 'neutron:availability_zone_hints': '', 'neutron:provnet-network-type': 'geneve'}, 'other_config': {'mcast_snoop': 'false', 'mcast_flood_unregistered': 'false', 'vlan-passthru': 'false'}}) {{(pid=90673) do_commit /opt/stack/data/venv/lib/python3.12/site-packages/ovsdbapp/backend/ovs_idl/transaction.py:89}}
Jul 05 22:05:50.898318 np0000004610 devstack@neutron-api.service[90674]: DEBUG neutron.plugins.ml2.drivers.ovn.mech_driver.ovsdb.ovsdb_monitor [None req-a493b419-74a4-4a96-9bef-72d4594eeded None None] Hash Ring: Node 173dd4a33585583a9d87ee4116b7b737 (host: np0000004610) handling event "create" for row 57f5b2de-7bac-41f6-a705-f4fa66a07893 (table: Logical_Switch) {{(pid=90674) notify /opt/stack/neutron/neutron/plugins/ml2/drivers/ovn/mech_driver/ovsdb/ovsdb_monitor.py:1015}}
Jul 05 22:05:50.902713 np0000004610 devstack@neutron-api.service[90675]: DEBUG neutron.plugins.ml2.drivers.ovn.mech_driver.ovsdb.ovsdb_monitor [-] Hash Ring: Node e51a0be100e95c03a2a28f533c7f7c38 (host: np0000004610) handling event "create" for row 37bcb431-054c-4c15-9372-7176d641d322 (table: Datapath_Binding) {{(pid=90675) notify /opt/stack/neutron/neutron/plugins/ml2/drivers/ovn/mech_driver/ovsdb/ovsdb_monitor.py:1015}}
Jul 05 22:05:50.920138 np0000004610 devstack@neutron-api.service[90673]: INFO neutron.db.ovn_revision_numbers_db [None req-ae18fe4c-85fb-425c-8534-33a7c89e10c3 admin admin] Successfully bumped revision number for resource 57f5b2de-7bac-41f6-a705-f4fa66a07893 (type: networks) to 1
Jul 05 22:05:50.931523 np0000004610 devstack@neutron-api.service[90673]: DEBUG neutron_lib.callbacks.manager [None req-ae18fe4c-85fb-425c-8534-33a7c89e10c3 admin admin] Publish callbacks ['neutron.plugins.ml2.plugin.SecurityGroupDbMixin._ensure_default_security_group_handler-39310'] for port (None), before_create {{(pid=90673) _notify_loop /opt/stack/data/venv/lib/python3.12/site-packages/neutron_lib/callbacks/manager.py:184}}
Jul 05 22:05:50.994724 np0000004610 devstack@neutron-api.service[90673]: DEBUG neutron_lib.callbacks.manager [None req-ae18fe4c-85fb-425c-8534-33a7c89e10c3 admin admin] Publish callbacks ['neutron.plugins.ml2.drivers.ovn.mech_driver.mech_driver.OVNMechanismDriver._validate_allowed_address_pairs-862810'] for allowed_address_pair (8c46f39b-c8d9-4cae-9755-4dba7ed51add), before_create {{(pid=90673) _notify_loop /opt/stack/data/venv/lib/python3.12/site-packages/neutron_lib/callbacks/manager.py:184}}
Jul 05 22:05:50.995711 np0000004610 devstack@neutron-api.service[90673]: DEBUG neutron_lib.callbacks.manager [None req-ae18fe4c-85fb-425c-8534-33a7c89e10c3 admin admin] Publish callbacks [] for port (8c46f39b-c8d9-4cae-9755-4dba7ed51add), precommit_create {{(pid=90673) _notify_loop /opt/stack/data/venv/lib/python3.12/site-packages/neutron_lib/callbacks/manager.py:184}}
Jul 05 22:05:50.995979 np0000004610 devstack@neutron-api.service[90673]: DEBUG neutron.plugins.ml2.drivers.ovn.mech_driver.mech_driver [None req-ae18fe4c-85fb-425c-8534-33a7c89e10c3 admin admin] No provisioning block for port 8c46f39b-c8d9-4cae-9755-4dba7ed51add since it does not have a host {{(pid=90673) _is_port_provisioning_required /opt/stack/neutron/neutron/plugins/ml2/drivers/ovn/mech_driver/mech_driver.py:899}}
