Jul 05 22:05:50.996150 np0000004610 devstack@neutron-api.service[90673]: DEBUG neutron.db.ovn_revision_numbers_db [None req-ae18fe4c-85fb-425c-8534-33a7c89e10c3 admin admin] create_initial_revision uuid=8c46f39b-c8d9-4cae-9755-4dba7ed51add, type=ports, rev=-1 {{(pid=90673) create_initial_revision /opt/stack/neutron/neutron/db/ovn_revision_numbers_db.py:98}}
Jul 05 22:05:51.022552 np0000004610 devstack@neutron-api.service[90673]: DEBUG neutron_lib.callbacks.manager [None req-ae18fe4c-85fb-425c-8534-33a7c89e10c3 admin admin] Publish callbacks ['neutron.plugins.ml2.ovo_rpc._ObjectChangeHandler.handle_event-1941439'] for port (8c46f39b-c8d9-4cae-9755-4dba7ed51add), after_create {{(pid=90673) _notify_loop /opt/stack/data/venv/lib/python3.12/site-packages/neutron_lib/callbacks/manager.py:184}}
Jul 05 22:05:51.051748 np0000004610 devstack@neutron-api.service[90673]: DEBUG neutron.api.rpc.handlers.resources_rpc [None req-ae18fe4c-85fb-425c-8534-33a7c89e10c3 admin admin] Pushing event updated for resources: {'Port': ['ID=8c46f39b-c8d9-4cae-9755-4dba7ed51add,revision_number=1']} {{(pid=90673) push /opt/stack/neutron/neutron/api/rpc/handlers/resources_rpc.py:237}}
Jul 05 22:05:51.057013 np0000004610 devstack@neutron-api.service[90673]: DEBUG neutron.plugins.ml2.drivers.ovn.mech_driver.ovsdb.commands [None req-ae18fe4c-85fb-425c-8534-33a7c89e10c3 admin admin] Converting tag [] to a tag_request {{(pid=90673) _tag_column_to_tag_request /opt/stack/neutron/neutron/plugins/ml2/drivers/ovn/mech_driver/ovsdb/commands.py:205}}
Jul 05 22:05:51.057731 np0000004610 devstack@neutron-api.service[90673]: DEBUG ovsdbapp.backend.ovs_idl.transaction [None req-fe5a4cdb-079c-4693-a280-5ba9d2989a12 None None] Running txn n=1 command(idx=0): AddLSwitchPortCommand(_result=None, lport=8c46f39b-c8d9-4cae-9755-4dba7ed51add, lswitch=neutron-57f5b2de-7bac-41f6-a705-f4fa66a07893, may_exist=True, network_uuid=57f5b2de-7bac-41f6-a705-f4fa66a07893, columns={'addresses': ['fa:16:3e:b6:66:ae'], 'external_ids': {'neutron:port_name': '', 'neutron:device_id': 'ovnmeta-57f5b2de-7bac-41f6-a705-f4fa66a07893', 'neutron:project_id': '6ac4d396412443b58b7ec54eebee875a', 'neutron:cidrs': '', 'neutron:device_owner': 'network:distributed', 'neutron:subnet_pool_addr_scope4': '', 'neutron:subnet_pool_addr_scope6': '', 'neutron:network_name': 'neutron-57f5b2de-7bac-41f6-a705-f4fa66a07893', 'neutron:security_group_ids': '', 'neutron:revision_number': '1', 'neutron:vnic_type': 'normal', 'neutron:port_capabilities': '', 'neutron:mtu': '1372'}, 'parent_name': [], 'enabled': True, 'options': {}, 'type': 'localport', 'port_security': [], 'dhcpv4_options': [], 'dhcpv6_options': [], 'tag_request': []}) {{(pid=90673) do_commit /opt/stack/data/venv/lib/python3.12/site-packages/ovsdbapp/backend/ovs_idl/transaction.py:89}}
Jul 05 22:05:51.058333 np0000004610 devstack@neutron-api.service[90673]: DEBUG ovsdbapp.backend.ovs_idl.transaction [None req-fe5a4cdb-079c-4693-a280-5ba9d2989a12 None None] Running txn n=1 command(idx=1): QoSDelCommand(_result=None, switch=neutron-57f5b2de-7bac-41f6-a705-f4fa66a07893, conditions=[('direction', '=', 'to-lport'), ('priority', '=', 2002), ('match', '=', 'outport == "8c46f39b-c8d9-4cae-9755-4dba7ed51add"')], if_exists=True) {{(pid=90673) do_commit /opt/stack/data/venv/lib/python3.12/site-packages/ovsdbapp/backend/ovs_idl/transaction.py:89}}
Jul 05 22:05:51.058531 np0000004610 devstack@neutron-api.service[90673]: DEBUG ovsdbapp.backend.ovs_idl.transaction [None req-fe5a4cdb-079c-4693-a280-5ba9d2989a12 None None] Running txn n=1 command(idx=2): QoSDelCommand(_result=None, switch=neutron-57f5b2de-7bac-41f6-a705-f4fa66a07893, conditions=[('direction', '=', 'from-lport'), ('priority', '=', 2002), ('match', '=', 'inport == "8c46f39b-c8d9-4cae-9755-4dba7ed51add"')], if_exists=True) {{(pid=90673) do_commit /opt/stack/data/venv/lib/python3.12/site-packages/ovsdbapp/backend/ovs_idl/transaction.py:89}}
Jul 05 22:05:51.061473 np0000004610 devstack@neutron-api.service[90674]: DEBUG neutron.plugins.ml2.drivers.ovn.mech_driver.ovsdb.ovsdb_monitor [None req-a493b419-74a4-4a96-9bef-72d4594eeded None None] Hash Ring: Node 173dd4a33585583a9d87ee4116b7b737 (host: np0000004610) handling event "update" for row 57f5b2de-7bac-41f6-a705-f4fa66a07893 (table: Logical_Switch) {{(pid=90674) notify /opt/stack/neutron/neutron/plugins/ml2/drivers/ovn/mech_driver/ovsdb/ovsdb_monitor.py:1015}}
Jul 05 22:05:51.063304 np0000004610 devstack@neutron-api.service[90675]: DEBUG neutron.plugins.ml2.drivers.ovn.mech_driver.ovsdb.ovsdb_monitor [None req-8d85ace5-9bdc-4242-b198-949ee3a8fe74 None None] Hash Ring: Node e51a0be100e95c03a2a28f533c7f7c38 (host: np0000004610) handling event "create" for row 3bf6c376-eea8-41b8-ae9f-60958049d20b (table: Logical_Switch_Port) {{(pid=90675) notify /opt/stack/neutron/neutron/plugins/ml2/drivers/ovn/mech_driver/ovsdb/ovsdb_monitor.py:1015}}
Jul 05 22:05:51.064061 np0000004610 devstack@neutron-api.service[90675]: DEBUG ovsdbapp.backend.ovs_idl.event [None req-8d85ace5-9bdc-4242-b198-949ee3a8fe74 None None] Matched CREATE: LogicalSwitchPortCreateEvent(events=('create',), table='Logical_Switch_Port', conditions=[], old_conditions=None), priority=20 to row=Logical_Switch_Port(uuid=3bf6c376-eea8-41b8-ae9f-60958049d20b, addresses=['fa:16:3e:b6:66:ae'], dhcpv4_options=[], dhcpv6_options=[], dynamic_addresses=[], enabled=True, external_ids={'neutron:cidrs': '', 'neutron:device_id': 'ovnmeta-57f5b2de-7bac-41f6-a705-f4fa66a07893', 'neutron:device_owner': 'network:distributed', 'neutron:mtu': '1372', 'neutron:network_name': 'neutron-57f5b2de-7bac-41f6-a705-f4fa66a07893', 'neutron:port_capabilities': '', 'neutron:port_name': '', 'neutron:project_id': '6ac4d396412443b58b7ec54eebee875a', 'neutron:revision_number': '1', 'neutron:security_group_ids': '', 'neutron:subnet_pool_addr_scope4': '', 'neutron:subnet_pool_addr_scope6': '', 'neutron:vnic_type': 'normal'}, ha_chassis_group=[], mirror_rules=[], name='8c46f39b-c8d9-4cae-9755-4dba7ed51add', options={}, parent_name=[], port_security=[], tag=[], tag_request=[], type='localport', up=[]) old= {{(pid=90675) matches /opt/stack/data/venv/lib/python3.12/site-packages/ovsdbapp/backend/ovs_idl/event.py:55}}
Jul 05 22:05:51.066468 np0000004610 devstack@neutron-api.service[90675]: INFO neutron.plugins.ml2.drivers.ovn.mech_driver.mech_driver [None req-f976c390-bc3d-4551-bb4d-fb31e609c24a None None] OVN reports status down for port: 8c46f39b-c8d9-4cae-9755-4dba7ed51add
Jul 05 22:05:51.068002 np0000004610 devstack@neutron-api.service[90675]: DEBUG neutron.plugins.ml2.drivers.ovn.mech_driver.ovsdb.ovsdb_monitor [None req-8d85ace5-9bdc-4242-b198-949ee3a8fe74 None None] Hash Ring: Node e51a0be100e95c03a2a28f533c7f7c38 (host: np0000004610) handling event "update" for row 3bf6c376-eea8-41b8-ae9f-60958049d20b (table: Logical_Switch_Port) {{(pid=90675) notify /opt/stack/neutron/neutron/plugins/ml2/drivers/ovn/mech_driver/ovsdb/ovsdb_monitor.py:1015}}
Jul 05 22:05:51.068098 np0000004610 devstack@neutron-api.service[90673]: DEBUG neutron.plugins.ml2.drivers.ovn.mech_driver.ovsdb.ovsdb_monitor [None req-add53a73-6817-4a51-8001-22eda07ec584 None None] Hash Ring: Node 495fd6fddf2350cfb0b77a5efe9d906a (host: np0000004610) handling event "create" for row 8ef42629-61d0-47bb-bb40-4f56d1656acd (table: Port_Binding) {{(pid=90673) notify /opt/stack/neutron/neutron/plugins/ml2/drivers/ovn/mech_driver/ovsdb/ovsdb_monitor.py:1015}}
Jul 05 22:05:51.090157 np0000004610 devstack@neutron-api.service[90675]: DEBUG neutron.db.provisioning_blocks [None req-f976c390-bc3d-4551-bb4d-fb31e609c24a None None] Transition to ACTIVE for port object 8c46f39b-c8d9-4cae-9755-4dba7ed51add will not be triggered until provisioned by entity L2. {{(pid=90675) add_provisioning_component /opt/stack/neutron/neutron/db/provisioning_blocks.py:74}}
Jul 05 22:05:51.096063 np0000004610 devstack@neutron-api.service[90673]: INFO neutron.db.ovn_revision_numbers_db [None req-ae18fe4c-85fb-425c-8534-33a7c89e10c3 admin admin] Successfully bumped revision number for resource 8c46f39b-c8d9-4cae-9755-4dba7ed51add (type: ports) to 1
Jul 05 22:05:51.106581 np0000004610 devstack@neutron-api.service[90673]: DEBUG neutron.pecan_wsgi.hooks.policy_enforcement [None req-ae18fe4c-85fb-425c-8534-33a7c89e10c3 admin admin] Attributes excluded by policy engine: ['standard_attr_id'] {{(pid=90673) _exclude_attributes_by_policy /opt/stack/neutron/neutron/pecan_wsgi/hooks/policy_enforcement.py:259}}
Jul 05 22:05:51.106802 np0000004610 devstack@neutron-api.service[90673]: DEBUG neutron_lib.callbacks.manager [None req-ae18fe4c-85fb-425c-8534-33a7c89e10c3 admin admin] Publish callbacks [] for network (None), before_response {{(pid=90673) _notify_loop /opt/stack/data/venv/lib/python3.12/site-packages/neutron_lib/callbacks/manager.py:184}}
Jul 05 22:05:51.113647 np0000004610 devstack@neutron-api.service[90675]: DEBUG neutron.plugins.ml2.plugin [None req-f976c390-bc3d-4551-bb4d-fb31e609c24a None None] Current status of the port 8c46f39b-c8d9-4cae-9755-4dba7ed51add is: DOWN; New status is: DOWN {{(pid=90675) _update_individual_port_db_status /opt/stack/neutron/neutron/plugins/ml2/plugin.py:2473}}
Jul 05 22:05:51.114607 np0000004610 devstack@neutron-api.service[90675]: DEBUG ovsdbapp.backend.ovs_idl.transaction [None req-8d85ace5-9bdc-4242-b198-949ee3a8fe74 None None] Running txn n=1 command(idx=0): DbRemoveCommand(_result=None, table=Logical_Switch_Port, record=8c46f39b-c8d9-4cae-9755-4dba7ed51add, column=external_ids, values=('neutron:host_id',), keyvalues={}, if_exists=True) {{(pid=90675) do_commit /opt/stack/data/venv/lib/python3.12/site-packages/ovsdbapp/backend/ovs_idl/transaction.py:89}}
Jul 05 22:05:51.115320 np0000004610 devstack@neutron-api.service[90673]: [pid: 90673|app: 0|req: 9/37] 10.4.3.85 () {68 vars in 1319 bytes} [Sun Jul 5 22:05:50 2026] POST /networking/v2.0/networks => generated 679 bytes in 381 msecs (HTTP/1.1 201) 4 headers in 162 bytes (1 switches on core 0)
Jul 05 22:05:51.320656 np0000004610 devstack@neutron-api.service[90674]: INFO neutron.pecan_wsgi.hooks.translation [None req-706668b1-d8d2-4ee8-be0e-35d453dd71f6 admin admin] GET failed (client error): The resource could not be found.
Jul 05 22:05:51.321357 np0000004610 devstack@neutron-api.service[90674]: [pid: 90674|app: 0|req: 11/38] 10.4.3.85 () {64 vars in 1287 bytes} [Sun Jul 5 22:05:51 2026] GET /networking/v2.0/networks/shared => generated 108 bytes in 8 msecs (HTTP/1.1 404) 4 headers in 164 bytes (1 switches on core 0)
Jul 05 22:05:51.361369 np0000004610 devstack@neutron-api.service[90672]: DEBUG neutron.pecan_wsgi.hooks.policy_enforcement [None req-c71cb8b5-a98e-4492-adac-9382b4cf7f79 admin admin] Attributes excluded by policy engine: ['standard_attr_id'] {{(pid=90672) _exclude_attributes_by_policy /opt/stack/neutron/neutron/pecan_wsgi/hooks/policy_enforcement.py:259}}
Jul 05 22:05:51.362355 np0000004610 devstack@neutron-api.service[90672]: [pid: 90672|app: 0|req: 10/39] 10.4.3.85 () {64 vars in 1302 bytes} [Sun Jul 5 22:05:51 2026] GET /networking/v2.0/networks?name=shared => generated 663 bytes in 35 msecs (HTTP/1.1 200) 4 headers in 157 bytes (1 switches on core 0)
Jul 05 22:05:51.373114 np0000004610 devstack@neutron-api.service[90675]: DEBUG neutron.api.v2.base [None req-fcbcd654-6dc4-41cb-a922-a26ec04519a6 admin admin] Request body: {'subnet': {'cidr': '192.168.233.0/24', 'description': 'shared-subnet', 'ip_version': 4, 'network_id': '57f5b2de-7bac-41f6-a705-f4fa66a07893', 'name': 'shared-subnet'}} {{(pid=90675) prepare_request_body /opt/stack/neutron/neutron/api/v2/base.py:727}}
Jul 05 22:05:51.384960 np0000004610 devstack@neutron-api.service[90675]: DEBUG neutron.pecan_wsgi.hooks.quota_enforcement [None req-fcbcd654-6dc4-41cb-a922-a26ec04519a6 admin admin] Made reservation on behalf of 6ac4d396412443b58b7ec54eebee875a for: {'subnet': 1} {{(pid=90675) before /opt/stack/neutron/neutron/pecan_wsgi/hooks/quota_enforcement.py:66}}
Jul 05 22:05:51.387218 np0000004610 devstack@neutron-api.service[90675]: DEBUG neutron_lib.callbacks.manager [None req-fcbcd654-6dc4-41cb-a922-a26ec04519a6 admin admin] Publish callbacks [] for subnet (None), before_create {{(pid=90675) _notify_loop /opt/stack/data/venv/lib/python3.12/site-packages/neutron_lib/callbacks/manager.py:184}}
Jul 05 22:05:51.437867 np0000004610 devstack@neutron-api.service[90675]: DEBUG neutron.db.ovn_revision_numbers_db [None req-fcbcd654-6dc4-41cb-a922-a26ec04519a6 admin admin] create_initial_revision uuid=31cd2210-45fe-442a-a6cd-a54a96737870, type=subnets, rev=-1 {{(pid=90675) create_initial_revision /opt/stack/neutron/neutron/db/ovn_revision_numbers_db.py:98}}
Jul 05 22:05:51.441794 np0000004610 devstack@neutron-api.service[90675]: DEBUG neutron_lib.callbacks.manager [None req-fcbcd654-6dc4-41cb-a922-a26ec04519a6 admin admin] Publish callbacks ['neutron.plugins.ml2.ovo_rpc._ObjectChangeHandler.handle_event-1710777'] for subnet (31cd2210-45fe-442a-a6cd-a54a96737870), after_create {{(pid=90675) _notify_loop /opt/stack/data/venv/lib/python3.12/site-packages/neutron_lib/callbacks/manager.py:184}}
Jul 05 22:05:51.453044 np0000004610 devstack@neutron-api.service[90675]: DEBUG neutron.api.rpc.handlers.resources_rpc [None req-fcbcd654-6dc4-41cb-a922-a26ec04519a6 admin admin] Pushing event updated for resources: {'Subnet': ['ID=31cd2210-45fe-442a-a6cd-a54a96737870,revision_number=0']} {{(pid=90675) push /opt/stack/neutron/neutron/api/rpc/handlers/resources_rpc.py:237}}
Jul 05 22:05:51.457475 np0000004610 devstack@neutron-api.service[90675]: DEBUG neutron.api.rpc.callbacks.version_manager [None req-fcbcd654-6dc4-41cb-a922-a26ec04519a6 admin admin] Tracked resource versions report:
Jul 05 22:05:51.457475 np0000004610 devstack@neutron-api.service[90675]: pushed versions:
Jul 05 22:05:51.457475 np0000004610 devstack@neutron-api.service[90675]: { 'AddressGroup': {'1.2'},
Jul 05 22:05:51.457475 np0000004610 devstack@neutron-api.service[90675]: 'Agent': {'1.1'},
Jul 05 22:05:51.457475 np0000004610 devstack@neutron-api.service[90675]: 'ConntrackHelper': {'1.0'},
Jul 05 22:05:51.457475 np0000004610 devstack@neutron-api.service[90675]: 'LocalIPAssociation': {'1.0'},
Jul 05 22:05:51.457475 np0000004610 devstack@neutron-api.service[90675]: 'Log': {'1.0'},
Jul 05 22:05:51.457475 np0000004610 devstack@neutron-api.service[90675]: 'NDPProxy': {'1.0'},
Jul 05 22:05:51.457475 np0000004610 devstack@neutron-api.service[90675]: 'Network': {'1.3'},
Jul 05 22:05:51.457475 np0000004610 devstack@neutron-api.service[90675]: 'Port': {'1.11'},
Jul 05 22:05:51.457475 np0000004610 devstack@neutron-api.service[90675]: 'PortForwarding': {'1.3'},
Jul 05 22:05:51.457475 np0000004610 devstack@neutron-api.service[90675]: 'QosPolicy': {'1.10'},
Jul 05 22:05:51.457475 np0000004610 devstack@neutron-api.service[90675]: 'SecurityGroup': {'1.6'},
Jul 05 22:05:51.457475 np0000004610 devstack@neutron-api.service[90675]: 'SecurityGroupRule': {'1.3'},
Jul 05 22:05:51.457475 np0000004610 devstack@neutron-api.service[90675]: 'SubPort': {'1.0'},
Jul 05 22:05:51.457475 np0000004610 devstack@neutron-api.service[90675]: 'Subnet': {'1.2'},
Jul 05 22:05:51.457475 np0000004610 devstack@neutron-api.service[90675]: 'Trunk': {'1.1'}}
Jul 05 22:05:51.457475 np0000004610 devstack@neutron-api.service[90675]: consumer versions:
Jul 05 22:05:51.457475 np0000004610 devstack@neutron-api.service[90675]: { OVN Neutron agent@np0000004610: {},
Jul 05 22:05:51.457475 np0000004610 devstack@neutron-api.service[90675]: OVN Controller Gateway agent@np0000004610: {}}
Jul 05 22:05:51.457475 np0000004610 devstack@neutron-api.service[90675]: {{(pid=90675) report /opt/stack/neutron/neutron/api/rpc/callbacks/version_manager.py:183}}
Jul 05 22:05:51.495319 np0000004610 devstack@neutron-api.service[90675]: DEBUG neutron_lib.callbacks.manager [None req-fcbcd654-6dc4-41cb-a922-a26ec04519a6 admin admin] Publish callbacks ['neutron.plugins.ml2.plugin.SecurityGroupDbMixin._ensure_default_security_group_handler-284162', 'neutron.services.ovn_l3.plugin.OVNL3RouterPlugin._port_update-8266609043600', 'neutron.db.l3_db.L3_NAT_dbonly_mixin._prevent_internal_ip_change_for_fip-8266609979222'] for port (8c46f39b-c8d9-4cae-9755-4dba7ed51add), before_update {{(pid=90675) _notify_loop /opt/stack/data/venv/lib/python3.12/site-packages/neutron_lib/callbacks/manager.py:184}}
Jul 05 22:05:51.578948 np0000004610 devstack@neutron-api.service[90675]: DEBUG neutron.db.db_base_plugin_common [None req-fcbcd654-6dc4-41cb-a922-a26ec04519a6 admin admin] Allocated IP 192.168.233.2 (57f5b2de-7bac-41f6-a705-f4fa66a07893/31cd2210-45fe-442a-a6cd-a54a96737870/8c46f39b-c8d9-4cae-9755-4dba7ed51add) {{(pid=90675) _store_ip_allocation /opt/stack/neutron/neutron/db/db_base_plugin_common.py:131}}
Jul 05 22:05:51.652791 np0000004610 devstack@neutron-api.service[90675]: DEBUG neutron_lib.callbacks.manager [None req-fcbcd654-6dc4-41cb-a922-a26ec04519a6 admin admin] Publish callbacks [] for port (8c46f39b-c8d9-4cae-9755-4dba7ed51add), precommit_update {{(pid=90675) _notify_loop /opt/stack/data/venv/lib/python3.12/site-packages/neutron_lib/callbacks/manager.py:184}}
Jul 05 22:05:51.653161 np0000004610 devstack@neutron-api.service[90675]: DEBUG neutron.plugins.ml2.drivers.ovn.mech_driver.mech_driver [None req-fcbcd654-6dc4-41cb-a922-a26ec04519a6 admin admin] No provisioning block for port 8c46f39b-c8d9-4cae-9755-4dba7ed51add since it does not have a host {{(pid=90675) _is_port_provisioning_required /opt/stack/neutron/neutron/plugins/ml2/drivers/ovn/mech_driver/mech_driver.py:899}}
Jul 05 22:05:51.665480 np0000004610 devstack@neutron-api.service[90675]: DEBUG neutron_lib.callbacks.manager [None req-fcbcd654-6dc4-41cb-a922-a26ec04519a6 admin admin] Publish callbacks ['neutron.plugins.ml2.ovo_rpc._ObjectChangeHandler.handle_event-1710670', 'neutron.services.ovn_l3.plugin.OVNL3RouterPlugin._port_update-8266609043600'] for port (8c46f39b-c8d9-4cae-9755-4dba7ed51add), after_update {{(pid=90675) _notify_loop /opt/stack/data/venv/lib/python3.12/site-packages/neutron_lib/callbacks/manager.py:184}}
Jul 05 22:05:51.692614 np0000004610 devstack@neutron-api.service[90675]: DEBUG neutron.api.rpc.handlers.resources_rpc [None req-fcbcd654-6dc4-41cb-a922-a26ec04519a6 admin admin] Pushing event updated for resources: {'Port': ['ID=8c46f39b-c8d9-4cae-9755-4dba7ed51add,revision_number=2']} {{(pid=90675) push /opt/stack/neutron/neutron/api/rpc/handlers/resources_rpc.py:237}}
Jul 05 22:05:51.769869 np0000004610 devstack@neutron-api.service[90675]: DEBUG neutron.plugins.ml2.drivers.ovn.mech_driver.ovsdb.commands [None req-fcbcd654-6dc4-41cb-a922-a26ec04519a6 admin admin] Converting tag [] to a tag_request {{(pid=90675) _tag_column_to_tag_request /opt/stack/neutron/neutron/plugins/ml2/drivers/ovn/mech_driver/ovsdb/commands.py:205}}
Jul 05 22:05:51.770686 np0000004610 devstack@neutron-api.service[90675]: DEBUG ovsdbapp.backend.ovs_idl.transaction [None req-8d85ace5-9bdc-4242-b198-949ee3a8fe74 None None] Running txn n=1 command(idx=0): CheckRevisionNumberCommand(_result=None, name=8c46f39b-c8d9-4cae-9755-4dba7ed51add, resource={'id': '8c46f39b-c8d9-4cae-9755-4dba7ed51add', 'name': '', 'network_id': '57f5b2de-7bac-41f6-a705-f4fa66a07893', 'project_id': '6ac4d396412443b58b7ec54eebee875a', 'mac_address': 'fa:16:3e:b6:66:ae', 'admin_state_up': True, 'status': 'DOWN', 'device_id': 'ovnmeta-57f5b2de-7bac-41f6-a705-f4fa66a07893', 'device_owner': 'network:distributed', 'standard_attr_id': 28, 'fixed_ips': [{'subnet_id': '31cd2210-45fe-442a-a6cd-a54a96737870', 'ip_address': '192.168.233.2'}], 'allowed_address_pairs': [], 'extra_dhcp_opts': [], 'security_groups': [], 'description': '', 'binding:vnic_type': 'normal', 'binding:profile': {}, 'binding:host_id': '', 'binding:vif_type': 'unbound', 'binding:vif_details': {}, 'port_security_enabled': False, 'tags': [], 'created_at': '2026-07-05T22:05:50Z', 'updated_at': '2026-07-05T22:05:51Z', 'revision_number': 2, 'tenant_id': '6ac4d396412443b58b7ec54eebee875a', 'network': {'id': '57f5b2de-7bac-41f6-a705-f4fa66a07893', 'name': 'shared', 'tenant_id': '6ac4d396412443b58b7ec54eebee875a', 'project_id': '6ac4d396412443b58b7ec54eebee875a', 'admin_state_up': True, 'mtu': 1372, 'status': 'ACTIVE', 'subnets': ['31cd2210-45fe-442a-a6cd-a54a96737870'], 'standard_attr_id': 26, 'shared': True, 'availability_zone_hints': [], 'availability_zones': [], 'ipv4_address_scope': None, 'ipv6_address_scope': None, 'router:external': False, 'qinq': False, 'vlan_transparent': False, 'description': '', 'port_security_enabled': True, 'tags': [], 'created_at': '2026-07-05T22:05:50Z', 'updated_at': '2026-07-05T22:05:51Z', 'revision_number': 2, 'provider:network_type': 'geneve', 'provider:physical_network': None, 'provider:segmentation_id': 57582}}, resource_type=ports, if_exists=True) {{(pid=90675) do_commit /opt/stack/data/venv/lib/python3.12/site-packages/ovsdbapp/backend/ovs_idl/transaction.py:89}}
Jul 05 22:05:51.771090 np0000004610 devstack@neutron-api.service[90675]: DEBUG ovsdbapp.backend.ovs_idl.transaction [None req-8d85ace5-9bdc-4242-b198-949ee3a8fe74 None None] Running txn n=1 command(idx=1): AddDHCPOptionsCommand(_result=None, columns={'cidr': '192.168.233.0/24', 'options': {'server_id': '192.168.233.1', 'lease_time': '43200', 'mtu': '1372', 'router': '192.168.233.1', 'server_mac': 'fa:16:3e:3b:fd:c5', 'dns_server': '{127.0.0.53}', 'classless_static_route': '{169.254.169.254/32,192.168.233.2, 0.0.0.0/0,192.168.233.1}'}, 'external_ids': {'subnet_id': '31cd2210-45fe-442a-a6cd-a54a96737870', 'neutron:network_id': '57f5b2de-7bac-41f6-a705-f4fa66a07893', 'neutron:revision_number': '0'}}, may_exist=True, subnet_id=31cd2210-45fe-442a-a6cd-a54a96737870, port_id=None, new_insert=False) {{(pid=90675) do_commit /opt/stack/data/venv/lib/python3.12/site-packages/ovsdbapp/backend/ovs_idl/transaction.py:89}}
Jul 05 22:05:51.771376 np0000004610 devstack@neutron-api.service[90675]: DEBUG ovsdbapp.backend.ovs_idl.transaction [None req-8d85ace5-9bdc-4242-b198-949ee3a8fe74 None None] Running txn n=1 command(idx=2): SetLSwitchPortCommand(_result=None, lport=8c46f39b-c8d9-4cae-9755-4dba7ed51add, external_ids_update=None, columns={'external_ids': {'neutron:port_name': '', 'neutron:device_id': 'ovnmeta-57f5b2de-7bac-41f6-a705-f4fa66a07893', 'neutron:project_id': '6ac4d396412443b58b7ec54eebee875a', 'neutron:cidrs': '192.168.233.2/24', 'neutron:device_owner': 'network:distributed', 'neutron:subnet_pool_addr_scope4': '', 'neutron:subnet_pool_addr_scope6': '', 'neutron:network_name': 'neutron-57f5b2de-7bac-41f6-a705-f4fa66a07893', 'neutron:security_group_ids': '', 'neutron:revision_number': '2', 'neutron:vnic_type': 'normal', 'neutron:port_capabilities': '', 'neutron:mtu': '1372'}, 'parent_name': [], 'options': {}, 'enabled': True, 'port_security': [], 'dhcpv4_options': [], 'dhcpv6_options': [], 'type': 'localport', 'addresses': ['fa:16:3e:b6:66:ae 192.168.233.2'], 'ha_chassis_group': [], 'tag_request': []}, if_exists=False) {{(pid=90675) do_commit /opt/stack/data/venv/lib/python3.12/site-packages/ovsdbapp/backend/ovs_idl/transaction.py:89}}
Jul 05 22:05:51.771978 np0000004610 devstack@neutron-api.service[90675]: DEBUG ovsdbapp.backend.ovs_idl.transaction [None req-8d85ace5-9bdc-4242-b198-949ee3a8fe74 None None] Running txn n=1 command(idx=3): PgDelPortCommand(_result=None, port_group=neutron_pg_drop, lsp=['8c46f39b-c8d9-4cae-9755-4dba7ed51add'], if_exists=False) {{(pid=90675) do_commit /opt/stack/data/venv/lib/python3.12/site-packages/ovsdbapp/backend/ovs_idl/transaction.py:89}}
Jul 05 22:05:51.775563 np0000004610 devstack@neutron-api.service[90672]: DEBUG neutron.plugins.ml2.drivers.ovn.mech_driver.ovsdb.ovsdb_monitor [None req-cbe703c0-ccbc-4ec9-a69c-2e471e20d14e None None] Hash Ring: Node 1ca04efe4608545892a9abbbe2c6f5b0 (host: np0000004610) handling event "create" for row 9fa84306-7494-41a8-867a-653310c8ebbc (table: DHCP_Options) {{(pid=90672) notify /opt/stack/neutron/neutron/plugins/ml2/drivers/ovn/mech_driver/ovsdb/ovsdb_monitor.py:1015}}
Jul 05 22:05:51.776249 np0000004610 devstack@neutron-api.service[90675]: DEBUG neutron.plugins.ml2.drivers.ovn.mech_driver.ovsdb.ovsdb_monitor [None req-8d85ace5-9bdc-4242-b198-949ee3a8fe74 None None] Hash Ring: Node e51a0be100e95c03a2a28f533c7f7c38 (host: np0000004610) handling event "update" for row 3bf6c376-eea8-41b8-ae9f-60958049d20b (table: Logical_Switch_Port) {{(pid=90675) notify /opt/stack/neutron/neutron/plugins/ml2/drivers/ovn/mech_driver/ovsdb/ovsdb_monitor.py:1015}}
Jul 05 22:05:51.778696 np0000004610 devstack@neutron-api.service[90673]: DEBUG neutron.plugins.ml2.drivers.ovn.mech_driver.ovsdb.ovsdb_monitor [None req-add53a73-6817-4a51-8001-22eda07ec584 None None] Hash Ring: Node 495fd6fddf2350cfb0b77a5efe9d906a (host: np0000004610) handling event "update" for row 8ef42629-61d0-47bb-bb40-4f56d1656acd (table: Port_Binding) {{(pid=90673) notify /opt/stack/neutron/neutron/plugins/ml2/drivers/ovn/mech_driver/ovsdb/ovsdb_monitor.py:1015}}
Jul 05 22:05:51.800223 np0000004610 devstack@neutron-api.service[90675]: INFO neutron.db.ovn_revision_numbers_db [None req-fcbcd654-6dc4-41cb-a922-a26ec04519a6 admin admin] Successfully bumped revision number for resource 8c46f39b-c8d9-4cae-9755-4dba7ed51add (type: ports) to 2
Jul 05 22:05:51.807836 np0000004610 devstack@neutron-api.service[90675]: DEBUG neutron.plugins.ml2.plugin [None req-fcbcd654-6dc4-41cb-a922-a26ec04519a6 admin admin] In _notify_port_updated(), no bound segment for port 8c46f39b-c8d9-4cae-9755-4dba7ed51add on network 57f5b2de-7bac-41f6-a705-f4fa66a07893 {{(pid=90675) _notify_port_updated /opt/stack/neutron/neutron/plugins/ml2/plugin.py:1041}}
Jul 05 22:05:51.822599 np0000004610 devstack@neutron-api.service[90675]: INFO neutron.db.ovn_revision_numbers_db [None req-fcbcd654-6dc4-41cb-a922-a26ec04519a6 admin admin] Successfully bumped revision number for resource 31cd2210-45fe-442a-a6cd-a54a96737870 (type: subnets) to 0
Jul 05 22:05:51.823586 np0000004610 devstack@neutron-api.service[90675]: DEBUG neutron.pecan_wsgi.hooks.policy_enforcement [None req-fcbcd654-6dc4-41cb-a922-a26ec04519a6 admin admin] Attributes excluded by policy engine: ['standard_attr_id', 'shared', 'network'] {{(pid=90675) _exclude_attributes_by_policy /opt/stack/neutron/neutron/pecan_wsgi/hooks/policy_enforcement.py:259}}
Jul 05 22:05:51.825009 np0000004610 devstack@neutron-api.service[90675]: DEBUG neutron_lib.callbacks.manager [None req-fcbcd654-6dc4-41cb-a922-a26ec04519a6 admin admin] Publish callbacks [] for subnet (None), before_response {{(pid=90675) _notify_loop /opt/stack/data/venv/lib/python3.12/site-packages/neutron_lib/callbacks/manager.py:184}}
Jul 05 22:05:51.832785 np0000004610 devstack@neutron-api.service[90675]: [pid: 90675|app: 0|req: 10/40] 10.4.3.85 () {68 vars in 1317 bytes} [Sun Jul 5 22:05:51 2026] POST /networking/v2.0/subnets => generated 665 bytes in 462 msecs (HTTP/1.1 201) 4 headers in 162 bytes (1 switches on core 0)
Jul 05 22:05:58.057643 np0000004610 devstack@neutron-api.service[90674]: DEBUG futurist.periodics [-] Submitting periodic callback 'neutron.plugins.ml2.drivers.ovn.mech_driver.ovsdb.maintenance.HashRingHealthCheckPeriodics.touch_hash_ring_node' {{(pid=90674) _process_scheduled /opt/stack/data/venv/lib/python3.12/site-packages/futurist/periodics.py:784}}
Jul 05 22:05:58.058136 np0000004610 devstack@neutron-api.service[90674]: DEBUG neutron.plugins.ml2.drivers.ovn.mech_driver.ovsdb.maintenance [-] Touching Hash Ring node "173dd4a33585583a9d87ee4116b7b737" from periodic health check thread {{(pid=90674) touch_hash_ring_node /opt/stack/neutron/neutron/plugins/ml2/drivers/ovn/mech_driver/ovsdb/maintenance.py:1419}}
Jul 05 22:05:58.950605 np0000004610 devstack@neutron-api.service[90675]: DEBUG futurist.periodics [-] Submitting periodic callback 'neutron.plugins.ml2.drivers.ovn.mech_driver.ovsdb.maintenance.HashRingHealthCheckPeriodics.touch_hash_ring_node' {{(pid=90675) _process_scheduled /opt/stack/data/venv/lib/python3.12/site-packages/futurist/periodics.py:784}}
Jul 05 22:05:58.951061 np0000004610 devstack@neutron-api.service[90675]: DEBUG neutron.plugins.ml2.drivers.ovn.mech_driver.ovsdb.maintenance [-] Touching Hash Ring node "e51a0be100e95c03a2a28f533c7f7c38" from periodic health check thread {{(pid=90675) touch_hash_ring_node /opt/stack/neutron/neutron/plugins/ml2/drivers/ovn/mech_driver/ovsdb/maintenance.py:1419}}
Jul 05 22:05:58.970016 np0000004610 devstack@neutron-api.service[90672]: DEBUG futurist.periodics [-] Submitting periodic callback 'neutron.plugins.ml2.drivers.ovn.mech_driver.ovsdb.maintenance.HashRingHealthCheckPeriodics.touch_hash_ring_node' {{(pid=90672) _process_scheduled /opt/stack/data/venv/lib/python3.12/site-packages/futurist/periodics.py:784}}
Jul 05 22:05:58.970459 np0000004610 devstack@neutron-api.service[90672]: DEBUG neutron.plugins.ml2.drivers.ovn.mech_driver.ovsdb.maintenance [-] Touching Hash Ring node "1ca04efe4608545892a9abbbe2c6f5b0" from periodic health check thread {{(pid=90672) touch_hash_ring_node /opt/stack/neutron/neutron/plugins/ml2/drivers/ovn/mech_driver/ovsdb/maintenance.py:1419}}
Jul 05 22:05:59.092325 np0000004610 devstack@neutron-api.service[90673]: DEBUG futurist.periodics [-] Submitting periodic callback 'neutron.plugins.ml2.drivers.ovn.mech_driver.ovsdb.maintenance.HashRingHealthCheckPeriodics.touch_hash_ring_node' {{(pid=90673) _process_scheduled /opt/stack/data/venv/lib/python3.12/site-packages/futurist/periodics.py:784}}
Jul 05 22:05:59.092788 np0000004610 devstack@neutron-api.service[90673]: DEBUG neutron.plugins.ml2.drivers.ovn.mech_driver.ovsdb.maintenance [-] Touching Hash Ring node "495fd6fddf2350cfb0b77a5efe9d906a" from periodic health check thread {{(pid=90673) touch_hash_ring_node /opt/stack/neutron/neutron/plugins/ml2/drivers/ovn/mech_driver/ovsdb/maintenance.py:1419}}
Jul 05 22:06:00.877283 np0000004610 devstack@neutron-api.service[90674]: DEBUG neutron.plugins.ml2.drivers.ovn.mech_driver.ovsdb.ovsdb_monitor [None req-5a967031-7bdc-4fcf-bb79-c38eace11f1d None None] ChassisOVNAgentWriteEvent : Matched Chassis_Private, update, None None {{(pid=90674) matches /opt/stack/neutron/neutron/plugins/ml2/drivers/ovn/mech_driver/ovsdb/ovsdb_monitor.py:64}}
Jul 05 22:06:00.877927 np0000004610 devstack@neutron-api.service[90672]: DEBUG neutron.plugins.ml2.drivers.ovn.mech_driver.ovsdb.ovsdb_monitor [None req-c64dd217-5020-4d89-ae5b-0d8eb3509fd9 None None] ChassisOVNAgentWriteEvent : Matched Chassis_Private, update, None None {{(pid=90672) matches /opt/stack/neutron/neutron/plugins/ml2/drivers/ovn/mech_driver/ovsdb/ovsdb_monitor.py:64}}
Jul 05 22:06:00.878531 np0000004610 devstack@neutron-api.service[90673]: DEBUG neutron.plugins.ml2.drivers.ovn.mech_driver.ovsdb.ovsdb_monitor [None req-add53a73-6817-4a51-8001-22eda07ec584 None None] ChassisOVNAgentWriteEvent : Matched Chassis_Private, update, None None {{(pid=90673) matches /opt/stack/neutron/neutron/plugins/ml2/drivers/ovn/mech_driver/ovsdb/ovsdb_monitor.py:64}}
Jul 05 22:06:00.879190 np0000004610 devstack@neutron-api.service[90673]: DEBUG neutron.plugins.ml2.drivers.ovn.mech_driver.ovsdb.ovsdb_monitor [None req-add53a73-6817-4a51-8001-22eda07ec584 None None] Touching Hash Ring node "495fd6fddf2350cfb0b77a5efe9d906a" from IDL notify handler {{(pid=90673) notify /opt/stack/neutron/neutron/plugins/ml2/drivers/ovn/mech_driver/ovsdb/ovsdb_monitor.py:1007}}
Jul 05 22:06:00.879301 np0000004610 devstack@neutron-api.service[90675]: DEBUG neutron.plugins.ml2.drivers.ovn.mech_driver.ovsdb.ovsdb_monitor [-] ChassisOVNAgentWriteEvent : Matched Chassis_Private, update, None None {{(pid=90675) matches /opt/stack/neutron/neutron/plugins/ml2/drivers/ovn/mech_driver/ovsdb/ovsdb_monitor.py:64}}
Jul 05 22:06:00.911081 np0000004610 devstack@neutron-api.service[90673]: DEBUG neutron.plugins.ml2.drivers.ovn.mech_driver.ovsdb.ovsdb_monitor [None req-add53a73-6817-4a51-8001-22eda07ec584 None None] Hash Ring: Node 495fd6fddf2350cfb0b77a5efe9d906a (host: np0000004610) handling event "update" for row 034be3a7-bc65-4821-8964-4171e1e4e1c7 (table: Chassis_Private) {{(pid=90673) notify /opt/stack/neutron/neutron/plugins/ml2/drivers/ovn/mech_driver/ovsdb/ovsdb_monitor.py:1015}}
Jul 05 22:06:08.065434 np0000004610 devstack@neutron-api.service[90674]: DEBUG dbcounter [-] [90674] Writing DB stats neutron:UPDATE=2,neutron:SELECT=7 {{(pid=90674) stat_writer /opt/stack/data/venv/lib/python3.12/site-packages/dbcounter.py:115}}
Jul 05 22:06:08.967476 np0000004610 devstack@neutron-api.service[90675]: DEBUG dbcounter [-] [90675] Writing DB stats neutron:UPDATE=7,neutron:SELECT=279,neutron:INSERT=12,neutron:DELETE=2 {{(pid=90675) stat_writer /opt/stack/data/venv/lib/python3.12/site-packages/dbcounter.py:115}}
Jul 05 22:06:08.976597 np0000004610 devstack@neutron-api.service[90672]: DEBUG dbcounter [-] [90672] Writing DB stats neutron:UPDATE=2,neutron:SELECT=17 {{(pid=90672) stat_writer /opt/stack/data/venv/lib/python3.12/site-packages/dbcounter.py:115}}
Jul 05 22:06:10.881411 np0000004610 devstack@neutron-api.service[90673]: DEBUG dbcounter [-] [90673] Writing DB stats neutron:UPDATE=12,neutron:SELECT=139,neutron:INSERT=14,neutron:DELETE=2 {{(pid=90673) stat_writer /opt/stack/data/venv/lib/python3.12/site-packages/dbcounter.py:115}}
Jul 05 22:06:13.058216 np0000004610 devstack@neutron-api.service[90674]: DEBUG futurist.periodics [-] Submitting periodic callback 'neutron.plugins.ml2.drivers.ovn.mech_driver.ovsdb.maintenance.HashRingHealthCheckPeriodics.touch_hash_ring_node' {{(pid=90674) _process_scheduled /opt/stack/data/venv/lib/python3.12/site-packages/futurist/periodics.py:784}}
Jul 05 22:06:13.058677 np0000004610 devstack@neutron-api.service[90674]: DEBUG neutron.plugins.ml2.drivers.ovn.mech_driver.ovsdb.maintenance [-] Touching Hash Ring node "173dd4a33585583a9d87ee4116b7b737" from periodic health check thread {{(pid=90674) touch_hash_ring_node /opt/stack/neutron/neutron/plugins/ml2/drivers/ovn/mech_driver/ovsdb/maintenance.py:1419}}
Jul 05 22:06:13.951188 np0000004610 devstack@neutron-api.service[90675]: DEBUG futurist.periodics [-] Submitting periodic callback 'neutron.plugins.ml2.drivers.ovn.mech_driver.ovsdb.maintenance.HashRingHealthCheckPeriodics.touch_hash_ring_node' {{(pid=90675) _process_scheduled /opt/stack/data/venv/lib/python3.12/site-packages/futurist/periodics.py:784}}
Jul 05 22:06:13.951539 np0000004610 devstack@neutron-api.service[90675]: DEBUG neutron.plugins.ml2.drivers.ovn.mech_driver.ovsdb.maintenance [-] Touching Hash Ring node "e51a0be100e95c03a2a28f533c7f7c38" from periodic health check thread {{(pid=90675) touch_hash_ring_node /opt/stack/neutron/neutron/plugins/ml2/drivers/ovn/mech_driver/ovsdb/maintenance.py:1419}}
Jul 05 22:06:13.970576 np0000004610 devstack@neutron-api.service[90672]: DEBUG futurist.periodics [-] Submitting periodic callback 'neutron.plugins.ml2.drivers.ovn.mech_driver.ovsdb.maintenance.HashRingHealthCheckPeriodics.touch_hash_ring_node' {{(pid=90672) _process_scheduled /opt/stack/data/venv/lib/python3.12/site-packages/futurist/periodics.py:784}}
Jul 05 22:06:13.970964 np0000004610 devstack@neutron-api.service[90672]: DEBUG neutron.plugins.ml2.drivers.ovn.mech_driver.ovsdb.maintenance [-] Touching Hash Ring node "1ca04efe4608545892a9abbbe2c6f5b0" from periodic health check thread {{(pid=90672) touch_hash_ring_node /opt/stack/neutron/neutron/plugins/ml2/drivers/ovn/mech_driver/ovsdb/maintenance.py:1419}}
Jul 05 22:06:14.092969 np0000004610 devstack@neutron-api.service[90673]: DEBUG futurist.periodics [-] Submitting periodic callback 'neutron.plugins.ml2.drivers.ovn.mech_driver.ovsdb.maintenance.HashRingHealthCheckPeriodics.touch_hash_ring_node' {{(pid=90673) _process_scheduled /opt/stack/data/venv/lib/python3.12/site-packages/futurist/periodics.py:784}}
Jul 05 22:06:14.093368 np0000004610 devstack@neutron-api.service[90673]: DEBUG neutron.plugins.ml2.drivers.ovn.mech_driver.ovsdb.maintenance [-] Touching Hash Ring node "495fd6fddf2350cfb0b77a5efe9d906a" from periodic health check thread {{(pid=90673) touch_hash_ring_node /opt/stack/neutron/neutron/plugins/ml2/drivers/ovn/mech_driver/ovsdb/maintenance.py:1419}}
Jul 05 22:06:19.842559 np0000004610 devstack@neutron-api.service[90673]: DEBUG neutron.api.wsgi [None req-1f135162-203d-497f-b6ab-0ff215a50182 tempest-verify_tempest_config-366408940 tempest-verify_tempest_config-366408940-project-member] https://10.4.3.85/networking/v2.0/extensions returned with HTTP 200 {{(pid=90673) __call__ /opt/stack/neutron/neutron/api/wsgi.py:540}}
Jul 05 22:06:19.842559 np0000004610 devstack@neutron-api.service[90673]: [pid: 90673|app: 0|req: 10/41] 10.4.3.85 () {66 vars in 1254 bytes} [Sun Jul 5 22:06:19 2026] GET /networking/v2.0/extensions => generated 16171 bytes in 3 msecs (HTTP/1.1 200) 4 headers in 159 bytes (1 switches on core 0)
Jul 05 22:06:20.331758 np0000004610 devstack@neutron-api.service[90674]: DEBUG neutron_lib.callbacks.manager [None req-e82b273c-e538-4928-8305-00ad7be756d7 admin admin] Publish callbacks [] for security_group (None), before_create {{(pid=90674) _notify_loop /opt/stack/data/venv/lib/python3.12/site-packages/neutron_lib/callbacks/manager.py:184}}
Jul 05 22:06:20.423938 np0000004610 devstack@neutron-api.service[90674]: DEBUG neutron_lib.callbacks.manager [None req-e82b273c-e538-4928-8305-00ad7be756d7 admin admin] Publish callbacks ['neutron.plugins.ml2.drivers.ovn.mech_driver.mech_driver.OVNMechanismDriver._create_security_group_precommit-1007827'] for security_group (2f858cc6-8221-471a-a2ea-b242e3dc673e), precommit_create {{(pid=90674) _notify_loop /opt/stack/data/venv/lib/python3.12/site-packages/neutron_lib/callbacks/manager.py:184}}
Jul 05 22:06:20.424107 np0000004610 devstack@neutron-api.service[90674]: DEBUG neutron.db.ovn_revision_numbers_db [None req-e82b273c-e538-4928-8305-00ad7be756d7 admin admin] create_initial_revision uuid=2f858cc6-8221-471a-a2ea-b242e3dc673e, type=security_groups, rev=-1 {{(pid=90674) create_initial_revision /opt/stack/neutron/neutron/db/ovn_revision_numbers_db.py:98}}
Jul 05 22:06:20.425044 np0000004610 devstack@neutron-api.service[90674]: DEBUG neutron.db.ovn_revision_numbers_db [None req-e82b273c-e538-4928-8305-00ad7be756d7 admin admin] create_initial_revision uuid=3ebccc82-ee7c-49aa-91aa-494ba87c4384, type=security_group_rules, rev=-1 {{(pid=90674) create_initial_revision /opt/stack/neutron/neutron/db/ovn_revision_numbers_db.py:98}}
Jul 05 22:06:20.425781 np0000004610 devstack@neutron-api.service[90674]: DEBUG neutron.db.ovn_revision_numbers_db [None req-e82b273c-e538-4928-8305-00ad7be756d7 admin admin] create_initial_revision uuid=59797109-92d7-4844-bfdd-435b90eae003, type=security_group_rules, rev=-1 {{(pid=90674) create_initial_revision /opt/stack/neutron/neutron/db/ovn_revision_numbers_db.py:98}}
Jul 05 22:06:20.426487 np0000004610 devstack@neutron-api.service[90674]: DEBUG neutron.db.ovn_revision_numbers_db [None req-e82b273c-e538-4928-8305-00ad7be756d7 admin admin] create_initial_revision uuid=79f3aad0-b7f3-428c-b944-ff1f36049918, type=security_group_rules, rev=-1 {{(pid=90674) create_initial_revision /opt/stack/neutron/neutron/db/ovn_revision_numbers_db.py:98}}
Jul 05 22:06:20.427207 np0000004610 devstack@neutron-api.service[90674]: DEBUG neutron.db.ovn_revision_numbers_db [None req-e82b273c-e538-4928-8305-00ad7be756d7 admin admin] create_initial_revision uuid=aad3066d-b016-4087-b0a5-7e3fba4b2dfa, type=security_group_rules, rev=-1 {{(pid=90674) create_initial_revision /opt/stack/neutron/neutron/db/ovn_revision_numbers_db.py:98}}
Jul 05 22:06:20.432840 np0000004610 devstack@neutron-api.service[90674]: DEBUG neutron_lib.callbacks.manager [None req-e82b273c-e538-4928-8305-00ad7be756d7 admin admin] Publish callbacks ['neutron.plugins.ml2.drivers.ovn.mech_driver.mech_driver.OVNMechanismDriver._create_security_group-1007821', 'neutron.plugins.ml2.ovo_rpc._ObjectChangeHandler.handle_event-1088700'] for security_group (2f858cc6-8221-471a-a2ea-b242e3dc673e), after_create {{(pid=90674) _notify_loop /opt/stack/data/venv/lib/python3.12/site-packages/neutron_lib/callbacks/manager.py:184}}
Jul 05 22:06:20.433535 np0000004610 devstack@neutron-api.service[90674]: DEBUG ovsdbapp.backend.ovs_idl.transaction [None req-a493b419-74a4-4a96-9bef-72d4594eeded None None] Running txn n=1 command(idx=0): PgAddCommand(_result=None, name=pg_2f858cc6_8221_471a_a2ea_b242e3dc673e, may_exist=False, columns={'acls': [], 'external_ids': {'neutron:security_group_id': '2f858cc6-8221-471a-a2ea-b242e3dc673e'}}) {{(pid=90674) do_commit /opt/stack/data/venv/lib/python3.12/site-packages/ovsdbapp/backend/ovs_idl/transaction.py:89}}
Jul 05 22:06:20.433951 np0000004610 devstack@neutron-api.service[90674]: DEBUG ovsdbapp.backend.ovs_idl.transaction [None req-a493b419-74a4-4a96-9bef-72d4594eeded None None] Running txn n=1 command(idx=1): PgAclAddCommand(_result=None, entity=pg_2f858cc6_8221_471a_a2ea_b242e3dc673e, direction=to-lport, priority=1002, match=outport == @pg_2f858cc6_8221_471a_a2ea_b242e3dc673e && ip6 && ip6.src == $pg_2f858cc6_8221_471a_a2ea_b242e3dc673e_ip6, action=allow-related, log=False, may_exist=True, severity=[], name=[], meter=[], external_ids={'neutron:security_group_rule_id': '3ebccc82-ee7c-49aa-91aa-494ba87c4384'}) {{(pid=90674) do_commit /opt/stack/data/venv/lib/python3.12/site-packages/ovsdbapp/backend/ovs_idl/transaction.py:89}}
Jul 05 22:06:20.446510 np0000004610 devstack@neutron-api.service[90674]: DEBUG ovsdbapp.backend.ovs_idl.transaction [None req-a493b419-74a4-4a96-9bef-72d4594eeded None None] Running txn n=1 command(idx=2): PgAclAddCommand(_result=None, entity=pg_2f858cc6_8221_471a_a2ea_b242e3dc673e, direction=to-lport, priority=1002, match=outport == @pg_2f858cc6_8221_471a_a2ea_b242e3dc673e && ip4 && ip4.src == $pg_2f858cc6_8221_471a_a2ea_b242e3dc673e_ip4, action=allow-related, log=False, may_exist=True, severity=[], name=[], meter=[], external_ids={'neutron:security_group_rule_id': '59797109-92d7-4844-bfdd-435b90eae003'}) {{(pid=90674) do_commit /opt/stack/data/venv/lib/python3.12/site-packages/ovsdbapp/backend/ovs_idl/transaction.py:89}}
Jul 05 22:06:20.446510 np0000004610 devstack@neutron-api.service[90674]: DEBUG ovsdbapp.backend.ovs_idl.transaction [None req-a493b419-74a4-4a96-9bef-72d4594eeded None None] Running txn n=1 command(idx=3): PgAclAddCommand(_result=None, entity=pg_2f858cc6_8221_471a_a2ea_b242e3dc673e, direction=from-lport, priority=1002, match=inport == @pg_2f858cc6_8221_471a_a2ea_b242e3dc673e && ip6, action=allow-related, log=False, may_exist=True, severity=[], name=[], meter=[], external_ids={'neutron:security_group_rule_id': '79f3aad0-b7f3-428c-b944-ff1f36049918'}) {{(pid=90674) do_commit /opt/stack/data/venv/lib/python3.12/site-packages/ovsdbapp/backend/ovs_idl/transaction.py:89}}
Jul 05 22:06:20.446510 np0000004610 devstack@neutron-api.service[90674]: DEBUG ovsdbapp.backend.ovs_idl.transaction [None req-a493b419-74a4-4a96-9bef-72d4594eeded None None] Running txn n=1 command(idx=4): PgAclAddCommand(_result=None, entity=pg_2f858cc6_8221_471a_a2ea_b242e3dc673e, direction=from-lport, priority=1002, match=inport == @pg_2f858cc6_8221_471a_a2ea_b242e3dc673e && ip4, action=allow-related, log=False, may_exist=True, severity=[], name=[], meter=[], external_ids={'neutron:security_group_rule_id': 'aad3066d-b016-4087-b0a5-7e3fba4b2dfa'}) {{(pid=90674) do_commit /opt/stack/data/venv/lib/python3.12/site-packages/ovsdbapp/backend/ovs_idl/transaction.py:89}}
Jul 05 22:06:20.447498 np0000004610 devstack@neutron-api.service[90675]: DEBUG neutron.plugins.ml2.drivers.ovn.mech_driver.ovsdb.ovsdb_monitor [None req-8d85ace5-9bdc-4242-b198-949ee3a8fe74 None None] Touching Hash Ring node "e51a0be100e95c03a2a28f533c7f7c38" from IDL notify handler {{(pid=90675) notify /opt/stack/neutron/neutron/plugins/ml2/drivers/ovn/mech_driver/ovsdb/ovsdb_monitor.py:1007}}
Jul 05 22:06:20.447817 np0000004610 devstack@neutron-api.service[90672]: DEBUG neutron.plugins.ml2.drivers.ovn.mech_driver.ovsdb.ovsdb_monitor [None req-cbe703c0-ccbc-4ec9-a69c-2e471e20d14e None None] Touching Hash Ring node "1ca04efe4608545892a9abbbe2c6f5b0" from IDL notify handler {{(pid=90672) notify /opt/stack/neutron/neutron/plugins/ml2/drivers/ovn/mech_driver/ovsdb/ovsdb_monitor.py:1007}}
Jul 05 22:06:20.461782 np0000004610 devstack@neutron-api.service[90674]: DEBUG neutron.plugins.ml2.drivers.ovn.mech_driver.ovsdb.ovsdb_monitor [None req-a493b419-74a4-4a96-9bef-72d4594eeded None None] Touching Hash Ring node "173dd4a33585583a9d87ee4116b7b737" from IDL notify handler {{(pid=90674) notify /opt/stack/neutron/neutron/plugins/ml2/drivers/ovn/mech_driver/ovsdb/ovsdb_monitor.py:1007}}
Jul 05 22:06:20.470586 np0000004610 devstack@neutron-api.service[90672]: DEBUG neutron.plugins.ml2.drivers.ovn.mech_driver.ovsdb.ovsdb_monitor [None req-cbe703c0-ccbc-4ec9-a69c-2e471e20d14e None None] Hash Ring: Node 1ca04efe4608545892a9abbbe2c6f5b0 (host: np0000004610) handling event "create" for row df6c971d-a124-4561-8f92-62046bf72096 (table: Port_Group) {{(pid=90672) notify /opt/stack/neutron/neutron/plugins/ml2/drivers/ovn/mech_driver/ovsdb/ovsdb_monitor.py:1015}}
Jul 05 22:06:20.471501 np0000004610 devstack@neutron-api.service[90674]: DEBUG neutron.plugins.ml2.drivers.ovn.mech_driver.ovsdb.ovsdb_monitor [None req-a493b419-74a4-4a96-9bef-72d4594eeded None None] Hash Ring: Node 173dd4a33585583a9d87ee4116b7b737 (host: np0000004610) handling event "create" for row 7273da4a-72cf-4113-8c90-fb71cbc87cc0 (table: ACL) {{(pid=90674) notify /opt/stack/neutron/neutron/plugins/ml2/drivers/ovn/mech_driver/ovsdb/ovsdb_monitor.py:1015}}
Jul 05 22:06:20.472129 np0000004610 devstack@neutron-api.service[90675]: DEBUG neutron.plugins.ml2.drivers.ovn.mech_driver.ovsdb.ovsdb_monitor [None req-8d85ace5-9bdc-4242-b198-949ee3a8fe74 None None] Hash Ring: Node e51a0be100e95c03a2a28f533c7f7c38 (host: np0000004610) handling event "create" for row 192122e8-2c47-4c24-a1d0-e9e6afbc3cae (table: ACL) {{(pid=90675) notify /opt/stack/neutron/neutron/plugins/ml2/drivers/ovn/mech_driver/ovsdb/ovsdb_monitor.py:1015}}
Jul 05 22:06:20.472376 np0000004610 devstack@neutron-api.service[90674]: DEBUG neutron.plugins.ml2.drivers.ovn.mech_driver.ovsdb.ovsdb_monitor [None req-a493b419-74a4-4a96-9bef-72d4594eeded None None] Touching Hash Ring node "173dd4a33585583a9d87ee4116b7b737" from IDL notify handler {{(pid=90674) notify /opt/stack/neutron/neutron/plugins/ml2/drivers/ovn/mech_driver/ovsdb/ovsdb_monitor.py:1007}}
Jul 05 22:06:20.472546 np0000004610 devstack@neutron-api.service[90675]: DEBUG neutron.plugins.ml2.drivers.ovn.mech_driver.ovsdb.ovsdb_monitor [None req-8d85ace5-9bdc-4242-b198-949ee3a8fe74 None None] Touching Hash Ring node "e51a0be100e95c03a2a28f533c7f7c38" from IDL notify handler {{(pid=90675) notify /opt/stack/neutron/neutron/plugins/ml2/drivers/ovn/mech_driver/ovsdb/ovsdb_monitor.py:1007}}
Jul 05 22:06:20.474384 np0000004610 devstack@neutron-api.service[90674]: DEBUG neutron.plugins.ml2.drivers.ovn.mech_driver.ovsdb.ovsdb_monitor [None req-a493b419-74a4-4a96-9bef-72d4594eeded None None] Hash Ring: Node 173dd4a33585583a9d87ee4116b7b737 (host: np0000004610) handling event "create" for row e729ee19-f886-4d64-a57f-438408be51ef (table: ACL) {{(pid=90674) notify /opt/stack/neutron/neutron/plugins/ml2/drivers/ovn/mech_driver/ovsdb/ovsdb_monitor.py:1015}}
Jul 05 22:06:20.475903 np0000004610 devstack@neutron-api.service[90675]: DEBUG neutron.plugins.ml2.drivers.ovn.mech_driver.ovsdb.ovsdb_monitor [None req-8d85ace5-9bdc-4242-b198-949ee3a8fe74 None None] Hash Ring: Node e51a0be100e95c03a2a28f533c7f7c38 (host: np0000004610) handling event "create" for row 70695755-3c90-4379-b647-79bfa60f83ad (table: ACL) {{(pid=90675) notify /opt/stack/neutron/neutron/plugins/ml2/drivers/ovn/mech_driver/ovsdb/ovsdb_monitor.py:1015}}
Jul 05 22:06:20.498325 np0000004610 devstack@neutron-api.service[90674]: INFO neutron.db.ovn_revision_numbers_db [None req-e82b273c-e538-4928-8305-00ad7be756d7 admin admin] Successfully bumped revision number for resource 2f858cc6-8221-471a-a2ea-b242e3dc673e (type: security_groups) to 1
Jul 05 22:06:20.515525 np0000004610 devstack@neutron-api.service[90674]: INFO neutron.db.ovn_revision_numbers_db [None req-e82b273c-e538-4928-8305-00ad7be756d7 admin admin] Successfully bumped revision number for resource 3ebccc82-ee7c-49aa-91aa-494ba87c4384 (type: security_group_rules) to 0
Jul 05 22:06:20.551843 np0000004610 devstack@neutron-api.service[90674]: INFO neutron.db.ovn_revision_numbers_db [None req-e82b273c-e538-4928-8305-00ad7be756d7 admin admin] Successfully bumped revision number for resource 59797109-92d7-4844-bfdd-435b90eae003 (type: security_group_rules) to 0
Jul 05 22:06:20.578940 np0000004610 devstack@neutron-api.service[90674]: INFO neutron.db.ovn_revision_numbers_db [None req-e82b273c-e538-4928-8305-00ad7be756d7 admin admin] Successfully bumped revision number for resource 79f3aad0-b7f3-428c-b944-ff1f36049918 (type: security_group_rules) to 0
Jul 05 22:06:20.590855 np0000004610 devstack@neutron-api.service[90674]: INFO neutron.db.ovn_revision_numbers_db [None req-e82b273c-e538-4928-8305-00ad7be756d7 admin admin] Successfully bumped revision number for resource aad3066d-b016-4087-b0a5-7e3fba4b2dfa (type: security_group_rules) to 0
Jul 05 22:06:20.607798 np0000004610 devstack@neutron-api.service[90674]: DEBUG neutron.api.rpc.handlers.resources_rpc [None req-e82b273c-e538-4928-8305-00ad7be756d7 admin admin] Pushing event updated for resources: {'SecurityGroup': ['ID=2f858cc6-8221-471a-a2ea-b242e3dc673e,revision_number=1']} {{(pid=90674) push /opt/stack/neutron/neutron/api/rpc/handlers/resources_rpc.py:237}}
Jul 05 22:06:20.627805 np0000004610 devstack@neutron-api.service[90674]: [pid: 90674|app: 0|req: 12/42] 10.4.3.85 () {66 vars in 1382 bytes} [Sun Jul 5 22:06:20 2026] GET /networking/v2.0/security-groups?project_id=5a8a086f4bc143a08ed62a2a947bcd07&name=default => generated 2921 bytes in 453 msecs (HTTP/1.1 200) 4 headers in 158 bytes (1 switches on core 0)
