Jun 17 11:52:39.175458 np0000003041 devstack@g-api.service[102069]: DEBUG glance.api.middleware.version_negotiation [None req-00d54f1a-bde9-4595-b934-db0f0ae0283d tempest-VolumesNegativeTest-1974139409 tempest-VolumesNegativeTest-1974139409-project-member] new path /v2/images/01607be7-76b5-4223-91b6-1f2eef6f8a13 {{(pid=102069) process_request /opt/stack/glance/glance/api/middleware/version_negotiation.py:70}}
Jun 17 11:52:39.200461 np0000003041 devstack@g-api.service[102069]: [pid: 102069|app: 0|req: 123/365] 127.0.0.1 () {40 vars in 838 bytes} [Wed Jun 17 11:52:39 2026] GET /v2/images/01607be7-76b5-4223-91b6-1f2eef6f8a13 => generated 650 bytes in 25 msecs (HTTP/1.1 200) 4 headers in 157 bytes (1 switches on core 0)
Jun 17 11:52:40.215254 np0000003041 devstack@g-api.service[102070]: DEBUG glance.api.middleware.version_negotiation [None req-00d54f1a-bde9-4595-b934-db0f0ae0283d tempest-VolumesNegativeTest-1974139409 tempest-VolumesNegativeTest-1974139409-project-member] Determining version of request: GET /v2/images/01607be7-76b5-4223-91b6-1f2eef6f8a13 Accept: application/json {{(pid=102070) process_request /opt/stack/glance/glance/api/middleware/version_negotiation.py:44}}
Jun 17 11:52:40.215814 np0000003041 devstack@g-api.service[102070]: DEBUG glance.api.middleware.version_negotiation [None req-00d54f1a-bde9-4595-b934-db0f0ae0283d tempest-VolumesNegativeTest-1974139409 tempest-VolumesNegativeTest-1974139409-project-member] Using url versioning {{(pid=102070) process_request /opt/stack/glance/glance/api/middleware/version_negotiation.py:57}}
Jun 17 11:52:40.215814 np0000003041 devstack@g-api.service[102070]: DEBUG glance.api.middleware.version_negotiation [None req-00d54f1a-bde9-4595-b934-db0f0ae0283d tempest-VolumesNegativeTest-1974139409 tempest-VolumesNegativeTest-1974139409-project-member] Matched version: v2 {{(pid=102070) process_request /opt/stack/glance/glance/api/middleware/version_negotiation.py:69}}
Jun 17 11:52:40.215814 np0000003041 devstack@g-api.service[102070]: DEBUG glance.api.middleware.version_negotiation [None req-00d54f1a-bde9-4595-b934-db0f0ae0283d tempest-VolumesNegativeTest-1974139409 tempest-VolumesNegativeTest-1974139409-project-member] new path /v2/images/01607be7-76b5-4223-91b6-1f2eef6f8a13 {{(pid=102070) process_request /opt/stack/glance/glance/api/middleware/version_negotiation.py:70}}
Jun 17 11:52:40.226201 np0000003041 devstack@g-api.service[102070]: [pid: 102070|app: 0|req: 129/366] 127.0.0.1 () {40 vars in 838 bytes} [Wed Jun 17 11:52:40 2026] GET /v2/images/01607be7-76b5-4223-91b6-1f2eef6f8a13 => generated 650 bytes in 11 msecs (HTTP/1.1 200) 4 headers in 157 bytes (1 switches on core 0)
Jun 17 11:52:40.999581 np0000003041 devstack@g-api.service[102071]: DEBUG swiftclient [None req-132182eb-58ae-4fee-9330-52e7740002e0 tempest-VolumesActionsTest-170689104 tempest-VolumesActionsTest-170689104-project-member] REQ: curl -i https://10.4.3.121:8080/v1/AUTH_773ca19edc0044be924dc134f2162a7d/glance/01607be7-76b5-4223-91b6-1f2eef6f8a13-00003 -X PUT -H "X-Auth-Token: gAAAAABqMoqACcIG..." {{(pid=102071) http_log /opt/stack/data/venv/lib/python3.12/site-packages/swiftclient/client.py:160}}
Jun 17 11:52:41.000007 np0000003041 devstack@g-api.service[102071]: DEBUG swiftclient [None req-132182eb-58ae-4fee-9330-52e7740002e0 tempest-VolumesActionsTest-170689104 tempest-VolumesActionsTest-170689104-project-member] RESP STATUS: 201 Created {{(pid=102071) http_log /opt/stack/data/venv/lib/python3.12/site-packages/swiftclient/client.py:161}}
Jun 17 11:52:41.000666 np0000003041 devstack@g-api.service[102071]: DEBUG swiftclient [None req-132182eb-58ae-4fee-9330-52e7740002e0 tempest-VolumesActionsTest-170689104 tempest-VolumesActionsTest-170689104-project-member] RESP HEADERS: {'Date': 'Wed, 17 Jun 2026 11:52:40 GMT', 'Server': 'Apache/2.4.58 (Ubuntu)', 'Content-Type': 'text/html; charset=UTF-8', 'Content-Length': '0', 'Etag': 'eda9a9889837ac4bc81d6387d92c1bec', 'Last-Modified': 'Wed, 17 Jun 2026 11:52:39 GMT', 'X-Trans-Id': 'tx885397c1d5bb4718a0bef-006a328a86', 'X-Openstack-Request-Id': 'tx885397c1d5bb4718a0bef-006a328a86', 'Connection': 'close'} {{(pid=102071) http_log /opt/stack/data/venv/lib/python3.12/site-packages/swiftclient/client.py:162}}
Jun 17 11:52:41.000666 np0000003041 devstack@g-api.service[102071]: DEBUG glance_store._drivers.swift.store [None req-132182eb-58ae-4fee-9330-52e7740002e0 tempest-VolumesActionsTest-170689104 tempest-VolumesActionsTest-170689104-project-member] Wrote chunk 01607be7-76b5-4223-91b6-1f2eef6f8a13-00003 (3/?) of length 204800000 to Swift returning MD5 of content: eda9a9889837ac4bc81d6387d92c1bec {{(pid=102071) add /opt/stack/data/venv/lib/python3.12/site-packages/glance_store/_drivers/swift/store.py:1059}}
Jun 17 11:52:41.238505 np0000003041 devstack@g-api.service[102069]: DEBUG glance.api.middleware.version_negotiation [None req-84ff3a4d-3775-4f52-9ada-47f1e4bedb14 tempest-VolumesActionsTest-170689104 tempest-VolumesActionsTest-170689104-project-member] Determining version of request: GET /v2/images/01607be7-76b5-4223-91b6-1f2eef6f8a13 Accept: application/json {{(pid=102069) process_request /opt/stack/glance/glance/api/middleware/version_negotiation.py:44}}
Jun 17 11:52:41.240748 np0000003041 devstack@g-api.service[102069]: DEBUG glance.api.middleware.version_negotiation [None req-84ff3a4d-3775-4f52-9ada-47f1e4bedb14 tempest-VolumesActionsTest-170689104 tempest-VolumesActionsTest-170689104-project-member] Using url versioning {{(pid=102069) process_request /opt/stack/glance/glance/api/middleware/version_negotiation.py:57}}
Jun 17 11:52:41.240748 np0000003041 devstack@g-api.service[102069]: DEBUG glance.api.middleware.version_negotiation [None req-84ff3a4d-3775-4f52-9ada-47f1e4bedb14 tempest-VolumesActionsTest-170689104 tempest-VolumesActionsTest-170689104-project-member] Matched version: v2 {{(pid=102069) process_request /opt/stack/glance/glance/api/middleware/version_negotiation.py:69}}
Jun 17 11:52:41.240748 np0000003041 devstack@g-api.service[102069]: DEBUG glance.api.middleware.version_negotiation [None req-84ff3a4d-3775-4f52-9ada-47f1e4bedb14 tempest-VolumesActionsTest-170689104 tempest-VolumesActionsTest-170689104-project-member] new path /v2/images/01607be7-76b5-4223-91b6-1f2eef6f8a13 {{(pid=102069) process_request /opt/stack/glance/glance/api/middleware/version_negotiation.py:70}}
Jun 17 11:52:41.256279 np0000003041 devstack@g-api.service[102069]: [pid: 102069|app: 0|req: 124/367] 127.0.0.1 () {40 vars in 838 bytes} [Wed Jun 17 11:52:41 2026] GET /v2/images/01607be7-76b5-4223-91b6-1f2eef6f8a13 => generated 650 bytes in 18 msecs (HTTP/1.1 200) 4 headers in 157 bytes (1 switches on core 0)
Jun 17 11:52:42.269814 np0000003041 devstack@g-api.service[102070]: DEBUG glance.api.middleware.version_negotiation [None req-0ef134a9-fd20-45f5-b03b-97d537e49b26 tempest-VolumesActionsTest-170689104 tempest-VolumesActionsTest-170689104-project-member] Determining version of request: GET /v2/images/01607be7-76b5-4223-91b6-1f2eef6f8a13 Accept: application/json {{(pid=102070) process_request /opt/stack/glance/glance/api/middleware/version_negotiation.py:44}}
Jun 17 11:52:42.270310 np0000003041 devstack@g-api.service[102070]: DEBUG glance.api.middleware.version_negotiation [None req-0ef134a9-fd20-45f5-b03b-97d537e49b26 tempest-VolumesActionsTest-170689104 tempest-VolumesActionsTest-170689104-project-member] Using url versioning {{(pid=102070) process_request /opt/stack/glance/glance/api/middleware/version_negotiation.py:57}}
Jun 17 11:52:42.272548 np0000003041 devstack@g-api.service[102070]: DEBUG glance.api.middleware.version_negotiation [None req-0ef134a9-fd20-45f5-b03b-97d537e49b26 tempest-VolumesActionsTest-170689104 tempest-VolumesActionsTest-170689104-project-member] Matched version: v2 {{(pid=102070) process_request /opt/stack/glance/glance/api/middleware/version_negotiation.py:69}}
Jun 17 11:52:42.272732 np0000003041 devstack@g-api.service[102070]: DEBUG glance.api.middleware.version_negotiation [None req-0ef134a9-fd20-45f5-b03b-97d537e49b26 tempest-VolumesActionsTest-170689104 tempest-VolumesActionsTest-170689104-project-member] new path /v2/images/01607be7-76b5-4223-91b6-1f2eef6f8a13 {{(pid=102070) process_request /opt/stack/glance/glance/api/middleware/version_negotiation.py:70}}
Jun 17 11:52:42.293471 np0000003041 devstack@g-api.service[102070]: [pid: 102070|app: 0|req: 130/368] 127.0.0.1 () {40 vars in 838 bytes} [Wed Jun 17 11:52:42 2026] GET /v2/images/01607be7-76b5-4223-91b6-1f2eef6f8a13 => generated 650 bytes in 24 msecs (HTTP/1.1 200) 4 headers in 157 bytes (1 switches on core 0)
Jun 17 11:52:42.489414 np0000003041 devstack@g-api.service[102069]: DEBUG glance.api.middleware.version_negotiation [None req-fa97597c-b1cf-49a5-95a7-091682a6fac9 tempest-VolumesActionsTest-170689104 tempest-VolumesActionsTest-170689104-project-member] Determining version of request: GET /v2/images/e3851c5b-4098-4407-8ce9-27e873251a1e Accept: */* {{(pid=102069) process_request /opt/stack/glance/glance/api/middleware/version_negotiation.py:44}}
Jun 17 11:52:42.489414 np0000003041 devstack@g-api.service[102069]: DEBUG glance.api.middleware.version_negotiation [None req-fa97597c-b1cf-49a5-95a7-091682a6fac9 tempest-VolumesActionsTest-170689104 tempest-VolumesActionsTest-170689104-project-member] Using url versioning {{(pid=102069) process_request /opt/stack/glance/glance/api/middleware/version_negotiation.py:57}}
Jun 17 11:52:42.489414 np0000003041 devstack@g-api.service[102069]: DEBUG glance.api.middleware.version_negotiation [None req-fa97597c-b1cf-49a5-95a7-091682a6fac9 tempest-VolumesActionsTest-170689104 tempest-VolumesActionsTest-170689104-project-member] Matched version: v2 {{(pid=102069) process_request /opt/stack/glance/glance/api/middleware/version_negotiation.py:69}}
Jun 17 11:52:42.489414 np0000003041 devstack@g-api.service[102069]: DEBUG glance.api.middleware.version_negotiation [None req-fa97597c-b1cf-49a5-95a7-091682a6fac9 tempest-VolumesActionsTest-170689104 tempest-VolumesActionsTest-170689104-project-member] new path /v2/images/e3851c5b-4098-4407-8ce9-27e873251a1e {{(pid=102069) process_request /opt/stack/glance/glance/api/middleware/version_negotiation.py:70}}
Jun 17 11:52:42.507547 np0000003041 devstack@g-api.service[102069]: [pid: 102069|app: 0|req: 125/369] 127.0.0.1 () {44 vars in 1115 bytes} [Wed Jun 17 11:52:42 2026] GET /v2/images/e3851c5b-4098-4407-8ce9-27e873251a1e => generated 1044 bytes in 18 msecs (HTTP/1.1 200) 4 headers in 158 bytes (1 switches on core 0)
Jun 17 11:52:42.520218 np0000003041 devstack@g-api.service[102070]: DEBUG glance.api.middleware.version_negotiation [None req-41be37a3-d896-4faf-9cef-9e3b5623732d tempest-VolumesActionsTest-170689104 tempest-VolumesActionsTest-170689104-project-member] Determining version of request: GET /v2/schemas/image Accept: */* {{(pid=102070) process_request /opt/stack/glance/glance/api/middleware/version_negotiation.py:44}}
Jun 17 11:52:42.520494 np0000003041 devstack@g-api.service[102070]: DEBUG glance.api.middleware.version_negotiation [None req-41be37a3-d896-4faf-9cef-9e3b5623732d tempest-VolumesActionsTest-170689104 tempest-VolumesActionsTest-170689104-project-member] Using url versioning {{(pid=102070) process_request /opt/stack/glance/glance/api/middleware/version_negotiation.py:57}}
Jun 17 11:52:42.521028 np0000003041 devstack@g-api.service[102070]: DEBUG glance.api.middleware.version_negotiation [None req-41be37a3-d896-4faf-9cef-9e3b5623732d tempest-VolumesActionsTest-170689104 tempest-VolumesActionsTest-170689104-project-member] Matched version: v2 {{(pid=102070) process_request /opt/stack/glance/glance/api/middleware/version_negotiation.py:69}}
Jun 17 11:52:42.521028 np0000003041 devstack@g-api.service[102070]: DEBUG glance.api.middleware.version_negotiation [None req-41be37a3-d896-4faf-9cef-9e3b5623732d tempest-VolumesActionsTest-170689104 tempest-VolumesActionsTest-170689104-project-member] new path /v2/schemas/image {{(pid=102070) process_request /opt/stack/glance/glance/api/middleware/version_negotiation.py:70}}
Jun 17 11:52:42.525726 np0000003041 devstack@g-api.service[102070]: [pid: 102070|app: 0|req: 131/370] 127.0.0.1 () {44 vars in 1055 bytes} [Wed Jun 17 11:52:42 2026] GET /v2/schemas/image => generated 6083 bytes in 6 msecs (HTTP/1.1 200) 4 headers in 158 bytes (1 switches on core 0)
Jun 17 11:52:42.549758 np0000003041 devstack@g-api.service[102069]: DEBUG glance.api.middleware.version_negotiation [None req-f7e2f8fd-695e-4c59-bdf5-492fc15327c5 tempest-AttachVolumeMultiAttachTest-1492944727 tempest-AttachVolumeMultiAttachTest-1492944727-project-member] Determining version of request: GET /v2/schemas/image Accept: */* {{(pid=102069) process_request /opt/stack/glance/glance/api/middleware/version_negotiation.py:44}}
Jun 17 11:52:42.549758 np0000003041 devstack@g-api.service[102069]: DEBUG glance.api.middleware.version_negotiation [None req-f7e2f8fd-695e-4c59-bdf5-492fc15327c5 tempest-AttachVolumeMultiAttachTest-1492944727 tempest-AttachVolumeMultiAttachTest-1492944727-project-member] Using url versioning {{(pid=102069) process_request /opt/stack/glance/glance/api/middleware/version_negotiation.py:57}}
Jun 17 11:52:42.550814 np0000003041 devstack@g-api.service[102069]: DEBUG glance.api.middleware.version_negotiation [None req-f7e2f8fd-695e-4c59-bdf5-492fc15327c5 tempest-AttachVolumeMultiAttachTest-1492944727 tempest-AttachVolumeMultiAttachTest-1492944727-project-member] Matched version: v2 {{(pid=102069) process_request /opt/stack/glance/glance/api/middleware/version_negotiation.py:69}}
Jun 17 11:52:42.550814 np0000003041 devstack@g-api.service[102069]: DEBUG glance.api.middleware.version_negotiation [None req-f7e2f8fd-695e-4c59-bdf5-492fc15327c5 tempest-AttachVolumeMultiAttachTest-1492944727 tempest-AttachVolumeMultiAttachTest-1492944727-project-member] new path /v2/schemas/image {{(pid=102069) process_request /opt/stack/glance/glance/api/middleware/version_negotiation.py:70}}
Jun 17 11:52:42.558917 np0000003041 devstack@g-api.service[102069]: [pid: 102069|app: 0|req: 126/371] 127.0.0.1 () {44 vars in 1055 bytes} [Wed Jun 17 11:52:42 2026] GET /v2/schemas/image => generated 6083 bytes in 13 msecs (HTTP/1.1 200) 4 headers in 158 bytes (1 switches on core 0)
Jun 17 11:52:42.579937 np0000003041 devstack@g-api.service[102070]: DEBUG glance.api.middleware.version_negotiation [None req-f7e2f8fd-695e-4c59-bdf5-492fc15327c5 tempest-AttachVolumeMultiAttachTest-1492944727 tempest-AttachVolumeMultiAttachTest-1492944727-project-member] Determining version of request: GET /v2/images/e3851c5b-4098-4407-8ce9-27e873251a1e Accept: */* {{(pid=102070) process_request /opt/stack/glance/glance/api/middleware/version_negotiation.py:44}}
Jun 17 11:52:42.579937 np0000003041 devstack@g-api.service[102070]: DEBUG glance.api.middleware.version_negotiation [None req-f7e2f8fd-695e-4c59-bdf5-492fc15327c5 tempest-AttachVolumeMultiAttachTest-1492944727 tempest-AttachVolumeMultiAttachTest-1492944727-project-member] Using url versioning {{(pid=102070) process_request /opt/stack/glance/glance/api/middleware/version_negotiation.py:57}}
Jun 17 11:52:42.579937 np0000003041 devstack@g-api.service[102070]: DEBUG glance.api.middleware.version_negotiation [None req-f7e2f8fd-695e-4c59-bdf5-492fc15327c5 tempest-AttachVolumeMultiAttachTest-1492944727 tempest-AttachVolumeMultiAttachTest-1492944727-project-member] Matched version: v2 {{(pid=102070) process_request /opt/stack/glance/glance/api/middleware/version_negotiation.py:69}}
Jun 17 11:52:42.579937 np0000003041 devstack@g-api.service[102070]: DEBUG glance.api.middleware.version_negotiation [None req-f7e2f8fd-695e-4c59-bdf5-492fc15327c5 tempest-AttachVolumeMultiAttachTest-1492944727 tempest-AttachVolumeMultiAttachTest-1492944727-project-member] new path /v2/images/e3851c5b-4098-4407-8ce9-27e873251a1e {{(pid=102070) process_request /opt/stack/glance/glance/api/middleware/version_negotiation.py:70}}
Jun 17 11:52:42.600278 np0000003041 devstack@g-api.service[102070]: [pid: 102070|app: 0|req: 132/372] 127.0.0.1 () {44 vars in 1115 bytes} [Wed Jun 17 11:52:42 2026] GET /v2/images/e3851c5b-4098-4407-8ce9-27e873251a1e => generated 1044 bytes in 28 msecs (HTTP/1.1 200) 4 headers in 158 bytes (1 switches on core 0)
Jun 17 11:52:42.619999 np0000003041 devstack@g-api.service[102069]: DEBUG glance.api.middleware.version_negotiation [None req-f7e2f8fd-695e-4c59-bdf5-492fc15327c5 tempest-AttachVolumeMultiAttachTest-1492944727 tempest-AttachVolumeMultiAttachTest-1492944727-project-member] Determining version of request: GET /v2/schemas/image Accept: */* {{(pid=102069) process_request /opt/stack/glance/glance/api/middleware/version_negotiation.py:44}}
Jun 17 11:52:42.620340 np0000003041 devstack@g-api.service[102069]: DEBUG glance.api.middleware.version_negotiation [None req-f7e2f8fd-695e-4c59-bdf5-492fc15327c5 tempest-AttachVolumeMultiAttachTest-1492944727 tempest-AttachVolumeMultiAttachTest-1492944727-project-member] Using url versioning {{(pid=102069) process_request /opt/stack/glance/glance/api/middleware/version_negotiation.py:57}}
Jun 17 11:52:42.621329 np0000003041 devstack@g-api.service[102069]: DEBUG glance.api.middleware.version_negotiation [None req-f7e2f8fd-695e-4c59-bdf5-492fc15327c5 tempest-AttachVolumeMultiAttachTest-1492944727 tempest-AttachVolumeMultiAttachTest-1492944727-project-member] Matched version: v2 {{(pid=102069) process_request /opt/stack/glance/glance/api/middleware/version_negotiation.py:69}}
Jun 17 11:52:42.622047 np0000003041 devstack@g-api.service[102069]: DEBUG glance.api.middleware.version_negotiation [None req-f7e2f8fd-695e-4c59-bdf5-492fc15327c5 tempest-AttachVolumeMultiAttachTest-1492944727 tempest-AttachVolumeMultiAttachTest-1492944727-project-member] new path /v2/schemas/image {{(pid=102069) process_request /opt/stack/glance/glance/api/middleware/version_negotiation.py:70}}
Jun 17 11:52:42.632613 np0000003041 devstack@g-api.service[102069]: [pid: 102069|app: 0|req: 127/373] 127.0.0.1 () {44 vars in 1055 bytes} [Wed Jun 17 11:52:42 2026] GET /v2/schemas/image => generated 6083 bytes in 14 msecs (HTTP/1.1 200) 4 headers in 158 bytes (1 switches on core 0)
Jun 17 11:52:42.647026 np0000003041 devstack@g-api.service[102070]: DEBUG glance.api.middleware.version_negotiation [None req-f7e2f8fd-695e-4c59-bdf5-492fc15327c5 tempest-AttachVolumeMultiAttachTest-1492944727 tempest-AttachVolumeMultiAttachTest-1492944727-project-member] Determining version of request: GET /v2/schemas/image Accept: */* {{(pid=102070) process_request /opt/stack/glance/glance/api/middleware/version_negotiation.py:44}}
Jun 17 11:52:42.647026 np0000003041 devstack@g-api.service[102070]: DEBUG glance.api.middleware.version_negotiation [None req-f7e2f8fd-695e-4c59-bdf5-492fc15327c5 tempest-AttachVolumeMultiAttachTest-1492944727 tempest-AttachVolumeMultiAttachTest-1492944727-project-member] Using url versioning {{(pid=102070) process_request /opt/stack/glance/glance/api/middleware/version_negotiation.py:57}}
Jun 17 11:52:42.647026 np0000003041 devstack@g-api.service[102070]: DEBUG glance.api.middleware.version_negotiation [None req-f7e2f8fd-695e-4c59-bdf5-492fc15327c5 tempest-AttachVolumeMultiAttachTest-1492944727 tempest-AttachVolumeMultiAttachTest-1492944727-project-member] Matched version: v2 {{(pid=102070) process_request /opt/stack/glance/glance/api/middleware/version_negotiation.py:69}}
Jun 17 11:52:42.647026 np0000003041 devstack@g-api.service[102070]: DEBUG glance.api.middleware.version_negotiation [None req-f7e2f8fd-695e-4c59-bdf5-492fc15327c5 tempest-AttachVolumeMultiAttachTest-1492944727 tempest-AttachVolumeMultiAttachTest-1492944727-project-member] new path /v2/schemas/image {{(pid=102070) process_request /opt/stack/glance/glance/api/middleware/version_negotiation.py:70}}
Jun 17 11:52:42.652754 np0000003041 devstack@g-api.service[102070]: [pid: 102070|app: 0|req: 133/374] 127.0.0.1 () {44 vars in 1055 bytes} [Wed Jun 17 11:52:42 2026] GET /v2/schemas/image => generated 6083 bytes in 7 msecs (HTTP/1.1 200) 4 headers in 158 bytes (1 switches on core 0)
Jun 17 11:52:42.694674 np0000003041 devstack@g-api.service[102069]: DEBUG glance.api.middleware.version_negotiation [None req-f7e2f8fd-695e-4c59-bdf5-492fc15327c5 tempest-AttachVolumeMultiAttachTest-1492944727 tempest-AttachVolumeMultiAttachTest-1492944727-project-member] Determining version of request: GET /v2/images/e3851c5b-4098-4407-8ce9-27e873251a1e Accept: */* {{(pid=102069) process_request /opt/stack/glance/glance/api/middleware/version_negotiation.py:44}}
Jun 17 11:52:42.694856 np0000003041 devstack@g-api.service[102069]: DEBUG glance.api.middleware.version_negotiation [None req-f7e2f8fd-695e-4c59-bdf5-492fc15327c5 tempest-AttachVolumeMultiAttachTest-1492944727 tempest-AttachVolumeMultiAttachTest-1492944727-project-member] Using url versioning {{(pid=102069) process_request /opt/stack/glance/glance/api/middleware/version_negotiation.py:57}}
Jun 17 11:52:42.696175 np0000003041 devstack@g-api.service[102069]: DEBUG glance.api.middleware.version_negotiation [None req-f7e2f8fd-695e-4c59-bdf5-492fc15327c5 tempest-AttachVolumeMultiAttachTest-1492944727 tempest-AttachVolumeMultiAttachTest-1492944727-project-member] Matched version: v2 {{(pid=102069) process_request /opt/stack/glance/glance/api/middleware/version_negotiation.py:69}}
Jun 17 11:52:42.696175 np0000003041 devstack@g-api.service[102069]: DEBUG glance.api.middleware.version_negotiation [None req-f7e2f8fd-695e-4c59-bdf5-492fc15327c5 tempest-AttachVolumeMultiAttachTest-1492944727 tempest-AttachVolumeMultiAttachTest-1492944727-project-member] new path /v2/images/e3851c5b-4098-4407-8ce9-27e873251a1e {{(pid=102069) process_request /opt/stack/glance/glance/api/middleware/version_negotiation.py:70}}
Jun 17 11:52:42.719115 np0000003041 devstack@g-api.service[102069]: [pid: 102069|app: 0|req: 128/375] 127.0.0.1 () {44 vars in 1115 bytes} [Wed Jun 17 11:52:42 2026] GET /v2/images/e3851c5b-4098-4407-8ce9-27e873251a1e => generated 1044 bytes in 24 msecs (HTTP/1.1 200) 4 headers in 158 bytes (1 switches on core 0)
Jun 17 11:52:42.733305 np0000003041 devstack@g-api.service[102070]: DEBUG glance.api.middleware.version_negotiation [None req-f7e2f8fd-695e-4c59-bdf5-492fc15327c5 tempest-AttachVolumeMultiAttachTest-1492944727 tempest-AttachVolumeMultiAttachTest-1492944727-project-member] Determining version of request: GET /v2/schemas/image Accept: */* {{(pid=102070) process_request /opt/stack/glance/glance/api/middleware/version_negotiation.py:44}}
Jun 17 11:52:42.733305 np0000003041 devstack@g-api.service[102070]: DEBUG glance.api.middleware.version_negotiation [None req-f7e2f8fd-695e-4c59-bdf5-492fc15327c5 tempest-AttachVolumeMultiAttachTest-1492944727 tempest-AttachVolumeMultiAttachTest-1492944727-project-member] Using url versioning {{(pid=102070) process_request /opt/stack/glance/glance/api/middleware/version_negotiation.py:57}}
Jun 17 11:52:42.733305 np0000003041 devstack@g-api.service[102070]: DEBUG glance.api.middleware.version_negotiation [None req-f7e2f8fd-695e-4c59-bdf5-492fc15327c5 tempest-AttachVolumeMultiAttachTest-1492944727 tempest-AttachVolumeMultiAttachTest-1492944727-project-member] Matched version: v2 {{(pid=102070) process_request /opt/stack/glance/glance/api/middleware/version_negotiation.py:69}}
Jun 17 11:52:42.733305 np0000003041 devstack@g-api.service[102070]: DEBUG glance.api.middleware.version_negotiation [None req-f7e2f8fd-695e-4c59-bdf5-492fc15327c5 tempest-AttachVolumeMultiAttachTest-1492944727 tempest-AttachVolumeMultiAttachTest-1492944727-project-member] new path /v2/schemas/image {{(pid=102070) process_request /opt/stack/glance/glance/api/middleware/version_negotiation.py:70}}
Jun 17 11:52:42.742187 np0000003041 devstack@g-api.service[102070]: [pid: 102070|app: 0|req: 134/376] 127.0.0.1 () {44 vars in 1055 bytes} [Wed Jun 17 11:52:42 2026] GET /v2/schemas/image => generated 6083 bytes in 10 msecs (HTTP/1.1 200) 4 headers in 158 bytes (1 switches on core 0)
Jun 17 11:52:42.884411 np0000003041 devstack@g-api.service[102071]: DEBUG dbcounter [-] [102071] Writing DB stats glance:SELECT=42,glance:UPDATE=28,glance:DELETE=1 {{(pid=102071) stat_writer /opt/stack/data/venv/lib/python3.12/site-packages/dbcounter.py:115}}
Jun 17 11:52:43.302957 np0000003041 devstack@g-api.service[102069]: DEBUG glance.api.middleware.version_negotiation [None req-f7e2f8fd-695e-4c59-bdf5-492fc15327c5 tempest-AttachVolumeMultiAttachTest-1492944727 tempest-AttachVolumeMultiAttachTest-1492944727-project-member] Determining version of request: GET /v2/images/01607be7-76b5-4223-91b6-1f2eef6f8a13 Accept: application/json {{(pid=102069) process_request /opt/stack/glance/glance/api/middleware/version_negotiation.py:44}}
Jun 17 11:52:43.303384 np0000003041 devstack@g-api.service[102069]: DEBUG glance.api.middleware.version_negotiation [None req-f7e2f8fd-695e-4c59-bdf5-492fc15327c5 tempest-AttachVolumeMultiAttachTest-1492944727 tempest-AttachVolumeMultiAttachTest-1492944727-project-member] Using url versioning {{(pid=102069) process_request /opt/stack/glance/glance/api/middleware/version_negotiation.py:57}}
Jun 17 11:52:43.303384 np0000003041 devstack@g-api.service[102069]: DEBUG glance.api.middleware.version_negotiation [None req-f7e2f8fd-695e-4c59-bdf5-492fc15327c5 tempest-AttachVolumeMultiAttachTest-1492944727 tempest-AttachVolumeMultiAttachTest-1492944727-project-member] Matched version: v2 {{(pid=102069) process_request /opt/stack/glance/glance/api/middleware/version_negotiation.py:69}}
Jun 17 11:52:43.303496 np0000003041 devstack@g-api.service[102069]: DEBUG glance.api.middleware.version_negotiation [None req-f7e2f8fd-695e-4c59-bdf5-492fc15327c5 tempest-AttachVolumeMultiAttachTest-1492944727 tempest-AttachVolumeMultiAttachTest-1492944727-project-member] new path /v2/images/01607be7-76b5-4223-91b6-1f2eef6f8a13 {{(pid=102069) process_request /opt/stack/glance/glance/api/middleware/version_negotiation.py:70}}
Jun 17 11:52:43.313805 np0000003041 devstack@g-api.service[102070]: DEBUG glance.api.middleware.version_negotiation [None req-f7e2f8fd-695e-4c59-bdf5-492fc15327c5 tempest-AttachVolumeMultiAttachTest-1492944727 tempest-AttachVolumeMultiAttachTest-1492944727-project-member] Determining version of request: GET /versions Accept: */* {{(pid=102070) process_request /opt/stack/glance/glance/api/middleware/version_negotiation.py:44}}
Jun 17 11:52:43.314297 np0000003041 devstack@g-api.service[102069]: [pid: 102069|app: 0|req: 129/377] 127.0.0.1 () {40 vars in 838 bytes} [Wed Jun 17 11:52:43 2026] GET /v2/images/01607be7-76b5-4223-91b6-1f2eef6f8a13 => generated 650 bytes in 11 msecs (HTTP/1.1 200) 4 headers in 157 bytes (1 switches on core 0)
Jun 17 11:52:43.314356 np0000003041 devstack@g-api.service[102070]: [pid: 102070|app: 0|req: 135/378] 127.0.0.1 () {44 vars in 1039 bytes} [Wed Jun 17 11:52:43 2026] GET /versions => generated 1407 bytes in 1 msecs (HTTP/1.1 200) 3 headers in 92 bytes (1 switches on core 0)
Jun 17 11:52:43.322003 np0000003041 devstack@g-api.service[102069]: DEBUG glance.api.middleware.version_negotiation [None req-fa93e011-9e0c-4363-b7e2-6c3464816787 tempest-VolumesActionsTest-170689104 tempest-VolumesActionsTest-170689104-project-member] Determining version of request: GET /v2/images/e3851c5b-4098-4407-8ce9-27e873251a1e/locations Accept: */* {{(pid=102069) process_request /opt/stack/glance/glance/api/middleware/version_negotiation.py:44}}
Jun 17 11:52:43.322181 np0000003041 devstack@g-api.service[102069]: DEBUG glance.api.middleware.version_negotiation [None req-fa93e011-9e0c-4363-b7e2-6c3464816787 tempest-VolumesActionsTest-170689104 tempest-VolumesActionsTest-170689104-project-member] Using url versioning {{(pid=102069) process_request /opt/stack/glance/glance/api/middleware/version_negotiation.py:57}}
Jun 17 11:52:43.322423 np0000003041 devstack@g-api.service[102069]: DEBUG glance.api.middleware.version_negotiation [None req-fa93e011-9e0c-4363-b7e2-6c3464816787 tempest-VolumesActionsTest-170689104 tempest-VolumesActionsTest-170689104-project-member] Matched version: v2 {{(pid=102069) process_request /opt/stack/glance/glance/api/middleware/version_negotiation.py:69}}
Jun 17 11:52:43.322559 np0000003041 devstack@g-api.service[102069]: DEBUG glance.api.middleware.version_negotiation [None req-fa93e011-9e0c-4363-b7e2-6c3464816787 tempest-VolumesActionsTest-170689104 tempest-VolumesActionsTest-170689104-project-member] new path /v2/images/e3851c5b-4098-4407-8ce9-27e873251a1e/locations {{(pid=102069) process_request /opt/stack/glance/glance/api/middleware/version_negotiation.py:70}}
Jun 17 11:52:43.340345 np0000003041 devstack@g-api.service[102071]: DEBUG swiftclient [None req-132182eb-58ae-4fee-9330-52e7740002e0 tempest-VolumesActionsTest-170689104 tempest-VolumesActionsTest-170689104-project-member] REQ: curl -i https://10.4.3.121:8080/v1/AUTH_773ca19edc0044be924dc134f2162a7d/glance/01607be7-76b5-4223-91b6-1f2eef6f8a13-00004 -X PUT -H "X-Auth-Token: gAAAAABqMoqACcIG..." {{(pid=102071) http_log /opt/stack/data/venv/lib/python3.12/site-packages/swiftclient/client.py:160}}
Jun 17 11:52:43.340453 np0000003041 devstack@g-api.service[102071]: DEBUG swiftclient [None req-132182eb-58ae-4fee-9330-52e7740002e0 tempest-VolumesActionsTest-170689104 tempest-VolumesActionsTest-170689104-project-member] RESP STATUS: 201 Created {{(pid=102071) http_log /opt/stack/data/venv/lib/python3.12/site-packages/swiftclient/client.py:161}}
Jun 17 11:52:43.340605 np0000003041 devstack@g-api.service[102071]: DEBUG swiftclient [None req-132182eb-58ae-4fee-9330-52e7740002e0 tempest-VolumesActionsTest-170689104 tempest-VolumesActionsTest-170689104-project-member] RESP HEADERS: {'Date': 'Wed, 17 Jun 2026 11:52:43 GMT', 'Server': 'Apache/2.4.58 (Ubuntu)', 'Content-Type': 'text/html; charset=UTF-8', 'Content-Length': '0', 'Etag': 'eda9a9889837ac4bc81d6387d92c1bec', 'Last-Modified': 'Wed, 17 Jun 2026 11:52:42 GMT', 'X-Trans-Id': 'txe92d0987f36f4050beecb-006a328a89', 'X-Openstack-Request-Id': 'txe92d0987f36f4050beecb-006a328a89', 'Connection': 'close'} {{(pid=102071) http_log /opt/stack/data/venv/lib/python3.12/site-packages/swiftclient/client.py:162}}
Jun 17 11:52:43.340815 np0000003041 devstack@g-api.service[102071]: DEBUG glance_store._drivers.swift.store [None req-132182eb-58ae-4fee-9330-52e7740002e0 tempest-VolumesActionsTest-170689104 tempest-VolumesActionsTest-170689104-project-member] Wrote chunk 01607be7-76b5-4223-91b6-1f2eef6f8a13-00004 (4/?) of length 204800000 to Swift returning MD5 of content: eda9a9889837ac4bc81d6387d92c1bec {{(pid=102071) add /opt/stack/data/venv/lib/python3.12/site-packages/glance_store/_drivers/swift/store.py:1059}}
Jun 17 11:52:43.389739 np0000003041 devstack@g-api.service[102069]: [pid: 102069|app: 0|req: 130/379] 127.0.0.1 () {44 vars in 1135 bytes} [Wed Jun 17 11:52:43 2026] GET /v2/images/e3851c5b-4098-4407-8ce9-27e873251a1e/locations => generated 92 bytes in 68 msecs (HTTP/1.1 200) 4 headers in 156 bytes (1 switches on core 0)
Jun 17 11:52:43.399481 np0000003041 devstack@g-api.service[102070]: DEBUG glance.api.middleware.version_negotiation [None req-f7e2f8fd-695e-4c59-bdf5-492fc15327c5 tempest-AttachVolumeMultiAttachTest-1492944727 tempest-AttachVolumeMultiAttachTest-1492944727-project-member] Determining version of request: GET /v2/images/e3851c5b-4098-4407-8ce9-27e873251a1e Accept: */* {{(pid=102070) process_request /opt/stack/glance/glance/api/middleware/version_negotiation.py:44}}
Jun 17 11:52:43.399634 np0000003041 devstack@g-api.service[102070]: DEBUG glance.api.middleware.version_negotiation [None req-f7e2f8fd-695e-4c59-bdf5-492fc15327c5 tempest-AttachVolumeMultiAttachTest-1492944727 tempest-AttachVolumeMultiAttachTest-1492944727-project-member] Using url versioning {{(pid=102070) process_request /opt/stack/glance/glance/api/middleware/version_negotiation.py:57}}
Jun 17 11:52:43.399784 np0000003041 devstack@g-api.service[102070]: DEBUG glance.api.middleware.version_negotiation [None req-f7e2f8fd-695e-4c59-bdf5-492fc15327c5 tempest-AttachVolumeMultiAttachTest-1492944727 tempest-AttachVolumeMultiAttachTest-1492944727-project-member] Matched version: v2 {{(pid=102070) process_request /opt/stack/glance/glance/api/middleware/version_negotiation.py:69}}
Jun 17 11:52:43.400220 np0000003041 devstack@g-api.service[102070]: DEBUG glance.api.middleware.version_negotiation [None req-f7e2f8fd-695e-4c59-bdf5-492fc15327c5 tempest-AttachVolumeMultiAttachTest-1492944727 tempest-AttachVolumeMultiAttachTest-1492944727-project-member] new path /v2/images/e3851c5b-4098-4407-8ce9-27e873251a1e {{(pid=102070) process_request /opt/stack/glance/glance/api/middleware/version_negotiation.py:70}}
Jun 17 11:52:43.415826 np0000003041 devstack@g-api.service[102070]: [pid: 102070|app: 0|req: 136/380] 127.0.0.1 () {44 vars in 1115 bytes} [Wed Jun 17 11:52:43 2026] GET /v2/images/e3851c5b-4098-4407-8ce9-27e873251a1e => generated 1044 bytes in 16 msecs (HTTP/1.1 200) 4 headers in 158 bytes (1 switches on core 0)
Jun 17 11:52:43.434556 np0000003041 devstack@g-api.service[102069]: DEBUG glance.api.middleware.version_negotiation [None req-f7e2f8fd-695e-4c59-bdf5-492fc15327c5 service glance] Determining version of request: GET /v2/schemas/image Accept: */* {{(pid=102069) process_request /opt/stack/glance/glance/api/middleware/version_negotiation.py:44}}
Jun 17 11:52:43.434747 np0000003041 devstack@g-api.service[102069]: DEBUG glance.api.middleware.version_negotiation [None req-f7e2f8fd-695e-4c59-bdf5-492fc15327c5 service glance] Using url versioning {{(pid=102069) process_request /opt/stack/glance/glance/api/middleware/version_negotiation.py:57}}
Jun 17 11:52:43.436068 np0000003041 devstack@g-api.service[102069]: DEBUG glance.api.middleware.version_negotiation [None req-f7e2f8fd-695e-4c59-bdf5-492fc15327c5 service glance] Matched version: v2 {{(pid=102069) process_request /opt/stack/glance/glance/api/middleware/version_negotiation.py:69}}
Jun 17 11:52:43.436068 np0000003041 devstack@g-api.service[102069]: DEBUG glance.api.middleware.version_negotiation [None req-f7e2f8fd-695e-4c59-bdf5-492fc15327c5 service glance] new path /v2/schemas/image {{(pid=102069) process_request /opt/stack/glance/glance/api/middleware/version_negotiation.py:70}}
Jun 17 11:52:43.437992 np0000003041 devstack@g-api.service[102069]: [pid: 102069|app: 0|req: 131/381] 127.0.0.1 () {44 vars in 1055 bytes} [Wed Jun 17 11:52:43 2026] GET /v2/schemas/image => generated 6083 bytes in 3 msecs (HTTP/1.1 200) 4 headers in 158 bytes (1 switches on core 0)
Jun 17 11:52:43.451762 np0000003041 devstack@g-api.service[102070]: DEBUG glance.api.middleware.version_negotiation [None req-f7e2f8fd-695e-4c59-bdf5-492fc15327c5 tempest-AttachVolumeMultiAttachTest-1492944727 tempest-AttachVolumeMultiAttachTest-1492944727-project-member] Determining version of request: GET /v2/schemas/image Accept: */* {{(pid=102070) process_request /opt/stack/glance/glance/api/middleware/version_negotiation.py:44}}
Jun 17 11:52:43.451960 np0000003041 devstack@g-api.service[102070]: DEBUG glance.api.middleware.version_negotiation [None req-f7e2f8fd-695e-4c59-bdf5-492fc15327c5 tempest-AttachVolumeMultiAttachTest-1492944727 tempest-AttachVolumeMultiAttachTest-1492944727-project-member] Using url versioning {{(pid=102070) process_request /opt/stack/glance/glance/api/middleware/version_negotiation.py:57}}
Jun 17 11:52:43.452104 np0000003041 devstack@g-api.service[102070]: DEBUG glance.api.middleware.version_negotiation [None req-f7e2f8fd-695e-4c59-bdf5-492fc15327c5 tempest-AttachVolumeMultiAttachTest-1492944727 tempest-AttachVolumeMultiAttachTest-1492944727-project-member] Matched version: v2 {{(pid=102070) process_request /opt/stack/glance/glance/api/middleware/version_negotiation.py:69}}
Jun 17 11:52:43.452256 np0000003041 devstack@g-api.service[102070]: DEBUG glance.api.middleware.version_negotiation [None req-f7e2f8fd-695e-4c59-bdf5-492fc15327c5 tempest-AttachVolumeMultiAttachTest-1492944727 tempest-AttachVolumeMultiAttachTest-1492944727-project-member] new path /v2/schemas/image {{(pid=102070) process_request /opt/stack/glance/glance/api/middleware/version_negotiation.py:70}}
Jun 17 11:52:43.455706 np0000003041 devstack@g-api.service[102070]: [pid: 102070|app: 0|req: 137/382] 127.0.0.1 () {44 vars in 1055 bytes} [Wed Jun 17 11:52:43 2026] GET /v2/schemas/image => generated 6083 bytes in 4 msecs (HTTP/1.1 200) 4 headers in 158 bytes (1 switches on core 0)
Jun 17 11:52:44.326612 np0000003041 devstack@g-api.service[102069]: DEBUG glance.api.middleware.version_negotiation [None req-f7e2f8fd-695e-4c59-bdf5-492fc15327c5 tempest-AttachVolumeMultiAttachTest-1492944727 tempest-AttachVolumeMultiAttachTest-1492944727-project-member] Determining version of request: GET /v2/images/01607be7-76b5-4223-91b6-1f2eef6f8a13 Accept: application/json {{(pid=102069) process_request /opt/stack/glance/glance/api/middleware/version_negotiation.py:44}}
Jun 17 11:52:44.327001 np0000003041 devstack@g-api.service[102069]: DEBUG glance.api.middleware.version_negotiation [None req-f7e2f8fd-695e-4c59-bdf5-492fc15327c5 tempest-AttachVolumeMultiAttachTest-1492944727 tempest-AttachVolumeMultiAttachTest-1492944727-project-member] Using url versioning {{(pid=102069) process_request /opt/stack/glance/glance/api/middleware/version_negotiation.py:57}}
Jun 17 11:52:44.327001 np0000003041 devstack@g-api.service[102069]: DEBUG glance.api.middleware.version_negotiation [None req-f7e2f8fd-695e-4c59-bdf5-492fc15327c5 tempest-AttachVolumeMultiAttachTest-1492944727 tempest-AttachVolumeMultiAttachTest-1492944727-project-member] Matched version: v2 {{(pid=102069) process_request /opt/stack/glance/glance/api/middleware/version_negotiation.py:69}}
Jun 17 11:52:44.327001 np0000003041 devstack@g-api.service[102069]: DEBUG glance.api.middleware.version_negotiation [None req-f7e2f8fd-695e-4c59-bdf5-492fc15327c5 tempest-AttachVolumeMultiAttachTest-1492944727 tempest-AttachVolumeMultiAttachTest-1492944727-project-member] new path /v2/images/01607be7-76b5-4223-91b6-1f2eef6f8a13 {{(pid=102069) process_request /opt/stack/glance/glance/api/middleware/version_negotiation.py:70}}
Jun 17 11:52:44.354268 np0000003041 devstack@g-api.service[102069]: [pid: 102069|app: 0|req: 132/383] 127.0.0.1 () {40 vars in 838 bytes} [Wed Jun 17 11:52:44 2026] GET /v2/images/01607be7-76b5-4223-91b6-1f2eef6f8a13 => generated 650 bytes in 28 msecs (HTTP/1.1 200) 4 headers in 157 bytes (1 switches on core 0)
Jun 17 11:52:45.363521 np0000003041 devstack@g-api.service[102070]: DEBUG glance.api.middleware.version_negotiation [None req-f7e2f8fd-695e-4c59-bdf5-492fc15327c5 tempest-AttachVolumeMultiAttachTest-1492944727 tempest-AttachVolumeMultiAttachTest-1492944727-project-member] Determining version of request: GET /v2/images/01607be7-76b5-4223-91b6-1f2eef6f8a13 Accept: application/json {{(pid=102070) process_request /opt/stack/glance/glance/api/middleware/version_negotiation.py:44}}
Jun 17 11:52:45.366013 np0000003041 devstack@g-api.service[102070]: DEBUG glance.api.middleware.version_negotiation [None req-f7e2f8fd-695e-4c59-bdf5-492fc15327c5 tempest-AttachVolumeMultiAttachTest-1492944727 tempest-AttachVolumeMultiAttachTest-1492944727-project-member] Using url versioning {{(pid=102070) process_request /opt/stack/glance/glance/api/middleware/version_negotiation.py:57}}
Jun 17 11:52:45.366013 np0000003041 devstack@g-api.service[102070]: DEBUG glance.api.middleware.version_negotiation [None req-f7e2f8fd-695e-4c59-bdf5-492fc15327c5 tempest-AttachVolumeMultiAttachTest-1492944727 tempest-AttachVolumeMultiAttachTest-1492944727-project-member] Matched version: v2 {{(pid=102070) process_request /opt/stack/glance/glance/api/middleware/version_negotiation.py:69}}
Jun 17 11:52:45.366013 np0000003041 devstack@g-api.service[102070]: DEBUG glance.api.middleware.version_negotiation [None req-f7e2f8fd-695e-4c59-bdf5-492fc15327c5 tempest-AttachVolumeMultiAttachTest-1492944727 tempest-AttachVolumeMultiAttachTest-1492944727-project-member] new path /v2/images/01607be7-76b5-4223-91b6-1f2eef6f8a13 {{(pid=102070) process_request /opt/stack/glance/glance/api/middleware/version_negotiation.py:70}}
Jun 17 11:52:45.385213 np0000003041 devstack@g-api.service[102070]: [pid: 102070|app: 0|req: 138/384] 127.0.0.1 () {40 vars in 838 bytes} [Wed Jun 17 11:52:45 2026] GET /v2/images/01607be7-76b5-4223-91b6-1f2eef6f8a13 => generated 650 bytes in 22 msecs (HTTP/1.1 200) 4 headers in 157 bytes (1 switches on core 0)
Jun 17 11:52:45.733511 np0000003041 devstack@g-api.service[102071]: DEBUG swiftclient [None req-132182eb-58ae-4fee-9330-52e7740002e0 tempest-VolumesActionsTest-170689104 tempest-VolumesActionsTest-170689104-project-member] REQ: curl -i https://10.4.3.121:8080/v1/AUTH_773ca19edc0044be924dc134f2162a7d/glance/01607be7-76b5-4223-91b6-1f2eef6f8a13-00005 -X PUT -H "X-Auth-Token: gAAAAABqMoqACcIG..." {{(pid=102071) http_log /opt/stack/data/venv/lib/python3.12/site-packages/swiftclient/client.py:160}}
Jun 17 11:52:45.733921 np0000003041 devstack@g-api.service[102071]: DEBUG swiftclient [None req-132182eb-58ae-4fee-9330-52e7740002e0 tempest-VolumesActionsTest-170689104 tempest-VolumesActionsTest-170689104-project-member] RESP STATUS: 201 Created {{(pid=102071) http_log /opt/stack/data/venv/lib/python3.12/site-packages/swiftclient/client.py:161}}
Jun 17 11:52:45.733921 np0000003041 devstack@g-api.service[102071]: DEBUG swiftclient [None req-132182eb-58ae-4fee-9330-52e7740002e0 tempest-VolumesActionsTest-170689104 tempest-VolumesActionsTest-170689104-project-member] RESP HEADERS: {'Date': 'Wed, 17 Jun 2026 11:52:45 GMT', 'Server': 'Apache/2.4.58 (Ubuntu)', 'Content-Type': 'text/html; charset=UTF-8', 'Content-Length': '0', 'Etag': 'eda9a9889837ac4bc81d6387d92c1bec', 'Last-Modified': 'Wed, 17 Jun 2026 11:52:44 GMT', 'X-Trans-Id': 'txa527d4e897514659bda7d-006a328a8b', 'X-Openstack-Request-Id': 'txa527d4e897514659bda7d-006a328a8b', 'Connection': 'close'} {{(pid=102071) http_log /opt/stack/data/venv/lib/python3.12/site-packages/swiftclient/client.py:162}}
Jun 17 11:52:45.734132 np0000003041 devstack@g-api.service[102071]: DEBUG glance_store._drivers.swift.store [None req-132182eb-58ae-4fee-9330-52e7740002e0 tempest-VolumesActionsTest-170689104 tempest-VolumesActionsTest-170689104-project-member] Wrote chunk 01607be7-76b5-4223-91b6-1f2eef6f8a13-00005 (5/?) of length 204800000 to Swift returning MD5 of content: eda9a9889837ac4bc81d6387d92c1bec {{(pid=102071) add /opt/stack/data/venv/lib/python3.12/site-packages/glance_store/_drivers/swift/store.py:1059}}
Jun 17 11:52:46.316759 np0000003041 devstack@g-api.service[102071]: DEBUG swiftclient [None req-132182eb-58ae-4fee-9330-52e7740002e0 tempest-VolumesActionsTest-170689104 tempest-VolumesActionsTest-170689104-project-member] REQ: curl -i https://10.4.3.121:8080/v1/AUTH_773ca19edc0044be924dc134f2162a7d/glance/01607be7-76b5-4223-91b6-1f2eef6f8a13-00006 -X PUT -H "X-Auth-Token: gAAAAABqMoqACcIG..." {{(pid=102071) http_log /opt/stack/data/venv/lib/python3.12/site-packages/swiftclient/client.py:160}}
Jun 17 11:52:46.316916 np0000003041 devstack@g-api.service[102071]: DEBUG swiftclient [None req-132182eb-58ae-4fee-9330-52e7740002e0 tempest-VolumesActionsTest-170689104 tempest-VolumesActionsTest-170689104-project-member] RESP STATUS: 201 Created {{(pid=102071) http_log /opt/stack/data/venv/lib/python3.12/site-packages/swiftclient/client.py:161}}
Jun 17 11:52:46.317073 np0000003041 devstack@g-api.service[102071]: DEBUG swiftclient [None req-132182eb-58ae-4fee-9330-52e7740002e0 tempest-VolumesActionsTest-170689104 tempest-VolumesActionsTest-170689104-project-member] RESP HEADERS: {'Date': 'Wed, 17 Jun 2026 11:52:46 GMT', 'Server': 'Apache/2.4.58 (Ubuntu)', 'Content-Type': 'text/html; charset=UTF-8', 'Content-Length': '0', 'Etag': '708761f3b8777ec77058e63da08eeeb6', 'Last-Modified': 'Wed, 17 Jun 2026 11:52:46 GMT', 'X-Trans-Id': 'tx41aa1a284748499f9ed06-006a328a8d', 'X-Openstack-Request-Id': 'tx41aa1a284748499f9ed06-006a328a8d', 'Connection': 'close'} {{(pid=102071) http_log /opt/stack/data/venv/lib/python3.12/site-packages/swiftclient/client.py:162}}
Jun 17 11:52:46.317259 np0000003041 devstack@g-api.service[102071]: DEBUG glance_store._drivers.swift.store [None req-132182eb-58ae-4fee-9330-52e7740002e0 tempest-VolumesActionsTest-170689104 tempest-VolumesActionsTest-170689104-project-member] Wrote chunk 01607be7-76b5-4223-91b6-1f2eef6f8a13-00006 (6/?) of length 49741824 to Swift returning MD5 of content: 708761f3b8777ec77058e63da08eeeb6 {{(pid=102071) add /opt/stack/data/venv/lib/python3.12/site-packages/glance_store/_drivers/swift/store.py:1059}}
Jun 17 11:52:46.317510 np0000003041 devstack@g-api.service[102071]: DEBUG glance_store._drivers.swift.store [None req-132182eb-58ae-4fee-9330-52e7740002e0 tempest-VolumesActionsTest-170689104 tempest-VolumesActionsTest-170689104-project-member] Not writing zero-length chunk. {{(pid=102071) add /opt/stack/data/venv/lib/python3.12/site-packages/glance_store/_drivers/swift/store.py:1028}}
Jun 17 11:52:46.345116 np0000003041 devstack@g-api.service[102071]: DEBUG swiftclient [None req-132182eb-58ae-4fee-9330-52e7740002e0 tempest-VolumesActionsTest-170689104 tempest-VolumesActionsTest-170689104-project-member] REQ: curl -i https://10.4.3.121:8080/v1/AUTH_773ca19edc0044be924dc134f2162a7d/glance/01607be7-76b5-4223-91b6-1f2eef6f8a13 -X PUT -H "X-Object-Manifest: glance/01607be7-76b5-4223-91b6-1f2eef6f8a13-" -H "X-Auth-Token: gAAAAABqMoqACcIG..." -H "Content-Length: 0" {{(pid=102071) http_log /opt/stack/data/venv/lib/python3.12/site-packages/swiftclient/client.py:160}}
Jun 17 11:52:46.345336 np0000003041 devstack@g-api.service[102071]: DEBUG swiftclient [None req-132182eb-58ae-4fee-9330-52e7740002e0 tempest-VolumesActionsTest-170689104 tempest-VolumesActionsTest-170689104-project-member] RESP STATUS: 201 Created {{(pid=102071) http_log /opt/stack/data/venv/lib/python3.12/site-packages/swiftclient/client.py:161}}
Jun 17 11:52:46.345479 np0000003041 devstack@g-api.service[102071]: DEBUG swiftclient [None req-132182eb-58ae-4fee-9330-52e7740002e0 tempest-VolumesActionsTest-170689104 tempest-VolumesActionsTest-170689104-project-member] RESP HEADERS: {'Date': 'Wed, 17 Jun 2026 11:52:46 GMT', 'Server': 'Apache/2.4.58 (Ubuntu)', 'Content-Type': 'text/html; charset=UTF-8', 'Content-Length': '0', 'Etag': 'd41d8cd98f00b204e9800998ecf8427e', 'Last-Modified': 'Wed, 17 Jun 2026 11:52:47 GMT', 'X-Trans-Id': 'tx39784027de1c4a0090a4b-006a328a8e', 'X-Openstack-Request-Id': 'tx39784027de1c4a0090a4b-006a328a8e', 'Connection': 'close'} {{(pid=102071) http_log /opt/stack/data/venv/lib/python3.12/site-packages/swiftclient/client.py:162}}
Jun 17 11:52:46.345922 np0000003041 devstack@g-api.service[102071]: INFO glance.location [None req-132182eb-58ae-4fee-9330-52e7740002e0 tempest-VolumesActionsTest-170689104 tempest-VolumesActionsTest-170689104-project-member] Image format matched and virtual size computed: 1073741824
Jun 17 11:52:46.385043 np0000003041 devstack@g-api.service[102071]: DEBUG glance_store.backend [None req-132182eb-58ae-4fee-9330-52e7740002e0 tempest-VolumesActionsTest-170689104 tempest-VolumesActionsTest-170689104-project-member] Attempting to import store swift {{(pid=102071) _load_store /opt/stack/data/venv/lib/python3.12/site-packages/glance_store/backend.py:215}}
Jun 17 11:52:46.386751 np0000003041 devstack@g-api.service[102071]: DEBUG glance_store.capabilities [None req-132182eb-58ae-4fee-9330-52e7740002e0 tempest-VolumesActionsTest-170689104 tempest-VolumesActionsTest-170689104-project-member] Store glance_store._drivers.swift.store.SingleTenantStore doesn't support updating dynamic storage capabilities. Please overwrite 'update_capabilities' method of the store to implement updating logics if needed. {{(pid=102071) update_capabilities /opt/stack/data/venv/lib/python3.12/site-packages/glance_store/capabilities.py:91}}
Jun 17 11:52:46.386884 np0000003041 devstack@g-api.service[102071]: DEBUG glance_store.driver [None req-132182eb-58ae-4fee-9330-52e7740002e0 tempest-VolumesActionsTest-170689104 tempest-VolumesActionsTest-170689104-project-member] Late loading location class glance_store._drivers.swift.store.StoreLocation {{(pid=102071) get_store_location_class /opt/stack/data/venv/lib/python3.12/site-packages/glance_store/driver.py:134}}
Jun 17 11:52:46.386979 np0000003041 devstack@g-api.service[102071]: DEBUG glance_store.location [None req-132182eb-58ae-4fee-9330-52e7740002e0 tempest-VolumesActionsTest-170689104 tempest-VolumesActionsTest-170689104-project-member] Registering scheme swift+https with {'store': , 'location_class': , 'store_entry': 'swift'} {{(pid=102071) register_scheme_map /opt/stack/data/venv/lib/python3.12/site-packages/glance_store/location.py:146}}
Jun 17 11:52:46.386979 np0000003041 devstack@g-api.service[102071]: DEBUG glance_store.location [None req-132182eb-58ae-4fee-9330-52e7740002e0 tempest-VolumesActionsTest-170689104 tempest-VolumesActionsTest-170689104-project-member] Registering scheme swift+https with {'store': , 'location_class': , 'store_entry': 'swift'} {{(pid=102071) register_scheme_map /opt/stack/data/venv/lib/python3.12/site-packages/glance_store/location.py:146}}
Jun 17 11:52:46.387205 np0000003041 devstack@g-api.service[102071]: DEBUG glance_store.location [None req-132182eb-58ae-4fee-9330-52e7740002e0 tempest-VolumesActionsTest-170689104 tempest-VolumesActionsTest-170689104-project-member] Registering scheme swift with {'store': , 'location_class': , 'store_entry': 'swift'} {{(pid=102071) register_scheme_map /opt/stack/data/venv/lib/python3.12/site-packages/glance_store/location.py:146}}
Jun 17 11:52:46.387205 np0000003041 devstack@g-api.service[102071]: DEBUG glance_store.location [None req-132182eb-58ae-4fee-9330-52e7740002e0 tempest-VolumesActionsTest-170689104 tempest-VolumesActionsTest-170689104-project-member] Registering scheme swift+https with {'store': , 'location_class': , 'store_entry': 'swift'} {{(pid=102071) register_scheme_map /opt/stack/data/venv/lib/python3.12/site-packages/glance_store/location.py:146}}
