Jun 17 11:49:21.934472 np0000003041 devstack@g-api.service[102069]: DEBUG glance_store.location [None req-4f586f35-01a7-4d3d-8c5f-1142b7e767aa tempest-ServerBootFromVolumeStableRescueTest-562905006 tempest-ServerBootFromVolumeStableRescueTest-562905006-project-member] Registering scheme swift with {'store': , 'location_class': , 'store_entry': 'swift'} {{(pid=102069) register_scheme_map /opt/stack/data/venv/lib/python3.12/site-packages/glance_store/location.py:146}}
Jun 17 11:49:21.934472 np0000003041 devstack@g-api.service[102069]: DEBUG glance_store.location [None req-4f586f35-01a7-4d3d-8c5f-1142b7e767aa tempest-ServerBootFromVolumeStableRescueTest-562905006 tempest-ServerBootFromVolumeStableRescueTest-562905006-project-member] Registering scheme swift+http with {'store': , 'location_class': , 'store_entry': 'swift'} {{(pid=102069) register_scheme_map /opt/stack/data/venv/lib/python3.12/site-packages/glance_store/location.py:146}}
Jun 17 11:49:21.934472 np0000003041 devstack@g-api.service[102069]: DEBUG glance_store.location [None req-4f586f35-01a7-4d3d-8c5f-1142b7e767aa tempest-ServerBootFromVolumeStableRescueTest-562905006 tempest-ServerBootFromVolumeStableRescueTest-562905006-project-member] Registering scheme swift+https with {'store': , 'location_class': , 'store_entry': 'swift'} {{(pid=102069) register_scheme_map /opt/stack/data/venv/lib/python3.12/site-packages/glance_store/location.py:146}}
Jun 17 11:49:21.934472 np0000003041 devstack@g-api.service[102069]: DEBUG glance_store.location [None req-4f586f35-01a7-4d3d-8c5f-1142b7e767aa tempest-ServerBootFromVolumeStableRescueTest-562905006 tempest-ServerBootFromVolumeStableRescueTest-562905006-project-member] Registering scheme swift with {'store': , 'location_class': , 'store_entry': 'swift'} {{(pid=102069) register_scheme_map /opt/stack/data/venv/lib/python3.12/site-packages/glance_store/location.py:146}}
Jun 17 11:49:21.934472 np0000003041 devstack@g-api.service[102069]: DEBUG glance_store.location [None req-4f586f35-01a7-4d3d-8c5f-1142b7e767aa tempest-ServerBootFromVolumeStableRescueTest-562905006 tempest-ServerBootFromVolumeStableRescueTest-562905006-project-member] Registering scheme swift+http with {'store': , 'location_class': , 'store_entry': 'swift'} {{(pid=102069) register_scheme_map /opt/stack/data/venv/lib/python3.12/site-packages/glance_store/location.py:146}}
Jun 17 11:49:21.934472 np0000003041 devstack@g-api.service[102069]: DEBUG glance_store.location [None req-4f586f35-01a7-4d3d-8c5f-1142b7e767aa tempest-ServerBootFromVolumeStableRescueTest-562905006 tempest-ServerBootFromVolumeStableRescueTest-562905006-project-member] Registering scheme swift+config with {'store': , 'location_class': , 'store_entry': 'swift'} {{(pid=102069) register_scheme_map /opt/stack/data/venv/lib/python3.12/site-packages/glance_store/location.py:146}}
Jun 17 11:49:22.158627 np0000003041 devstack@g-api.service[102069]: DEBUG swiftclient [None req-4f586f35-01a7-4d3d-8c5f-1142b7e767aa tempest-ServerBootFromVolumeStableRescueTest-562905006 tempest-ServerBootFromVolumeStableRescueTest-562905006-project-member] REQ: curl -i https://10.4.3.121:8080/v1/AUTH_773ca19edc0044be924dc134f2162a7d/glance -I -H "X-Auth-Token: gAAAAABqMonBh7ZQ..." {{(pid=102069) http_log /opt/stack/data/venv/lib/python3.12/site-packages/swiftclient/client.py:160}}
Jun 17 11:49:22.158794 np0000003041 devstack@g-api.service[102069]: DEBUG swiftclient [None req-4f586f35-01a7-4d3d-8c5f-1142b7e767aa tempest-ServerBootFromVolumeStableRescueTest-562905006 tempest-ServerBootFromVolumeStableRescueTest-562905006-project-member] RESP STATUS: 204 No Content {{(pid=102069) http_log /opt/stack/data/venv/lib/python3.12/site-packages/swiftclient/client.py:161}}
Jun 17 11:49:22.158964 np0000003041 devstack@g-api.service[102069]: DEBUG swiftclient [None req-4f586f35-01a7-4d3d-8c5f-1142b7e767aa tempest-ServerBootFromVolumeStableRescueTest-562905006 tempest-ServerBootFromVolumeStableRescueTest-562905006-project-member] RESP HEADERS: {'Date': 'Wed, 17 Jun 2026 11:49:22 GMT', 'Server': 'Apache/2.4.58 (Ubuntu)', 'Content-Type': 'text/plain; charset=utf-8', 'X-Container-Object-Count': '3', 'X-Container-Bytes-Used': '64356352', 'X-Timestamp': '1781696656.14021', 'Last-Modified': 'Wed, 17 Jun 2026 11:44:17 GMT', 'Accept-Ranges': 'bytes', 'X-Storage-Policy': 'Policy-0', 'X-Container-Sharding': 'False', 'Vary': 'Accept', 'X-Trans-Id': 'tx1e1f7e41244343a6b4204-006a3289c2', 'X-Openstack-Request-Id': 'tx1e1f7e41244343a6b4204-006a3289c2', 'Connection': 'close'} {{(pid=102069) http_log /opt/stack/data/venv/lib/python3.12/site-packages/swiftclient/client.py:162}}
Jun 17 11:49:22.159165 np0000003041 devstack@g-api.service[102069]: DEBUG glance_store._drivers.swift.store [None req-4f586f35-01a7-4d3d-8c5f-1142b7e767aa tempest-ServerBootFromVolumeStableRescueTest-562905006 tempest-ServerBootFromVolumeStableRescueTest-562905006-project-member] Adding image object '3e9cb4f4-8f15-471f-9e68-89e1b089c09e' to Swift {{(pid=102069) add /opt/stack/data/venv/lib/python3.12/site-packages/glance_store/_drivers/swift/store.py:970}}
Jun 17 11:49:22.159273 np0000003041 devstack@g-api.service[102069]: DEBUG glance_store._drivers.swift.store [None req-4f586f35-01a7-4d3d-8c5f-1142b7e767aa tempest-ServerBootFromVolumeStableRescueTest-562905006 tempest-ServerBootFromVolumeStableRescueTest-562905006-project-member] Cannot determine image size because it is either not provided in the request or chunked-transfer encoding is used. Adding image as a segmented object to Swift. {{(pid=102069) add /opt/stack/data/venv/lib/python3.12/site-packages/glance_store/_drivers/swift/store.py:994}}
Jun 17 11:49:22.169338 np0000003041 devstack@g-api.service[102069]: DEBUG oslo_utils.imageutils.format_inspector [None req-4f586f35-01a7-4d3d-8c5f-1142b7e767aa tempest-ServerBootFromVolumeStableRescueTest-562905006 tempest-ServerBootFromVolumeStableRescueTest-562905006-project-member] Format inspector for vmdk does not match, excluding from consideration (Signature KDMV not found: b'QFI\xfb') {{(pid=102069) _process_chunk /opt/stack/data/venv/lib/python3.12/site-packages/oslo_utils/imageutils/format_inspector.py:1758}}
Jun 17 11:49:22.170956 np0000003041 devstack@g-api.service[102069]: DEBUG oslo_utils.imageutils.format_inspector [None req-4f586f35-01a7-4d3d-8c5f-1142b7e767aa tempest-ServerBootFromVolumeStableRescueTest-562905006 tempest-ServerBootFromVolumeStableRescueTest-562905006-project-member] Format inspector for vhdx does not match, excluding from consideration (Region signature not found at 30000) {{(pid=102069) _process_chunk /opt/stack/data/venv/lib/python3.12/site-packages/oslo_utils/imageutils/format_inspector.py:1758}}
Jun 17 11:49:22.465167 np0000003041 devstack@g-api.service[102069]: DEBUG swiftclient [None req-4f586f35-01a7-4d3d-8c5f-1142b7e767aa tempest-ServerBootFromVolumeStableRescueTest-562905006 tempest-ServerBootFromVolumeStableRescueTest-562905006-project-member] REQ: curl -i https://10.4.3.121:8080/v1/AUTH_773ca19edc0044be924dc134f2162a7d/glance/3e9cb4f4-8f15-471f-9e68-89e1b089c09e-00001 -X PUT -H "X-Auth-Token: gAAAAABqMonBh7ZQ..." {{(pid=102069) http_log /opt/stack/data/venv/lib/python3.12/site-packages/swiftclient/client.py:160}}
Jun 17 11:49:22.465375 np0000003041 devstack@g-api.service[102071]: DEBUG glance.api.middleware.version_negotiation [None req-115f56c5-37d0-4de3-8a1d-52820527aa3d tempest-ServerActionsTestOtherB-1244573806 tempest-ServerActionsTestOtherB-1244573806-project-member] Determining version of request: GET /v2/images/e3851c5b-4098-4407-8ce9-27e873251a1e Accept: */* {{(pid=102071) process_request /opt/stack/glance/glance/api/middleware/version_negotiation.py:44}}
Jun 17 11:49:22.465885 np0000003041 devstack@g-api.service[102069]: DEBUG swiftclient [None req-4f586f35-01a7-4d3d-8c5f-1142b7e767aa tempest-ServerBootFromVolumeStableRescueTest-562905006 tempest-ServerBootFromVolumeStableRescueTest-562905006-project-member] RESP STATUS: 201 Created {{(pid=102069) http_log /opt/stack/data/venv/lib/python3.12/site-packages/swiftclient/client.py:161}}
Jun 17 11:49:22.465885 np0000003041 devstack@g-api.service[102069]: DEBUG swiftclient [None req-4f586f35-01a7-4d3d-8c5f-1142b7e767aa tempest-ServerBootFromVolumeStableRescueTest-562905006 tempest-ServerBootFromVolumeStableRescueTest-562905006-project-member] RESP HEADERS: {'Date': 'Wed, 17 Jun 2026 11:49:22 GMT', 'Server': 'Apache/2.4.58 (Ubuntu)', 'Content-Type': 'text/html; charset=UTF-8', 'Content-Length': '0', 'Etag': '4fa343ee581d8d2e78533191fd1ac3e1', 'Last-Modified': 'Wed, 17 Jun 2026 11:49:23 GMT', 'X-Trans-Id': 'txbdbdfc66dac44cf096633-006a3289c2', 'X-Openstack-Request-Id': 'txbdbdfc66dac44cf096633-006a3289c2', 'Connection': 'close'} {{(pid=102069) http_log /opt/stack/data/venv/lib/python3.12/site-packages/swiftclient/client.py:162}}
Jun 17 11:49:22.466009 np0000003041 devstack@g-api.service[102071]: DEBUG glance.api.middleware.version_negotiation [None req-115f56c5-37d0-4de3-8a1d-52820527aa3d tempest-ServerActionsTestOtherB-1244573806 tempest-ServerActionsTestOtherB-1244573806-project-member] Using url versioning {{(pid=102071) process_request /opt/stack/glance/glance/api/middleware/version_negotiation.py:57}}
Jun 17 11:49:22.466058 np0000003041 devstack@g-api.service[102069]: DEBUG glance_store._drivers.swift.store [None req-4f586f35-01a7-4d3d-8c5f-1142b7e767aa tempest-ServerBootFromVolumeStableRescueTest-562905006 tempest-ServerBootFromVolumeStableRescueTest-562905006-project-member] Wrote chunk 3e9cb4f4-8f15-471f-9e68-89e1b089c09e-00001 (1/?) of length 23527424 to Swift returning MD5 of content: 4fa343ee581d8d2e78533191fd1ac3e1 {{(pid=102069) add /opt/stack/data/venv/lib/python3.12/site-packages/glance_store/_drivers/swift/store.py:1059}}
Jun 17 11:49:22.466165 np0000003041 devstack@g-api.service[102071]: DEBUG glance.api.middleware.version_negotiation [None req-115f56c5-37d0-4de3-8a1d-52820527aa3d tempest-ServerActionsTestOtherB-1244573806 tempest-ServerActionsTestOtherB-1244573806-project-member] Matched version: v2 {{(pid=102071) process_request /opt/stack/glance/glance/api/middleware/version_negotiation.py:69}}
Jun 17 11:49:22.466165 np0000003041 devstack@g-api.service[102071]: DEBUG glance.api.middleware.version_negotiation [None req-115f56c5-37d0-4de3-8a1d-52820527aa3d tempest-ServerActionsTestOtherB-1244573806 tempest-ServerActionsTestOtherB-1244573806-project-member] new path /v2/images/e3851c5b-4098-4407-8ce9-27e873251a1e {{(pid=102071) process_request /opt/stack/glance/glance/api/middleware/version_negotiation.py:70}}
Jun 17 11:49:22.466239 np0000003041 devstack@g-api.service[102069]: DEBUG glance_store._drivers.swift.store [None req-4f586f35-01a7-4d3d-8c5f-1142b7e767aa tempest-ServerBootFromVolumeStableRescueTest-562905006 tempest-ServerBootFromVolumeStableRescueTest-562905006-project-member] Not writing zero-length chunk. {{(pid=102069) add /opt/stack/data/venv/lib/python3.12/site-packages/glance_store/_drivers/swift/store.py:1028}}
Jun 17 11:49:22.487618 np0000003041 devstack@g-api.service[102071]: [pid: 102071|app: 0|req: 50/146] 127.0.0.1 () {44 vars in 1115 bytes} [Wed Jun 17 11:49:22 2026] GET /v2/images/e3851c5b-4098-4407-8ce9-27e873251a1e => generated 1044 bytes in 22 msecs (HTTP/1.1 200) 4 headers in 158 bytes (1 switches on core 0)
Jun 17 11:49:22.509968 np0000003041 devstack@g-api.service[102069]: DEBUG swiftclient [None req-4f586f35-01a7-4d3d-8c5f-1142b7e767aa tempest-ServerBootFromVolumeStableRescueTest-562905006 tempest-ServerBootFromVolumeStableRescueTest-562905006-project-member] REQ: curl -i https://10.4.3.121:8080/v1/AUTH_773ca19edc0044be924dc134f2162a7d/glance/3e9cb4f4-8f15-471f-9e68-89e1b089c09e -X PUT -H "X-Object-Manifest: glance/3e9cb4f4-8f15-471f-9e68-89e1b089c09e-" -H "X-Auth-Token: gAAAAABqMonBh7ZQ..." -H "Content-Length: 0" {{(pid=102069) http_log /opt/stack/data/venv/lib/python3.12/site-packages/swiftclient/client.py:160}}
Jun 17 11:49:22.509968 np0000003041 devstack@g-api.service[102069]: DEBUG swiftclient [None req-4f586f35-01a7-4d3d-8c5f-1142b7e767aa tempest-ServerBootFromVolumeStableRescueTest-562905006 tempest-ServerBootFromVolumeStableRescueTest-562905006-project-member] RESP STATUS: 201 Created {{(pid=102069) http_log /opt/stack/data/venv/lib/python3.12/site-packages/swiftclient/client.py:161}}
Jun 17 11:49:22.509968 np0000003041 devstack@g-api.service[102069]: DEBUG swiftclient [None req-4f586f35-01a7-4d3d-8c5f-1142b7e767aa tempest-ServerBootFromVolumeStableRescueTest-562905006 tempest-ServerBootFromVolumeStableRescueTest-562905006-project-member] RESP HEADERS: {'Date': 'Wed, 17 Jun 2026 11:49:22 GMT', 'Server': 'Apache/2.4.58 (Ubuntu)', 'Content-Type': 'text/html; charset=UTF-8', 'Content-Length': '0', 'Etag': 'd41d8cd98f00b204e9800998ecf8427e', 'Last-Modified': 'Wed, 17 Jun 2026 11:49:23 GMT', 'X-Trans-Id': 'txf1b4cd63a4374a50bfe76-006a3289c2', 'X-Openstack-Request-Id': 'txf1b4cd63a4374a50bfe76-006a3289c2', 'Connection': 'close'} {{(pid=102069) http_log /opt/stack/data/venv/lib/python3.12/site-packages/swiftclient/client.py:162}}
Jun 17 11:49:22.510592 np0000003041 devstack@g-api.service[102069]: INFO glance.location [None req-4f586f35-01a7-4d3d-8c5f-1142b7e767aa tempest-ServerBootFromVolumeStableRescueTest-562905006 tempest-ServerBootFromVolumeStableRescueTest-562905006-project-member] Image format matched and virtual size computed: 1073741824
Jun 17 11:49:22.521388 np0000003041 devstack@g-api.service[102070]: DEBUG glance.api.middleware.version_negotiation [None req-667f0ae4-0c80-4e02-801d-36818f9fcf49 tempest-ServerBootFromVolumeStableRescueTest-562905006 tempest-ServerBootFromVolumeStableRescueTest-562905006-project-member] Determining version of request: GET /v2/schemas/image Accept: */* {{(pid=102070) process_request /opt/stack/glance/glance/api/middleware/version_negotiation.py:44}}
Jun 17 11:49:22.521388 np0000003041 devstack@g-api.service[102070]: DEBUG glance.api.middleware.version_negotiation [None req-667f0ae4-0c80-4e02-801d-36818f9fcf49 tempest-ServerBootFromVolumeStableRescueTest-562905006 tempest-ServerBootFromVolumeStableRescueTest-562905006-project-member] Using url versioning {{(pid=102070) process_request /opt/stack/glance/glance/api/middleware/version_negotiation.py:57}}
Jun 17 11:49:22.523583 np0000003041 devstack@g-api.service[102070]: DEBUG glance.api.middleware.version_negotiation [None req-667f0ae4-0c80-4e02-801d-36818f9fcf49 tempest-ServerBootFromVolumeStableRescueTest-562905006 tempest-ServerBootFromVolumeStableRescueTest-562905006-project-member] Matched version: v2 {{(pid=102070) process_request /opt/stack/glance/glance/api/middleware/version_negotiation.py:69}}
Jun 17 11:49:22.523583 np0000003041 devstack@g-api.service[102070]: DEBUG glance.api.middleware.version_negotiation [None req-667f0ae4-0c80-4e02-801d-36818f9fcf49 tempest-ServerBootFromVolumeStableRescueTest-562905006 tempest-ServerBootFromVolumeStableRescueTest-562905006-project-member] new path /v2/schemas/image {{(pid=102070) process_request /opt/stack/glance/glance/api/middleware/version_negotiation.py:70}}
Jun 17 11:49:22.530859 np0000003041 devstack@g-api.service[102070]: [pid: 102070|app: 0|req: 51/147] 127.0.0.1 () {44 vars in 1055 bytes} [Wed Jun 17 11:49:22 2026] GET /v2/schemas/image => generated 6083 bytes in 10 msecs (HTTP/1.1 200) 4 headers in 158 bytes (1 switches on core 0)
Jun 17 11:49:22.571112 np0000003041 devstack@g-api.service[102069]: DEBUG glance_store.backend [None req-4f586f35-01a7-4d3d-8c5f-1142b7e767aa tempest-ServerBootFromVolumeStableRescueTest-562905006 tempest-ServerBootFromVolumeStableRescueTest-562905006-project-member] Attempting to import store swift {{(pid=102069) _load_store /opt/stack/data/venv/lib/python3.12/site-packages/glance_store/backend.py:215}}
Jun 17 11:49:22.573740 np0000003041 devstack@g-api.service[102069]: DEBUG glance_store.capabilities [None req-4f586f35-01a7-4d3d-8c5f-1142b7e767aa tempest-ServerBootFromVolumeStableRescueTest-562905006 tempest-ServerBootFromVolumeStableRescueTest-562905006-project-member] Store glance_store._drivers.swift.store.SingleTenantStore doesn't support updating dynamic storage capabilities. Please overwrite 'update_capabilities' method of the store to implement updating logics if needed. {{(pid=102069) update_capabilities /opt/stack/data/venv/lib/python3.12/site-packages/glance_store/capabilities.py:91}}
Jun 17 11:49:22.573740 np0000003041 devstack@g-api.service[102069]: DEBUG glance_store.driver [None req-4f586f35-01a7-4d3d-8c5f-1142b7e767aa tempest-ServerBootFromVolumeStableRescueTest-562905006 tempest-ServerBootFromVolumeStableRescueTest-562905006-project-member] Late loading location class glance_store._drivers.swift.store.StoreLocation {{(pid=102069) get_store_location_class /opt/stack/data/venv/lib/python3.12/site-packages/glance_store/driver.py:134}}
Jun 17 11:49:22.574202 np0000003041 devstack@g-api.service[102069]: DEBUG glance_store.location [None req-4f586f35-01a7-4d3d-8c5f-1142b7e767aa tempest-ServerBootFromVolumeStableRescueTest-562905006 tempest-ServerBootFromVolumeStableRescueTest-562905006-project-member] Registering scheme swift+https with {'store': , 'location_class': , 'store_entry': 'swift'} {{(pid=102069) register_scheme_map /opt/stack/data/venv/lib/python3.12/site-packages/glance_store/location.py:146}}
Jun 17 11:49:22.574202 np0000003041 devstack@g-api.service[102069]: DEBUG glance_store.location [None req-4f586f35-01a7-4d3d-8c5f-1142b7e767aa tempest-ServerBootFromVolumeStableRescueTest-562905006 tempest-ServerBootFromVolumeStableRescueTest-562905006-project-member] Registering scheme swift+https with {'store': , 'location_class': , 'store_entry': 'swift'} {{(pid=102069) register_scheme_map /opt/stack/data/venv/lib/python3.12/site-packages/glance_store/location.py:146}}
Jun 17 11:49:22.574354 np0000003041 devstack@g-api.service[102069]: DEBUG glance_store.location [None req-4f586f35-01a7-4d3d-8c5f-1142b7e767aa tempest-ServerBootFromVolumeStableRescueTest-562905006 tempest-ServerBootFromVolumeStableRescueTest-562905006-project-member] Registering scheme swift with {'store': , 'location_class': , 'store_entry': 'swift'} {{(pid=102069) register_scheme_map /opt/stack/data/venv/lib/python3.12/site-packages/glance_store/location.py:146}}
Jun 17 11:49:22.574795 np0000003041 devstack@g-api.service[102069]: DEBUG glance_store.location [None req-4f586f35-01a7-4d3d-8c5f-1142b7e767aa tempest-ServerBootFromVolumeStableRescueTest-562905006 tempest-ServerBootFromVolumeStableRescueTest-562905006-project-member] Registering scheme swift+https with {'store': , 'location_class': , 'store_entry': 'swift'} {{(pid=102069) register_scheme_map /opt/stack/data/venv/lib/python3.12/site-packages/glance_store/location.py:146}}
Jun 17 11:49:22.574795 np0000003041 devstack@g-api.service[102069]: DEBUG glance_store.location [None req-4f586f35-01a7-4d3d-8c5f-1142b7e767aa tempest-ServerBootFromVolumeStableRescueTest-562905006 tempest-ServerBootFromVolumeStableRescueTest-562905006-project-member] Registering scheme swift with {'store': , 'location_class': , 'store_entry': 'swift'} {{(pid=102069) register_scheme_map /opt/stack/data/venv/lib/python3.12/site-packages/glance_store/location.py:146}}
Jun 17 11:49:22.574795 np0000003041 devstack@g-api.service[102069]: DEBUG glance_store.location [None req-4f586f35-01a7-4d3d-8c5f-1142b7e767aa tempest-ServerBootFromVolumeStableRescueTest-562905006 tempest-ServerBootFromVolumeStableRescueTest-562905006-project-member] Registering scheme swift+http with {'store': , 'location_class': , 'store_entry': 'swift'} {{(pid=102069) register_scheme_map /opt/stack/data/venv/lib/python3.12/site-packages/glance_store/location.py:146}}
Jun 17 11:49:22.574795 np0000003041 devstack@g-api.service[102069]: DEBUG glance_store.location [None req-4f586f35-01a7-4d3d-8c5f-1142b7e767aa tempest-ServerBootFromVolumeStableRescueTest-562905006 tempest-ServerBootFromVolumeStableRescueTest-562905006-project-member] Registering scheme swift+https with {'store': , 'location_class': , 'store_entry': 'swift'} {{(pid=102069) register_scheme_map /opt/stack/data/venv/lib/python3.12/site-packages/glance_store/location.py:146}}
Jun 17 11:49:22.575650 np0000003041 devstack@g-api.service[102069]: DEBUG glance_store.location [None req-4f586f35-01a7-4d3d-8c5f-1142b7e767aa tempest-ServerBootFromVolumeStableRescueTest-562905006 tempest-ServerBootFromVolumeStableRescueTest-562905006-project-member] Registering scheme swift with {'store': , 'location_class': , 'store_entry': 'swift'} {{(pid=102069) register_scheme_map /opt/stack/data/venv/lib/python3.12/site-packages/glance_store/location.py:146}}
Jun 17 11:49:22.575650 np0000003041 devstack@g-api.service[102069]: DEBUG glance_store.location [None req-4f586f35-01a7-4d3d-8c5f-1142b7e767aa tempest-ServerBootFromVolumeStableRescueTest-562905006 tempest-ServerBootFromVolumeStableRescueTest-562905006-project-member] Registering scheme swift+http with {'store': , 'location_class': , 'store_entry': 'swift'} {{(pid=102069) register_scheme_map /opt/stack/data/venv/lib/python3.12/site-packages/glance_store/location.py:146}}
Jun 17 11:49:22.575650 np0000003041 devstack@g-api.service[102069]: DEBUG glance_store.location [None req-4f586f35-01a7-4d3d-8c5f-1142b7e767aa tempest-ServerBootFromVolumeStableRescueTest-562905006 tempest-ServerBootFromVolumeStableRescueTest-562905006-project-member] Registering scheme swift+config with {'store': , 'location_class': , 'store_entry': 'swift'} {{(pid=102069) register_scheme_map /opt/stack/data/venv/lib/python3.12/site-packages/glance_store/location.py:146}}
Jun 17 11:49:22.575650 np0000003041 devstack@g-api.service[102069]: DEBUG glance_store.backend [None req-4f586f35-01a7-4d3d-8c5f-1142b7e767aa tempest-ServerBootFromVolumeStableRescueTest-562905006 tempest-ServerBootFromVolumeStableRescueTest-562905006-project-member] Skipping store.set_acls... not implemented. {{(pid=102069) set_acls /opt/stack/data/venv/lib/python3.12/site-packages/glance_store/backend.py:507}}
Jun 17 11:49:22.580765 np0000003041 devstack@g-api.service[102069]: [pid: 102069|app: 0|req: 47/148] 127.0.0.1 () {46 vars in 1158 bytes} [Wed Jun 17 11:49:20 2026] PUT /v2/images/3e9cb4f4-8f15-471f-9e68-89e1b089c09e/file => generated 0 bytes in 2023 msecs (HTTP/1.1 204) 4 headers in 171 bytes (1 switches on core 0)
Jun 17 11:49:22.632185 np0000003041 devstack@g-api.service[102071]: DEBUG glance.api.middleware.version_negotiation [None req-62d67ee7-7129-4852-8cf0-ea7cc03abc7d tempest-AttachVolumeShelveTestJSON-1726476322 tempest-AttachVolumeShelveTestJSON-1726476322-project-member] Determining version of request: GET /v2/images/3e9cb4f4-8f15-471f-9e68-89e1b089c09e Accept: */* {{(pid=102071) process_request /opt/stack/glance/glance/api/middleware/version_negotiation.py:44}}
Jun 17 11:49:22.632185 np0000003041 devstack@g-api.service[102071]: DEBUG glance.api.middleware.version_negotiation [None req-62d67ee7-7129-4852-8cf0-ea7cc03abc7d tempest-AttachVolumeShelveTestJSON-1726476322 tempest-AttachVolumeShelveTestJSON-1726476322-project-member] Using url versioning {{(pid=102071) process_request /opt/stack/glance/glance/api/middleware/version_negotiation.py:57}}
Jun 17 11:49:22.632185 np0000003041 devstack@g-api.service[102071]: DEBUG glance.api.middleware.version_negotiation [None req-62d67ee7-7129-4852-8cf0-ea7cc03abc7d tempest-AttachVolumeShelveTestJSON-1726476322 tempest-AttachVolumeShelveTestJSON-1726476322-project-member] Matched version: v2 {{(pid=102071) process_request /opt/stack/glance/glance/api/middleware/version_negotiation.py:69}}
Jun 17 11:49:22.632185 np0000003041 devstack@g-api.service[102071]: DEBUG glance.api.middleware.version_negotiation [None req-62d67ee7-7129-4852-8cf0-ea7cc03abc7d tempest-AttachVolumeShelveTestJSON-1726476322 tempest-AttachVolumeShelveTestJSON-1726476322-project-member] new path /v2/images/3e9cb4f4-8f15-471f-9e68-89e1b089c09e {{(pid=102071) process_request /opt/stack/glance/glance/api/middleware/version_negotiation.py:70}}
Jun 17 11:49:22.640190 np0000003041 devstack@g-api.service[102070]: DEBUG glance.api.middleware.version_negotiation [None req-62d67ee7-7129-4852-8cf0-ea7cc03abc7d tempest-AttachVolumeShelveTestJSON-1726476322 tempest-AttachVolumeShelveTestJSON-1726476322-project-member] Determining version of request: GET /v2/images/3e9cb4f4-8f15-471f-9e68-89e1b089c09e Accept: application/json {{(pid=102070) process_request /opt/stack/glance/glance/api/middleware/version_negotiation.py:44}}
Jun 17 11:49:22.640190 np0000003041 devstack@g-api.service[102070]: DEBUG glance.api.middleware.version_negotiation [None req-62d67ee7-7129-4852-8cf0-ea7cc03abc7d tempest-AttachVolumeShelveTestJSON-1726476322 tempest-AttachVolumeShelveTestJSON-1726476322-project-member] Using url versioning {{(pid=102070) process_request /opt/stack/glance/glance/api/middleware/version_negotiation.py:57}}
Jun 17 11:49:22.640190 np0000003041 devstack@g-api.service[102070]: DEBUG glance.api.middleware.version_negotiation [None req-62d67ee7-7129-4852-8cf0-ea7cc03abc7d tempest-AttachVolumeShelveTestJSON-1726476322 tempest-AttachVolumeShelveTestJSON-1726476322-project-member] Matched version: v2 {{(pid=102070) process_request /opt/stack/glance/glance/api/middleware/version_negotiation.py:69}}
Jun 17 11:49:22.640190 np0000003041 devstack@g-api.service[102070]: DEBUG glance.api.middleware.version_negotiation [None req-62d67ee7-7129-4852-8cf0-ea7cc03abc7d tempest-AttachVolumeShelveTestJSON-1726476322 tempest-AttachVolumeShelveTestJSON-1726476322-project-member] new path /v2/images/3e9cb4f4-8f15-471f-9e68-89e1b089c09e {{(pid=102070) process_request /opt/stack/glance/glance/api/middleware/version_negotiation.py:70}}
Jun 17 11:49:22.651531 np0000003041 devstack@g-api.service[102071]: [pid: 102071|app: 0|req: 51/149] 127.0.0.1 () {44 vars in 1115 bytes} [Wed Jun 17 11:49:22 2026] GET /v2/images/3e9cb4f4-8f15-471f-9e68-89e1b089c09e => generated 1638 bytes in 20 msecs (HTTP/1.1 200) 4 headers in 158 bytes (1 switches on core 0)
Jun 17 11:49:22.655250 np0000003041 devstack@g-api.service[102070]: [pid: 102070|app: 0|req: 52/150] 127.0.0.1 () {40 vars in 838 bytes} [Wed Jun 17 11:49:22 2026] GET /v2/images/3e9cb4f4-8f15-471f-9e68-89e1b089c09e => generated 1638 bytes in 14 msecs (HTTP/1.1 200) 4 headers in 158 bytes (1 switches on core 0)
Jun 17 11:49:22.661079 np0000003041 devstack@g-api.service[102069]: DEBUG glance.api.middleware.version_negotiation [None req-4f586f35-01a7-4d3d-8c5f-1142b7e767aa tempest-ServerBootFromVolumeStableRescueTest-562905006 tempest-ServerBootFromVolumeStableRescueTest-562905006-project-member] Determining version of request: GET /v2/images/3e9cb4f4-8f15-471f-9e68-89e1b089c09e Accept: application/json {{(pid=102069) process_request /opt/stack/glance/glance/api/middleware/version_negotiation.py:44}}
Jun 17 11:49:22.661466 np0000003041 devstack@g-api.service[102069]: DEBUG glance.api.middleware.version_negotiation [None req-4f586f35-01a7-4d3d-8c5f-1142b7e767aa tempest-ServerBootFromVolumeStableRescueTest-562905006 tempest-ServerBootFromVolumeStableRescueTest-562905006-project-member] Using url versioning {{(pid=102069) process_request /opt/stack/glance/glance/api/middleware/version_negotiation.py:57}}
Jun 17 11:49:22.661831 np0000003041 devstack@g-api.service[102069]: DEBUG glance.api.middleware.version_negotiation [None req-4f586f35-01a7-4d3d-8c5f-1142b7e767aa tempest-ServerBootFromVolumeStableRescueTest-562905006 tempest-ServerBootFromVolumeStableRescueTest-562905006-project-member] Matched version: v2 {{(pid=102069) process_request /opt/stack/glance/glance/api/middleware/version_negotiation.py:69}}
Jun 17 11:49:22.662045 np0000003041 devstack@g-api.service[102069]: DEBUG glance.api.middleware.version_negotiation [None req-4f586f35-01a7-4d3d-8c5f-1142b7e767aa tempest-ServerBootFromVolumeStableRescueTest-562905006 tempest-ServerBootFromVolumeStableRescueTest-562905006-project-member] new path /v2/images/3e9cb4f4-8f15-471f-9e68-89e1b089c09e {{(pid=102069) process_request /opt/stack/glance/glance/api/middleware/version_negotiation.py:70}}
Jun 17 11:49:22.679063 np0000003041 devstack@g-api.service[102069]: [pid: 102069|app: 0|req: 48/151] 127.0.0.1 () {40 vars in 838 bytes} [Wed Jun 17 11:49:22 2026] GET /v2/images/3e9cb4f4-8f15-471f-9e68-89e1b089c09e => generated 1638 bytes in 18 msecs (HTTP/1.1 200) 4 headers in 158 bytes (1 switches on core 0)
Jun 17 11:49:22.707620 np0000003041 devstack@g-api.service[102071]: DEBUG glance.api.middleware.version_negotiation [None req-4f586f35-01a7-4d3d-8c5f-1142b7e767aa tempest-ServerBootFromVolumeStableRescueTest-562905006 tempest-ServerBootFromVolumeStableRescueTest-562905006-project-member] Determining version of request: GET /v2/schemas/image Accept: */* {{(pid=102071) process_request /opt/stack/glance/glance/api/middleware/version_negotiation.py:44}}
Jun 17 11:49:22.707698 np0000003041 devstack@g-api.service[102071]: DEBUG glance.api.middleware.version_negotiation [None req-4f586f35-01a7-4d3d-8c5f-1142b7e767aa tempest-ServerBootFromVolumeStableRescueTest-562905006 tempest-ServerBootFromVolumeStableRescueTest-562905006-project-member] Using url versioning {{(pid=102071) process_request /opt/stack/glance/glance/api/middleware/version_negotiation.py:57}}
Jun 17 11:49:22.709180 np0000003041 devstack@g-api.service[102071]: DEBUG glance.api.middleware.version_negotiation [None req-4f586f35-01a7-4d3d-8c5f-1142b7e767aa tempest-ServerBootFromVolumeStableRescueTest-562905006 tempest-ServerBootFromVolumeStableRescueTest-562905006-project-member] Matched version: v2 {{(pid=102071) process_request /opt/stack/glance/glance/api/middleware/version_negotiation.py:69}}
Jun 17 11:49:22.709180 np0000003041 devstack@g-api.service[102071]: DEBUG glance.api.middleware.version_negotiation [None req-4f586f35-01a7-4d3d-8c5f-1142b7e767aa tempest-ServerBootFromVolumeStableRescueTest-562905006 tempest-ServerBootFromVolumeStableRescueTest-562905006-project-member] new path /v2/schemas/image {{(pid=102071) process_request /opt/stack/glance/glance/api/middleware/version_negotiation.py:70}}
Jun 17 11:49:22.711499 np0000003041 devstack@g-api.service[102071]: [pid: 102071|app: 0|req: 52/152] 127.0.0.1 () {44 vars in 1055 bytes} [Wed Jun 17 11:49:22 2026] GET /v2/schemas/image => generated 6083 bytes in 4 msecs (HTTP/1.1 200) 4 headers in 158 bytes (1 switches on core 0)
Jun 17 11:49:24.549500 np0000003041 devstack@g-api.service[102070]: DEBUG glance.api.middleware.version_negotiation [None req-b925b037-023a-4cb0-9c1a-4a091a613bf5 tempest-ServerBootFromVolumeStableRescueTest-562905006 tempest-ServerBootFromVolumeStableRescueTest-562905006-project-member] Determining version of request: GET /v2/images/e3851c5b-4098-4407-8ce9-27e873251a1e Accept: */* {{(pid=102070) process_request /opt/stack/glance/glance/api/middleware/version_negotiation.py:44}}
Jun 17 11:49:24.549939 np0000003041 devstack@g-api.service[102070]: DEBUG glance.api.middleware.version_negotiation [None req-b925b037-023a-4cb0-9c1a-4a091a613bf5 tempest-ServerBootFromVolumeStableRescueTest-562905006 tempest-ServerBootFromVolumeStableRescueTest-562905006-project-member] Using url versioning {{(pid=102070) process_request /opt/stack/glance/glance/api/middleware/version_negotiation.py:57}}
Jun 17 11:49:24.550080 np0000003041 devstack@g-api.service[102070]: DEBUG glance.api.middleware.version_negotiation [None req-b925b037-023a-4cb0-9c1a-4a091a613bf5 tempest-ServerBootFromVolumeStableRescueTest-562905006 tempest-ServerBootFromVolumeStableRescueTest-562905006-project-member] Matched version: v2 {{(pid=102070) process_request /opt/stack/glance/glance/api/middleware/version_negotiation.py:69}}
Jun 17 11:49:24.550242 np0000003041 devstack@g-api.service[102070]: DEBUG glance.api.middleware.version_negotiation [None req-b925b037-023a-4cb0-9c1a-4a091a613bf5 tempest-ServerBootFromVolumeStableRescueTest-562905006 tempest-ServerBootFromVolumeStableRescueTest-562905006-project-member] new path /v2/images/e3851c5b-4098-4407-8ce9-27e873251a1e {{(pid=102070) process_request /opt/stack/glance/glance/api/middleware/version_negotiation.py:70}}
Jun 17 11:49:24.567030 np0000003041 devstack@g-api.service[102070]: [pid: 102070|app: 0|req: 53/153] 127.0.0.1 () {44 vars in 1115 bytes} [Wed Jun 17 11:49:24 2026] GET /v2/images/e3851c5b-4098-4407-8ce9-27e873251a1e => generated 1044 bytes in 18 msecs (HTTP/1.1 200) 4 headers in 158 bytes (1 switches on core 0)
Jun 17 11:49:24.628476 np0000003041 devstack@g-api.service[102069]: DEBUG glance.api.middleware.version_negotiation [None req-d3e202d5-1760-4e84-8244-9abd87a4ec48 tempest-ServerBootFromVolumeStableRescueTest-562905006 tempest-ServerBootFromVolumeStableRescueTest-562905006-project-member] Determining version of request: GET /v2/schemas/image Accept: */* {{(pid=102069) process_request /opt/stack/glance/glance/api/middleware/version_negotiation.py:44}}
Jun 17 11:49:24.628901 np0000003041 devstack@g-api.service[102069]: DEBUG glance.api.middleware.version_negotiation [None req-d3e202d5-1760-4e84-8244-9abd87a4ec48 tempest-ServerBootFromVolumeStableRescueTest-562905006 tempest-ServerBootFromVolumeStableRescueTest-562905006-project-member] Using url versioning {{(pid=102069) process_request /opt/stack/glance/glance/api/middleware/version_negotiation.py:57}}
Jun 17 11:49:24.628901 np0000003041 devstack@g-api.service[102069]: DEBUG glance.api.middleware.version_negotiation [None req-d3e202d5-1760-4e84-8244-9abd87a4ec48 tempest-ServerBootFromVolumeStableRescueTest-562905006 tempest-ServerBootFromVolumeStableRescueTest-562905006-project-member] Matched version: v2 {{(pid=102069) process_request /opt/stack/glance/glance/api/middleware/version_negotiation.py:69}}
Jun 17 11:49:24.628901 np0000003041 devstack@g-api.service[102069]: DEBUG glance.api.middleware.version_negotiation [None req-d3e202d5-1760-4e84-8244-9abd87a4ec48 tempest-ServerBootFromVolumeStableRescueTest-562905006 tempest-ServerBootFromVolumeStableRescueTest-562905006-project-member] new path /v2/schemas/image {{(pid=102069) process_request /opt/stack/glance/glance/api/middleware/version_negotiation.py:70}}
Jun 17 11:49:24.636074 np0000003041 devstack@g-api.service[102069]: [pid: 102069|app: 0|req: 49/154] 127.0.0.1 () {44 vars in 1055 bytes} [Wed Jun 17 11:49:24 2026] GET /v2/schemas/image => generated 6083 bytes in 7 msecs (HTTP/1.1 200) 4 headers in 158 bytes (1 switches on core 0)
Jun 17 11:49:32.649605 np0000003041 devstack@g-api.service[102071]: DEBUG dbcounter [-] [102071] Writing DB stats glance:SELECT=19,glance:UPDATE=1,glance:INSERT=3 {{(pid=102071) stat_writer /opt/stack/data/venv/lib/python3.12/site-packages/dbcounter.py:115}}
Jun 17 11:49:32.680750 np0000003041 devstack@g-api.service[102069]: DEBUG dbcounter [-] [102069] Writing DB stats glance:SELECT=23,glance:UPDATE=2,glance:INSERT=1 {{(pid=102069) stat_writer /opt/stack/data/venv/lib/python3.12/site-packages/dbcounter.py:115}}
Jun 17 11:49:34.564093 np0000003041 devstack@g-api.service[102070]: DEBUG dbcounter [-] [102070] Writing DB stats glance:SELECT=18,glance:INSERT=17 {{(pid=102070) stat_writer /opt/stack/data/venv/lib/python3.12/site-packages/dbcounter.py:115}}
Jun 17 11:49:46.921641 np0000003041 devstack@g-api.service[102071]: DEBUG glance.api.middleware.version_negotiation [None req-4f586f35-01a7-4d3d-8c5f-1142b7e767aa tempest-ServerBootFromVolumeStableRescueTest-562905006 tempest-ServerBootFromVolumeStableRescueTest-562905006-project-member] Determining version of request: GET /v2/images/e3851c5b-4098-4407-8ce9-27e873251a1e Accept: */* {{(pid=102071) process_request /opt/stack/glance/glance/api/middleware/version_negotiation.py:44}}
Jun 17 11:49:46.921641 np0000003041 devstack@g-api.service[102071]: DEBUG glance.api.middleware.version_negotiation [None req-4f586f35-01a7-4d3d-8c5f-1142b7e767aa tempest-ServerBootFromVolumeStableRescueTest-562905006 tempest-ServerBootFromVolumeStableRescueTest-562905006-project-member] Using url versioning {{(pid=102071) process_request /opt/stack/glance/glance/api/middleware/version_negotiation.py:57}}
Jun 17 11:49:46.922031 np0000003041 devstack@g-api.service[102071]: DEBUG glance.api.middleware.version_negotiation [None req-4f586f35-01a7-4d3d-8c5f-1142b7e767aa tempest-ServerBootFromVolumeStableRescueTest-562905006 tempest-ServerBootFromVolumeStableRescueTest-562905006-project-member] Matched version: v2 {{(pid=102071) process_request /opt/stack/glance/glance/api/middleware/version_negotiation.py:69}}
Jun 17 11:49:46.922031 np0000003041 devstack@g-api.service[102071]: DEBUG glance.api.middleware.version_negotiation [None req-4f586f35-01a7-4d3d-8c5f-1142b7e767aa tempest-ServerBootFromVolumeStableRescueTest-562905006 tempest-ServerBootFromVolumeStableRescueTest-562905006-project-member] new path /v2/images/e3851c5b-4098-4407-8ce9-27e873251a1e {{(pid=102071) process_request /opt/stack/glance/glance/api/middleware/version_negotiation.py:70}}
Jun 17 11:49:46.939649 np0000003041 devstack@g-api.service[102071]: [pid: 102071|app: 0|req: 53/155] 127.0.0.1 () {44 vars in 1115 bytes} [Wed Jun 17 11:49:46 2026] GET /v2/images/e3851c5b-4098-4407-8ce9-27e873251a1e => generated 1044 bytes in 19 msecs (HTTP/1.1 200) 4 headers in 158 bytes (1 switches on core 0)
Jun 17 11:49:46.991842 np0000003041 devstack@g-api.service[102070]: DEBUG glance.api.middleware.version_negotiation [None req-fd3156bc-24a5-4cdc-8d76-e27874bb6c12 tempest-ServerBootFromVolumeStableRescueTest-562905006 tempest-ServerBootFromVolumeStableRescueTest-562905006-project-member] Determining version of request: GET /v2/schemas/image Accept: */* {{(pid=102070) process_request /opt/stack/glance/glance/api/middleware/version_negotiation.py:44}}
Jun 17 11:49:46.992171 np0000003041 devstack@g-api.service[102070]: DEBUG glance.api.middleware.version_negotiation [None req-fd3156bc-24a5-4cdc-8d76-e27874bb6c12 tempest-ServerBootFromVolumeStableRescueTest-562905006 tempest-ServerBootFromVolumeStableRescueTest-562905006-project-member] Using url versioning {{(pid=102070) process_request /opt/stack/glance/glance/api/middleware/version_negotiation.py:57}}
Jun 17 11:49:46.992495 np0000003041 devstack@g-api.service[102070]: DEBUG glance.api.middleware.version_negotiation [None req-fd3156bc-24a5-4cdc-8d76-e27874bb6c12 tempest-ServerBootFromVolumeStableRescueTest-562905006 tempest-ServerBootFromVolumeStableRescueTest-562905006-project-member] Matched version: v2 {{(pid=102070) process_request /opt/stack/glance/glance/api/middleware/version_negotiation.py:69}}
Jun 17 11:49:46.992495 np0000003041 devstack@g-api.service[102070]: DEBUG glance.api.middleware.version_negotiation [None req-fd3156bc-24a5-4cdc-8d76-e27874bb6c12 tempest-ServerBootFromVolumeStableRescueTest-562905006 tempest-ServerBootFromVolumeStableRescueTest-562905006-project-member] new path /v2/schemas/image {{(pid=102070) process_request /opt/stack/glance/glance/api/middleware/version_negotiation.py:70}}
Jun 17 11:49:46.997699 np0000003041 devstack@g-api.service[102070]: [pid: 102070|app: 0|req: 54/156] 127.0.0.1 () {44 vars in 1055 bytes} [Wed Jun 17 11:49:46 2026] GET /v2/schemas/image => generated 6083 bytes in 6 msecs (HTTP/1.1 200) 4 headers in 158 bytes (1 switches on core 0)
Jun 17 11:49:49.785890 np0000003041 devstack@g-api.service[102069]: DEBUG glance.api.middleware.version_negotiation [None req-fd3156bc-24a5-4cdc-8d76-e27874bb6c12 tempest-ServerBootFromVolumeStableRescueTest-562905006 tempest-ServerBootFromVolumeStableRescueTest-562905006-project-member] Determining version of request: PATCH /v2/images/3e9cb4f4-8f15-471f-9e68-89e1b089c09e Accept: {{(pid=102069) process_request /opt/stack/glance/glance/api/middleware/version_negotiation.py:44}}
Jun 17 11:49:49.785890 np0000003041 devstack@g-api.service[102069]: DEBUG glance.api.middleware.version_negotiation [None req-fd3156bc-24a5-4cdc-8d76-e27874bb6c12 tempest-ServerBootFromVolumeStableRescueTest-562905006 tempest-ServerBootFromVolumeStableRescueTest-562905006-project-member] Using url versioning {{(pid=102069) process_request /opt/stack/glance/glance/api/middleware/version_negotiation.py:57}}
Jun 17 11:49:49.785890 np0000003041 devstack@g-api.service[102069]: DEBUG glance.api.middleware.version_negotiation [None req-fd3156bc-24a5-4cdc-8d76-e27874bb6c12 tempest-ServerBootFromVolumeStableRescueTest-562905006 tempest-ServerBootFromVolumeStableRescueTest-562905006-project-member] Matched version: v2 {{(pid=102069) process_request /opt/stack/glance/glance/api/middleware/version_negotiation.py:69}}
Jun 17 11:49:49.785890 np0000003041 devstack@g-api.service[102069]: DEBUG glance.api.middleware.version_negotiation [None req-fd3156bc-24a5-4cdc-8d76-e27874bb6c12 tempest-ServerBootFromVolumeStableRescueTest-562905006 tempest-ServerBootFromVolumeStableRescueTest-562905006-project-member] new path /v2/images/3e9cb4f4-8f15-471f-9e68-89e1b089c09e {{(pid=102069) process_request /opt/stack/glance/glance/api/middleware/version_negotiation.py:70}}
Jun 17 11:49:49.877816 np0000003041 devstack@g-api.service[102069]: DEBUG glance_store.backend [None req-577205dc-2608-4667-bb70-adea530963ef tempest-ServerBootFromVolumeStableRescueTest-562905006 tempest-ServerBootFromVolumeStableRescueTest-562905006-project-member] Attempting to import store swift {{(pid=102069) _load_store /opt/stack/data/venv/lib/python3.12/site-packages/glance_store/backend.py:215}}
Jun 17 11:49:49.879814 np0000003041 devstack@g-api.service[102069]: DEBUG glance_store.capabilities [None req-577205dc-2608-4667-bb70-adea530963ef tempest-ServerBootFromVolumeStableRescueTest-562905006 tempest-ServerBootFromVolumeStableRescueTest-562905006-project-member] Store glance_store._drivers.swift.store.SingleTenantStore doesn't support updating dynamic storage capabilities. Please overwrite 'update_capabilities' method of the store to implement updating logics if needed. {{(pid=102069) update_capabilities /opt/stack/data/venv/lib/python3.12/site-packages/glance_store/capabilities.py:91}}
Jun 17 11:49:49.880010 np0000003041 devstack@g-api.service[102069]: DEBUG glance_store.driver [None req-577205dc-2608-4667-bb70-adea530963ef tempest-ServerBootFromVolumeStableRescueTest-562905006 tempest-ServerBootFromVolumeStableRescueTest-562905006-project-member] Late loading location class glance_store._drivers.swift.store.StoreLocation {{(pid=102069) get_store_location_class /opt/stack/data/venv/lib/python3.12/site-packages/glance_store/driver.py:134}}
Jun 17 11:49:49.880219 np0000003041 devstack@g-api.service[102069]: DEBUG glance_store.location [None req-577205dc-2608-4667-bb70-adea530963ef tempest-ServerBootFromVolumeStableRescueTest-562905006 tempest-ServerBootFromVolumeStableRescueTest-562905006-project-member] Registering scheme swift+https with {'store': , 'location_class': , 'store_entry': 'swift'} {{(pid=102069) register_scheme_map /opt/stack/data/venv/lib/python3.12/site-packages/glance_store/location.py:146}}
Jun 17 11:49:49.880402 np0000003041 devstack@g-api.service[102069]: DEBUG glance_store.location [None req-577205dc-2608-4667-bb70-adea530963ef tempest-ServerBootFromVolumeStableRescueTest-562905006 tempest-ServerBootFromVolumeStableRescueTest-562905006-project-member] Registering scheme swift+https with {'store': , 'location_class': , 'store_entry': 'swift'} {{(pid=102069) register_scheme_map /opt/stack/data/venv/lib/python3.12/site-packages/glance_store/location.py:146}}
Jun 17 11:49:49.880520 np0000003041 devstack@g-api.service[102069]: DEBUG glance_store.location [None req-577205dc-2608-4667-bb70-adea530963ef tempest-ServerBootFromVolumeStableRescueTest-562905006 tempest-ServerBootFromVolumeStableRescueTest-562905006-project-member] Registering scheme swift with {'store': , 'location_class': , 'store_entry': 'swift'} {{(pid=102069) register_scheme_map /opt/stack/data/venv/lib/python3.12/site-packages/glance_store/location.py:146}}
Jun 17 11:49:49.880694 np0000003041 devstack@g-api.service[102069]: DEBUG glance_store.location [None req-577205dc-2608-4667-bb70-adea530963ef tempest-ServerBootFromVolumeStableRescueTest-562905006 tempest-ServerBootFromVolumeStableRescueTest-562905006-project-member] Registering scheme swift+https with {'store': , 'location_class': , 'store_entry': 'swift'} {{(pid=102069) register_scheme_map /opt/stack/data/venv/lib/python3.12/site-packages/glance_store/location.py:146}}
Jun 17 11:49:49.880857 np0000003041 devstack@g-api.service[102069]: DEBUG glance_store.location [None req-577205dc-2608-4667-bb70-adea530963ef tempest-ServerBootFromVolumeStableRescueTest-562905006 tempest-ServerBootFromVolumeStableRescueTest-562905006-project-member] Registering scheme swift with {'store': , 'location_class': , 'store_entry': 'swift'} {{(pid=102069) register_scheme_map /opt/stack/data/venv/lib/python3.12/site-packages/glance_store/location.py:146}}
Jun 17 11:49:49.881015 np0000003041 devstack@g-api.service[102069]: DEBUG glance_store.location [None req-577205dc-2608-4667-bb70-adea530963ef tempest-ServerBootFromVolumeStableRescueTest-562905006 tempest-ServerBootFromVolumeStableRescueTest-562905006-project-member] Registering scheme swift+http with {'store': , 'location_class': , 'store_entry': 'swift'} {{(pid=102069) register_scheme_map /opt/stack/data/venv/lib/python3.12/site-packages/glance_store/location.py:146}}
Jun 17 11:49:49.881194 np0000003041 devstack@g-api.service[102069]: DEBUG glance_store.location [None req-577205dc-2608-4667-bb70-adea530963ef tempest-ServerBootFromVolumeStableRescueTest-562905006 tempest-ServerBootFromVolumeStableRescueTest-562905006-project-member] Registering scheme swift+https with {'store': , 'location_class': , 'store_entry': 'swift'} {{(pid=102069) register_scheme_map /opt/stack/data/venv/lib/python3.12/site-packages/glance_store/location.py:146}}
Jun 17 11:49:49.881373 np0000003041 devstack@g-api.service[102069]: DEBUG glance_store.location [None req-577205dc-2608-4667-bb70-adea530963ef tempest-ServerBootFromVolumeStableRescueTest-562905006 tempest-ServerBootFromVolumeStableRescueTest-562905006-project-member] Registering scheme swift with {'store': , 'location_class': , 'store_entry': 'swift'} {{(pid=102069) register_scheme_map /opt/stack/data/venv/lib/python3.12/site-packages/glance_store/location.py:146}}
Jun 17 11:49:49.881531 np0000003041 devstack@g-api.service[102069]: DEBUG glance_store.location [None req-577205dc-2608-4667-bb70-adea530963ef tempest-ServerBootFromVolumeStableRescueTest-562905006 tempest-ServerBootFromVolumeStableRescueTest-562905006-project-member] Registering scheme swift+http with {'store': , 'location_class': , 'store_entry': 'swift'} {{(pid=102069) register_scheme_map /opt/stack/data/venv/lib/python3.12/site-packages/glance_store/location.py:146}}
Jun 17 11:49:49.881682 np0000003041 devstack@g-api.service[102069]: DEBUG glance_store.location [None req-577205dc-2608-4667-bb70-adea530963ef tempest-ServerBootFromVolumeStableRescueTest-562905006 tempest-ServerBootFromVolumeStableRescueTest-562905006-project-member] Registering scheme swift+config with {'store': , 'location_class': , 'store_entry': 'swift'} {{(pid=102069) register_scheme_map /opt/stack/data/venv/lib/python3.12/site-packages/glance_store/location.py:146}}
Jun 17 11:49:49.881868 np0000003041 devstack@g-api.service[102069]: DEBUG glance_store.backend [None req-577205dc-2608-4667-bb70-adea530963ef tempest-ServerBootFromVolumeStableRescueTest-562905006 tempest-ServerBootFromVolumeStableRescueTest-562905006-project-member] Skipping store.set_acls... not implemented. {{(pid=102069) set_acls /opt/stack/data/venv/lib/python3.12/site-packages/glance_store/backend.py:507}}
Jun 17 11:49:49.884722 np0000003041 devstack@g-api.service[102069]: [pid: 102069|app: 0|req: 50/157] 127.0.0.1 () {40 vars in 857 bytes} [Wed Jun 17 11:49:49 2026] PATCH /v2/images/3e9cb4f4-8f15-471f-9e68-89e1b089c09e => generated 1665 bytes in 100 msecs (HTTP/1.1 200) 4 headers in 158 bytes (1 switches on core 0)
Jun 17 11:49:49.892905 np0000003041 devstack@g-api.service[102071]: DEBUG glance.api.middleware.version_negotiation [None req-7d749743-4fe7-4f78-ad98-d4d1d9194f06 tempest-ServerActionsTestOtherA-1941001208 tempest-ServerActionsTestOtherA-1941001208-project-member] Determining version of request: PATCH /v2/images/3e9cb4f4-8f15-471f-9e68-89e1b089c09e Accept: {{(pid=102071) process_request /opt/stack/glance/glance/api/middleware/version_negotiation.py:44}}
Jun 17 11:49:49.892905 np0000003041 devstack@g-api.service[102071]: DEBUG glance.api.middleware.version_negotiation [None req-7d749743-4fe7-4f78-ad98-d4d1d9194f06 tempest-ServerActionsTestOtherA-1941001208 tempest-ServerActionsTestOtherA-1941001208-project-member] Using url versioning {{(pid=102071) process_request /opt/stack/glance/glance/api/middleware/version_negotiation.py:57}}
Jun 17 11:49:49.892905 np0000003041 devstack@g-api.service[102071]: DEBUG glance.api.middleware.version_negotiation [None req-7d749743-4fe7-4f78-ad98-d4d1d9194f06 tempest-ServerActionsTestOtherA-1941001208 tempest-ServerActionsTestOtherA-1941001208-project-member] Matched version: v2 {{(pid=102071) process_request /opt/stack/glance/glance/api/middleware/version_negotiation.py:69}}
Jun 17 11:49:49.892905 np0000003041 devstack@g-api.service[102071]: DEBUG glance.api.middleware.version_negotiation [None req-7d749743-4fe7-4f78-ad98-d4d1d9194f06 tempest-ServerActionsTestOtherA-1941001208 tempest-ServerActionsTestOtherA-1941001208-project-member] new path /v2/images/3e9cb4f4-8f15-471f-9e68-89e1b089c09e {{(pid=102071) process_request /opt/stack/glance/glance/api/middleware/version_negotiation.py:70}}
Jun 17 11:49:49.959514 np0000003041 devstack@g-api.service[102071]: DEBUG glance_store.backend [None req-2cfaba36-a66d-4253-af8c-0958c832d8d4 tempest-ServerBootFromVolumeStableRescueTest-562905006 tempest-ServerBootFromVolumeStableRescueTest-562905006-project-member] Attempting to import store swift {{(pid=102071) _load_store /opt/stack/data/venv/lib/python3.12/site-packages/glance_store/backend.py:215}}
