Jul 09 16:22:03.875817 np0000004919 nova-scheduler[93161]: DEBUG cotyledon.oslo_config_glue [-] oslo_messaging_notifications.topics = ['notifications'] {{(pid=93161) log_opt_values /opt/stack/data/venv/lib/python3.12/site-packages/oslo_config/cfg.py:3253}}
Jul 09 16:22:03.875817 np0000004919 nova-scheduler[93161]: DEBUG cotyledon.oslo_config_glue [-] oslo_messaging_notifications.transport_url = **** {{(pid=93161) log_opt_values /opt/stack/data/venv/lib/python3.12/site-packages/oslo_config/cfg.py:3253}}
Jul 09 16:22:03.875817 np0000004919 nova-scheduler[93161]: DEBUG cotyledon.oslo_config_glue [-] oslo_limit.auth_section = None {{(pid=93161) log_opt_values /opt/stack/data/venv/lib/python3.12/site-packages/oslo_config/cfg.py:3253}}
Jul 09 16:22:03.875817 np0000004919 nova-scheduler[93161]: DEBUG cotyledon.oslo_config_glue [-] oslo_limit.auth_type = None {{(pid=93161) log_opt_values /opt/stack/data/venv/lib/python3.12/site-packages/oslo_config/cfg.py:3253}}
Jul 09 16:22:03.875817 np0000004919 nova-scheduler[93161]: DEBUG cotyledon.oslo_config_glue [-] oslo_limit.cafile = None {{(pid=93161) log_opt_values /opt/stack/data/venv/lib/python3.12/site-packages/oslo_config/cfg.py:3253}}
Jul 09 16:22:03.876177 np0000004919 nova-scheduler[93161]: DEBUG cotyledon.oslo_config_glue [-] oslo_limit.certfile = None {{(pid=93161) log_opt_values /opt/stack/data/venv/lib/python3.12/site-packages/oslo_config/cfg.py:3253}}
Jul 09 16:22:03.876177 np0000004919 nova-scheduler[93161]: DEBUG cotyledon.oslo_config_glue [-] oslo_limit.collect_timing = False {{(pid=93161) log_opt_values /opt/stack/data/venv/lib/python3.12/site-packages/oslo_config/cfg.py:3253}}
Jul 09 16:22:03.876177 np0000004919 nova-scheduler[93161]: DEBUG cotyledon.oslo_config_glue [-] oslo_limit.connect_retries = None {{(pid=93161) log_opt_values /opt/stack/data/venv/lib/python3.12/site-packages/oslo_config/cfg.py:3253}}
Jul 09 16:22:03.876177 np0000004919 nova-scheduler[93161]: DEBUG cotyledon.oslo_config_glue [-] oslo_limit.connect_retry_delay = None {{(pid=93161) log_opt_values /opt/stack/data/venv/lib/python3.12/site-packages/oslo_config/cfg.py:3253}}
Jul 09 16:22:03.876177 np0000004919 nova-scheduler[93161]: DEBUG cotyledon.oslo_config_glue [-] oslo_limit.endpoint_id = None {{(pid=93161) log_opt_values /opt/stack/data/venv/lib/python3.12/site-packages/oslo_config/cfg.py:3253}}
Jul 09 16:22:03.876177 np0000004919 nova-scheduler[93161]: DEBUG cotyledon.oslo_config_glue [-] oslo_limit.endpoint_interface = public {{(pid=93161) log_opt_values /opt/stack/data/venv/lib/python3.12/site-packages/oslo_config/cfg.py:3253}}
Jul 09 16:22:03.876177 np0000004919 nova-scheduler[93161]: DEBUG cotyledon.oslo_config_glue [-] oslo_limit.endpoint_override = None {{(pid=93161) log_opt_values /opt/stack/data/venv/lib/python3.12/site-packages/oslo_config/cfg.py:3253}}
Jul 09 16:22:03.876177 np0000004919 nova-scheduler[93161]: DEBUG cotyledon.oslo_config_glue [-] oslo_limit.endpoint_region_name = None {{(pid=93161) log_opt_values /opt/stack/data/venv/lib/python3.12/site-packages/oslo_config/cfg.py:3253}}
Jul 09 16:22:03.876177 np0000004919 nova-scheduler[93161]: DEBUG cotyledon.oslo_config_glue [-] oslo_limit.endpoint_service_name = None {{(pid=93161) log_opt_values /opt/stack/data/venv/lib/python3.12/site-packages/oslo_config/cfg.py:3253}}
Jul 09 16:22:03.876469 np0000004919 nova-scheduler[93161]: DEBUG cotyledon.oslo_config_glue [-] oslo_limit.endpoint_service_type = None {{(pid=93161) log_opt_values /opt/stack/data/venv/lib/python3.12/site-packages/oslo_config/cfg.py:3253}}
Jul 09 16:22:03.876469 np0000004919 nova-scheduler[93161]: DEBUG cotyledon.oslo_config_glue [-] oslo_limit.insecure = False {{(pid=93161) log_opt_values /opt/stack/data/venv/lib/python3.12/site-packages/oslo_config/cfg.py:3253}}
Jul 09 16:22:03.876469 np0000004919 nova-scheduler[93161]: DEBUG cotyledon.oslo_config_glue [-] oslo_limit.keyfile = None {{(pid=93161) log_opt_values /opt/stack/data/venv/lib/python3.12/site-packages/oslo_config/cfg.py:3253}}
Jul 09 16:22:03.876469 np0000004919 nova-scheduler[93161]: DEBUG cotyledon.oslo_config_glue [-] oslo_limit.max_version = None {{(pid=93161) log_opt_values /opt/stack/data/venv/lib/python3.12/site-packages/oslo_config/cfg.py:3253}}
Jul 09 16:22:03.876469 np0000004919 nova-scheduler[93161]: DEBUG cotyledon.oslo_config_glue [-] oslo_limit.min_version = None {{(pid=93161) log_opt_values /opt/stack/data/venv/lib/python3.12/site-packages/oslo_config/cfg.py:3253}}
Jul 09 16:22:03.876469 np0000004919 nova-scheduler[93161]: DEBUG cotyledon.oslo_config_glue [-] oslo_limit.region_name = None {{(pid=93161) log_opt_values /opt/stack/data/venv/lib/python3.12/site-packages/oslo_config/cfg.py:3253}}
Jul 09 16:22:03.876469 np0000004919 nova-scheduler[93161]: DEBUG cotyledon.oslo_config_glue [-] oslo_limit.retriable_status_codes = None {{(pid=93161) log_opt_values /opt/stack/data/venv/lib/python3.12/site-packages/oslo_config/cfg.py:3253}}
Jul 09 16:22:03.876469 np0000004919 nova-scheduler[93161]: DEBUG cotyledon.oslo_config_glue [-] oslo_limit.service_name = None {{(pid=93161) log_opt_values /opt/stack/data/venv/lib/python3.12/site-packages/oslo_config/cfg.py:3253}}
Jul 09 16:22:03.876469 np0000004919 nova-scheduler[93161]: DEBUG cotyledon.oslo_config_glue [-] oslo_limit.service_type = None {{(pid=93161) log_opt_values /opt/stack/data/venv/lib/python3.12/site-packages/oslo_config/cfg.py:3253}}
Jul 09 16:22:03.876779 np0000004919 nova-scheduler[93161]: DEBUG cotyledon.oslo_config_glue [-] oslo_limit.split_loggers = False {{(pid=93161) log_opt_values /opt/stack/data/venv/lib/python3.12/site-packages/oslo_config/cfg.py:3253}}
Jul 09 16:22:03.876779 np0000004919 nova-scheduler[93161]: DEBUG cotyledon.oslo_config_glue [-] oslo_limit.status_code_retries = None {{(pid=93161) log_opt_values /opt/stack/data/venv/lib/python3.12/site-packages/oslo_config/cfg.py:3253}}
Jul 09 16:22:03.876779 np0000004919 nova-scheduler[93161]: DEBUG cotyledon.oslo_config_glue [-] oslo_limit.status_code_retry_delay = None {{(pid=93161) log_opt_values /opt/stack/data/venv/lib/python3.12/site-packages/oslo_config/cfg.py:3253}}
Jul 09 16:22:03.876779 np0000004919 nova-scheduler[93161]: DEBUG cotyledon.oslo_config_glue [-] oslo_limit.timeout = None {{(pid=93161) log_opt_values /opt/stack/data/venv/lib/python3.12/site-packages/oslo_config/cfg.py:3253}}
Jul 09 16:22:03.876779 np0000004919 nova-scheduler[93161]: DEBUG cotyledon.oslo_config_glue [-] oslo_limit.valid_interfaces = None {{(pid=93161) log_opt_values /opt/stack/data/venv/lib/python3.12/site-packages/oslo_config/cfg.py:3253}}
Jul 09 16:22:03.876779 np0000004919 nova-scheduler[93161]: DEBUG cotyledon.oslo_config_glue [-] oslo_limit.version = None {{(pid=93161) log_opt_values /opt/stack/data/venv/lib/python3.12/site-packages/oslo_config/cfg.py:3253}}
Jul 09 16:22:03.876779 np0000004919 nova-scheduler[93161]: DEBUG cotyledon.oslo_config_glue [-] oslo_reports.file_event_handler = None {{(pid=93161) log_opt_values /opt/stack/data/venv/lib/python3.12/site-packages/oslo_config/cfg.py:3253}}
Jul 09 16:22:03.876779 np0000004919 nova-scheduler[93161]: DEBUG cotyledon.oslo_config_glue [-] oslo_reports.file_event_handler_interval = 1 {{(pid=93161) log_opt_values /opt/stack/data/venv/lib/python3.12/site-packages/oslo_config/cfg.py:3253}}
Jul 09 16:22:03.876779 np0000004919 nova-scheduler[93161]: DEBUG cotyledon.oslo_config_glue [-] oslo_reports.log_dir = None {{(pid=93161) log_opt_values /opt/stack/data/venv/lib/python3.12/site-packages/oslo_config/cfg.py:3253}}
Jul 09 16:22:03.877056 np0000004919 nova-scheduler[93161]: DEBUG cotyledon.oslo_config_glue [-] ******************************************************************************** {{(pid=93161) log_opt_values /opt/stack/data/venv/lib/python3.12/site-packages/oslo_config/cfg.py:3260}}
Jul 09 16:22:03.877056 np0000004919 nova-scheduler[93161]: DEBUG cotyledon._service_worker [-] Run service ServiceWrapper(2) [93161] {{(pid=93161) wait_forever /opt/stack/data/venv/lib/python3.12/site-packages/cotyledon/_service_worker.py:218}}
Jul 09 16:22:03.877056 np0000004919 nova-scheduler[93161]: INFO nova.service [-] Starting scheduler node (version 33.1.0)
Jul 09 16:22:03.877056 np0000004919 nova-scheduler[93161]: INFO dbcounter [None req-a0726c7a-b72f-4e55-97ad-ce80e24b72b1 None None] Registered counter for database nova_cell0
Jul 09 16:22:03.877185 np0000004919 nova-scheduler[93159]: DEBUG oslo_db.sqlalchemy.engines [None req-21bd27d8-ead6-477a-a468-a37c0acf365e None None] MySQL server mode set to STRICT_TRANS_TABLES,STRICT_ALL_TABLES,NO_ZERO_IN_DATE,NO_ZERO_DATE,ERROR_FOR_DIVISION_BY_ZERO,TRADITIONAL,NO_ENGINE_SUBSTITUTION {{(pid=93159) _check_effective_sql_mode /opt/stack/data/venv/lib/python3.12/site-packages/oslo_db/sqlalchemy/engines.py:325}}
Jul 09 16:22:03.877660 np0000004919 nova-scheduler[93153]: DEBUG oslo_db.sqlalchemy.engines [None req-5adaab8c-1d3b-4cfd-8c06-364ea8b065ea None None] MySQL server mode set to STRICT_TRANS_TABLES,STRICT_ALL_TABLES,NO_ZERO_IN_DATE,NO_ZERO_DATE,ERROR_FOR_DIVISION_BY_ZERO,TRADITIONAL,NO_ENGINE_SUBSTITUTION {{(pid=93153) _check_effective_sql_mode /opt/stack/data/venv/lib/python3.12/site-packages/oslo_db/sqlalchemy/engines.py:325}}
Jul 09 16:22:03.884153 np0000004919 nova-scheduler[93159]: DEBUG dbcounter [-] [93159] Writer thread running {{(pid=93159) stat_writer /opt/stack/data/venv/lib/python3.12/site-packages/dbcounter.py:102}}
Jul 09 16:22:03.889393 np0000004919 nova-scheduler[93153]: DEBUG dbcounter [-] [93153] Writer thread running {{(pid=93153) stat_writer /opt/stack/data/venv/lib/python3.12/site-packages/dbcounter.py:102}}
Jul 09 16:22:03.900064 np0000004919 nova-scheduler[93161]: DEBUG oslo_db.sqlalchemy.engines [None req-a0726c7a-b72f-4e55-97ad-ce80e24b72b1 None None] MySQL server mode set to STRICT_TRANS_TABLES,STRICT_ALL_TABLES,NO_ZERO_IN_DATE,NO_ZERO_DATE,ERROR_FOR_DIVISION_BY_ZERO,TRADITIONAL,NO_ENGINE_SUBSTITUTION {{(pid=93161) _check_effective_sql_mode /opt/stack/data/venv/lib/python3.12/site-packages/oslo_db/sqlalchemy/engines.py:325}}
Jul 09 16:22:03.901232 np0000004919 nova-scheduler[93159]: DEBUG nova.service [None req-21bd27d8-ead6-477a-a468-a37c0acf365e None None] Creating RPC server for service: nova-scheduler on topic: scheduler {{(pid=93159) start /opt/stack/nova/nova/service.py:196}}
Jul 09 16:22:03.905978 np0000004919 nova-scheduler[93153]: DEBUG nova.service [None req-5adaab8c-1d3b-4cfd-8c06-364ea8b065ea None None] Creating RPC server for service: nova-scheduler on topic: scheduler {{(pid=93153) start /opt/stack/nova/nova/service.py:196}}
Jul 09 16:22:03.909755 np0000004919 nova-scheduler[93161]: DEBUG dbcounter [-] [93161] Writer thread running {{(pid=93161) stat_writer /opt/stack/data/venv/lib/python3.12/site-packages/dbcounter.py:102}}
Jul 09 16:22:03.912625 np0000004919 nova-scheduler[93161]: DEBUG nova.service [None req-a0726c7a-b72f-4e55-97ad-ce80e24b72b1 None None] Creating RPC server for service: nova-scheduler on topic: scheduler {{(pid=93161) start /opt/stack/nova/nova/service.py:196}}
Jul 09 16:22:03.925110 np0000004919 nova-scheduler[93159]: DEBUG nova.service [None req-21bd27d8-ead6-477a-a468-a37c0acf365e None None] Join ServiceGroup membership for this service scheduler {{(pid=93159) start /opt/stack/nova/nova/service.py:222}}
Jul 09 16:22:03.925289 np0000004919 nova-scheduler[93159]: DEBUG nova.servicegroup.drivers.db [None req-21bd27d8-ead6-477a-a468-a37c0acf365e None None] DB_Driver: join new ServiceGroup member np0000004919 to the scheduler group, service = {{(pid=93159) join /opt/stack/nova/nova/servicegroup/drivers/db.py:44}}
Jul 09 16:22:03.932069 np0000004919 nova-scheduler[93161]: DEBUG nova.service [None req-a0726c7a-b72f-4e55-97ad-ce80e24b72b1 None None] Join ServiceGroup membership for this service scheduler {{(pid=93161) start /opt/stack/nova/nova/service.py:222}}
Jul 09 16:22:03.932333 np0000004919 nova-scheduler[93161]: DEBUG nova.servicegroup.drivers.db [None req-a0726c7a-b72f-4e55-97ad-ce80e24b72b1 None None] DB_Driver: join new ServiceGroup member np0000004919 to the scheduler group, service = {{(pid=93161) join /opt/stack/nova/nova/servicegroup/drivers/db.py:44}}
Jul 09 16:22:03.933162 np0000004919 nova-scheduler[93153]: DEBUG nova.service [None req-5adaab8c-1d3b-4cfd-8c06-364ea8b065ea None None] Join ServiceGroup membership for this service scheduler {{(pid=93153) start /opt/stack/nova/nova/service.py:222}}
Jul 09 16:22:03.933372 np0000004919 nova-scheduler[93153]: DEBUG nova.servicegroup.drivers.db [None req-5adaab8c-1d3b-4cfd-8c06-364ea8b065ea None None] DB_Driver: join new ServiceGroup member np0000004919 to the scheduler group, service = {{(pid=93153) join /opt/stack/nova/nova/servicegroup/drivers/db.py:44}}
Jul 09 16:22:08.941904 np0000004919 nova-scheduler[93159]: DEBUG oslo.service.backend._threading.loopingcall [-] Fixed interval looping call 'nova.servicegroup.drivers.db.DbDriver._report_state' sleeping for 119.99 seconds {{(pid=93159) _run_loop /opt/stack/data/venv/lib/python3.12/site-packages/oslo_service/backend/_threading/loopingcall.py:125}}
Jul 09 16:22:08.945303 np0000004919 nova-scheduler[93161]: DEBUG oslo.service.backend._threading.loopingcall [-] Fixed interval looping call 'nova.servicegroup.drivers.db.DbDriver._report_state' sleeping for 119.99 seconds {{(pid=93161) _run_loop /opt/stack/data/venv/lib/python3.12/site-packages/oslo_service/backend/_threading/loopingcall.py:125}}
Jul 09 16:22:08.945807 np0000004919 nova-scheduler[93153]: DEBUG oslo.service.backend._threading.loopingcall [-] Fixed interval looping call 'nova.servicegroup.drivers.db.DbDriver._report_state' sleeping for 119.99 seconds {{(pid=93153) _run_loop /opt/stack/data/venv/lib/python3.12/site-packages/oslo_service/backend/_threading/loopingcall.py:125}}
Jul 09 16:22:12.493210 np0000004919 nova-scheduler[91951]: DEBUG dbcounter [-] [91951] Writing DB stats nova_api:SELECT=3 {{(pid=91951) stat_writer /opt/stack/data/venv/lib/python3.12/site-packages/dbcounter.py:115}}
Jul 09 16:22:12.636934 np0000004919 nova-scheduler[91951]: DEBUG dbcounter [-] [91951] Writing DB stats nova_cell0:SELECT=1 {{(pid=91951) stat_writer /opt/stack/data/venv/lib/python3.12/site-packages/dbcounter.py:115}}
Jul 09 16:22:12.642101 np0000004919 nova-scheduler[91951]: DEBUG dbcounter [-] [91951] Writing DB stats nova_cell1:SELECT=1 {{(pid=91951) stat_writer /opt/stack/data/venv/lib/python3.12/site-packages/dbcounter.py:115}}
Jul 09 16:22:17.934303 np0000004919 nova-scheduler[93161]: DEBUG oslo.service.backend._threading.loopingcall [None req-b3f55c7c-fb7d-43ee-be10-9bbf733103d5 None None] Dynamic interval looping call 'nova.service.Service.periodic_tasks' sleeping for 60.00 seconds {{(pid=93161) _run_loop /opt/stack/data/venv/lib/python3.12/site-packages/oslo_service/backend/_threading/loopingcall.py:125}}
Jul 09 16:22:18.936414 np0000004919 nova-scheduler[93159]: DEBUG dbcounter [-] [93159] Writing DB stats nova_cell0:SELECT=4,nova_cell0:INSERT=1,nova_cell0:UPDATE=1 {{(pid=93159) stat_writer /opt/stack/data/venv/lib/python3.12/site-packages/dbcounter.py:115}}
Jul 09 16:22:18.941233 np0000004919 nova-scheduler[93161]: DEBUG dbcounter [-] [93161] Writing DB stats nova_cell0:SELECT=3 {{(pid=93161) stat_writer /opt/stack/data/venv/lib/python3.12/site-packages/dbcounter.py:115}}
Jul 09 16:22:18.943880 np0000004919 nova-scheduler[93153]: DEBUG dbcounter [-] [93153] Writing DB stats nova_cell0:SELECT=5,nova_cell0:INSERT=1,nova_cell0:UPDATE=1 {{(pid=93153) stat_writer /opt/stack/data/venv/lib/python3.12/site-packages/dbcounter.py:115}}
Jul 09 16:22:32.928132 np0000004919 nova-scheduler[93159]: DEBUG oslo.service.backend._threading.loopingcall [None req-1bda6814-f031-4361-92c2-5c4399743c99 None None] Dynamic interval looping call 'nova.service.Service.periodic_tasks' sleeping for 60.00 seconds {{(pid=93159) _run_loop /opt/stack/data/venv/lib/python3.12/site-packages/oslo_service/backend/_threading/loopingcall.py:125}}
Jul 09 16:23:01.935631 np0000004919 nova-scheduler[93153]: DEBUG oslo.service.backend._threading.loopingcall [None req-7b3ca739-4655-4f1d-af1d-76a2da30619c None None] Dynamic interval looping call 'nova.service.Service.periodic_tasks' sleeping for 60.00 seconds {{(pid=93153) _run_loop /opt/stack/data/venv/lib/python3.12/site-packages/oslo_service/backend/_threading/loopingcall.py:125}}
Jul 09 16:23:17.934808 np0000004919 nova-scheduler[93161]: DEBUG oslo.service.backend._threading.loopingcall [None req-b3f55c7c-fb7d-43ee-be10-9bbf733103d5 None None] Dynamic interval looping call 'nova.service.Service.periodic_tasks' sleeping for 60.00 seconds {{(pid=93161) _run_loop /opt/stack/data/venv/lib/python3.12/site-packages/oslo_service/backend/_threading/loopingcall.py:125}}
Jul 09 16:23:32.928712 np0000004919 nova-scheduler[93159]: DEBUG oslo.service.backend._threading.loopingcall [None req-1bda6814-f031-4361-92c2-5c4399743c99 None None] Dynamic interval looping call 'nova.service.Service.periodic_tasks' sleeping for 60.00 seconds {{(pid=93159) _run_loop /opt/stack/data/venv/lib/python3.12/site-packages/oslo_service/backend/_threading/loopingcall.py:125}}
Jul 09 16:24:01.936564 np0000004919 nova-scheduler[93153]: DEBUG oslo.service.backend._threading.loopingcall [None req-7b3ca739-4655-4f1d-af1d-76a2da30619c None None] Dynamic interval looping call 'nova.service.Service.periodic_tasks' sleeping for 60.00 seconds {{(pid=93153) _run_loop /opt/stack/data/venv/lib/python3.12/site-packages/oslo_service/backend/_threading/loopingcall.py:125}}
Jul 09 16:24:08.937929 np0000004919 nova-scheduler[93159]: DEBUG oslo.service.backend._threading.loopingcall [-] Fixed interval looping call 'nova.servicegroup.drivers.db.DbDriver._report_state' sleeping for 119.99 seconds {{(pid=93159) _run_loop /opt/stack/data/venv/lib/python3.12/site-packages/oslo_service/backend/_threading/loopingcall.py:125}}
Jul 09 16:24:08.938835 np0000004919 nova-scheduler[93153]: DEBUG oslo.service.backend._threading.loopingcall [-] Fixed interval looping call 'nova.servicegroup.drivers.db.DbDriver._report_state' sleeping for 120.00 seconds {{(pid=93153) _run_loop /opt/stack/data/venv/lib/python3.12/site-packages/oslo_service/backend/_threading/loopingcall.py:125}}
Jul 09 16:24:08.940757 np0000004919 nova-scheduler[93161]: DEBUG oslo.service.backend._threading.loopingcall [-] Fixed interval looping call 'nova.servicegroup.drivers.db.DbDriver._report_state' sleeping for 119.99 seconds {{(pid=93161) _run_loop /opt/stack/data/venv/lib/python3.12/site-packages/oslo_service/backend/_threading/loopingcall.py:125}}
Jul 09 16:24:17.935296 np0000004919 nova-scheduler[93161]: DEBUG oslo.service.backend._threading.loopingcall [None req-b3f55c7c-fb7d-43ee-be10-9bbf733103d5 None None] Dynamic interval looping call 'nova.service.Service.periodic_tasks' sleeping for 60.00 seconds {{(pid=93161) _run_loop /opt/stack/data/venv/lib/python3.12/site-packages/oslo_service/backend/_threading/loopingcall.py:125}}
Jul 09 16:24:18.935065 np0000004919 nova-scheduler[93159]: DEBUG dbcounter [-] [93159] Writing DB stats nova_cell0:SELECT=1,nova_cell0:UPDATE=1 {{(pid=93159) stat_writer /opt/stack/data/venv/lib/python3.12/site-packages/dbcounter.py:115}}
Jul 09 16:24:18.937755 np0000004919 nova-scheduler[93153]: DEBUG dbcounter [-] [93153] Writing DB stats nova_cell0:SELECT=1 {{(pid=93153) stat_writer /opt/stack/data/venv/lib/python3.12/site-packages/dbcounter.py:115}}
Jul 09 16:24:18.939892 np0000004919 nova-scheduler[93161]: DEBUG dbcounter [-] [93161] Writing DB stats nova_cell0:SELECT=1,nova_cell0:UPDATE=1 {{(pid=93161) stat_writer /opt/stack/data/venv/lib/python3.12/site-packages/dbcounter.py:115}}
Jul 09 16:24:32.929193 np0000004919 nova-scheduler[93159]: DEBUG oslo.service.backend._threading.loopingcall [None req-1bda6814-f031-4361-92c2-5c4399743c99 None None] Dynamic interval looping call 'nova.service.Service.periodic_tasks' sleeping for 60.00 seconds {{(pid=93159) _run_loop /opt/stack/data/venv/lib/python3.12/site-packages/oslo_service/backend/_threading/loopingcall.py:125}}
Jul 09 16:25:01.937190 np0000004919 nova-scheduler[93153]: DEBUG oslo.service.backend._threading.loopingcall [None req-7b3ca739-4655-4f1d-af1d-76a2da30619c None None] Dynamic interval looping call 'nova.service.Service.periodic_tasks' sleeping for 60.00 seconds {{(pid=93153) _run_loop /opt/stack/data/venv/lib/python3.12/site-packages/oslo_service/backend/_threading/loopingcall.py:125}}
Jul 09 16:25:17.935784 np0000004919 nova-scheduler[93161]: DEBUG oslo.service.backend._threading.loopingcall [None req-b3f55c7c-fb7d-43ee-be10-9bbf733103d5 None None] Dynamic interval looping call 'nova.service.Service.periodic_tasks' sleeping for 60.00 seconds {{(pid=93161) _run_loop /opt/stack/data/venv/lib/python3.12/site-packages/oslo_service/backend/_threading/loopingcall.py:125}}
Jul 09 16:25:32.929800 np0000004919 nova-scheduler[93159]: DEBUG oslo.service.backend._threading.loopingcall [None req-1bda6814-f031-4361-92c2-5c4399743c99 None None] Dynamic interval looping call 'nova.service.Service.periodic_tasks' sleeping for 60.00 seconds {{(pid=93159) _run_loop /opt/stack/data/venv/lib/python3.12/site-packages/oslo_service/backend/_threading/loopingcall.py:125}}
Jul 09 16:26:01.937724 np0000004919 nova-scheduler[93153]: DEBUG oslo.service.backend._threading.loopingcall [None req-7b3ca739-4655-4f1d-af1d-76a2da30619c None None] Dynamic interval looping call 'nova.service.Service.periodic_tasks' sleeping for 60.00 seconds {{(pid=93153) _run_loop /opt/stack/data/venv/lib/python3.12/site-packages/oslo_service/backend/_threading/loopingcall.py:125}}
Jul 09 16:26:08.933861 np0000004919 nova-scheduler[93159]: DEBUG oslo.service.backend._threading.loopingcall [-] Fixed interval looping call 'nova.servicegroup.drivers.db.DbDriver._report_state' sleeping for 119.99 seconds {{(pid=93159) _run_loop /opt/stack/data/venv/lib/python3.12/site-packages/oslo_service/backend/_threading/loopingcall.py:125}}
Jul 09 16:26:08.934940 np0000004919 nova-scheduler[93161]: DEBUG oslo.service.backend._threading.loopingcall [-] Fixed interval looping call 'nova.servicegroup.drivers.db.DbDriver._report_state' sleeping for 120.00 seconds {{(pid=93161) _run_loop /opt/stack/data/venv/lib/python3.12/site-packages/oslo_service/backend/_threading/loopingcall.py:125}}
Jul 09 16:26:08.942038 np0000004919 nova-scheduler[93153]: DEBUG oslo.service.backend._threading.loopingcall [-] Fixed interval looping call 'nova.servicegroup.drivers.db.DbDriver._report_state' sleeping for 120.00 seconds {{(pid=93153) _run_loop /opt/stack/data/venv/lib/python3.12/site-packages/oslo_service/backend/_threading/loopingcall.py:125}}
Jul 09 16:26:17.936264 np0000004919 nova-scheduler[93161]: DEBUG oslo.service.backend._threading.loopingcall [None req-b3f55c7c-fb7d-43ee-be10-9bbf733103d5 None None] Dynamic interval looping call 'nova.service.Service.periodic_tasks' sleeping for 60.00 seconds {{(pid=93161) _run_loop /opt/stack/data/venv/lib/python3.12/site-packages/oslo_service/backend/_threading/loopingcall.py:125}}
Jul 09 16:26:18.930916 np0000004919 nova-scheduler[93159]: DEBUG dbcounter [-] [93159] Writing DB stats nova_cell0:SELECT=1,nova_cell0:UPDATE=1 {{(pid=93159) stat_writer /opt/stack/data/venv/lib/python3.12/site-packages/dbcounter.py:115}}
Jul 09 16:26:18.934085 np0000004919 nova-scheduler[93161]: DEBUG dbcounter [-] [93161] Writing DB stats nova_cell0:SELECT=1,nova_cell0:UPDATE=1 {{(pid=93161) stat_writer /opt/stack/data/venv/lib/python3.12/site-packages/dbcounter.py:115}}
Jul 09 16:26:18.940484 np0000004919 nova-scheduler[93153]: DEBUG dbcounter [-] [93153] Writing DB stats nova_cell0:SELECT=1 {{(pid=93153) stat_writer /opt/stack/data/venv/lib/python3.12/site-packages/dbcounter.py:115}}
Jul 09 16:26:32.930232 np0000004919 nova-scheduler[93159]: DEBUG oslo.service.backend._threading.loopingcall [None req-1bda6814-f031-4361-92c2-5c4399743c99 None None] Dynamic interval looping call 'nova.service.Service.periodic_tasks' sleeping for 60.00 seconds {{(pid=93159) _run_loop /opt/stack/data/venv/lib/python3.12/site-packages/oslo_service/backend/_threading/loopingcall.py:125}}
Jul 09 16:27:01.938192 np0000004919 nova-scheduler[93153]: DEBUG oslo.service.backend._threading.loopingcall [None req-7b3ca739-4655-4f1d-af1d-76a2da30619c None None] Dynamic interval looping call 'nova.service.Service.periodic_tasks' sleeping for 60.00 seconds {{(pid=93153) _run_loop /opt/stack/data/venv/lib/python3.12/site-packages/oslo_service/backend/_threading/loopingcall.py:125}}
Jul 09 16:27:17.937035 np0000004919 nova-scheduler[93161]: DEBUG oslo.service.backend._threading.loopingcall [None req-b3f55c7c-fb7d-43ee-be10-9bbf733103d5 None None] Dynamic interval looping call 'nova.service.Service.periodic_tasks' sleeping for 60.00 seconds {{(pid=93161) _run_loop /opt/stack/data/venv/lib/python3.12/site-packages/oslo_service/backend/_threading/loopingcall.py:125}}
Jul 09 16:27:32.930760 np0000004919 nova-scheduler[93159]: DEBUG oslo.service.backend._threading.loopingcall [None req-1bda6814-f031-4361-92c2-5c4399743c99 None None] Dynamic interval looping call 'nova.service.Service.periodic_tasks' sleeping for 60.00 seconds {{(pid=93159) _run_loop /opt/stack/data/venv/lib/python3.12/site-packages/oslo_service/backend/_threading/loopingcall.py:125}}
Jul 09 16:28:01.938715 np0000004919 nova-scheduler[93153]: DEBUG oslo.service.backend._threading.loopingcall [None req-7b3ca739-4655-4f1d-af1d-76a2da30619c None None] Dynamic interval looping call 'nova.service.Service.periodic_tasks' sleeping for 60.00 seconds {{(pid=93153) _run_loop /opt/stack/data/venv/lib/python3.12/site-packages/oslo_service/backend/_threading/loopingcall.py:125}}
Jul 09 16:28:08.930473 np0000004919 nova-scheduler[93159]: DEBUG oslo.service.backend._threading.loopingcall [-] Fixed interval looping call 'nova.servicegroup.drivers.db.DbDriver._report_state' sleeping for 119.99 seconds {{(pid=93159) _run_loop /opt/stack/data/venv/lib/python3.12/site-packages/oslo_service/backend/_threading/loopingcall.py:125}}
Jul 09 16:28:08.938292 np0000004919 nova-scheduler[93161]: DEBUG oslo.service.backend._threading.loopingcall [-] Fixed interval looping call 'nova.servicegroup.drivers.db.DbDriver._report_state' sleeping for 120.00 seconds {{(pid=93161) _run_loop /opt/stack/data/venv/lib/python3.12/site-packages/oslo_service/backend/_threading/loopingcall.py:125}}
Jul 09 16:28:08.945906 np0000004919 nova-scheduler[93153]: DEBUG oslo.service.backend._threading.loopingcall [-] Fixed interval looping call 'nova.servicegroup.drivers.db.DbDriver._report_state' sleeping for 120.00 seconds {{(pid=93153) _run_loop /opt/stack/data/venv/lib/python3.12/site-packages/oslo_service/backend/_threading/loopingcall.py:125}}
Jul 09 16:28:17.937462 np0000004919 nova-scheduler[93161]: DEBUG oslo.service.backend._threading.loopingcall [None req-b3f55c7c-fb7d-43ee-be10-9bbf733103d5 None None] Dynamic interval looping call 'nova.service.Service.periodic_tasks' sleeping for 60.00 seconds {{(pid=93161) _run_loop /opt/stack/data/venv/lib/python3.12/site-packages/oslo_service/backend/_threading/loopingcall.py:125}}
Jul 09 16:28:18.927475 np0000004919 nova-scheduler[93159]: DEBUG dbcounter [-] [93159] Writing DB stats nova_cell0:SELECT=1,nova_cell0:UPDATE=1 {{(pid=93159) stat_writer /opt/stack/data/venv/lib/python3.12/site-packages/dbcounter.py:115}}
Jul 09 16:28:18.936831 np0000004919 nova-scheduler[93161]: DEBUG dbcounter [-] [93161] Writing DB stats nova_cell0:SELECT=1 {{(pid=93161) stat_writer /opt/stack/data/venv/lib/python3.12/site-packages/dbcounter.py:115}}
Jul 09 16:28:18.944546 np0000004919 nova-scheduler[93153]: DEBUG dbcounter [-] [93153] Writing DB stats nova_cell0:SELECT=1 {{(pid=93153) stat_writer /opt/stack/data/venv/lib/python3.12/site-packages/dbcounter.py:115}}
Jul 09 16:28:32.931234 np0000004919 nova-scheduler[93159]: DEBUG oslo.service.backend._threading.loopingcall [None req-1bda6814-f031-4361-92c2-5c4399743c99 None None] Dynamic interval looping call 'nova.service.Service.periodic_tasks' sleeping for 60.00 seconds {{(pid=93159) _run_loop /opt/stack/data/venv/lib/python3.12/site-packages/oslo_service/backend/_threading/loopingcall.py:125}}
Jul 09 16:29:01.939147 np0000004919 nova-scheduler[93153]: DEBUG oslo.service.backend._threading.loopingcall [None req-7b3ca739-4655-4f1d-af1d-76a2da30619c None None] Dynamic interval looping call 'nova.service.Service.periodic_tasks' sleeping for 60.00 seconds {{(pid=93153) _run_loop /opt/stack/data/venv/lib/python3.12/site-packages/oslo_service/backend/_threading/loopingcall.py:125}}
Jul 09 16:29:17.937970 np0000004919 nova-scheduler[93161]: DEBUG oslo.service.backend._threading.loopingcall [None req-b3f55c7c-fb7d-43ee-be10-9bbf733103d5 None None] Dynamic interval looping call 'nova.service.Service.periodic_tasks' sleeping for 60.00 seconds {{(pid=93161) _run_loop /opt/stack/data/venv/lib/python3.12/site-packages/oslo_service/backend/_threading/loopingcall.py:125}}
Jul 09 16:29:32.932256 np0000004919 nova-scheduler[93159]: DEBUG oslo.service.backend._threading.loopingcall [None req-1bda6814-f031-4361-92c2-5c4399743c99 None None] Dynamic interval looping call 'nova.service.Service.periodic_tasks' sleeping for 60.00 seconds {{(pid=93159) _run_loop /opt/stack/data/venv/lib/python3.12/site-packages/oslo_service/backend/_threading/loopingcall.py:125}}
Jul 09 16:29:57.550509 np0000004919 nova-scheduler[93159]: DEBUG nova.scheduler.manager [None req-0b1103a1-d030-43ee-b6e4-4b40183ee6f5 tempest-ServerActionsTestOtherA-348227378 tempest-ServerActionsTestOtherA-348227378-project-member] Starting to schedule for instances: ['0ad0b163-ec6e-46c5-aa51-73a6c66188a2'] {{(pid=93159) select_destinations /opt/stack/nova/nova/scheduler/manager.py:209}}
Jul 09 16:29:57.551209 np0000004919 nova-scheduler[93159]: DEBUG nova.scheduler.request_filter [None req-0b1103a1-d030-43ee-b6e4-4b40183ee6f5 tempest-ServerActionsTestOtherA-348227378 tempest-ServerActionsTestOtherA-348227378-project-member] compute_status_filter request filter added forbidden trait COMPUTE_STATUS_DISABLED {{(pid=93159) compute_status_filter /opt/stack/nova/nova/scheduler/request_filter.py:253}}
Jul 09 16:29:57.551325 np0000004919 nova-scheduler[93159]: DEBUG nova.scheduler.request_filter [None req-0b1103a1-d030-43ee-b6e4-4b40183ee6f5 tempest-ServerActionsTestOtherA-348227378 tempest-ServerActionsTestOtherA-348227378-project-member] Request filter 'compute_status_filter' took 0.0 seconds {{(pid=93159) wrapper /opt/stack/nova/nova/scheduler/request_filter.py:46}}
Jul 09 16:29:57.551596 np0000004919 nova-scheduler[93159]: DEBUG nova.scheduler.request_filter [None req-0b1103a1-d030-43ee-b6e4-4b40183ee6f5 tempest-ServerActionsTestOtherA-348227378 tempest-ServerActionsTestOtherA-348227378-project-member] Request filter 'accelerators_filter' took 0.0 seconds {{(pid=93159) wrapper /opt/stack/nova/nova/scheduler/request_filter.py:46}}
Jul 09 16:29:57.551813 np0000004919 nova-scheduler[93159]: DEBUG nova.scheduler.request_filter [None req-0b1103a1-d030-43ee-b6e4-4b40183ee6f5 tempest-ServerActionsTestOtherA-348227378 tempest-ServerActionsTestOtherA-348227378-project-member] Request filter 'packed_virtqueue_filter' took 0.0 seconds {{(pid=93159) wrapper /opt/stack/nova/nova/scheduler/request_filter.py:46}}
Jul 09 16:29:57.552073 np0000004919 nova-scheduler[93159]: DEBUG nova.scheduler.request_filter [None req-0b1103a1-d030-43ee-b6e4-4b40183ee6f5 tempest-ServerActionsTestOtherA-348227378 tempest-ServerActionsTestOtherA-348227378-project-member] Request filter 'remote_managed_ports_filter' took 0.0 seconds {{(pid=93159) wrapper /opt/stack/nova/nova/scheduler/request_filter.py:46}}
Jul 09 16:29:57.552224 np0000004919 nova-scheduler[93159]: DEBUG nova.scheduler.request_filter [None req-0b1103a1-d030-43ee-b6e4-4b40183ee6f5 tempest-ServerActionsTestOtherA-348227378 tempest-ServerActionsTestOtherA-348227378-project-member] ephemeral_encryption_filter skipped {{(pid=93159) ephemeral_encryption_filter /opt/stack/nova/nova/scheduler/request_filter.py:426}}
Jul 09 16:29:57.552349 np0000004919 nova-scheduler[93159]: DEBUG nova.scheduler.request_filter [None req-0b1103a1-d030-43ee-b6e4-4b40183ee6f5 tempest-ServerActionsTestOtherA-348227378 tempest-ServerActionsTestOtherA-348227378-project-member] virtio_sound_filter skipped {{(pid=93159) virtio_sound_filter /opt/stack/nova/nova/scheduler/request_filter.py:460}}
Jul 09 16:29:57.552496 np0000004919 nova-scheduler[93159]: DEBUG nova.scheduler.request_filter [None req-0b1103a1-d030-43ee-b6e4-4b40183ee6f5 tempest-ServerActionsTestOtherA-348227378 tempest-ServerActionsTestOtherA-348227378-project-member] tpm_secret_security_filter skipped {{(pid=93159) tpm_secret_security_filter /opt/stack/nova/nova/scheduler/request_filter.py:477}}
Jul 09 16:29:57.827357 np0000004919 nova-scheduler[93159]: INFO nova.utils [None req-0b1103a1-d030-43ee-b6e4-4b40183ee6f5 tempest-ServerActionsTestOtherA-348227378 tempest-ServerActionsTestOtherA-348227378-project-member] The cell worker thread pool ForkProcess-2.cell_worker is initialized
Jul 09 16:29:57.827769 np0000004919 nova-scheduler[93159]: DEBUG oslo_concurrency.lockutils [None req-0b1103a1-d030-43ee-b6e4-4b40183ee6f5 tempest-ServerActionsTestOtherA-348227378 tempest-ServerActionsTestOtherA-348227378-project-member] Acquiring lock "ca919e6c-550a-45e4-bb03-c40d875e1f5f" by "nova.context.set_target_cell..get_or_set_cached_cell_and_set_connections" {{(pid=93159) inner /opt/stack/data/venv/lib/python3.12/site-packages/oslo_concurrency/lockutils.py:511}}
Jul 09 16:29:57.827960 np0000004919 nova-scheduler[93159]: DEBUG oslo_concurrency.lockutils [None req-0b1103a1-d030-43ee-b6e4-4b40183ee6f5 tempest-ServerActionsTestOtherA-348227378 tempest-ServerActionsTestOtherA-348227378-project-member] Lock "ca919e6c-550a-45e4-bb03-c40d875e1f5f" acquired by "nova.context.set_target_cell..get_or_set_cached_cell_and_set_connections" :: waited 0.000s {{(pid=93159) inner /opt/stack/data/venv/lib/python3.12/site-packages/oslo_concurrency/lockutils.py:524}}
Jul 09 16:29:57.829224 np0000004919 nova-scheduler[93159]: DEBUG oslo_concurrency.lockutils [None req-0b1103a1-d030-43ee-b6e4-4b40183ee6f5 tempest-ServerActionsTestOtherA-348227378 tempest-ServerActionsTestOtherA-348227378-project-member] Lock "ca919e6c-550a-45e4-bb03-c40d875e1f5f" "released" by "nova.context.set_target_cell..get_or_set_cached_cell_and_set_connections" :: held 0.001s {{(pid=93159) inner /opt/stack/data/venv/lib/python3.12/site-packages/oslo_concurrency/lockutils.py:543}}
Jul 09 16:29:57.831267 np0000004919 nova-scheduler[93159]: INFO dbcounter [None req-0b1103a1-d030-43ee-b6e4-4b40183ee6f5 tempest-ServerActionsTestOtherA-348227378 tempest-ServerActionsTestOtherA-348227378-project-member] Registered counter for database nova_cell1
Jul 09 16:29:57.869658 np0000004919 nova-scheduler[93159]: DEBUG oslo_db.sqlalchemy.engines [None req-0b1103a1-d030-43ee-b6e4-4b40183ee6f5 tempest-ServerActionsTestOtherA-348227378 tempest-ServerActionsTestOtherA-348227378-project-member] MySQL server mode set to STRICT_TRANS_TABLES,STRICT_ALL_TABLES,NO_ZERO_IN_DATE,NO_ZERO_DATE,ERROR_FOR_DIVISION_BY_ZERO,TRADITIONAL,NO_ENGINE_SUBSTITUTION {{(pid=93159) _check_effective_sql_mode /opt/stack/data/venv/lib/python3.12/site-packages/oslo_db/sqlalchemy/engines.py:325}}
Jul 09 16:29:57.877977 np0000004919 nova-scheduler[93159]: DEBUG dbcounter [-] [93159] Writer thread running {{(pid=93159) stat_writer /opt/stack/data/venv/lib/python3.12/site-packages/dbcounter.py:102}}
Jul 09 16:29:57.896251 np0000004919 nova-scheduler[93159]: DEBUG oslo_db.sqlalchemy.engines [None req-0b1103a1-d030-43ee-b6e4-4b40183ee6f5 tempest-ServerActionsTestOtherA-348227378 tempest-ServerActionsTestOtherA-348227378-project-member] Parent process 91951 forked (93159) with an open database connection, which is being discarded and recreated. {{(pid=93159) checkout /opt/stack/data/venv/lib/python3.12/site-packages/oslo_db/sqlalchemy/engines.py:402}}
Jul 09 16:29:57.938030 np0000004919 nova-scheduler[93159]: DEBUG dbcounter [-] [93159] Writer thread running {{(pid=93159) stat_writer /opt/stack/data/venv/lib/python3.12/site-packages/dbcounter.py:102}}
Jul 09 16:29:57.941326 np0000004919 nova-scheduler[93159]: DEBUG oslo_concurrency.lockutils [None req-0b1103a1-d030-43ee-b6e4-4b40183ee6f5 tempest-ServerActionsTestOtherA-348227378 tempest-ServerActionsTestOtherA-348227378-project-member] Acquiring lock "ca919e6c-550a-45e4-bb03-c40d875e1f5f" by "nova.context.set_target_cell..get_or_set_cached_cell_and_set_connections" {{(pid=93159) inner /opt/stack/data/venv/lib/python3.12/site-packages/oslo_concurrency/lockutils.py:511}}
Jul 09 16:29:57.941580 np0000004919 nova-scheduler[93159]: DEBUG oslo_concurrency.lockutils [None req-0b1103a1-d030-43ee-b6e4-4b40183ee6f5 tempest-ServerActionsTestOtherA-348227378 tempest-ServerActionsTestOtherA-348227378-project-member] Lock "ca919e6c-550a-45e4-bb03-c40d875e1f5f" acquired by "nova.context.set_target_cell..get_or_set_cached_cell_and_set_connections" :: waited 0.000s {{(pid=93159) inner /opt/stack/data/venv/lib/python3.12/site-packages/oslo_concurrency/lockutils.py:524}}
Jul 09 16:29:57.941856 np0000004919 nova-scheduler[93159]: DEBUG oslo_concurrency.lockutils [None req-0b1103a1-d030-43ee-b6e4-4b40183ee6f5 tempest-ServerActionsTestOtherA-348227378 tempest-ServerActionsTestOtherA-348227378-project-member] Lock "ca919e6c-550a-45e4-bb03-c40d875e1f5f" "released" by "nova.context.set_target_cell..get_or_set_cached_cell_and_set_connections" :: held 0.000s {{(pid=93159) inner /opt/stack/data/venv/lib/python3.12/site-packages/oslo_concurrency/lockutils.py:543}}
Jul 09 16:29:57.946281 np0000004919 nova-scheduler[93159]: DEBUG oslo_concurrency.lockutils [None req-0b1103a1-d030-43ee-b6e4-4b40183ee6f5 tempest-ServerActionsTestOtherA-348227378 tempest-ServerActionsTestOtherA-348227378-project-member] Acquiring lock "np0000004919-np0000004919" by "nova.scheduler.host_manager.HostState.update.._locked_update" {{(pid=93159) inner /opt/stack/data/venv/lib/python3.12/site-packages/oslo_concurrency/lockutils.py:511}}
Jul 09 16:29:57.946982 np0000004919 nova-scheduler[93159]: DEBUG oslo_concurrency.lockutils [None req-0b1103a1-d030-43ee-b6e4-4b40183ee6f5 tempest-ServerActionsTestOtherA-348227378 tempest-ServerActionsTestOtherA-348227378-project-member] Lock "np0000004919-np0000004919" acquired by "nova.scheduler.host_manager.HostState.update.._locked_update" :: waited 0.001s {{(pid=93159) inner /opt/stack/data/venv/lib/python3.12/site-packages/oslo_concurrency/lockutils.py:524}}
Jul 09 16:29:57.948457 np0000004919 nova-scheduler[93159]: DEBUG nova.scheduler.host_manager [None req-0b1103a1-d030-43ee-b6e4-4b40183ee6f5 tempest-ServerActionsTestOtherA-348227378 tempest-ServerActionsTestOtherA-348227378-project-member] Update host state from compute node: ComputeNode(cpu_allocation_ratio=4.0,cpu_info='{"arch": "x86_64", "model": "EPYC-Milan", "vendor": "AMD", "topology": {"cells": 1, "sockets": 16, "cores": 1, "threads": 1}, "maxphysaddr": {"mode": "emulate", "bits": 40}, "features": ["sha-ni", "aes", "stibp-always-on", "clzero", "xgetbv1", "no-nested-data-bp", "mce", "pse", "arch-capabilities", "cr8legacy", "vmcb-clean", "pae", "nrip-save", "cmov", "vme", "amd-psfd", "fxsr", "invpcid", "pat", "clflushopt", "vaes", "amd-stibp", "de", "xsaveopt", "pschange-mc-no", "avx", "3dnowprefetch", "syscall", "misalignsse", "rdrand", "mmxext", "smap", "spec-ctrl", "clflush", "cx8", "lbrv", "lm", "xsaveerptr", "svme-addr-chk", "apic", "vpclmulqdq", "tsc-deadline", "pcid", "bmi1", "pni", "mmx", "movbe", "pclmuldq", "rdctl-no", "null-sel-clr-base", "sse4.1", "pku", "sep", "rdpid", "mca", "fxsr_opt", "osvw", "xsave", "cmp_legacy", "rdtscp", "pdpe1gb", "umip", "vgif", "fma", "bmi2", "sse", "popcnt", "lfence-always-serializing", "pfthreshold", "pause-filter", "mds-no", "fsrm", "tsc", "sse2", "xsaves", "ssse3", "skip-l1dfl-vmentry", "avx2", "abm", "sse4.2", "virt-ssbd", "v-vmsave-vmload", "ssbd", "flushbyasid", "stibp", "f16c", "cx16", "fpu", "ibpb", "xsavec", "topoext", "x2apic", "rdseed", "hypervisor", "svm", "mtrr", "msr", "pge", "arat", "wbnoinvd", "gds-no", "erms", "fsgsbase", "amd-ssbd", "adx", "clwb", "smep", "perfctr_core", "lahf_lm", "tsc-scale", "sse4a", "pse36", "npt", "nx", "ibrs", "tsc_adjust"]}',created_at=2026-07-09T16:22:29Z,current_workload=0,deleted=False,deleted_at=None,disk_allocation_ratio=1.0,disk_available_least=73,free_disk_gb=95,free_ram_mb=62765,host='np0000004919',host_ip=10.4.3.12,hypervisor_hostname='np0000004919',hypervisor_type='QEMU',hypervisor_version=8002002,id=1,local_gb=95,local_gb_used=0,mapped=1,memory_mb=63277,memory_mb_used=512,metrics='[]',numa_topology='{"nova_object.name": "NUMATopology", "nova_object.namespace": "nova", "nova_object.version": "1.2", "nova_object.data": {"cells": [{"nova_object.name": "NUMACell", "nova_object.namespace": "nova", "nova_object.version": "1.5", "nova_object.data": {"id": 0, "cpuset": [0, 1, 2, 3, 4, 5, 6, 7, 8, 9, 10, 11, 12, 13, 14, 15], "pcpuset": [0, 1, 2, 3, 4, 5, 6, 7, 8, 9, 10, 11, 12, 13, 14, 15], "memory": 63277, "cpu_usage": 0, "memory_usage": 0, "pinned_cpus": [], "siblings": [[6], [12], [2], [15], [5], [11], [8], [14], [4], [1], [7], [10], [0], [13], [3], [9]], "mempages": [{"nova_object.name": "NUMAPagesTopology", "nova_object.namespace": "nova", "nova_object.version": "1.1", "nova_object.data": {"size_kb": 4, "total": 16177930, "used": 0, "reserved": 0}, "nova_object.changes": ["total", "size_kb", "reserved", "used"]}, {"nova_object.name": "NUMAPagesTopology", "nova_object.namespace": "nova", "nova_object.version": "1.1", "nova_object.data": {"size_kb": 2048, "total": 41, "used": 0, "reserved": 0}, "nova_object.changes": ["total", "size_kb", "reserved", "used"]}, {"nova_object.name": "NUMAPagesTopology", "nova_object.namespace": "nova", "nova_object.version": "1.1", "nova_object.data": {"size_kb": 1048576, "total": 0, "used": 0, "reserved": 0}, "nova_object.changes": ["total", "size_kb", "reserved", "used"]}], "network_metadata": {"nova_object.name": "NetworkMetadata", "nova_object.namespace": "nova", "nova_object.version": "1.0", "nova_object.data": {"physnets": [], "tunneled": false}, "nova_object.changes": ["physnets", "tunneled"]}, "socket": null}, "nova_object.changes": ["memory", "cpuset", "memory_usage", "mempages", "id", "socket", "siblings", "network_metadata", "pinned_cpus", "pcpuset", "cpu_usage"]}]}, "nova_object.changes": ["cells"]}',pci_device_pools=PciDevicePoolList,ram_allocation_ratio=1.0,running_vms=0,service_id=3,stats={failed_builds='0',uptime=' 16:29:15 up 18 min, 2 users, load average: 0.81, 0.69, 0.62
Jul 09 16:29:57.948457 np0000004919 nova-scheduler[93159]: '},supported_hv_specs=[HVSpec,HVSpec,HVSpec,HVSpec,HVSpec,HVSpec,HVSpec,HVSpec,HVSpec,HVSpec,HVSpec,HVSpec,HVSpec,HVSpec,HVSpec,HVSpec,HVSpec,HVSpec,HVSpec,HVSpec,HVSpec,HVSpec,HVSpec,HVSpec,HVSpec],updated_at=2026-07-09T16:29:17Z,uuid=7241ab93-5dd8-416d-b6d8-80fc14f60be3,vcpus=16,vcpus_used=0) {{(pid=93159) _locked_update /opt/stack/nova/nova/scheduler/host_manager.py:168}}
Jul 09 16:29:57.949347 np0000004919 nova-scheduler[93159]: DEBUG nova.scheduler.host_manager [None req-0b1103a1-d030-43ee-b6e4-4b40183ee6f5 tempest-ServerActionsTestOtherA-348227378 tempest-ServerActionsTestOtherA-348227378-project-member] Update host state with aggregates: [] {{(pid=93159) _locked_update /opt/stack/nova/nova/scheduler/host_manager.py:171}}
Jul 09 16:29:57.949498 np0000004919 nova-scheduler[93159]: DEBUG nova.scheduler.host_manager [None req-0b1103a1-d030-43ee-b6e4-4b40183ee6f5 tempest-ServerActionsTestOtherA-348227378 tempest-ServerActionsTestOtherA-348227378-project-member] Update host state with service dict: {'id': 3, 'uuid': '88ba0bd7-0cb6-4ce8-adfb-36fd90c0a8eb', 'host': 'np0000004919', 'binary': 'nova-compute', 'topic': 'compute', 'report_count': 4, 'disabled': False, 'disabled_reason': None, 'last_seen_up': datetime.datetime(2026, 7, 9, 16, 28, 38, tzinfo=datetime.timezone.utc), 'forced_down': False, 'version': 72, 'created_at': datetime.datetime(2026, 7, 9, 16, 22, 28, tzinfo=datetime.timezone.utc), 'updated_at': datetime.datetime(2026, 7, 9, 16, 28, 38, tzinfo=datetime.timezone.utc), 'deleted_at': None, 'deleted': False} {{(pid=93159) _locked_update /opt/stack/nova/nova/scheduler/host_manager.py:174}}
Jul 09 16:29:57.949684 np0000004919 nova-scheduler[93159]: DEBUG nova.scheduler.host_manager [None req-0b1103a1-d030-43ee-b6e4-4b40183ee6f5 tempest-ServerActionsTestOtherA-348227378 tempest-ServerActionsTestOtherA-348227378-project-member] Update host state with instances: [] {{(pid=93159) _locked_update /opt/stack/nova/nova/scheduler/host_manager.py:177}}
Jul 09 16:29:57.949869 np0000004919 nova-scheduler[93159]: DEBUG oslo_concurrency.lockutils [None req-0b1103a1-d030-43ee-b6e4-4b40183ee6f5 tempest-ServerActionsTestOtherA-348227378 tempest-ServerActionsTestOtherA-348227378-project-member] Lock "np0000004919-np0000004919" "released" by "nova.scheduler.host_manager.HostState.update.._locked_update" :: held 0.003s {{(pid=93159) inner /opt/stack/data/venv/lib/python3.12/site-packages/oslo_concurrency/lockutils.py:543}}
Jul 09 16:29:57.951008 np0000004919 nova-scheduler[93159]: DEBUG nova.filters [None req-0b1103a1-d030-43ee-b6e4-4b40183ee6f5 tempest-ServerActionsTestOtherA-348227378 tempest-ServerActionsTestOtherA-348227378-project-member] Starting with 1 host(s) {{(pid=93159) get_filtered_objects /opt/stack/nova/nova/filters.py:70}}
Jul 09 16:29:57.951249 np0000004919 nova-scheduler[93159]: DEBUG nova.filters [None req-0b1103a1-d030-43ee-b6e4-4b40183ee6f5 tempest-ServerActionsTestOtherA-348227378 tempest-ServerActionsTestOtherA-348227378-project-member] Filter ComputeFilter returned 1 host(s) {{(pid=93159) get_filtered_objects /opt/stack/nova/nova/filters.py:102}}
Jul 09 16:29:57.951451 np0000004919 nova-scheduler[93159]: DEBUG nova.filters [None req-0b1103a1-d030-43ee-b6e4-4b40183ee6f5 tempest-ServerActionsTestOtherA-348227378 tempest-ServerActionsTestOtherA-348227378-project-member] Filter ComputeCapabilitiesFilter returned 1 host(s) {{(pid=93159) get_filtered_objects /opt/stack/nova/nova/filters.py:102}}
Jul 09 16:29:57.951786 np0000004919 nova-scheduler[93159]: DEBUG nova.filters [None req-0b1103a1-d030-43ee-b6e4-4b40183ee6f5 tempest-ServerActionsTestOtherA-348227378 tempest-ServerActionsTestOtherA-348227378-project-member] Filter ImagePropertiesFilter returned 1 host(s) {{(pid=93159) get_filtered_objects /opt/stack/nova/nova/filters.py:102}}
Jul 09 16:29:57.952021 np0000004919 nova-scheduler[93159]: DEBUG nova.filters [None req-0b1103a1-d030-43ee-b6e4-4b40183ee6f5 tempest-ServerActionsTestOtherA-348227378 tempest-ServerActionsTestOtherA-348227378-project-member] Filter ServerGroupAntiAffinityFilter returned 1 host(s) {{(pid=93159) get_filtered_objects /opt/stack/nova/nova/filters.py:102}}
Jul 09 16:29:57.952145 np0000004919 nova-scheduler[93159]: DEBUG nova.filters [None req-0b1103a1-d030-43ee-b6e4-4b40183ee6f5 tempest-ServerActionsTestOtherA-348227378 tempest-ServerActionsTestOtherA-348227378-project-member] Filter ServerGroupAffinityFilter returned 1 host(s) {{(pid=93159) get_filtered_objects /opt/stack/nova/nova/filters.py:102}}
Jul 09 16:29:57.952408 np0000004919 nova-scheduler[93159]: DEBUG nova.filters [None req-0b1103a1-d030-43ee-b6e4-4b40183ee6f5 tempest-ServerActionsTestOtherA-348227378 tempest-ServerActionsTestOtherA-348227378-project-member] Filter SameHostFilter returned 1 host(s) {{(pid=93159) get_filtered_objects /opt/stack/nova/nova/filters.py:102}}
Jul 09 16:29:57.952530 np0000004919 nova-scheduler[93159]: DEBUG nova.filters [None req-0b1103a1-d030-43ee-b6e4-4b40183ee6f5 tempest-ServerActionsTestOtherA-348227378 tempest-ServerActionsTestOtherA-348227378-project-member] Filter DifferentHostFilter returned 1 host(s) {{(pid=93159) get_filtered_objects /opt/stack/nova/nova/filters.py:102}}
Jul 09 16:29:57.952704 np0000004919 nova-scheduler[93159]: DEBUG nova.scheduler.manager [None req-0b1103a1-d030-43ee-b6e4-4b40183ee6f5 tempest-ServerActionsTestOtherA-348227378 tempest-ServerActionsTestOtherA-348227378-project-member] Filtered [(np0000004919, np0000004919) ram: 62765MB disk: 74752MB io_ops: 0 instances: 0, allocation_candidates: 1] {{(pid=93159) _get_sorted_hosts /opt/stack/nova/nova/scheduler/manager.py:742}}
Jul 09 16:29:57.952991 np0000004919 nova-scheduler[93159]: DEBUG nova.scheduler.manager [None req-0b1103a1-d030-43ee-b6e4-4b40183ee6f5 tempest-ServerActionsTestOtherA-348227378 tempest-ServerActionsTestOtherA-348227378-project-member] Weighed [WeighedHost [host: (np0000004919, np0000004919) ram: 62765MB disk: 74752MB io_ops: 0 instances: 0, allocation_candidates: 1, weight: 0.0]] {{(pid=93159) _get_sorted_hosts /opt/stack/nova/nova/scheduler/manager.py:764}}
Jul 09 16:29:57.953254 np0000004919 nova-scheduler[93159]: DEBUG nova.scheduler.utils [None req-0b1103a1-d030-43ee-b6e4-4b40183ee6f5 tempest-ServerActionsTestOtherA-348227378 tempest-ServerActionsTestOtherA-348227378-project-member] Attempting to claim resources in the placement API for instance 0ad0b163-ec6e-46c5-aa51-73a6c66188a2 {{(pid=93159) claim_resources /opt/stack/nova/nova/scheduler/utils.py:1345}}
Jul 09 16:29:58.119719 np0000004919 nova-scheduler[93159]: DEBUG nova.scheduler.manager [None req-0b1103a1-d030-43ee-b6e4-4b40183ee6f5 tempest-ServerActionsTestOtherA-348227378 tempest-ServerActionsTestOtherA-348227378-project-member] [instance: 0ad0b163-ec6e-46c5-aa51-73a6c66188a2] Selected host: (np0000004919, np0000004919) ram: 62765MB disk: 74752MB io_ops: 0 instances: 0, allocation_candidates: 1 {{(pid=93159) _consume_selected_host /opt/stack/nova/nova/scheduler/manager.py:624}}
