Jul 09 15:30:10.567503 np0000004916 devstack@neutron-api.service[90457]: DEBUG ovsdbapp.backend.ovs_idl.transaction [None req-ac2c3532-a788-41d7-a757-aac0fb06a27c None None] Running txn n=1 command(idx=2): SetLRouterPortInLSwitchPortCommand(_result=None, lswitch_port=66d09c93-a94a-4ecf-91e6-6714922360c1, lrouter_port=lrp-66d09c93-a94a-4ecf-91e6-6714922360c1, is_gw_port=False, if_exists=True, lsp_address=router) {{(pid=90457) do_commit /opt/stack/data/venv/lib/python3.12/site-packages/ovsdbapp/backend/ovs_idl/transaction.py:89}}
Jul 09 15:30:10.567921 np0000004916 devstack@neutron-api.service[90457]: DEBUG ovsdbapp.backend.ovs_idl.transaction [None req-ac2c3532-a788-41d7-a757-aac0fb06a27c None None] Transaction caused no change {{(pid=90457) do_commit /opt/stack/data/venv/lib/python3.12/site-packages/ovsdbapp/backend/ovs_idl/transaction.py:129}}
Jul 09 15:30:10.625682 np0000004916 devstack@neutron-api.service[90457]: DEBUG ovsdbapp.backend.ovs_idl.transaction [None req-ac2c3532-a788-41d7-a757-aac0fb06a27c None None] Running txn n=1 command(idx=0): CheckRevisionNumberCommand(_result=None, name=lrp-66d09c93-a94a-4ecf-91e6-6714922360c1, resource={'id': '66d09c93-a94a-4ecf-91e6-6714922360c1', 'name': '', 'network_id': '87cbf769-7bf4-4058-b717-9512ff484a91', 'project_id': 'd00a41374fd64a7599d5e3696595147a', 'mac_address': 'fa:16:3e:c6:62:99', 'admin_state_up': True, 'status': 'ACTIVE', 'device_id': 'b5a18e2a-34c3-4f2d-8c73-26a01b0d04e1', 'device_owner': 'network:router_interface', 'standard_attr_id': 24, 'fixed_ips': [{'subnet_id': '2ee239fb-f89c-4ce0-bdb4-ef00df4856cd', 'ip_address': 'fda2:d1f0:adf3::1'}], 'allowed_address_pairs': [], 'extra_dhcp_opts': [], 'security_groups': [], 'description': '', 'binding:vnic_type': 'normal', 'binding:profile': {}, 'binding:host_id': '', 'binding:vif_type': 'unbound', 'binding:vif_details': {}, 'port_security_enabled': False, 'tags': [], 'created_at': '2026-07-09T15:30:02Z', 'updated_at': '2026-07-09T15:30:04Z', 'revision_number': 4, 'tenant_id': 'd00a41374fd64a7599d5e3696595147a'}, resource_type=router_ports, if_exists=True) {{(pid=90457) do_commit /opt/stack/data/venv/lib/python3.12/site-packages/ovsdbapp/backend/ovs_idl/transaction.py:89}}
Jul 09 15:30:10.626029 np0000004916 devstack@neutron-api.service[90457]: DEBUG ovsdbapp.backend.ovs_idl.transaction [None req-ac2c3532-a788-41d7-a757-aac0fb06a27c None None] Running txn n=1 command(idx=1): UpdateLRouterPortCommand(_result=None, name=lrp-66d09c93-a94a-4ecf-91e6-6714922360c1, columns={'external_ids': {'neutron:revision_number': '4', 'neutron:subnet_ids': '2ee239fb-f89c-4ce0-bdb4-ef00df4856cd', 'neutron:network_name': 'neutron-87cbf769-7bf4-4058-b717-9512ff484a91', 'neutron:is_ext_gw': 'False', 'neutron:router_name': 'neutron-b5a18e2a-34c3-4f2d-8c73-26a01b0d04e1'}, 'options': {}, 'networks': ['fda2:d1f0:adf3::1/64'], 'ipv6_ra_configs': {'address_mode': 'slaac', 'send_periodic': 'true', 'mtu': '1372'}}, if_exists=False) {{(pid=90457) do_commit /opt/stack/data/venv/lib/python3.12/site-packages/ovsdbapp/backend/ovs_idl/transaction.py:89}}
Jul 09 15:30:10.627328 np0000004916 devstack@neutron-api.service[90457]: DEBUG ovsdbapp.backend.ovs_idl.transaction [None req-ac2c3532-a788-41d7-a757-aac0fb06a27c None None] Running txn n=1 command(idx=2): SetLRouterPortInLSwitchPortCommand(_result=None, lswitch_port=66d09c93-a94a-4ecf-91e6-6714922360c1, lrouter_port=lrp-66d09c93-a94a-4ecf-91e6-6714922360c1, is_gw_port=False, if_exists=True, lsp_address=router) {{(pid=90457) do_commit /opt/stack/data/venv/lib/python3.12/site-packages/ovsdbapp/backend/ovs_idl/transaction.py:89}}
Jul 09 15:30:10.627328 np0000004916 devstack@neutron-api.service[90457]: DEBUG ovsdbapp.backend.ovs_idl.transaction [None req-ac2c3532-a788-41d7-a757-aac0fb06a27c None None] Transaction caused no change {{(pid=90457) do_commit /opt/stack/data/venv/lib/python3.12/site-packages/ovsdbapp/backend/ovs_idl/transaction.py:129}}
Jul 09 15:30:10.661557 np0000004916 devstack@neutron-api.service[90457]: INFO neutron.common.ovn.utils [None req-f7a9ddc6-c981-47b6-84ab-c4991922e8a0 None None] HA Chassis Group neutron-87cbf769-7bf4-4058-b717-9512ff484a91 synchronized; highest priority chassis 29e83424-f789-44d9-8e23-4cf2192f746c
Jul 09 15:30:10.662220 np0000004916 devstack@neutron-api.service[90457]: DEBUG ovsdbapp.backend.ovs_idl.transaction [None req-ac2c3532-a788-41d7-a757-aac0fb06a27c None None] Running txn n=1 command(idx=0): DbSetCommand(_result=None, table=HA_Chassis_Group, record=neutron-87cbf769-7bf4-4058-b717-9512ff484a91, col_values=(('external_ids', {'neutron:availability_zone_hints': '', 'neutron:network_id': '87cbf769-7bf4-4058-b717-9512ff484a91', 'neutron:router_id': 'b5a18e2a-34c3-4f2d-8c73-26a01b0d04e1'}),), if_exists=True) {{(pid=90457) do_commit /opt/stack/data/venv/lib/python3.12/site-packages/ovsdbapp/backend/ovs_idl/transaction.py:89}}
Jul 09 15:30:10.662507 np0000004916 devstack@neutron-api.service[90457]: DEBUG ovsdbapp.backend.ovs_idl.transaction [None req-ac2c3532-a788-41d7-a757-aac0fb06a27c None None] Running txn n=1 command(idx=1): HAChassisGroupAddChassisCommand(_result=None, hcg=neutron-87cbf769-7bf4-4058-b717-9512ff484a91, chassis=29e83424-f789-44d9-8e23-4cf2192f746c, priority=1, columns={}) {{(pid=90457) do_commit /opt/stack/data/venv/lib/python3.12/site-packages/ovsdbapp/backend/ovs_idl/transaction.py:89}}
Jul 09 15:30:10.662737 np0000004916 devstack@neutron-api.service[90457]: DEBUG ovsdbapp.backend.ovs_idl.transaction [None req-ac2c3532-a788-41d7-a757-aac0fb06a27c None None] Transaction caused no change {{(pid=90457) do_commit /opt/stack/data/venv/lib/python3.12/site-packages/ovsdbapp/backend/ovs_idl/transaction.py:129}}
Jul 09 15:30:10.692698 np0000004916 devstack@neutron-api.service[90457]: INFO neutron.common.ovn.utils [None req-f7a9ddc6-c981-47b6-84ab-c4991922e8a0 None None] HA Chassis Group neutron-87cbf769-7bf4-4058-b717-9512ff484a91 synchronized; highest priority chassis 29e83424-f789-44d9-8e23-4cf2192f746c
Jul 09 15:30:10.693349 np0000004916 devstack@neutron-api.service[90457]: DEBUG ovsdbapp.backend.ovs_idl.transaction [None req-ac2c3532-a788-41d7-a757-aac0fb06a27c None None] Running txn n=1 command(idx=0): DbSetCommand(_result=None, table=HA_Chassis_Group, record=neutron-87cbf769-7bf4-4058-b717-9512ff484a91, col_values=(('external_ids', {'neutron:availability_zone_hints': '', 'neutron:network_id': '87cbf769-7bf4-4058-b717-9512ff484a91', 'neutron:router_id': 'b5a18e2a-34c3-4f2d-8c73-26a01b0d04e1'}),), if_exists=True) {{(pid=90457) do_commit /opt/stack/data/venv/lib/python3.12/site-packages/ovsdbapp/backend/ovs_idl/transaction.py:89}}
Jul 09 15:30:10.693638 np0000004916 devstack@neutron-api.service[90457]: DEBUG ovsdbapp.backend.ovs_idl.transaction [None req-ac2c3532-a788-41d7-a757-aac0fb06a27c None None] Running txn n=1 command(idx=1): HAChassisGroupAddChassisCommand(_result=None, hcg=neutron-87cbf769-7bf4-4058-b717-9512ff484a91, chassis=29e83424-f789-44d9-8e23-4cf2192f746c, priority=1, columns={}) {{(pid=90457) do_commit /opt/stack/data/venv/lib/python3.12/site-packages/ovsdbapp/backend/ovs_idl/transaction.py:89}}
Jul 09 15:30:10.693897 np0000004916 devstack@neutron-api.service[90457]: DEBUG ovsdbapp.backend.ovs_idl.transaction [None req-ac2c3532-a788-41d7-a757-aac0fb06a27c None None] Transaction caused no change {{(pid=90457) do_commit /opt/stack/data/venv/lib/python3.12/site-packages/ovsdbapp/backend/ovs_idl/transaction.py:129}}
Jul 09 15:30:14.282128 np0000004916 devstack@neutron-api.service[90457]: DEBUG futurist.periodics [-] Submitting periodic callback 'neutron.plugins.ml2.drivers.ovn.mech_driver.ovsdb.maintenance.HashRingHealthCheckPeriodics.touch_hash_ring_node' {{(pid=90457) _process_scheduled /opt/stack/data/venv/lib/python3.12/site-packages/futurist/periodics.py:784}}
Jul 09 15:30:14.282693 np0000004916 devstack@neutron-api.service[90457]: DEBUG neutron.plugins.ml2.drivers.ovn.mech_driver.ovsdb.maintenance [-] Touching Hash Ring node "59125c67d8c55441bd4d7ebf3f57e5c1" from periodic health check thread {{(pid=90457) touch_hash_ring_node /opt/stack/neutron/neutron/plugins/ml2/drivers/ovn/mech_driver/ovsdb/maintenance.py:1418}}
Jul 09 15:30:15.265265 np0000004916 devstack@neutron-api.service[90458]: DEBUG futurist.periodics [-] Submitting periodic callback 'neutron.plugins.ml2.drivers.ovn.mech_driver.ovsdb.maintenance.HashRingHealthCheckPeriodics.touch_hash_ring_node' {{(pid=90458) _process_scheduled /opt/stack/data/venv/lib/python3.12/site-packages/futurist/periodics.py:784}}
Jul 09 15:30:15.265620 np0000004916 devstack@neutron-api.service[90458]: DEBUG neutron.plugins.ml2.drivers.ovn.mech_driver.ovsdb.maintenance [-] Touching Hash Ring node "8d4b08ad9d8a5bcc9d8d28f05e326d8d" from periodic health check thread {{(pid=90458) touch_hash_ring_node /opt/stack/neutron/neutron/plugins/ml2/drivers/ovn/mech_driver/ovsdb/maintenance.py:1418}}
Jul 09 15:30:15.270277 np0000004916 devstack@neutron-api.service[90460]: DEBUG futurist.periodics [-] Submitting periodic callback 'neutron.plugins.ml2.drivers.ovn.mech_driver.ovsdb.maintenance.HashRingHealthCheckPeriodics.touch_hash_ring_node' {{(pid=90460) _process_scheduled /opt/stack/data/venv/lib/python3.12/site-packages/futurist/periodics.py:784}}
Jul 09 15:30:15.271728 np0000004916 devstack@neutron-api.service[90460]: DEBUG neutron.plugins.ml2.drivers.ovn.mech_driver.ovsdb.maintenance [-] Touching Hash Ring node "8940994f1b7b58979d002af898775193" from periodic health check thread {{(pid=90460) touch_hash_ring_node /opt/stack/neutron/neutron/plugins/ml2/drivers/ovn/mech_driver/ovsdb/maintenance.py:1418}}
Jul 09 15:30:15.288161 np0000004916 devstack@neutron-api.service[90459]: DEBUG futurist.periodics [-] Submitting periodic callback 'neutron.plugins.ml2.drivers.ovn.mech_driver.ovsdb.maintenance.HashRingHealthCheckPeriodics.touch_hash_ring_node' {{(pid=90459) _process_scheduled /opt/stack/data/venv/lib/python3.12/site-packages/futurist/periodics.py:784}}
Jul 09 15:30:15.288523 np0000004916 devstack@neutron-api.service[90459]: DEBUG neutron.plugins.ml2.drivers.ovn.mech_driver.ovsdb.maintenance [-] Touching Hash Ring node "c2805137f6df5806899f539e60ae8ba4" from periodic health check thread {{(pid=90459) touch_hash_ring_node /opt/stack/neutron/neutron/plugins/ml2/drivers/ovn/mech_driver/ovsdb/maintenance.py:1418}}
Jul 09 15:30:24.289044 np0000004916 devstack@neutron-api.service[90457]: DEBUG dbcounter [-] [90457] Writing DB stats neutron:SELECT=1734,neutron:INSERT=669,neutron:DELETE=6,neutron:UPDATE=94 {{(pid=90457) stat_writer /opt/stack/data/venv/lib/python3.12/site-packages/dbcounter.py:115}}
Jul 09 15:30:25.272065 np0000004916 devstack@neutron-api.service[90458]: DEBUG dbcounter [-] [90458] Writing DB stats neutron:SELECT=2312,neutron:INSERT=43,neutron:DELETE=9,neutron:UPDATE=52 {{(pid=90458) stat_writer /opt/stack/data/venv/lib/python3.12/site-packages/dbcounter.py:115}}
Jul 09 15:30:25.276105 np0000004916 devstack@neutron-api.service[90460]: DEBUG dbcounter [-] [90460] Writing DB stats neutron:SELECT=1464,neutron:INSERT=58,neutron:DELETE=6,neutron:UPDATE=52 {{(pid=90460) stat_writer /opt/stack/data/venv/lib/python3.12/site-packages/dbcounter.py:115}}
Jul 09 15:30:25.294632 np0000004916 devstack@neutron-api.service[90459]: DEBUG dbcounter [-] [90459] Writing DB stats neutron:SELECT=570,neutron:INSERT=35,neutron:DELETE=7,neutron:UPDATE=30 {{(pid=90459) stat_writer /opt/stack/data/venv/lib/python3.12/site-packages/dbcounter.py:115}}
Jul 09 15:30:29.282722 np0000004916 devstack@neutron-api.service[90457]: DEBUG futurist.periodics [-] Submitting periodic callback 'neutron.plugins.ml2.drivers.ovn.mech_driver.ovsdb.maintenance.HashRingHealthCheckPeriodics.touch_hash_ring_node' {{(pid=90457) _process_scheduled /opt/stack/data/venv/lib/python3.12/site-packages/futurist/periodics.py:784}}
Jul 09 15:30:29.283096 np0000004916 devstack@neutron-api.service[90457]: DEBUG neutron.plugins.ml2.drivers.ovn.mech_driver.ovsdb.maintenance [-] Touching Hash Ring node "59125c67d8c55441bd4d7ebf3f57e5c1" from periodic health check thread {{(pid=90457) touch_hash_ring_node /opt/stack/neutron/neutron/plugins/ml2/drivers/ovn/mech_driver/ovsdb/maintenance.py:1418}}
Jul 09 15:30:30.265831 np0000004916 devstack@neutron-api.service[90458]: DEBUG futurist.periodics [-] Submitting periodic callback 'neutron.plugins.ml2.drivers.ovn.mech_driver.ovsdb.maintenance.HashRingHealthCheckPeriodics.touch_hash_ring_node' {{(pid=90458) _process_scheduled /opt/stack/data/venv/lib/python3.12/site-packages/futurist/periodics.py:784}}
Jul 09 15:30:30.266246 np0000004916 devstack@neutron-api.service[90458]: DEBUG neutron.plugins.ml2.drivers.ovn.mech_driver.ovsdb.maintenance [-] Touching Hash Ring node "8d4b08ad9d8a5bcc9d8d28f05e326d8d" from periodic health check thread {{(pid=90458) touch_hash_ring_node /opt/stack/neutron/neutron/plugins/ml2/drivers/ovn/mech_driver/ovsdb/maintenance.py:1418}}
Jul 09 15:30:30.271107 np0000004916 devstack@neutron-api.service[90460]: DEBUG futurist.periodics [-] Submitting periodic callback 'neutron.plugins.ml2.drivers.ovn.mech_driver.ovsdb.maintenance.HashRingHealthCheckPeriodics.touch_hash_ring_node' {{(pid=90460) _process_scheduled /opt/stack/data/venv/lib/python3.12/site-packages/futurist/periodics.py:784}}
Jul 09 15:30:30.271452 np0000004916 devstack@neutron-api.service[90460]: DEBUG neutron.plugins.ml2.drivers.ovn.mech_driver.ovsdb.maintenance [-] Touching Hash Ring node "8940994f1b7b58979d002af898775193" from periodic health check thread {{(pid=90460) touch_hash_ring_node /opt/stack/neutron/neutron/plugins/ml2/drivers/ovn/mech_driver/ovsdb/maintenance.py:1418}}
Jul 09 15:30:30.288758 np0000004916 devstack@neutron-api.service[90459]: DEBUG futurist.periodics [-] Submitting periodic callback 'neutron.plugins.ml2.drivers.ovn.mech_driver.ovsdb.maintenance.HashRingHealthCheckPeriodics.touch_hash_ring_node' {{(pid=90459) _process_scheduled /opt/stack/data/venv/lib/python3.12/site-packages/futurist/periodics.py:784}}
Jul 09 15:30:30.289220 np0000004916 devstack@neutron-api.service[90459]: DEBUG neutron.plugins.ml2.drivers.ovn.mech_driver.ovsdb.maintenance [-] Touching Hash Ring node "c2805137f6df5806899f539e60ae8ba4" from periodic health check thread {{(pid=90459) touch_hash_ring_node /opt/stack/neutron/neutron/plugins/ml2/drivers/ovn/mech_driver/ovsdb/maintenance.py:1418}}
Jul 09 15:30:39.288929 np0000004916 devstack@neutron-api.service[90457]: DEBUG dbcounter [-] [90457] Writing DB stats neutron:UPDATE=1,neutron:SELECT=1 {{(pid=90457) stat_writer /opt/stack/data/venv/lib/python3.12/site-packages/dbcounter.py:115}}
Jul 09 15:30:40.272367 np0000004916 devstack@neutron-api.service[90458]: DEBUG dbcounter [-] [90458] Writing DB stats neutron:UPDATE=1,neutron:SELECT=1 {{(pid=90458) stat_writer /opt/stack/data/venv/lib/python3.12/site-packages/dbcounter.py:115}}
Jul 09 15:30:40.277475 np0000004916 devstack@neutron-api.service[90460]: DEBUG dbcounter [-] [90460] Writing DB stats neutron:UPDATE=1,neutron:SELECT=1 {{(pid=90460) stat_writer /opt/stack/data/venv/lib/python3.12/site-packages/dbcounter.py:115}}
Jul 09 15:30:40.294811 np0000004916 devstack@neutron-api.service[90459]: DEBUG dbcounter [-] [90459] Writing DB stats neutron:UPDATE=1,neutron:SELECT=1 {{(pid=90459) stat_writer /opt/stack/data/venv/lib/python3.12/site-packages/dbcounter.py:115}}
Jul 09 15:30:44.283219 np0000004916 devstack@neutron-api.service[90457]: DEBUG futurist.periodics [-] Submitting periodic callback 'neutron.plugins.ml2.drivers.ovn.mech_driver.ovsdb.maintenance.HashRingHealthCheckPeriodics.touch_hash_ring_node' {{(pid=90457) _process_scheduled /opt/stack/data/venv/lib/python3.12/site-packages/futurist/periodics.py:784}}
Jul 09 15:30:44.283574 np0000004916 devstack@neutron-api.service[90457]: DEBUG neutron.plugins.ml2.drivers.ovn.mech_driver.ovsdb.maintenance [-] Touching Hash Ring node "59125c67d8c55441bd4d7ebf3f57e5c1" from periodic health check thread {{(pid=90457) touch_hash_ring_node /opt/stack/neutron/neutron/plugins/ml2/drivers/ovn/mech_driver/ovsdb/maintenance.py:1418}}
Jul 09 15:30:45.266375 np0000004916 devstack@neutron-api.service[90458]: DEBUG futurist.periodics [-] Submitting periodic callback 'neutron.plugins.ml2.drivers.ovn.mech_driver.ovsdb.maintenance.HashRingHealthCheckPeriodics.touch_hash_ring_node' {{(pid=90458) _process_scheduled /opt/stack/data/venv/lib/python3.12/site-packages/futurist/periodics.py:784}}
Jul 09 15:30:45.266663 np0000004916 devstack@neutron-api.service[90458]: DEBUG neutron.plugins.ml2.drivers.ovn.mech_driver.ovsdb.maintenance [-] Touching Hash Ring node "8d4b08ad9d8a5bcc9d8d28f05e326d8d" from periodic health check thread {{(pid=90458) touch_hash_ring_node /opt/stack/neutron/neutron/plugins/ml2/drivers/ovn/mech_driver/ovsdb/maintenance.py:1418}}
Jul 09 15:30:45.271534 np0000004916 devstack@neutron-api.service[90460]: DEBUG futurist.periodics [-] Submitting periodic callback 'neutron.plugins.ml2.drivers.ovn.mech_driver.ovsdb.maintenance.HashRingHealthCheckPeriodics.touch_hash_ring_node' {{(pid=90460) _process_scheduled /opt/stack/data/venv/lib/python3.12/site-packages/futurist/periodics.py:784}}
Jul 09 15:30:45.271857 np0000004916 devstack@neutron-api.service[90460]: DEBUG neutron.plugins.ml2.drivers.ovn.mech_driver.ovsdb.maintenance [-] Touching Hash Ring node "8940994f1b7b58979d002af898775193" from periodic health check thread {{(pid=90460) touch_hash_ring_node /opt/stack/neutron/neutron/plugins/ml2/drivers/ovn/mech_driver/ovsdb/maintenance.py:1418}}
Jul 09 15:30:45.289299 np0000004916 devstack@neutron-api.service[90459]: DEBUG futurist.periodics [-] Submitting periodic callback 'neutron.plugins.ml2.drivers.ovn.mech_driver.ovsdb.maintenance.HashRingHealthCheckPeriodics.touch_hash_ring_node' {{(pid=90459) _process_scheduled /opt/stack/data/venv/lib/python3.12/site-packages/futurist/periodics.py:784}}
Jul 09 15:30:45.289725 np0000004916 devstack@neutron-api.service[90459]: DEBUG neutron.plugins.ml2.drivers.ovn.mech_driver.ovsdb.maintenance [-] Touching Hash Ring node "c2805137f6df5806899f539e60ae8ba4" from periodic health check thread {{(pid=90459) touch_hash_ring_node /opt/stack/neutron/neutron/plugins/ml2/drivers/ovn/mech_driver/ovsdb/maintenance.py:1418}}
Jul 09 15:30:54.289107 np0000004916 devstack@neutron-api.service[90457]: DEBUG dbcounter [-] [90457] Writing DB stats neutron:UPDATE=1,neutron:SELECT=1 {{(pid=90457) stat_writer /opt/stack/data/venv/lib/python3.12/site-packages/dbcounter.py:115}}
Jul 09 15:30:55.273372 np0000004916 devstack@neutron-api.service[90458]: DEBUG dbcounter [-] [90458] Writing DB stats neutron:UPDATE=1,neutron:SELECT=1 {{(pid=90458) stat_writer /opt/stack/data/venv/lib/python3.12/site-packages/dbcounter.py:115}}
Jul 09 15:30:55.277607 np0000004916 devstack@neutron-api.service[90460]: DEBUG dbcounter [-] [90460] Writing DB stats neutron:UPDATE=1,neutron:SELECT=1 {{(pid=90460) stat_writer /opt/stack/data/venv/lib/python3.12/site-packages/dbcounter.py:115}}
Jul 09 15:30:55.298271 np0000004916 devstack@neutron-api.service[90459]: DEBUG dbcounter [-] [90459] Writing DB stats neutron:UPDATE=1,neutron:SELECT=1 {{(pid=90459) stat_writer /opt/stack/data/venv/lib/python3.12/site-packages/dbcounter.py:115}}
Jul 09 15:30:59.283751 np0000004916 devstack@neutron-api.service[90457]: DEBUG futurist.periodics [-] Submitting periodic callback 'neutron.plugins.ml2.drivers.ovn.mech_driver.ovsdb.maintenance.HashRingHealthCheckPeriodics.touch_hash_ring_node' {{(pid=90457) _process_scheduled /opt/stack/data/venv/lib/python3.12/site-packages/futurist/periodics.py:784}}
Jul 09 15:30:59.284116 np0000004916 devstack@neutron-api.service[90457]: DEBUG neutron.plugins.ml2.drivers.ovn.mech_driver.ovsdb.maintenance [-] Touching Hash Ring node "59125c67d8c55441bd4d7ebf3f57e5c1" from periodic health check thread {{(pid=90457) touch_hash_ring_node /opt/stack/neutron/neutron/plugins/ml2/drivers/ovn/mech_driver/ovsdb/maintenance.py:1418}}
Jul 09 15:31:00.266804 np0000004916 devstack@neutron-api.service[90458]: DEBUG futurist.periodics [-] Submitting periodic callback 'neutron.plugins.ml2.drivers.ovn.mech_driver.ovsdb.maintenance.HashRingHealthCheckPeriodics.touch_hash_ring_node' {{(pid=90458) _process_scheduled /opt/stack/data/venv/lib/python3.12/site-packages/futurist/periodics.py:784}}
Jul 09 15:31:00.267100 np0000004916 devstack@neutron-api.service[90458]: DEBUG neutron.plugins.ml2.drivers.ovn.mech_driver.ovsdb.maintenance [-] Touching Hash Ring node "8d4b08ad9d8a5bcc9d8d28f05e326d8d" from periodic health check thread {{(pid=90458) touch_hash_ring_node /opt/stack/neutron/neutron/plugins/ml2/drivers/ovn/mech_driver/ovsdb/maintenance.py:1418}}
Jul 09 15:31:00.271992 np0000004916 devstack@neutron-api.service[90460]: DEBUG futurist.periodics [-] Submitting periodic callback 'neutron.plugins.ml2.drivers.ovn.mech_driver.ovsdb.maintenance.HashRingHealthCheckPeriodics.touch_hash_ring_node' {{(pid=90460) _process_scheduled /opt/stack/data/venv/lib/python3.12/site-packages/futurist/periodics.py:784}}
Jul 09 15:31:00.272399 np0000004916 devstack@neutron-api.service[90460]: DEBUG neutron.plugins.ml2.drivers.ovn.mech_driver.ovsdb.maintenance [-] Touching Hash Ring node "8940994f1b7b58979d002af898775193" from periodic health check thread {{(pid=90460) touch_hash_ring_node /opt/stack/neutron/neutron/plugins/ml2/drivers/ovn/mech_driver/ovsdb/maintenance.py:1418}}
Jul 09 15:31:00.289809 np0000004916 devstack@neutron-api.service[90459]: DEBUG futurist.periodics [-] Submitting periodic callback 'neutron.plugins.ml2.drivers.ovn.mech_driver.ovsdb.maintenance.HashRingHealthCheckPeriodics.touch_hash_ring_node' {{(pid=90459) _process_scheduled /opt/stack/data/venv/lib/python3.12/site-packages/futurist/periodics.py:784}}
Jul 09 15:31:00.290320 np0000004916 devstack@neutron-api.service[90459]: DEBUG neutron.plugins.ml2.drivers.ovn.mech_driver.ovsdb.maintenance [-] Touching Hash Ring node "c2805137f6df5806899f539e60ae8ba4" from periodic health check thread {{(pid=90459) touch_hash_ring_node /opt/stack/neutron/neutron/plugins/ml2/drivers/ovn/mech_driver/ovsdb/maintenance.py:1418}}
Jul 09 15:31:05.071790 np0000004916 devstack@neutron-api.service[90457]: DEBUG neutron.api.wsgi [None req-56b692a3-0f36-4594-9b44-6a0c9a55a54c admin admin] Missing Content-Type {{(pid=90457) get_content_type /opt/stack/neutron/neutron/api/wsgi.py:80}}
Jul 09 15:31:05.072291 np0000004916 devstack@neutron-api.service[90457]: DEBUG neutron.api.wsgi [None req-56b692a3-0f36-4594-9b44-6a0c9a55a54c admin admin] https://10.4.3.19/networking/v2.0/extensions returned with HTTP 200 {{(pid=90457) __call__ /opt/stack/neutron/neutron/api/wsgi.py:540}}
Jul 09 15:31:05.072654 np0000004916 devstack@neutron-api.service[90457]: [pid: 90457|app: 0|req: 10/34] 10.4.3.19 () {64 vars in 1285 bytes} [Thu Jul 9 15:31:05 2026] GET /networking/v2.0/extensions => generated 16171 bytes in 4 msecs (HTTP/1.1 200) 4 headers in 159 bytes (1 switches on core 0)
Jul 09 15:31:05.348427 np0000004916 devstack@neutron-api.service[90458]: INFO neutron.pecan_wsgi.hooks.translation [None req-05fac2b3-ef5b-46ce-938e-7f2fadb979db admin admin] GET failed (client error): The resource could not be found.
Jul 09 15:31:05.349456 np0000004916 devstack@neutron-api.service[90458]: [pid: 90458|app: 0|req: 9/35] 10.4.3.19 () {64 vars in 1287 bytes} [Thu Jul 9 15:31:05 2026] GET /networking/v2.0/networks/public => generated 108 bytes in 12 msecs (HTTP/1.1 404) 4 headers in 164 bytes (1 switches on core 0)
Jul 09 15:31:05.396100 np0000004916 devstack@neutron-api.service[90459]: DEBUG neutron.pecan_wsgi.hooks.policy_enforcement [None req-c724161c-7384-417b-a8a1-e2d405906aca admin admin] Attributes excluded by policy engine: ['standard_attr_id'] {{(pid=90459) _exclude_attributes_by_policy /opt/stack/neutron/neutron/pecan_wsgi/hooks/policy_enforcement.py:259}}
Jul 09 15:31:05.397145 np0000004916 devstack@neutron-api.service[90459]: [pid: 90459|app: 0|req: 9/36] 10.4.3.19 () {64 vars in 1302 bytes} [Thu Jul 9 15:31:05 2026] GET /networking/v2.0/networks?name=public => generated 759 bytes in 40 msecs (HTTP/1.1 200) 4 headers in 157 bytes (1 switches on core 0)
Jul 09 15:31:05.608435 np0000004916 devstack@neutron-api.service[90460]: DEBUG neutron.api.v2.base [None req-9e51cf90-3c39-4787-9560-7e3c558f2ea1 admin admin] Request body: {'network': {'shared': True, 'name': 'shared', 'admin_state_up': True}} {{(pid=90460) prepare_request_body /opt/stack/neutron/neutron/api/v2/base.py:727}}
Jul 09 15:31:05.626918 np0000004916 devstack@neutron-api.service[90460]: DEBUG neutron.pecan_wsgi.hooks.quota_enforcement [None req-9e51cf90-3c39-4787-9560-7e3c558f2ea1 admin admin] Made reservation on behalf of d00a41374fd64a7599d5e3696595147a for: {'network': 1} {{(pid=90460) before /opt/stack/neutron/neutron/pecan_wsgi/hooks/quota_enforcement.py:66}}
Jul 09 15:31:05.629954 np0000004916 devstack@neutron-api.service[90460]: DEBUG neutron_lib.callbacks.manager [None req-9e51cf90-3c39-4787-9560-7e3c558f2ea1 admin admin] Publish callbacks ['neutron.plugins.ml2.plugin.SecurityGroupDbMixin._ensure_default_security_group_handler-252534'] for network (None), before_create {{(pid=90460) _notify_loop /opt/stack/data/venv/lib/python3.12/site-packages/neutron_lib/callbacks/manager.py:184}}
Jul 09 15:31:05.665363 np0000004916 devstack@neutron-api.service[90460]: WARNING neutron.services.revisions.revision_plugin [None req-9e51cf90-3c39-4787-9560-7e3c558f2ea1 admin admin] Could not find related network for resource to bump revision.
Jul 09 15:31:05.692763 np0000004916 devstack@neutron-api.service[90460]: DEBUG neutron.plugins.ml2.drivers.helpers [None req-9e51cf90-3c39-4787-9560-7e3c558f2ea1 admin admin] geneve segment allocate from pool success with {'geneve_vni': 48068} {{(pid=90460) allocate_partially_specified_segment /opt/stack/neutron/neutron/plugins/ml2/drivers/helpers.py:142}}
Jul 09 15:31:05.702256 np0000004916 devstack@neutron-api.service[90460]: DEBUG neutron_lib.callbacks.manager [None req-9e51cf90-3c39-4787-9560-7e3c558f2ea1 admin admin] Publish callbacks ['neutron.services.segments.db._add_segment_host_mapping_for_segment-7889122367882', 'neutron.plugins.ml2.plugin.Ml2Plugin._handle_segment_change-471752'] for segment (1bc87496-41f1-49a4-99bc-8c02fbda9cd2), precommit_create {{(pid=90460) _notify_loop /opt/stack/data/venv/lib/python3.12/site-packages/neutron_lib/callbacks/manager.py:184}}
Jul 09 15:31:05.702464 np0000004916 devstack@neutron-api.service[90460]: INFO neutron.db.segments_db [None req-9e51cf90-3c39-4787-9560-7e3c558f2ea1 admin admin] Added segment 1bc87496-41f1-49a4-99bc-8c02fbda9cd2 of type geneve for network a3febccc-6ccc-4600-a371-41f0d185a47a
Jul 09 15:31:05.719261 np0000004916 devstack@neutron-api.service[90460]: DEBUG neutron_lib.callbacks.manager [None req-9e51cf90-3c39-4787-9560-7e3c558f2ea1 admin admin] Publish callbacks ['neutron.services.auto_allocate.db._ensure_external_network_default_value_callback-7889121122234'] for network (a3febccc-6ccc-4600-a371-41f0d185a47a), precommit_create {{(pid=90460) _notify_loop /opt/stack/data/venv/lib/python3.12/site-packages/neutron_lib/callbacks/manager.py:184}}
Jul 09 15:31:05.732069 np0000004916 devstack@neutron-api.service[90460]: DEBUG neutron.plugins.ml2.drivers.ovn.mech_driver.mech_driver [None req-9e51cf90-3c39-4787-9560-7e3c558f2ea1 admin admin] Validating network segment with type geneve, segmentation ID 48068, physical network None {{(pid=90460) _validate_network_segments /opt/stack/neutron/neutron/plugins/ml2/drivers/ovn/mech_driver/mech_driver.py:646}}
Jul 09 15:31:05.732279 np0000004916 devstack@neutron-api.service[90460]: DEBUG neutron.db.ovn_revision_numbers_db [None req-9e51cf90-3c39-4787-9560-7e3c558f2ea1 admin admin] create_initial_revision uuid=a3febccc-6ccc-4600-a371-41f0d185a47a, type=networks, rev=-1 {{(pid=90460) create_initial_revision /opt/stack/neutron/neutron/db/ovn_revision_numbers_db.py:98}}
Jul 09 15:31:05.739456 np0000004916 devstack@neutron-api.service[90460]: DEBUG neutron_lib.callbacks.manager [None req-9e51cf90-3c39-4787-9560-7e3c558f2ea1 admin admin] Publish callbacks ['neutron.plugins.ml2.ovo_rpc._ObjectChangeHandler.handle_event-6958072'] for network (a3febccc-6ccc-4600-a371-41f0d185a47a), after_create {{(pid=90460) _notify_loop /opt/stack/data/venv/lib/python3.12/site-packages/neutron_lib/callbacks/manager.py:184}}
Jul 09 15:31:05.757809 np0000004916 devstack@neutron-api.service[90460]: DEBUG neutron.api.rpc.handlers.resources_rpc [None req-9e51cf90-3c39-4787-9560-7e3c558f2ea1 admin admin] Pushing event updated for resources: {'Network': ['ID=a3febccc-6ccc-4600-a371-41f0d185a47a,revision_number=1']} {{(pid=90460) push /opt/stack/neutron/neutron/api/rpc/handlers/resources_rpc.py:237}}
Jul 09 15:31:05.763209 np0000004916 devstack@neutron-api.service[90460]: DEBUG ovsdbapp.backend.ovs_idl.transaction [None req-73a7e770-6d5e-49eb-9745-30e472b06fc0 None None] Running txn n=1 command(idx=0): CheckLivenessCommand(_result=None) {{(pid=90460) do_commit /opt/stack/data/venv/lib/python3.12/site-packages/ovsdbapp/backend/ovs_idl/transaction.py:89}}
Jul 09 15:31:05.769568 np0000004916 devstack@neutron-api.service[90459]: DEBUG neutron.plugins.ml2.drivers.ovn.mech_driver.ovsdb.ovsdb_monitor [None req-0fdb1372-9737-49d2-94f7-cc121d03faa5 None None] ChassisAgentWriteEvent : Matched Chassis_Private, update, None None {{(pid=90459) matches /opt/stack/neutron/neutron/plugins/ml2/drivers/ovn/mech_driver/ovsdb/ovsdb_monitor.py:65}}
Jul 09 15:31:05.769682 np0000004916 devstack@neutron-api.service[90458]: DEBUG neutron.plugins.ml2.drivers.ovn.mech_driver.ovsdb.ovsdb_monitor [None req-1129d77d-85e2-44d6-b3e9-b8c2c619c5da None None] ChassisAgentWriteEvent : Matched Chassis_Private, update, None None {{(pid=90458) matches /opt/stack/neutron/neutron/plugins/ml2/drivers/ovn/mech_driver/ovsdb/ovsdb_monitor.py:65}}
Jul 09 15:31:05.770105 np0000004916 devstack@neutron-api.service[90457]: DEBUG neutron.plugins.ml2.drivers.ovn.mech_driver.ovsdb.ovsdb_monitor [None req-86040e3f-f08e-4516-a85c-0b5f3c356f2e None None] ChassisAgentWriteEvent : Matched Chassis_Private, update, None None {{(pid=90457) matches /opt/stack/neutron/neutron/plugins/ml2/drivers/ovn/mech_driver/ovsdb/ovsdb_monitor.py:65}}
Jul 09 15:31:05.771813 np0000004916 devstack@neutron-api.service[90460]: DEBUG neutron.plugins.ml2.drivers.ovn.mech_driver.ovsdb.ovsdb_monitor [None req-dbb2a5cc-6a2c-4d52-88be-8b561472eab1 None None] ChassisAgentWriteEvent : Matched Chassis_Private, update, None None {{(pid=90460) matches /opt/stack/neutron/neutron/plugins/ml2/drivers/ovn/mech_driver/ovsdb/ovsdb_monitor.py:65}}
Jul 09 15:31:05.778994 np0000004916 devstack@neutron-api.service[90457]: DEBUG neutron.common.ovn.hash_ring_manager [None req-86040e3f-f08e-4516-a85c-0b5f3c356f2e None None] Hash Ring loaded. 4 active nodes. 0 offline nodes {{(pid=90457) _load_hash_ring /opt/stack/neutron/neutron/common/ovn/hash_ring_manager.py:110}}
Jul 09 15:31:05.779105 np0000004916 devstack@neutron-api.service[90459]: DEBUG neutron.common.ovn.hash_ring_manager [None req-7e03088b-7ae2-437c-a669-873fd28dbb42 None None] Hash Ring loaded. 4 active nodes. 0 offline nodes {{(pid=90459) _load_hash_ring /opt/stack/neutron/neutron/common/ovn/hash_ring_manager.py:110}}
Jul 09 15:31:05.779162 np0000004916 devstack@neutron-api.service[90458]: DEBUG neutron.common.ovn.hash_ring_manager [None req-a5c514fb-4737-40f3-8ebb-dcfed0c03e13 None None] Hash Ring loaded. 4 active nodes. 0 offline nodes {{(pid=90458) _load_hash_ring /opt/stack/neutron/neutron/common/ovn/hash_ring_manager.py:110}}
Jul 09 15:31:05.779483 np0000004916 devstack@neutron-api.service[90457]: DEBUG neutron.common.ovn.hash_ring_manager [None req-ac2c3532-a788-41d7-a757-aac0fb06a27c None None] Hash Ring loaded. 4 active nodes. 0 offline nodes {{(pid=90457) _load_hash_ring /opt/stack/neutron/neutron/common/ovn/hash_ring_manager.py:110}}
Jul 09 15:31:05.780962 np0000004916 devstack@neutron-api.service[90460]: DEBUG neutron.common.ovn.hash_ring_manager [None req-73a7e770-6d5e-49eb-9745-30e472b06fc0 None None] Hash Ring loaded. 4 active nodes. 0 offline nodes {{(pid=90460) _load_hash_ring /opt/stack/neutron/neutron/common/ovn/hash_ring_manager.py:110}}
Jul 09 15:31:05.781149 np0000004916 devstack@neutron-api.service[90459]: DEBUG neutron.common.ovn.hash_ring_manager [None req-0fdb1372-9737-49d2-94f7-cc121d03faa5 None None] Hash Ring loaded. 4 active nodes. 0 offline nodes {{(pid=90459) _load_hash_ring /opt/stack/neutron/neutron/common/ovn/hash_ring_manager.py:110}}
Jul 09 15:31:05.781305 np0000004916 devstack@neutron-api.service[90460]: DEBUG neutron.plugins.ml2.drivers.ovn.mech_driver.ovsdb.ovsdb_monitor [None req-73a7e770-6d5e-49eb-9745-30e472b06fc0 None None] Hash Ring: Node 8940994f1b7b58979d002af898775193 (host: np0000004916) handling event "update" for row 2e75913e-bf59-4873-80f2-2e4d754196ee (table: NB_Global) {{(pid=90460) notify /opt/stack/neutron/neutron/plugins/ml2/drivers/ovn/mech_driver/ovsdb/ovsdb_monitor.py:1030}}
Jul 09 15:31:05.781369 np0000004916 devstack@neutron-api.service[90458]: DEBUG neutron.common.ovn.hash_ring_manager [None req-1129d77d-85e2-44d6-b3e9-b8c2c619c5da None None] Hash Ring loaded. 4 active nodes. 0 offline nodes {{(pid=90458) _load_hash_ring /opt/stack/neutron/neutron/common/ovn/hash_ring_manager.py:110}}
Jul 09 15:31:05.782635 np0000004916 devstack@neutron-api.service[90460]: DEBUG neutron.plugins.ml2.drivers.ovn.mech_driver.ovsdb.ovsdb_monitor [None req-73a7e770-6d5e-49eb-9745-30e472b06fc0 None None] Hash Ring: Node 8940994f1b7b58979d002af898775193 (host: np0000004916) handling event "update" for row 2e75913e-bf59-4873-80f2-2e4d754196ee (table: NB_Global) {{(pid=90460) notify /opt/stack/neutron/neutron/plugins/ml2/drivers/ovn/mech_driver/ovsdb/ovsdb_monitor.py:1030}}
Jul 09 15:31:05.783230 np0000004916 devstack@neutron-api.service[90460]: DEBUG neutron.plugins.ml2.drivers.ovn.mech_driver.ovsdb.ovsdb_monitor [None req-73a7e770-6d5e-49eb-9745-30e472b06fc0 None None] Hash Ring: Node 8940994f1b7b58979d002af898775193 (host: np0000004916) handling event "update" for row 2e75913e-bf59-4873-80f2-2e4d754196ee (table: NB_Global) {{(pid=90460) notify /opt/stack/neutron/neutron/plugins/ml2/drivers/ovn/mech_driver/ovsdb/ovsdb_monitor.py:1030}}
Jul 09 15:31:05.783516 np0000004916 devstack@neutron-api.service[90460]: DEBUG neutron.common.ovn.hash_ring_manager [None req-dbb2a5cc-6a2c-4d52-88be-8b561472eab1 None None] Hash Ring loaded. 4 active nodes. 0 offline nodes {{(pid=90460) _load_hash_ring /opt/stack/neutron/neutron/common/ovn/hash_ring_manager.py:110}}
Jul 09 15:31:05.783790 np0000004916 devstack@neutron-api.service[90460]: DEBUG neutron.plugins.ml2.drivers.ovn.mech_driver.ovsdb.ovsdb_monitor [None req-dbb2a5cc-6a2c-4d52-88be-8b561472eab1 None None] Hash Ring: Node 8940994f1b7b58979d002af898775193 (host: np0000004916) handling event "update" for row 2a3900bb-cb99-445d-bb0a-192898693fcd (table: Chassis_Private) {{(pid=90460) notify /opt/stack/neutron/neutron/plugins/ml2/drivers/ovn/mech_driver/ovsdb/ovsdb_monitor.py:1030}}
Jul 09 15:31:05.784515 np0000004916 devstack@neutron-api.service[90460]: DEBUG neutron.plugins.ml2.drivers.ovn.mech_driver.ovsdb.ovsdb_monitor [None req-73a7e770-6d5e-49eb-9745-30e472b06fc0 None None] Hash Ring: Node 8940994f1b7b58979d002af898775193 (host: np0000004916) handling event "update" for row 2e75913e-bf59-4873-80f2-2e4d754196ee (table: NB_Global) {{(pid=90460) notify /opt/stack/neutron/neutron/plugins/ml2/drivers/ovn/mech_driver/ovsdb/ovsdb_monitor.py:1030}}
Jul 09 15:31:05.786417 np0000004916 devstack@neutron-api.service[90460]: DEBUG neutron.api.rpc.callbacks.version_manager [None req-9e51cf90-3c39-4787-9560-7e3c558f2ea1 admin admin] Tracked resource versions report:
Jul 09 15:31:05.786417 np0000004916 devstack@neutron-api.service[90460]: pushed versions:
Jul 09 15:31:05.786417 np0000004916 devstack@neutron-api.service[90460]: { 'AddressGroup': {'1.2'},
Jul 09 15:31:05.786417 np0000004916 devstack@neutron-api.service[90460]: 'Agent': {'1.1'},
Jul 09 15:31:05.786417 np0000004916 devstack@neutron-api.service[90460]: 'ConntrackHelper': {'1.0'},
Jul 09 15:31:05.786417 np0000004916 devstack@neutron-api.service[90460]: 'LocalIPAssociation': {'1.0'},
Jul 09 15:31:05.786417 np0000004916 devstack@neutron-api.service[90460]: 'Log': {'1.0'},
Jul 09 15:31:05.786417 np0000004916 devstack@neutron-api.service[90460]: 'NDPProxy': {'1.0'},
Jul 09 15:31:05.786417 np0000004916 devstack@neutron-api.service[90460]: 'Network': {'1.3'},
Jul 09 15:31:05.786417 np0000004916 devstack@neutron-api.service[90460]: 'Port': {'1.11'},
Jul 09 15:31:05.786417 np0000004916 devstack@neutron-api.service[90460]: 'PortForwarding': {'1.3'},
Jul 09 15:31:05.786417 np0000004916 devstack@neutron-api.service[90460]: 'QosPolicy': {'1.10'},
Jul 09 15:31:05.786417 np0000004916 devstack@neutron-api.service[90460]: 'SecurityGroup': {'1.6'},
Jul 09 15:31:05.786417 np0000004916 devstack@neutron-api.service[90460]: 'SecurityGroupRule': {'1.3'},
Jul 09 15:31:05.786417 np0000004916 devstack@neutron-api.service[90460]: 'SubPort': {'1.0'},
Jul 09 15:31:05.786417 np0000004916 devstack@neutron-api.service[90460]: 'Subnet': {'1.2'},
Jul 09 15:31:05.786417 np0000004916 devstack@neutron-api.service[90460]: 'Trunk': {'1.1'}}
Jul 09 15:31:05.786417 np0000004916 devstack@neutron-api.service[90460]: consumer versions:
Jul 09 15:31:05.786417 np0000004916 devstack@neutron-api.service[90460]: { OVN Controller Gateway agent@np0000004916: {},
Jul 09 15:31:05.786417 np0000004916 devstack@neutron-api.service[90460]: OVN Neutron agent@np0000004916: {}}
Jul 09 15:31:05.786417 np0000004916 devstack@neutron-api.service[90460]: {{(pid=90460) report /opt/stack/neutron/neutron/api/rpc/callbacks/version_manager.py:183}}
Jul 09 15:31:05.796144 np0000004916 devstack@neutron-api.service[90460]: DEBUG ovsdbapp.backend.ovs_idl.transaction [None req-73a7e770-6d5e-49eb-9745-30e472b06fc0 None None] Running txn n=1 command(idx=0): AddNetworkCommand(_result=None, network_uuid=a3febccc-6ccc-4600-a371-41f0d185a47a, may_exist=True, columns={'external_ids': {'neutron:network_name': 'shared', 'neutron:mtu': '1372', 'neutron:revision_number': '1', 'neutron:availability_zone_hints': '', 'neutron:provnet-network-type': 'geneve'}, 'other_config': {'mcast_snoop': 'false', 'mcast_flood_unregistered': 'false', 'vlan-passthru': 'false'}}) {{(pid=90460) do_commit /opt/stack/data/venv/lib/python3.12/site-packages/ovsdbapp/backend/ovs_idl/transaction.py:89}}
Jul 09 15:31:05.800421 np0000004916 devstack@neutron-api.service[90458]: DEBUG neutron.plugins.ml2.drivers.ovn.mech_driver.ovsdb.ovsdb_monitor [None req-a5c514fb-4737-40f3-8ebb-dcfed0c03e13 None None] Hash Ring: Node 8d4b08ad9d8a5bcc9d8d28f05e326d8d (host: np0000004916) handling event "create" for row a3febccc-6ccc-4600-a371-41f0d185a47a (table: Logical_Switch) {{(pid=90458) notify /opt/stack/neutron/neutron/plugins/ml2/drivers/ovn/mech_driver/ovsdb/ovsdb_monitor.py:1030}}
Jul 09 15:31:05.803770 np0000004916 devstack@neutron-api.service[90458]: DEBUG neutron.plugins.ml2.drivers.ovn.mech_driver.ovsdb.ovsdb_monitor [None req-1129d77d-85e2-44d6-b3e9-b8c2c619c5da None None] Hash Ring: Node 8d4b08ad9d8a5bcc9d8d28f05e326d8d (host: np0000004916) handling event "create" for row 0bc61420-c2bd-4768-9968-08eb701743e7 (table: Datapath_Binding) {{(pid=90458) notify /opt/stack/neutron/neutron/plugins/ml2/drivers/ovn/mech_driver/ovsdb/ovsdb_monitor.py:1030}}
Jul 09 15:31:05.823618 np0000004916 devstack@neutron-api.service[90460]: INFO neutron.db.ovn_revision_numbers_db [None req-9e51cf90-3c39-4787-9560-7e3c558f2ea1 admin admin] Successfully bumped revision number for resource a3febccc-6ccc-4600-a371-41f0d185a47a (type: networks) to 1
Jul 09 15:31:05.835494 np0000004916 devstack@neutron-api.service[90460]: DEBUG neutron_lib.callbacks.manager [None req-9e51cf90-3c39-4787-9560-7e3c558f2ea1 admin admin] Publish callbacks ['neutron.plugins.ml2.plugin.SecurityGroupDbMixin._ensure_default_security_group_handler-252534'] for port (None), before_create {{(pid=90460) _notify_loop /opt/stack/data/venv/lib/python3.12/site-packages/neutron_lib/callbacks/manager.py:184}}
Jul 09 15:31:05.899608 np0000004916 devstack@neutron-api.service[90460]: DEBUG neutron_lib.callbacks.manager [None req-9e51cf90-3c39-4787-9560-7e3c558f2ea1 admin admin] Publish callbacks ['neutron.plugins.ml2.drivers.ovn.mech_driver.mech_driver.OVNMechanismDriver._validate_allowed_address_pairs-313482'] for allowed_address_pair (06d647fa-49f6-4c9c-b7c5-f13f8a00fba9), before_create {{(pid=90460) _notify_loop /opt/stack/data/venv/lib/python3.12/site-packages/neutron_lib/callbacks/manager.py:184}}
Jul 09 15:31:05.900113 np0000004916 devstack@neutron-api.service[90460]: DEBUG neutron_lib.callbacks.manager [None req-9e51cf90-3c39-4787-9560-7e3c558f2ea1 admin admin] Publish callbacks [] for port (06d647fa-49f6-4c9c-b7c5-f13f8a00fba9), precommit_create {{(pid=90460) _notify_loop /opt/stack/data/venv/lib/python3.12/site-packages/neutron_lib/callbacks/manager.py:184}}
Jul 09 15:31:05.900250 np0000004916 devstack@neutron-api.service[90460]: DEBUG neutron.plugins.ml2.drivers.ovn.mech_driver.mech_driver [None req-9e51cf90-3c39-4787-9560-7e3c558f2ea1 admin admin] No provisioning block for port 06d647fa-49f6-4c9c-b7c5-f13f8a00fba9 since it does not have a host {{(pid=90460) _is_port_provisioning_required /opt/stack/neutron/neutron/plugins/ml2/drivers/ovn/mech_driver/mech_driver.py:899}}
Jul 09 15:31:05.900364 np0000004916 devstack@neutron-api.service[90460]: DEBUG neutron.db.ovn_revision_numbers_db [None req-9e51cf90-3c39-4787-9560-7e3c558f2ea1 admin admin] create_initial_revision uuid=06d647fa-49f6-4c9c-b7c5-f13f8a00fba9, type=ports, rev=-1 {{(pid=90460) create_initial_revision /opt/stack/neutron/neutron/db/ovn_revision_numbers_db.py:98}}
Jul 09 15:31:05.929080 np0000004916 devstack@neutron-api.service[90460]: DEBUG neutron_lib.callbacks.manager [None req-9e51cf90-3c39-4787-9560-7e3c558f2ea1 admin admin] Publish callbacks ['neutron.plugins.ml2.ovo_rpc._ObjectChangeHandler.handle_event-6958071'] for port (06d647fa-49f6-4c9c-b7c5-f13f8a00fba9), after_create {{(pid=90460) _notify_loop /opt/stack/data/venv/lib/python3.12/site-packages/neutron_lib/callbacks/manager.py:184}}
Jul 09 15:31:05.962217 np0000004916 devstack@neutron-api.service[90460]: DEBUG neutron.api.rpc.handlers.resources_rpc [None req-9e51cf90-3c39-4787-9560-7e3c558f2ea1 admin admin] Pushing event updated for resources: {'Port': ['ID=06d647fa-49f6-4c9c-b7c5-f13f8a00fba9,revision_number=1']} {{(pid=90460) push /opt/stack/neutron/neutron/api/rpc/handlers/resources_rpc.py:237}}
Jul 09 15:31:05.967398 np0000004916 devstack@neutron-api.service[90460]: DEBUG neutron.plugins.ml2.drivers.ovn.mech_driver.ovsdb.commands [None req-9e51cf90-3c39-4787-9560-7e3c558f2ea1 admin admin] Converting tag [] to a tag_request {{(pid=90460) _tag_column_to_tag_request /opt/stack/neutron/neutron/plugins/ml2/drivers/ovn/mech_driver/ovsdb/commands.py:205}}
Jul 09 15:31:05.968123 np0000004916 devstack@neutron-api.service[90460]: DEBUG ovsdbapp.backend.ovs_idl.transaction [None req-73a7e770-6d5e-49eb-9745-30e472b06fc0 None None] Running txn n=1 command(idx=0): AddLSwitchPortCommand(_result=None, lport=06d647fa-49f6-4c9c-b7c5-f13f8a00fba9, lswitch=neutron-a3febccc-6ccc-4600-a371-41f0d185a47a, may_exist=True, network_uuid=a3febccc-6ccc-4600-a371-41f0d185a47a, columns={'addresses': ['fa:16:3e:05:59:f9'], 'external_ids': {'neutron:port_name': '', 'neutron:device_id': 'ovnmeta-a3febccc-6ccc-4600-a371-41f0d185a47a', 'neutron:project_id': 'd00a41374fd64a7599d5e3696595147a', 'neutron:cidrs': '', 'neutron:device_owner': 'network:distributed', 'neutron:subnet_pool_addr_scope4': '', 'neutron:subnet_pool_addr_scope6': '', 'neutron:network_name': 'neutron-a3febccc-6ccc-4600-a371-41f0d185a47a', 'neutron:security_group_ids': '', 'neutron:revision_number': '1', 'neutron:vnic_type': 'normal', 'neutron:port_capabilities': '', 'neutron:mtu': '1372'}, 'parent_name': [], 'enabled': True, 'options': {}, 'type': 'localport', 'port_security': [], 'dhcpv4_options': [], 'dhcpv6_options': [], 'tag_request': []}) {{(pid=90460) do_commit /opt/stack/data/venv/lib/python3.12/site-packages/ovsdbapp/backend/ovs_idl/transaction.py:89}}
Jul 09 15:31:05.968642 np0000004916 devstack@neutron-api.service[90460]: DEBUG ovsdbapp.backend.ovs_idl.transaction [None req-73a7e770-6d5e-49eb-9745-30e472b06fc0 None None] Running txn n=1 command(idx=1): QoSDelCommand(_result=None, switch=neutron-a3febccc-6ccc-4600-a371-41f0d185a47a, conditions=[('direction', '=', 'to-lport'), ('priority', '=', 2002), ('match', '=', 'outport == "06d647fa-49f6-4c9c-b7c5-f13f8a00fba9"')], if_exists=True) {{(pid=90460) do_commit /opt/stack/data/venv/lib/python3.12/site-packages/ovsdbapp/backend/ovs_idl/transaction.py:89}}
Jul 09 15:31:05.968827 np0000004916 devstack@neutron-api.service[90460]: DEBUG ovsdbapp.backend.ovs_idl.transaction [None req-73a7e770-6d5e-49eb-9745-30e472b06fc0 None None] Running txn n=1 command(idx=2): QoSDelCommand(_result=None, switch=neutron-a3febccc-6ccc-4600-a371-41f0d185a47a, conditions=[('direction', '=', 'from-lport'), ('priority', '=', 2002), ('match', '=', 'inport == "06d647fa-49f6-4c9c-b7c5-f13f8a00fba9"')], if_exists=True) {{(pid=90460) do_commit /opt/stack/data/venv/lib/python3.12/site-packages/ovsdbapp/backend/ovs_idl/transaction.py:89}}
Jul 09 15:31:05.972810 np0000004916 devstack@neutron-api.service[90458]: DEBUG neutron.plugins.ml2.drivers.ovn.mech_driver.ovsdb.ovsdb_monitor [None req-a5c514fb-4737-40f3-8ebb-dcfed0c03e13 None None] Hash Ring: Node 8d4b08ad9d8a5bcc9d8d28f05e326d8d (host: np0000004916) handling event "update" for row a3febccc-6ccc-4600-a371-41f0d185a47a (table: Logical_Switch) {{(pid=90458) notify /opt/stack/neutron/neutron/plugins/ml2/drivers/ovn/mech_driver/ovsdb/ovsdb_monitor.py:1030}}
Jul 09 15:31:05.974003 np0000004916 devstack@neutron-api.service[90457]: DEBUG neutron.plugins.ml2.drivers.ovn.mech_driver.ovsdb.ovsdb_monitor [None req-ac2c3532-a788-41d7-a757-aac0fb06a27c None None] Hash Ring: Node 59125c67d8c55441bd4d7ebf3f57e5c1 (host: np0000004916) handling event "create" for row eaa51af4-2bab-4cb9-977d-843f05b8282b (table: Logical_Switch_Port) {{(pid=90457) notify /opt/stack/neutron/neutron/plugins/ml2/drivers/ovn/mech_driver/ovsdb/ovsdb_monitor.py:1030}}
Jul 09 15:31:05.975517 np0000004916 devstack@neutron-api.service[90457]: DEBUG ovsdbapp.backend.ovs_idl.event [None req-ac2c3532-a788-41d7-a757-aac0fb06a27c None None] Matched CREATE: LogicalSwitchPortCreateEvent(events=('create',), table='Logical_Switch_Port', conditions=[], old_conditions=None), priority=20 to row=Logical_Switch_Port(uuid=eaa51af4-2bab-4cb9-977d-843f05b8282b, addresses=['fa:16:3e:05:59:f9'], dhcpv4_options=[], dhcpv6_options=[], dynamic_addresses=[], enabled=True, external_ids={'neutron:cidrs': '', 'neutron:device_id': 'ovnmeta-a3febccc-6ccc-4600-a371-41f0d185a47a', 'neutron:device_owner': 'network:distributed', 'neutron:mtu': '1372', 'neutron:network_name': 'neutron-a3febccc-6ccc-4600-a371-41f0d185a47a', 'neutron:port_capabilities': '', 'neutron:port_name': '', 'neutron:project_id': 'd00a41374fd64a7599d5e3696595147a', 'neutron:revision_number': '1', 'neutron:security_group_ids': '', 'neutron:subnet_pool_addr_scope4': '', 'neutron:subnet_pool_addr_scope6': '', 'neutron:vnic_type': 'normal'}, ha_chassis_group=[], mirror_rules=[], name='06d647fa-49f6-4c9c-b7c5-f13f8a00fba9', options={}, parent_name=[], port_security=[], tag=[], tag_request=[], type='localport', up=[]) old= {{(pid=90457) matches /opt/stack/data/venv/lib/python3.12/site-packages/ovsdbapp/backend/ovs_idl/event.py:55}}
Jul 09 15:31:05.976860 np0000004916 devstack@neutron-api.service[90457]: DEBUG neutron.plugins.ml2.drivers.ovn.mech_driver.ovsdb.ovsdb_monitor [None req-ac2c3532-a788-41d7-a757-aac0fb06a27c None None] Hash Ring: Node 59125c67d8c55441bd4d7ebf3f57e5c1 (host: np0000004916) handling event "update" for row eaa51af4-2bab-4cb9-977d-843f05b8282b (table: Logical_Switch_Port) {{(pid=90457) notify /opt/stack/neutron/neutron/plugins/ml2/drivers/ovn/mech_driver/ovsdb/ovsdb_monitor.py:1030}}
Jul 09 15:31:05.976992 np0000004916 devstack@neutron-api.service[90460]: DEBUG neutron.plugins.ml2.drivers.ovn.mech_driver.ovsdb.ovsdb_monitor [None req-dbb2a5cc-6a2c-4d52-88be-8b561472eab1 None None] Hash Ring: Node 8940994f1b7b58979d002af898775193 (host: np0000004916) handling event "create" for row 6eaa0ade-b868-45c5-8742-f6b3ddf80fd3 (table: Port_Binding) {{(pid=90460) notify /opt/stack/neutron/neutron/plugins/ml2/drivers/ovn/mech_driver/ovsdb/ovsdb_monitor.py:1030}}
Jul 09 15:31:05.977649 np0000004916 devstack@neutron-api.service[90457]: INFO neutron.plugins.ml2.drivers.ovn.mech_driver.mech_driver [None req-f7a9ddc6-c981-47b6-84ab-c4991922e8a0 None None] OVN reports status down for port: 06d647fa-49f6-4c9c-b7c5-f13f8a00fba9
Jul 09 15:31:06.001281 np0000004916 devstack@neutron-api.service[90457]: DEBUG neutron.db.provisioning_blocks [None req-f7a9ddc6-c981-47b6-84ab-c4991922e8a0 None None] Transition to ACTIVE for port object 06d647fa-49f6-4c9c-b7c5-f13f8a00fba9 will not be triggered until provisioned by entity L2. {{(pid=90457) add_provisioning_component /opt/stack/neutron/neutron/db/provisioning_blocks.py:74}}
Jul 09 15:31:06.006996 np0000004916 devstack@neutron-api.service[90460]: INFO neutron.db.ovn_revision_numbers_db [None req-9e51cf90-3c39-4787-9560-7e3c558f2ea1 admin admin] Successfully bumped revision number for resource 06d647fa-49f6-4c9c-b7c5-f13f8a00fba9 (type: ports) to 1
Jul 09 15:31:06.017534 np0000004916 devstack@neutron-api.service[90460]: DEBUG neutron.pecan_wsgi.hooks.policy_enforcement [None req-9e51cf90-3c39-4787-9560-7e3c558f2ea1 admin admin] Attributes excluded by policy engine: ['standard_attr_id'] {{(pid=90460) _exclude_attributes_by_policy /opt/stack/neutron/neutron/pecan_wsgi/hooks/policy_enforcement.py:259}}
