Jul 09 10:47:38.095547 np0000004877 devstack@g-api.service[99565]: DEBUG glance_store.driver [None req-4842544c-269c-40e6-9436-3535641a7a41 tempest-VolumesActionsTest-1094687227 tempest-VolumesActionsTest-1094687227-project-member] Late loading location class glance_store._drivers.swift.store.StoreLocation {{(pid=99565) get_store_location_class /opt/stack/data/venv/lib/python3.12/site-packages/glance_store/driver.py:134}}
Jul 09 10:47:38.095677 np0000004877 devstack@g-api.service[99565]: DEBUG glance_store.location [None req-4842544c-269c-40e6-9436-3535641a7a41 tempest-VolumesActionsTest-1094687227 tempest-VolumesActionsTest-1094687227-project-member] Registering scheme swift+https with {'store': , 'location_class': , 'store_entry': 'swift'} {{(pid=99565) register_scheme_map /opt/stack/data/venv/lib/python3.12/site-packages/glance_store/location.py:146}}
Jul 09 10:47:38.095677 np0000004877 devstack@g-api.service[99565]: DEBUG glance_store.location [None req-4842544c-269c-40e6-9436-3535641a7a41 tempest-VolumesActionsTest-1094687227 tempest-VolumesActionsTest-1094687227-project-member] Registering scheme swift+https with {'store': , 'location_class': , 'store_entry': 'swift'} {{(pid=99565) register_scheme_map /opt/stack/data/venv/lib/python3.12/site-packages/glance_store/location.py:146}}
Jul 09 10:47:38.096043 np0000004877 devstack@g-api.service[99565]: DEBUG glance_store.location [None req-4842544c-269c-40e6-9436-3535641a7a41 tempest-VolumesActionsTest-1094687227 tempest-VolumesActionsTest-1094687227-project-member] Registering scheme swift with {'store': , 'location_class': , 'store_entry': 'swift'} {{(pid=99565) register_scheme_map /opt/stack/data/venv/lib/python3.12/site-packages/glance_store/location.py:146}}
Jul 09 10:47:38.096043 np0000004877 devstack@g-api.service[99565]: DEBUG glance_store.location [None req-4842544c-269c-40e6-9436-3535641a7a41 tempest-VolumesActionsTest-1094687227 tempest-VolumesActionsTest-1094687227-project-member] Registering scheme swift+https with {'store': , 'location_class': , 'store_entry': 'swift'} {{(pid=99565) register_scheme_map /opt/stack/data/venv/lib/python3.12/site-packages/glance_store/location.py:146}}
Jul 09 10:47:38.096043 np0000004877 devstack@g-api.service[99565]: DEBUG glance_store.location [None req-4842544c-269c-40e6-9436-3535641a7a41 tempest-VolumesActionsTest-1094687227 tempest-VolumesActionsTest-1094687227-project-member] Registering scheme swift with {'store': , 'location_class': , 'store_entry': 'swift'} {{(pid=99565) register_scheme_map /opt/stack/data/venv/lib/python3.12/site-packages/glance_store/location.py:146}}
Jul 09 10:47:38.096188 np0000004877 devstack@g-api.service[99565]: DEBUG glance_store.location [None req-4842544c-269c-40e6-9436-3535641a7a41 tempest-VolumesActionsTest-1094687227 tempest-VolumesActionsTest-1094687227-project-member] Registering scheme swift+http with {'store': , 'location_class': , 'store_entry': 'swift'} {{(pid=99565) register_scheme_map /opt/stack/data/venv/lib/python3.12/site-packages/glance_store/location.py:146}}
Jul 09 10:47:38.096188 np0000004877 devstack@g-api.service[99565]: DEBUG glance_store.location [None req-4842544c-269c-40e6-9436-3535641a7a41 tempest-VolumesActionsTest-1094687227 tempest-VolumesActionsTest-1094687227-project-member] Registering scheme swift+https with {'store': , 'location_class': , 'store_entry': 'swift'} {{(pid=99565) register_scheme_map /opt/stack/data/venv/lib/python3.12/site-packages/glance_store/location.py:146}}
Jul 09 10:47:38.096338 np0000004877 devstack@g-api.service[99565]: DEBUG glance_store.location [None req-4842544c-269c-40e6-9436-3535641a7a41 tempest-VolumesActionsTest-1094687227 tempest-VolumesActionsTest-1094687227-project-member] Registering scheme swift with {'store': , 'location_class': , 'store_entry': 'swift'} {{(pid=99565) register_scheme_map /opt/stack/data/venv/lib/python3.12/site-packages/glance_store/location.py:146}}
Jul 09 10:47:38.096338 np0000004877 devstack@g-api.service[99565]: DEBUG glance_store.location [None req-4842544c-269c-40e6-9436-3535641a7a41 tempest-VolumesActionsTest-1094687227 tempest-VolumesActionsTest-1094687227-project-member] Registering scheme swift+http with {'store': , 'location_class': , 'store_entry': 'swift'} {{(pid=99565) register_scheme_map /opt/stack/data/venv/lib/python3.12/site-packages/glance_store/location.py:146}}
Jul 09 10:47:38.096432 np0000004877 devstack@g-api.service[99565]: DEBUG glance_store.location [None req-4842544c-269c-40e6-9436-3535641a7a41 tempest-VolumesActionsTest-1094687227 tempest-VolumesActionsTest-1094687227-project-member] Registering scheme swift+config with {'store': , 'location_class': , 'store_entry': 'swift'} {{(pid=99565) register_scheme_map /opt/stack/data/venv/lib/python3.12/site-packages/glance_store/location.py:146}}
Jul 09 10:47:38.408239 np0000004877 devstack@g-api.service[99564]: DEBUG glance.api.middleware.version_negotiation [None req-d0fea593-2860-4ee4-9633-772828eecb5d tempest-VolumesActionsTest-1094687227 tempest-VolumesActionsTest-1094687227-project-member] Determining version of request: GET /v2/images/acdf5b2e-85ca-4774-bbbf-76fbfd265743 Accept: application/json {{(pid=99564) process_request /opt/stack/glance/glance/api/middleware/version_negotiation.py:44}}
Jul 09 10:47:38.409633 np0000004877 devstack@g-api.service[99564]: DEBUG glance.api.middleware.version_negotiation [None req-d0fea593-2860-4ee4-9633-772828eecb5d tempest-VolumesActionsTest-1094687227 tempest-VolumesActionsTest-1094687227-project-member] Using url versioning {{(pid=99564) process_request /opt/stack/glance/glance/api/middleware/version_negotiation.py:57}}
Jul 09 10:47:38.409633 np0000004877 devstack@g-api.service[99564]: DEBUG glance.api.middleware.version_negotiation [None req-d0fea593-2860-4ee4-9633-772828eecb5d tempest-VolumesActionsTest-1094687227 tempest-VolumesActionsTest-1094687227-project-member] Matched version: v2 {{(pid=99564) process_request /opt/stack/glance/glance/api/middleware/version_negotiation.py:69}}
Jul 09 10:47:38.409633 np0000004877 devstack@g-api.service[99564]: DEBUG glance.api.middleware.version_negotiation [None req-d0fea593-2860-4ee4-9633-772828eecb5d tempest-VolumesActionsTest-1094687227 tempest-VolumesActionsTest-1094687227-project-member] new path /v2/images/acdf5b2e-85ca-4774-bbbf-76fbfd265743 {{(pid=99564) process_request /opt/stack/glance/glance/api/middleware/version_negotiation.py:70}}
Jul 09 10:47:38.424155 np0000004877 devstack@g-api.service[99564]: [pid: 99564|app: 0|req: 32/102] 127.0.0.1 () {40 vars in 834 bytes} [Thu Jul 9 10:47:38 2026] GET /v2/images/acdf5b2e-85ca-4774-bbbf-76fbfd265743 => generated 649 bytes in 16 msecs (HTTP/1.1 200) 4 headers in 157 bytes (1 switches on core 0)
Jul 09 10:47:38.515263 np0000004877 devstack@g-api.service[99565]: DEBUG swiftclient [None req-4842544c-269c-40e6-9436-3535641a7a41 tempest-VolumesActionsTest-1094687227 tempest-VolumesActionsTest-1094687227-project-member] REQ: curl -i https://10.4.3.48:8080/v1/AUTH_e6ac24f60c024a7caed770836bfd87ca/glance -I -H "X-Auth-Token: gAAAAABqT3xKChkC..." {{(pid=99565) http_log /opt/stack/data/venv/lib/python3.12/site-packages/swiftclient/client.py:160}}
Jul 09 10:47:38.515333 np0000004877 devstack@g-api.service[99565]: DEBUG swiftclient [None req-4842544c-269c-40e6-9436-3535641a7a41 tempest-VolumesActionsTest-1094687227 tempest-VolumesActionsTest-1094687227-project-member] RESP STATUS: 204 No Content {{(pid=99565) http_log /opt/stack/data/venv/lib/python3.12/site-packages/swiftclient/client.py:161}}
Jul 09 10:47:38.515448 np0000004877 devstack@g-api.service[99565]: DEBUG swiftclient [None req-4842544c-269c-40e6-9436-3535641a7a41 tempest-VolumesActionsTest-1094687227 tempest-VolumesActionsTest-1094687227-project-member] RESP HEADERS: {'Date': 'Thu, 09 Jul 2026 10:47:38 GMT', 'Server': 'Apache/2.4.58 (Ubuntu)', 'Content-Type': 'text/plain; charset=utf-8', 'X-Container-Object-Count': '3', 'X-Container-Bytes-Used': '64356352', 'X-Timestamp': '1783593827.43484', 'Last-Modified': 'Thu, 09 Jul 2026 10:43:48 GMT', 'Accept-Ranges': 'bytes', 'X-Storage-Policy': 'Policy-0', 'X-Container-Sharding': 'False', 'Vary': 'Accept', 'X-Trans-Id': 'txdd33391213914b4ab7050-006a4f7c4a', 'X-Openstack-Request-Id': 'txdd33391213914b4ab7050-006a4f7c4a', 'Connection': 'close'} {{(pid=99565) http_log /opt/stack/data/venv/lib/python3.12/site-packages/swiftclient/client.py:162}}
Jul 09 10:47:38.515693 np0000004877 devstack@g-api.service[99565]: DEBUG glance_store._drivers.swift.store [None req-4842544c-269c-40e6-9436-3535641a7a41 tempest-VolumesActionsTest-1094687227 tempest-VolumesActionsTest-1094687227-project-member] Adding image object 'acdf5b2e-85ca-4774-bbbf-76fbfd265743' to Swift {{(pid=99565) add /opt/stack/data/venv/lib/python3.12/site-packages/glance_store/_drivers/swift/store.py:970}}
Jul 09 10:47:38.515799 np0000004877 devstack@g-api.service[99565]: DEBUG glance_store._drivers.swift.store [None req-4842544c-269c-40e6-9436-3535641a7a41 tempest-VolumesActionsTest-1094687227 tempest-VolumesActionsTest-1094687227-project-member] Cannot determine image size because it is either not provided in the request or chunked-transfer encoding is used. Adding image as a segmented object to Swift. {{(pid=99565) add /opt/stack/data/venv/lib/python3.12/site-packages/glance_store/_drivers/swift/store.py:994}}
Jul 09 10:47:38.523501 np0000004877 devstack@g-api.service[99565]: DEBUG oslo_utils.imageutils.format_inspector [None req-4842544c-269c-40e6-9436-3535641a7a41 tempest-VolumesActionsTest-1094687227 tempest-VolumesActionsTest-1094687227-project-member] Format inspector for vmdk does not match, excluding from consideration (Signature KDMV not found: b'\x00\x00\x00\x00') {{(pid=99565) _process_chunk /opt/stack/data/venv/lib/python3.12/site-packages/oslo_utils/imageutils/format_inspector.py:1758}}
Jul 09 10:47:38.526294 np0000004877 devstack@g-api.service[99565]: DEBUG oslo_utils.imageutils.format_inspector [None req-4842544c-269c-40e6-9436-3535641a7a41 tempest-VolumesActionsTest-1094687227 tempest-VolumesActionsTest-1094687227-project-member] Format inspector for vhdx does not match, excluding from consideration (Region signature not found at 30000) {{(pid=99565) _process_chunk /opt/stack/data/venv/lib/python3.12/site-packages/oslo_utils/imageutils/format_inspector.py:1758}}
Jul 09 10:47:39.439427 np0000004877 devstack@g-api.service[99566]: DEBUG glance.api.middleware.version_negotiation [None req-ec96cc69-565d-4565-9d67-b031b26adfd6 tempest-VolumesActionsTest-1094687227 tempest-VolumesActionsTest-1094687227-project-member] Determining version of request: GET /v2/images/acdf5b2e-85ca-4774-bbbf-76fbfd265743 Accept: application/json {{(pid=99566) process_request /opt/stack/glance/glance/api/middleware/version_negotiation.py:44}}
Jul 09 10:47:39.440217 np0000004877 devstack@g-api.service[99566]: DEBUG glance.api.middleware.version_negotiation [None req-ec96cc69-565d-4565-9d67-b031b26adfd6 tempest-VolumesActionsTest-1094687227 tempest-VolumesActionsTest-1094687227-project-member] Using url versioning {{(pid=99566) process_request /opt/stack/glance/glance/api/middleware/version_negotiation.py:57}}
Jul 09 10:47:39.440217 np0000004877 devstack@g-api.service[99566]: DEBUG glance.api.middleware.version_negotiation [None req-ec96cc69-565d-4565-9d67-b031b26adfd6 tempest-VolumesActionsTest-1094687227 tempest-VolumesActionsTest-1094687227-project-member] Matched version: v2 {{(pid=99566) process_request /opt/stack/glance/glance/api/middleware/version_negotiation.py:69}}
Jul 09 10:47:39.440217 np0000004877 devstack@g-api.service[99566]: DEBUG glance.api.middleware.version_negotiation [None req-ec96cc69-565d-4565-9d67-b031b26adfd6 tempest-VolumesActionsTest-1094687227 tempest-VolumesActionsTest-1094687227-project-member] new path /v2/images/acdf5b2e-85ca-4774-bbbf-76fbfd265743 {{(pid=99566) process_request /opt/stack/glance/glance/api/middleware/version_negotiation.py:70}}
Jul 09 10:47:39.461160 np0000004877 devstack@g-api.service[99566]: [pid: 99566|app: 0|req: 37/103] 127.0.0.1 () {40 vars in 834 bytes} [Thu Jul 9 10:47:39 2026] GET /v2/images/acdf5b2e-85ca-4774-bbbf-76fbfd265743 => generated 649 bytes in 21 msecs (HTTP/1.1 200) 4 headers in 157 bytes (1 switches on core 0)
Jul 09 10:47:40.475236 np0000004877 devstack@g-api.service[99564]: DEBUG glance.api.middleware.version_negotiation [None req-38d9caa9-fc2e-419e-ae9b-0687caf673d2 tempest-VolumesActionsTest-1094687227 tempest-VolumesActionsTest-1094687227-project-member] Determining version of request: GET /v2/images/acdf5b2e-85ca-4774-bbbf-76fbfd265743 Accept: application/json {{(pid=99564) process_request /opt/stack/glance/glance/api/middleware/version_negotiation.py:44}}
Jul 09 10:47:40.475589 np0000004877 devstack@g-api.service[99564]: DEBUG glance.api.middleware.version_negotiation [None req-38d9caa9-fc2e-419e-ae9b-0687caf673d2 tempest-VolumesActionsTest-1094687227 tempest-VolumesActionsTest-1094687227-project-member] Using url versioning {{(pid=99564) process_request /opt/stack/glance/glance/api/middleware/version_negotiation.py:57}}
Jul 09 10:47:40.475589 np0000004877 devstack@g-api.service[99564]: DEBUG glance.api.middleware.version_negotiation [None req-38d9caa9-fc2e-419e-ae9b-0687caf673d2 tempest-VolumesActionsTest-1094687227 tempest-VolumesActionsTest-1094687227-project-member] Matched version: v2 {{(pid=99564) process_request /opt/stack/glance/glance/api/middleware/version_negotiation.py:69}}
Jul 09 10:47:40.475651 np0000004877 devstack@g-api.service[99564]: DEBUG glance.api.middleware.version_negotiation [None req-38d9caa9-fc2e-419e-ae9b-0687caf673d2 tempest-VolumesActionsTest-1094687227 tempest-VolumesActionsTest-1094687227-project-member] new path /v2/images/acdf5b2e-85ca-4774-bbbf-76fbfd265743 {{(pid=99564) process_request /opt/stack/glance/glance/api/middleware/version_negotiation.py:70}}
Jul 09 10:47:40.493991 np0000004877 devstack@g-api.service[99564]: [pid: 99564|app: 0|req: 33/104] 127.0.0.1 () {40 vars in 834 bytes} [Thu Jul 9 10:47:40 2026] GET /v2/images/acdf5b2e-85ca-4774-bbbf-76fbfd265743 => generated 649 bytes in 19 msecs (HTTP/1.1 200) 4 headers in 157 bytes (1 switches on core 0)
Jul 09 10:47:40.597108 np0000004877 devstack@g-api.service[99565]: DEBUG swiftclient [None req-4842544c-269c-40e6-9436-3535641a7a41 tempest-VolumesActionsTest-1094687227 tempest-VolumesActionsTest-1094687227-project-member] REQ: curl -i https://10.4.3.48:8080/v1/AUTH_e6ac24f60c024a7caed770836bfd87ca/glance/acdf5b2e-85ca-4774-bbbf-76fbfd265743-00001 -X PUT -H "X-Auth-Token: gAAAAABqT3xKChkC..." {{(pid=99565) http_log /opt/stack/data/venv/lib/python3.12/site-packages/swiftclient/client.py:160}}
Jul 09 10:47:40.597108 np0000004877 devstack@g-api.service[99565]: DEBUG swiftclient [None req-4842544c-269c-40e6-9436-3535641a7a41 tempest-VolumesActionsTest-1094687227 tempest-VolumesActionsTest-1094687227-project-member] RESP STATUS: 201 Created {{(pid=99565) http_log /opt/stack/data/venv/lib/python3.12/site-packages/swiftclient/client.py:161}}
Jul 09 10:47:40.597416 np0000004877 devstack@g-api.service[99565]: DEBUG swiftclient [None req-4842544c-269c-40e6-9436-3535641a7a41 tempest-VolumesActionsTest-1094687227 tempest-VolumesActionsTest-1094687227-project-member] RESP HEADERS: {'Date': 'Thu, 09 Jul 2026 10:47:40 GMT', 'Server': 'Apache/2.4.58 (Ubuntu)', 'Content-Type': 'text/html; charset=UTF-8', 'Content-Length': '0', 'Etag': 'eda9a9889837ac4bc81d6387d92c1bec', 'Last-Modified': 'Thu, 09 Jul 2026 10:47:39 GMT', 'X-Trans-Id': 'tx0facdfd00ab9425abe315-006a4f7c4a', 'X-Openstack-Request-Id': 'tx0facdfd00ab9425abe315-006a4f7c4a', 'Connection': 'close'} {{(pid=99565) http_log /opt/stack/data/venv/lib/python3.12/site-packages/swiftclient/client.py:162}}
Jul 09 10:47:40.597512 np0000004877 devstack@g-api.service[99565]: DEBUG glance_store._drivers.swift.store [None req-4842544c-269c-40e6-9436-3535641a7a41 tempest-VolumesActionsTest-1094687227 tempest-VolumesActionsTest-1094687227-project-member] Wrote chunk acdf5b2e-85ca-4774-bbbf-76fbfd265743-00001 (1/?) of length 204800000 to Swift returning MD5 of content: eda9a9889837ac4bc81d6387d92c1bec {{(pid=99565) add /opt/stack/data/venv/lib/python3.12/site-packages/glance_store/_drivers/swift/store.py:1059}}
Jul 09 10:47:41.505751 np0000004877 devstack@g-api.service[99566]: DEBUG glance.api.middleware.version_negotiation [None req-4c4944ca-482c-4c33-bb18-700df5427ff1 tempest-VolumesActionsTest-1094687227 tempest-VolumesActionsTest-1094687227-project-member] Determining version of request: GET /v2/images/acdf5b2e-85ca-4774-bbbf-76fbfd265743 Accept: application/json {{(pid=99566) process_request /opt/stack/glance/glance/api/middleware/version_negotiation.py:44}}
Jul 09 10:47:41.506319 np0000004877 devstack@g-api.service[99566]: DEBUG glance.api.middleware.version_negotiation [None req-4c4944ca-482c-4c33-bb18-700df5427ff1 tempest-VolumesActionsTest-1094687227 tempest-VolumesActionsTest-1094687227-project-member] Using url versioning {{(pid=99566) process_request /opt/stack/glance/glance/api/middleware/version_negotiation.py:57}}
Jul 09 10:47:41.506319 np0000004877 devstack@g-api.service[99566]: DEBUG glance.api.middleware.version_negotiation [None req-4c4944ca-482c-4c33-bb18-700df5427ff1 tempest-VolumesActionsTest-1094687227 tempest-VolumesActionsTest-1094687227-project-member] Matched version: v2 {{(pid=99566) process_request /opt/stack/glance/glance/api/middleware/version_negotiation.py:69}}
Jul 09 10:47:41.507501 np0000004877 devstack@g-api.service[99566]: DEBUG glance.api.middleware.version_negotiation [None req-4c4944ca-482c-4c33-bb18-700df5427ff1 tempest-VolumesActionsTest-1094687227 tempest-VolumesActionsTest-1094687227-project-member] new path /v2/images/acdf5b2e-85ca-4774-bbbf-76fbfd265743 {{(pid=99566) process_request /opt/stack/glance/glance/api/middleware/version_negotiation.py:70}}
Jul 09 10:47:41.532824 np0000004877 devstack@g-api.service[99566]: [pid: 99566|app: 0|req: 38/105] 127.0.0.1 () {40 vars in 834 bytes} [Thu Jul 9 10:47:41 2026] GET /v2/images/acdf5b2e-85ca-4774-bbbf-76fbfd265743 => generated 649 bytes in 28 msecs (HTTP/1.1 200) 4 headers in 157 bytes (1 switches on core 0)
Jul 09 10:47:42.541180 np0000004877 devstack@g-api.service[99564]: DEBUG glance.api.middleware.version_negotiation [None req-ab9b1ffd-3a46-4fc0-83af-15dd7a1c8bb5 tempest-VolumesActionsTest-1094687227 tempest-VolumesActionsTest-1094687227-project-member] Determining version of request: GET /v2/images/acdf5b2e-85ca-4774-bbbf-76fbfd265743 Accept: application/json {{(pid=99564) process_request /opt/stack/glance/glance/api/middleware/version_negotiation.py:44}}
Jul 09 10:47:42.541687 np0000004877 devstack@g-api.service[99564]: DEBUG glance.api.middleware.version_negotiation [None req-ab9b1ffd-3a46-4fc0-83af-15dd7a1c8bb5 tempest-VolumesActionsTest-1094687227 tempest-VolumesActionsTest-1094687227-project-member] Using url versioning {{(pid=99564) process_request /opt/stack/glance/glance/api/middleware/version_negotiation.py:57}}
Jul 09 10:47:42.541687 np0000004877 devstack@g-api.service[99564]: DEBUG glance.api.middleware.version_negotiation [None req-ab9b1ffd-3a46-4fc0-83af-15dd7a1c8bb5 tempest-VolumesActionsTest-1094687227 tempest-VolumesActionsTest-1094687227-project-member] Matched version: v2 {{(pid=99564) process_request /opt/stack/glance/glance/api/middleware/version_negotiation.py:69}}
Jul 09 10:47:42.541687 np0000004877 devstack@g-api.service[99564]: DEBUG glance.api.middleware.version_negotiation [None req-ab9b1ffd-3a46-4fc0-83af-15dd7a1c8bb5 tempest-VolumesActionsTest-1094687227 tempest-VolumesActionsTest-1094687227-project-member] new path /v2/images/acdf5b2e-85ca-4774-bbbf-76fbfd265743 {{(pid=99564) process_request /opt/stack/glance/glance/api/middleware/version_negotiation.py:70}}
Jul 09 10:47:42.553574 np0000004877 devstack@g-api.service[99564]: [pid: 99564|app: 0|req: 34/106] 127.0.0.1 () {40 vars in 834 bytes} [Thu Jul 9 10:47:42 2026] GET /v2/images/acdf5b2e-85ca-4774-bbbf-76fbfd265743 => generated 649 bytes in 13 msecs (HTTP/1.1 200) 4 headers in 157 bytes (1 switches on core 0)
Jul 09 10:47:42.680685 np0000004877 devstack@g-api.service[99565]: DEBUG swiftclient [None req-4842544c-269c-40e6-9436-3535641a7a41 tempest-VolumesActionsTest-1094687227 tempest-VolumesActionsTest-1094687227-project-member] REQ: curl -i https://10.4.3.48:8080/v1/AUTH_e6ac24f60c024a7caed770836bfd87ca/glance/acdf5b2e-85ca-4774-bbbf-76fbfd265743-00002 -X PUT -H "X-Auth-Token: gAAAAABqT3xKChkC..." {{(pid=99565) http_log /opt/stack/data/venv/lib/python3.12/site-packages/swiftclient/client.py:160}}
Jul 09 10:47:42.680983 np0000004877 devstack@g-api.service[99565]: DEBUG swiftclient [None req-4842544c-269c-40e6-9436-3535641a7a41 tempest-VolumesActionsTest-1094687227 tempest-VolumesActionsTest-1094687227-project-member] RESP STATUS: 201 Created {{(pid=99565) http_log /opt/stack/data/venv/lib/python3.12/site-packages/swiftclient/client.py:161}}
Jul 09 10:47:42.681010 np0000004877 devstack@g-api.service[99565]: DEBUG swiftclient [None req-4842544c-269c-40e6-9436-3535641a7a41 tempest-VolumesActionsTest-1094687227 tempest-VolumesActionsTest-1094687227-project-member] RESP HEADERS: {'Date': 'Thu, 09 Jul 2026 10:47:42 GMT', 'Server': 'Apache/2.4.58 (Ubuntu)', 'Content-Type': 'text/html; charset=UTF-8', 'Content-Length': '0', 'Etag': 'eda9a9889837ac4bc81d6387d92c1bec', 'Last-Modified': 'Thu, 09 Jul 2026 10:47:41 GMT', 'X-Trans-Id': 'tx1eb53b26444f4eb59c337-006a4f7c4c', 'X-Openstack-Request-Id': 'tx1eb53b26444f4eb59c337-006a4f7c4c', 'Connection': 'close'} {{(pid=99565) http_log /opt/stack/data/venv/lib/python3.12/site-packages/swiftclient/client.py:162}}
Jul 09 10:47:42.681179 np0000004877 devstack@g-api.service[99565]: DEBUG glance_store._drivers.swift.store [None req-4842544c-269c-40e6-9436-3535641a7a41 tempest-VolumesActionsTest-1094687227 tempest-VolumesActionsTest-1094687227-project-member] Wrote chunk acdf5b2e-85ca-4774-bbbf-76fbfd265743-00002 (2/?) of length 204800000 to Swift returning MD5 of content: eda9a9889837ac4bc81d6387d92c1bec {{(pid=99565) add /opt/stack/data/venv/lib/python3.12/site-packages/glance_store/_drivers/swift/store.py:1059}}
Jul 09 10:47:43.562945 np0000004877 devstack@g-api.service[99566]: DEBUG glance.api.middleware.version_negotiation [None req-9e4c9755-96d7-4d03-975e-cffb3ed27976 tempest-VolumesActionsTest-1094687227 tempest-VolumesActionsTest-1094687227-project-member] Determining version of request: GET /v2/images/acdf5b2e-85ca-4774-bbbf-76fbfd265743 Accept: application/json {{(pid=99566) process_request /opt/stack/glance/glance/api/middleware/version_negotiation.py:44}}
Jul 09 10:47:43.563358 np0000004877 devstack@g-api.service[99566]: DEBUG glance.api.middleware.version_negotiation [None req-9e4c9755-96d7-4d03-975e-cffb3ed27976 tempest-VolumesActionsTest-1094687227 tempest-VolumesActionsTest-1094687227-project-member] Using url versioning {{(pid=99566) process_request /opt/stack/glance/glance/api/middleware/version_negotiation.py:57}}
Jul 09 10:47:43.563358 np0000004877 devstack@g-api.service[99566]: DEBUG glance.api.middleware.version_negotiation [None req-9e4c9755-96d7-4d03-975e-cffb3ed27976 tempest-VolumesActionsTest-1094687227 tempest-VolumesActionsTest-1094687227-project-member] Matched version: v2 {{(pid=99566) process_request /opt/stack/glance/glance/api/middleware/version_negotiation.py:69}}
Jul 09 10:47:43.563358 np0000004877 devstack@g-api.service[99566]: DEBUG glance.api.middleware.version_negotiation [None req-9e4c9755-96d7-4d03-975e-cffb3ed27976 tempest-VolumesActionsTest-1094687227 tempest-VolumesActionsTest-1094687227-project-member] new path /v2/images/acdf5b2e-85ca-4774-bbbf-76fbfd265743 {{(pid=99566) process_request /opt/stack/glance/glance/api/middleware/version_negotiation.py:70}}
Jul 09 10:47:43.576852 np0000004877 devstack@g-api.service[99566]: [pid: 99566|app: 0|req: 39/107] 127.0.0.1 () {40 vars in 834 bytes} [Thu Jul 9 10:47:43 2026] GET /v2/images/acdf5b2e-85ca-4774-bbbf-76fbfd265743 => generated 649 bytes in 14 msecs (HTTP/1.1 200) 4 headers in 157 bytes (1 switches on core 0)
Jul 09 10:47:44.586747 np0000004877 devstack@g-api.service[99564]: DEBUG glance.api.middleware.version_negotiation [None req-f10a14d4-1744-4172-94d9-96240e7d7dc0 tempest-VolumesActionsTest-1094687227 tempest-VolumesActionsTest-1094687227-project-member] Determining version of request: GET /v2/images/acdf5b2e-85ca-4774-bbbf-76fbfd265743 Accept: application/json {{(pid=99564) process_request /opt/stack/glance/glance/api/middleware/version_negotiation.py:44}}
Jul 09 10:47:44.587127 np0000004877 devstack@g-api.service[99564]: DEBUG glance.api.middleware.version_negotiation [None req-f10a14d4-1744-4172-94d9-96240e7d7dc0 tempest-VolumesActionsTest-1094687227 tempest-VolumesActionsTest-1094687227-project-member] Using url versioning {{(pid=99564) process_request /opt/stack/glance/glance/api/middleware/version_negotiation.py:57}}
Jul 09 10:47:44.587127 np0000004877 devstack@g-api.service[99564]: DEBUG glance.api.middleware.version_negotiation [None req-f10a14d4-1744-4172-94d9-96240e7d7dc0 tempest-VolumesActionsTest-1094687227 tempest-VolumesActionsTest-1094687227-project-member] Matched version: v2 {{(pid=99564) process_request /opt/stack/glance/glance/api/middleware/version_negotiation.py:69}}
Jul 09 10:47:44.587257 np0000004877 devstack@g-api.service[99564]: DEBUG glance.api.middleware.version_negotiation [None req-f10a14d4-1744-4172-94d9-96240e7d7dc0 tempest-VolumesActionsTest-1094687227 tempest-VolumesActionsTest-1094687227-project-member] new path /v2/images/acdf5b2e-85ca-4774-bbbf-76fbfd265743 {{(pid=99564) process_request /opt/stack/glance/glance/api/middleware/version_negotiation.py:70}}
Jul 09 10:47:44.597362 np0000004877 devstack@g-api.service[99566]: DEBUG glance.api.middleware.version_negotiation [None req-010fdf4a-4ded-4b7a-94ff-5d28c600c99b tempest-VolumesActionsTest-1094687227 tempest-VolumesActionsTest-1094687227-project-member] Determining version of request: GET /v2/images/03728ec3-15e6-45d3-a454-98f40b9e9308 Accept: */* {{(pid=99566) process_request /opt/stack/glance/glance/api/middleware/version_negotiation.py:44}}
Jul 09 10:47:44.598033 np0000004877 devstack@g-api.service[99566]: DEBUG glance.api.middleware.version_negotiation [None req-010fdf4a-4ded-4b7a-94ff-5d28c600c99b tempest-VolumesActionsTest-1094687227 tempest-VolumesActionsTest-1094687227-project-member] Using url versioning {{(pid=99566) process_request /opt/stack/glance/glance/api/middleware/version_negotiation.py:57}}
Jul 09 10:47:44.598033 np0000004877 devstack@g-api.service[99566]: DEBUG glance.api.middleware.version_negotiation [None req-010fdf4a-4ded-4b7a-94ff-5d28c600c99b tempest-VolumesActionsTest-1094687227 tempest-VolumesActionsTest-1094687227-project-member] Matched version: v2 {{(pid=99566) process_request /opt/stack/glance/glance/api/middleware/version_negotiation.py:69}}
Jul 09 10:47:44.598033 np0000004877 devstack@g-api.service[99566]: DEBUG glance.api.middleware.version_negotiation [None req-010fdf4a-4ded-4b7a-94ff-5d28c600c99b tempest-VolumesActionsTest-1094687227 tempest-VolumesActionsTest-1094687227-project-member] new path /v2/images/03728ec3-15e6-45d3-a454-98f40b9e9308 {{(pid=99566) process_request /opt/stack/glance/glance/api/middleware/version_negotiation.py:70}}
Jul 09 10:47:44.598837 np0000004877 devstack@g-api.service[99564]: [pid: 99564|app: 0|req: 35/108] 127.0.0.1 () {40 vars in 834 bytes} [Thu Jul 9 10:47:44 2026] GET /v2/images/acdf5b2e-85ca-4774-bbbf-76fbfd265743 => generated 649 bytes in 12 msecs (HTTP/1.1 200) 4 headers in 157 bytes (1 switches on core 0)
Jul 09 10:47:44.609182 np0000004877 devstack@g-api.service[99566]: [pid: 99566|app: 0|req: 40/109] 127.0.0.1 () {44 vars in 1111 bytes} [Thu Jul 9 10:47:44 2026] GET /v2/images/03728ec3-15e6-45d3-a454-98f40b9e9308 => generated 1044 bytes in 12 msecs (HTTP/1.1 200) 4 headers in 158 bytes (1 switches on core 0)
Jul 09 10:47:44.642884 np0000004877 devstack@g-api.service[99564]: DEBUG glance.api.middleware.version_negotiation [None req-0c9b3357-256f-49a1-884f-983c731787e8 tempest-VolumesActionsTest-1094687227 tempest-VolumesActionsTest-1094687227-project-member] Determining version of request: GET /v2/schemas/image Accept: */* {{(pid=99564) process_request /opt/stack/glance/glance/api/middleware/version_negotiation.py:44}}
Jul 09 10:47:44.642884 np0000004877 devstack@g-api.service[99564]: DEBUG glance.api.middleware.version_negotiation [None req-0c9b3357-256f-49a1-884f-983c731787e8 tempest-VolumesActionsTest-1094687227 tempest-VolumesActionsTest-1094687227-project-member] Using url versioning {{(pid=99564) process_request /opt/stack/glance/glance/api/middleware/version_negotiation.py:57}}
Jul 09 10:47:44.643089 np0000004877 devstack@g-api.service[99564]: DEBUG glance.api.middleware.version_negotiation [None req-0c9b3357-256f-49a1-884f-983c731787e8 tempest-VolumesActionsTest-1094687227 tempest-VolumesActionsTest-1094687227-project-member] Matched version: v2 {{(pid=99564) process_request /opt/stack/glance/glance/api/middleware/version_negotiation.py:69}}
Jul 09 10:47:44.643361 np0000004877 devstack@g-api.service[99564]: DEBUG glance.api.middleware.version_negotiation [None req-0c9b3357-256f-49a1-884f-983c731787e8 tempest-VolumesActionsTest-1094687227 tempest-VolumesActionsTest-1094687227-project-member] new path /v2/schemas/image {{(pid=99564) process_request /opt/stack/glance/glance/api/middleware/version_negotiation.py:70}}
Jul 09 10:47:44.648985 np0000004877 devstack@g-api.service[99564]: [pid: 99564|app: 0|req: 36/110] 127.0.0.1 () {44 vars in 1051 bytes} [Thu Jul 9 10:47:44 2026] GET /v2/schemas/image => generated 6083 bytes in 3 msecs (HTTP/1.1 200) 4 headers in 158 bytes (1 switches on core 0)
Jul 09 10:47:44.721120 np0000004877 devstack@g-api.service[99565]: DEBUG swiftclient [None req-4842544c-269c-40e6-9436-3535641a7a41 tempest-VolumesActionsTest-1094687227 tempest-VolumesActionsTest-1094687227-project-member] REQ: curl -i https://10.4.3.48:8080/v1/AUTH_e6ac24f60c024a7caed770836bfd87ca/glance/acdf5b2e-85ca-4774-bbbf-76fbfd265743-00003 -X PUT -H "X-Auth-Token: gAAAAABqT3xKChkC..." {{(pid=99565) http_log /opt/stack/data/venv/lib/python3.12/site-packages/swiftclient/client.py:160}}
Jul 09 10:47:44.721453 np0000004877 devstack@g-api.service[99565]: DEBUG swiftclient [None req-4842544c-269c-40e6-9436-3535641a7a41 tempest-VolumesActionsTest-1094687227 tempest-VolumesActionsTest-1094687227-project-member] RESP STATUS: 201 Created {{(pid=99565) http_log /opt/stack/data/venv/lib/python3.12/site-packages/swiftclient/client.py:161}}
Jul 09 10:47:44.721453 np0000004877 devstack@g-api.service[99565]: DEBUG swiftclient [None req-4842544c-269c-40e6-9436-3535641a7a41 tempest-VolumesActionsTest-1094687227 tempest-VolumesActionsTest-1094687227-project-member] RESP HEADERS: {'Date': 'Thu, 09 Jul 2026 10:47:44 GMT', 'Server': 'Apache/2.4.58 (Ubuntu)', 'Content-Type': 'text/html; charset=UTF-8', 'Content-Length': '0', 'Etag': 'eda9a9889837ac4bc81d6387d92c1bec', 'Last-Modified': 'Thu, 09 Jul 2026 10:47:43 GMT', 'X-Trans-Id': 'tx9ad13a918c2245e69b28d-006a4f7c4e', 'X-Openstack-Request-Id': 'tx9ad13a918c2245e69b28d-006a4f7c4e', 'Connection': 'close'} {{(pid=99565) http_log /opt/stack/data/venv/lib/python3.12/site-packages/swiftclient/client.py:162}}
Jul 09 10:47:44.721576 np0000004877 devstack@g-api.service[99565]: DEBUG glance_store._drivers.swift.store [None req-4842544c-269c-40e6-9436-3535641a7a41 tempest-VolumesActionsTest-1094687227 tempest-VolumesActionsTest-1094687227-project-member] Wrote chunk acdf5b2e-85ca-4774-bbbf-76fbfd265743-00003 (3/?) of length 204800000 to Swift returning MD5 of content: eda9a9889837ac4bc81d6387d92c1bec {{(pid=99565) add /opt/stack/data/venv/lib/python3.12/site-packages/glance_store/_drivers/swift/store.py:1059}}
Jul 09 10:47:45.606693 np0000004877 devstack@g-api.service[99566]: DEBUG glance.api.middleware.version_negotiation [None req-b24033f3-0259-4e72-94e3-9dd759a82e4d tempest-ServerActionsTestOtherA-1584363186 tempest-ServerActionsTestOtherA-1584363186-project-member] Determining version of request: GET /v2/images/acdf5b2e-85ca-4774-bbbf-76fbfd265743 Accept: application/json {{(pid=99566) process_request /opt/stack/glance/glance/api/middleware/version_negotiation.py:44}}
Jul 09 10:47:45.607324 np0000004877 devstack@g-api.service[99566]: DEBUG glance.api.middleware.version_negotiation [None req-b24033f3-0259-4e72-94e3-9dd759a82e4d tempest-ServerActionsTestOtherA-1584363186 tempest-ServerActionsTestOtherA-1584363186-project-member] Using url versioning {{(pid=99566) process_request /opt/stack/glance/glance/api/middleware/version_negotiation.py:57}}
Jul 09 10:47:45.607324 np0000004877 devstack@g-api.service[99566]: DEBUG glance.api.middleware.version_negotiation [None req-b24033f3-0259-4e72-94e3-9dd759a82e4d tempest-ServerActionsTestOtherA-1584363186 tempest-ServerActionsTestOtherA-1584363186-project-member] Matched version: v2 {{(pid=99566) process_request /opt/stack/glance/glance/api/middleware/version_negotiation.py:69}}
Jul 09 10:47:45.607324 np0000004877 devstack@g-api.service[99566]: DEBUG glance.api.middleware.version_negotiation [None req-b24033f3-0259-4e72-94e3-9dd759a82e4d tempest-ServerActionsTestOtherA-1584363186 tempest-ServerActionsTestOtherA-1584363186-project-member] new path /v2/images/acdf5b2e-85ca-4774-bbbf-76fbfd265743 {{(pid=99566) process_request /opt/stack/glance/glance/api/middleware/version_negotiation.py:70}}
Jul 09 10:47:45.625417 np0000004877 devstack@g-api.service[99566]: [pid: 99566|app: 0|req: 41/111] 127.0.0.1 () {40 vars in 834 bytes} [Thu Jul 9 10:47:45 2026] GET /v2/images/acdf5b2e-85ca-4774-bbbf-76fbfd265743 => generated 649 bytes in 18 msecs (HTTP/1.1 200) 4 headers in 157 bytes (1 switches on core 0)
Jul 09 10:47:46.633489 np0000004877 devstack@g-api.service[99564]: DEBUG glance.api.middleware.version_negotiation [None req-b24033f3-0259-4e72-94e3-9dd759a82e4d tempest-ServerActionsTestOtherA-1584363186 tempest-ServerActionsTestOtherA-1584363186-project-member] Determining version of request: GET /v2/images/acdf5b2e-85ca-4774-bbbf-76fbfd265743 Accept: application/json {{(pid=99564) process_request /opt/stack/glance/glance/api/middleware/version_negotiation.py:44}}
Jul 09 10:47:46.633862 np0000004877 devstack@g-api.service[99564]: DEBUG glance.api.middleware.version_negotiation [None req-b24033f3-0259-4e72-94e3-9dd759a82e4d tempest-ServerActionsTestOtherA-1584363186 tempest-ServerActionsTestOtherA-1584363186-project-member] Using url versioning {{(pid=99564) process_request /opt/stack/glance/glance/api/middleware/version_negotiation.py:57}}
Jul 09 10:47:46.633862 np0000004877 devstack@g-api.service[99564]: DEBUG glance.api.middleware.version_negotiation [None req-b24033f3-0259-4e72-94e3-9dd759a82e4d tempest-ServerActionsTestOtherA-1584363186 tempest-ServerActionsTestOtherA-1584363186-project-member] Matched version: v2 {{(pid=99564) process_request /opt/stack/glance/glance/api/middleware/version_negotiation.py:69}}
Jul 09 10:47:46.633862 np0000004877 devstack@g-api.service[99564]: DEBUG glance.api.middleware.version_negotiation [None req-b24033f3-0259-4e72-94e3-9dd759a82e4d tempest-ServerActionsTestOtherA-1584363186 tempest-ServerActionsTestOtherA-1584363186-project-member] new path /v2/images/acdf5b2e-85ca-4774-bbbf-76fbfd265743 {{(pid=99564) process_request /opt/stack/glance/glance/api/middleware/version_negotiation.py:70}}
Jul 09 10:47:46.646255 np0000004877 devstack@g-api.service[99564]: [pid: 99564|app: 0|req: 37/112] 127.0.0.1 () {40 vars in 834 bytes} [Thu Jul 9 10:47:46 2026] GET /v2/images/acdf5b2e-85ca-4774-bbbf-76fbfd265743 => generated 649 bytes in 13 msecs (HTTP/1.1 200) 4 headers in 157 bytes (1 switches on core 0)
Jul 09 10:47:46.762326 np0000004877 devstack@g-api.service[99565]: DEBUG swiftclient [None req-4842544c-269c-40e6-9436-3535641a7a41 tempest-VolumesActionsTest-1094687227 tempest-VolumesActionsTest-1094687227-project-member] REQ: curl -i https://10.4.3.48:8080/v1/AUTH_e6ac24f60c024a7caed770836bfd87ca/glance/acdf5b2e-85ca-4774-bbbf-76fbfd265743-00004 -X PUT -H "X-Auth-Token: gAAAAABqT3xKChkC..." {{(pid=99565) http_log /opt/stack/data/venv/lib/python3.12/site-packages/swiftclient/client.py:160}}
Jul 09 10:47:46.762820 np0000004877 devstack@g-api.service[99565]: DEBUG swiftclient [None req-4842544c-269c-40e6-9436-3535641a7a41 tempest-VolumesActionsTest-1094687227 tempest-VolumesActionsTest-1094687227-project-member] RESP STATUS: 201 Created {{(pid=99565) http_log /opt/stack/data/venv/lib/python3.12/site-packages/swiftclient/client.py:161}}
Jul 09 10:47:46.762820 np0000004877 devstack@g-api.service[99565]: DEBUG swiftclient [None req-4842544c-269c-40e6-9436-3535641a7a41 tempest-VolumesActionsTest-1094687227 tempest-VolumesActionsTest-1094687227-project-member] RESP HEADERS: {'Date': 'Thu, 09 Jul 2026 10:47:46 GMT', 'Server': 'Apache/2.4.58 (Ubuntu)', 'Content-Type': 'text/html; charset=UTF-8', 'Content-Length': '0', 'Etag': 'eda9a9889837ac4bc81d6387d92c1bec', 'Last-Modified': 'Thu, 09 Jul 2026 10:47:45 GMT', 'X-Trans-Id': 'txe4194d6b49594d758bfb4-006a4f7c50', 'X-Openstack-Request-Id': 'txe4194d6b49594d758bfb4-006a4f7c50', 'Connection': 'close'} {{(pid=99565) http_log /opt/stack/data/venv/lib/python3.12/site-packages/swiftclient/client.py:162}}
Jul 09 10:47:46.762820 np0000004877 devstack@g-api.service[99565]: DEBUG glance_store._drivers.swift.store [None req-4842544c-269c-40e6-9436-3535641a7a41 tempest-VolumesActionsTest-1094687227 tempest-VolumesActionsTest-1094687227-project-member] Wrote chunk acdf5b2e-85ca-4774-bbbf-76fbfd265743-00004 (4/?) of length 204800000 to Swift returning MD5 of content: eda9a9889837ac4bc81d6387d92c1bec {{(pid=99565) add /opt/stack/data/venv/lib/python3.12/site-packages/glance_store/_drivers/swift/store.py:1059}}
Jul 09 10:47:47.658171 np0000004877 devstack@g-api.service[99566]: DEBUG glance.api.middleware.version_negotiation [None req-93fa1989-6c27-4927-9f7f-c74cecf75e01 tempest-VolumesActionsTest-1094687227 tempest-VolumesActionsTest-1094687227-project-member] Determining version of request: GET /v2/images/acdf5b2e-85ca-4774-bbbf-76fbfd265743 Accept: application/json {{(pid=99566) process_request /opt/stack/glance/glance/api/middleware/version_negotiation.py:44}}
Jul 09 10:47:47.658844 np0000004877 devstack@g-api.service[99566]: DEBUG glance.api.middleware.version_negotiation [None req-93fa1989-6c27-4927-9f7f-c74cecf75e01 tempest-VolumesActionsTest-1094687227 tempest-VolumesActionsTest-1094687227-project-member] Using url versioning {{(pid=99566) process_request /opt/stack/glance/glance/api/middleware/version_negotiation.py:57}}
Jul 09 10:47:47.658844 np0000004877 devstack@g-api.service[99566]: DEBUG glance.api.middleware.version_negotiation [None req-93fa1989-6c27-4927-9f7f-c74cecf75e01 tempest-VolumesActionsTest-1094687227 tempest-VolumesActionsTest-1094687227-project-member] Matched version: v2 {{(pid=99566) process_request /opt/stack/glance/glance/api/middleware/version_negotiation.py:69}}
Jul 09 10:47:47.658844 np0000004877 devstack@g-api.service[99566]: DEBUG glance.api.middleware.version_negotiation [None req-93fa1989-6c27-4927-9f7f-c74cecf75e01 tempest-VolumesActionsTest-1094687227 tempest-VolumesActionsTest-1094687227-project-member] new path /v2/images/acdf5b2e-85ca-4774-bbbf-76fbfd265743 {{(pid=99566) process_request /opt/stack/glance/glance/api/middleware/version_negotiation.py:70}}
Jul 09 10:47:47.677267 np0000004877 devstack@g-api.service[99566]: [pid: 99566|app: 0|req: 42/113] 127.0.0.1 () {40 vars in 834 bytes} [Thu Jul 9 10:47:47 2026] GET /v2/images/acdf5b2e-85ca-4774-bbbf-76fbfd265743 => generated 649 bytes in 19 msecs (HTTP/1.1 200) 4 headers in 157 bytes (1 switches on core 0)
Jul 09 10:47:48.091831 np0000004877 devstack@g-api.service[99565]: DEBUG dbcounter [-] [99565] Writing DB stats glance:SELECT=16,glance:INSERT=1,glance:UPDATE=1 {{(pid=99565) stat_writer /opt/stack/data/venv/lib/python3.12/site-packages/dbcounter.py:115}}
Jul 09 10:47:48.690520 np0000004877 devstack@g-api.service[99564]: DEBUG glance.api.middleware.version_negotiation [None req-71aa3df4-fce1-462f-b782-b179f7a9e883 tempest-VolumesActionsTest-1094687227 tempest-VolumesActionsTest-1094687227-project-member] Determining version of request: GET /v2/images/acdf5b2e-85ca-4774-bbbf-76fbfd265743 Accept: application/json {{(pid=99564) process_request /opt/stack/glance/glance/api/middleware/version_negotiation.py:44}}
Jul 09 10:47:48.690967 np0000004877 devstack@g-api.service[99564]: DEBUG glance.api.middleware.version_negotiation [None req-71aa3df4-fce1-462f-b782-b179f7a9e883 tempest-VolumesActionsTest-1094687227 tempest-VolumesActionsTest-1094687227-project-member] Using url versioning {{(pid=99564) process_request /opt/stack/glance/glance/api/middleware/version_negotiation.py:57}}
Jul 09 10:47:48.691114 np0000004877 devstack@g-api.service[99564]: DEBUG glance.api.middleware.version_negotiation [None req-71aa3df4-fce1-462f-b782-b179f7a9e883 tempest-VolumesActionsTest-1094687227 tempest-VolumesActionsTest-1094687227-project-member] Matched version: v2 {{(pid=99564) process_request /opt/stack/glance/glance/api/middleware/version_negotiation.py:69}}
Jul 09 10:47:48.691299 np0000004877 devstack@g-api.service[99564]: DEBUG glance.api.middleware.version_negotiation [None req-71aa3df4-fce1-462f-b782-b179f7a9e883 tempest-VolumesActionsTest-1094687227 tempest-VolumesActionsTest-1094687227-project-member] new path /v2/images/acdf5b2e-85ca-4774-bbbf-76fbfd265743 {{(pid=99564) process_request /opt/stack/glance/glance/api/middleware/version_negotiation.py:70}}
Jul 09 10:47:48.711957 np0000004877 devstack@g-api.service[99564]: [pid: 99564|app: 0|req: 38/114] 127.0.0.1 () {40 vars in 834 bytes} [Thu Jul 9 10:47:48 2026] GET /v2/images/acdf5b2e-85ca-4774-bbbf-76fbfd265743 => generated 649 bytes in 21 msecs (HTTP/1.1 200) 4 headers in 157 bytes (1 switches on core 0)
Jul 09 10:47:49.032732 np0000004877 devstack@g-api.service[99565]: DEBUG swiftclient [None req-4842544c-269c-40e6-9436-3535641a7a41 tempest-VolumesActionsTest-1094687227 tempest-VolumesActionsTest-1094687227-project-member] REQ: curl -i https://10.4.3.48:8080/v1/AUTH_e6ac24f60c024a7caed770836bfd87ca/glance/acdf5b2e-85ca-4774-bbbf-76fbfd265743-00005 -X PUT -H "X-Auth-Token: gAAAAABqT3xKChkC..." {{(pid=99565) http_log /opt/stack/data/venv/lib/python3.12/site-packages/swiftclient/client.py:160}}
Jul 09 10:47:49.033068 np0000004877 devstack@g-api.service[99565]: DEBUG swiftclient [None req-4842544c-269c-40e6-9436-3535641a7a41 tempest-VolumesActionsTest-1094687227 tempest-VolumesActionsTest-1094687227-project-member] RESP STATUS: 201 Created {{(pid=99565) http_log /opt/stack/data/venv/lib/python3.12/site-packages/swiftclient/client.py:161}}
Jul 09 10:47:49.033068 np0000004877 devstack@g-api.service[99565]: DEBUG swiftclient [None req-4842544c-269c-40e6-9436-3535641a7a41 tempest-VolumesActionsTest-1094687227 tempest-VolumesActionsTest-1094687227-project-member] RESP HEADERS: {'Date': 'Thu, 09 Jul 2026 10:47:49 GMT', 'Server': 'Apache/2.4.58 (Ubuntu)', 'Content-Type': 'text/html; charset=UTF-8', 'Content-Length': '0', 'Etag': 'eda9a9889837ac4bc81d6387d92c1bec', 'Last-Modified': 'Thu, 09 Jul 2026 10:47:47 GMT', 'X-Trans-Id': 'txa356c59e6295430ca22bc-006a4f7c52', 'X-Openstack-Request-Id': 'txa356c59e6295430ca22bc-006a4f7c52', 'Connection': 'close'} {{(pid=99565) http_log /opt/stack/data/venv/lib/python3.12/site-packages/swiftclient/client.py:162}}
Jul 09 10:47:49.033180 np0000004877 devstack@g-api.service[99565]: DEBUG glance_store._drivers.swift.store [None req-4842544c-269c-40e6-9436-3535641a7a41 tempest-VolumesActionsTest-1094687227 tempest-VolumesActionsTest-1094687227-project-member] Wrote chunk acdf5b2e-85ca-4774-bbbf-76fbfd265743-00005 (5/?) of length 204800000 to Swift returning MD5 of content: eda9a9889837ac4bc81d6387d92c1bec {{(pid=99565) add /opt/stack/data/venv/lib/python3.12/site-packages/glance_store/_drivers/swift/store.py:1059}}
Jul 09 10:47:49.576896 np0000004877 devstack@g-api.service[99565]: DEBUG swiftclient [None req-4842544c-269c-40e6-9436-3535641a7a41 tempest-VolumesActionsTest-1094687227 tempest-VolumesActionsTest-1094687227-project-member] REQ: curl -i https://10.4.3.48:8080/v1/AUTH_e6ac24f60c024a7caed770836bfd87ca/glance/acdf5b2e-85ca-4774-bbbf-76fbfd265743-00006 -X PUT -H "X-Auth-Token: gAAAAABqT3xKChkC..." {{(pid=99565) http_log /opt/stack/data/venv/lib/python3.12/site-packages/swiftclient/client.py:160}}
Jul 09 10:47:49.577387 np0000004877 devstack@g-api.service[99565]: DEBUG swiftclient [None req-4842544c-269c-40e6-9436-3535641a7a41 tempest-VolumesActionsTest-1094687227 tempest-VolumesActionsTest-1094687227-project-member] RESP STATUS: 201 Created {{(pid=99565) http_log /opt/stack/data/venv/lib/python3.12/site-packages/swiftclient/client.py:161}}
Jul 09 10:47:49.577387 np0000004877 devstack@g-api.service[99565]: DEBUG swiftclient [None req-4842544c-269c-40e6-9436-3535641a7a41 tempest-VolumesActionsTest-1094687227 tempest-VolumesActionsTest-1094687227-project-member] RESP HEADERS: {'Date': 'Thu, 09 Jul 2026 10:47:49 GMT', 'Server': 'Apache/2.4.58 (Ubuntu)', 'Content-Type': 'text/html; charset=UTF-8', 'Content-Length': '0', 'Etag': '708761f3b8777ec77058e63da08eeeb6', 'Last-Modified': 'Thu, 09 Jul 2026 10:47:50 GMT', 'X-Trans-Id': 'tx73ca835c39164f17a90fd-006a4f7c55', 'X-Openstack-Request-Id': 'tx73ca835c39164f17a90fd-006a4f7c55', 'Connection': 'close'} {{(pid=99565) http_log /opt/stack/data/venv/lib/python3.12/site-packages/swiftclient/client.py:162}}
Jul 09 10:47:49.577387 np0000004877 devstack@g-api.service[99565]: DEBUG glance_store._drivers.swift.store [None req-4842544c-269c-40e6-9436-3535641a7a41 tempest-VolumesActionsTest-1094687227 tempest-VolumesActionsTest-1094687227-project-member] Wrote chunk acdf5b2e-85ca-4774-bbbf-76fbfd265743-00006 (6/?) of length 49741824 to Swift returning MD5 of content: 708761f3b8777ec77058e63da08eeeb6 {{(pid=99565) add /opt/stack/data/venv/lib/python3.12/site-packages/glance_store/_drivers/swift/store.py:1059}}
Jul 09 10:47:49.577570 np0000004877 devstack@g-api.service[99565]: DEBUG glance_store._drivers.swift.store [None req-4842544c-269c-40e6-9436-3535641a7a41 tempest-VolumesActionsTest-1094687227 tempest-VolumesActionsTest-1094687227-project-member] Not writing zero-length chunk. {{(pid=99565) add /opt/stack/data/venv/lib/python3.12/site-packages/glance_store/_drivers/swift/store.py:1028}}
Jul 09 10:47:49.602560 np0000004877 devstack@g-api.service[99565]: DEBUG swiftclient [None req-4842544c-269c-40e6-9436-3535641a7a41 tempest-VolumesActionsTest-1094687227 tempest-VolumesActionsTest-1094687227-project-member] REQ: curl -i https://10.4.3.48:8080/v1/AUTH_e6ac24f60c024a7caed770836bfd87ca/glance/acdf5b2e-85ca-4774-bbbf-76fbfd265743 -X PUT -H "X-Object-Manifest: glance/acdf5b2e-85ca-4774-bbbf-76fbfd265743-" -H "X-Auth-Token: gAAAAABqT3xKChkC..." -H "Content-Length: 0" {{(pid=99565) http_log /opt/stack/data/venv/lib/python3.12/site-packages/swiftclient/client.py:160}}
Jul 09 10:47:49.602683 np0000004877 devstack@g-api.service[99565]: DEBUG swiftclient [None req-4842544c-269c-40e6-9436-3535641a7a41 tempest-VolumesActionsTest-1094687227 tempest-VolumesActionsTest-1094687227-project-member] RESP STATUS: 201 Created {{(pid=99565) http_log /opt/stack/data/venv/lib/python3.12/site-packages/swiftclient/client.py:161}}
Jul 09 10:47:49.604018 np0000004877 devstack@g-api.service[99565]: DEBUG swiftclient [None req-4842544c-269c-40e6-9436-3535641a7a41 tempest-VolumesActionsTest-1094687227 tempest-VolumesActionsTest-1094687227-project-member] RESP HEADERS: {'Date': 'Thu, 09 Jul 2026 10:47:49 GMT', 'Server': 'Apache/2.4.58 (Ubuntu)', 'Content-Type': 'text/html; charset=UTF-8', 'Content-Length': '0', 'Etag': 'd41d8cd98f00b204e9800998ecf8427e', 'Last-Modified': 'Thu, 09 Jul 2026 10:47:50 GMT', 'X-Trans-Id': 'tx7edc869c453b4a818e0a2-006a4f7c55', 'X-Openstack-Request-Id': 'tx7edc869c453b4a818e0a2-006a4f7c55', 'Connection': 'close'} {{(pid=99565) http_log /opt/stack/data/venv/lib/python3.12/site-packages/swiftclient/client.py:162}}
Jul 09 10:47:49.604018 np0000004877 devstack@g-api.service[99565]: INFO glance.location [None req-4842544c-269c-40e6-9436-3535641a7a41 tempest-VolumesActionsTest-1094687227 tempest-VolumesActionsTest-1094687227-project-member] Image format matched and virtual size computed: 1073741824
Jul 09 10:47:49.641060 np0000004877 devstack@g-api.service[99565]: DEBUG glance_store.backend [None req-4842544c-269c-40e6-9436-3535641a7a41 tempest-VolumesActionsTest-1094687227 tempest-VolumesActionsTest-1094687227-project-member] Attempting to import store swift {{(pid=99565) _load_store /opt/stack/data/venv/lib/python3.12/site-packages/glance_store/backend.py:215}}
Jul 09 10:47:49.641893 np0000004877 devstack@g-api.service[99565]: DEBUG glance_store.capabilities [None req-4842544c-269c-40e6-9436-3535641a7a41 tempest-VolumesActionsTest-1094687227 tempest-VolumesActionsTest-1094687227-project-member] Store glance_store._drivers.swift.store.SingleTenantStore doesn't support updating dynamic storage capabilities. Please overwrite 'update_capabilities' method of the store to implement updating logics if needed. {{(pid=99565) update_capabilities /opt/stack/data/venv/lib/python3.12/site-packages/glance_store/capabilities.py:91}}
Jul 09 10:47:49.642016 np0000004877 devstack@g-api.service[99565]: DEBUG glance_store.driver [None req-4842544c-269c-40e6-9436-3535641a7a41 tempest-VolumesActionsTest-1094687227 tempest-VolumesActionsTest-1094687227-project-member] Late loading location class glance_store._drivers.swift.store.StoreLocation {{(pid=99565) get_store_location_class /opt/stack/data/venv/lib/python3.12/site-packages/glance_store/driver.py:134}}
