Jul 09 10:43:18.950019 np0000004877 nova-scheduler[93252]: DEBUG cotyledon.oslo_config_glue [-] oslo_messaging_rabbit.use_queue_manager = False {{(pid=93252) log_opt_values /opt/stack/data/venv/lib/python3.12/site-packages/oslo_config/cfg.py:3253}}
Jul 09 10:43:18.950019 np0000004877 nova-scheduler[93252]: DEBUG cotyledon.oslo_config_glue [-] oslo_messaging_notifications.driver = ['messagingv2'] {{(pid=93252) log_opt_values /opt/stack/data/venv/lib/python3.12/site-packages/oslo_config/cfg.py:3253}}
Jul 09 10:43:18.950019 np0000004877 nova-scheduler[93252]: DEBUG cotyledon.oslo_config_glue [-] oslo_messaging_notifications.retry = -1 {{(pid=93252) log_opt_values /opt/stack/data/venv/lib/python3.12/site-packages/oslo_config/cfg.py:3253}}
Jul 09 10:43:18.950019 np0000004877 nova-scheduler[93252]: DEBUG cotyledon.oslo_config_glue [-] oslo_messaging_notifications.topics = ['notifications'] {{(pid=93252) log_opt_values /opt/stack/data/venv/lib/python3.12/site-packages/oslo_config/cfg.py:3253}}
Jul 09 10:43:18.950019 np0000004877 nova-scheduler[93252]: DEBUG cotyledon.oslo_config_glue [-] oslo_messaging_notifications.transport_url = **** {{(pid=93252) log_opt_values /opt/stack/data/venv/lib/python3.12/site-packages/oslo_config/cfg.py:3253}}
Jul 09 10:43:18.950019 np0000004877 nova-scheduler[93252]: DEBUG cotyledon.oslo_config_glue [-] oslo_limit.auth_section = None {{(pid=93252) log_opt_values /opt/stack/data/venv/lib/python3.12/site-packages/oslo_config/cfg.py:3253}}
Jul 09 10:43:18.950019 np0000004877 nova-scheduler[93252]: DEBUG cotyledon.oslo_config_glue [-] oslo_limit.auth_type = None {{(pid=93252) log_opt_values /opt/stack/data/venv/lib/python3.12/site-packages/oslo_config/cfg.py:3253}}
Jul 09 10:43:18.950019 np0000004877 nova-scheduler[93252]: DEBUG cotyledon.oslo_config_glue [-] oslo_limit.cafile = None {{(pid=93252) log_opt_values /opt/stack/data/venv/lib/python3.12/site-packages/oslo_config/cfg.py:3253}}
Jul 09 10:43:18.950230 np0000004877 nova-scheduler[93252]: DEBUG cotyledon.oslo_config_glue [-] oslo_limit.certfile = None {{(pid=93252) log_opt_values /opt/stack/data/venv/lib/python3.12/site-packages/oslo_config/cfg.py:3253}}
Jul 09 10:43:18.950230 np0000004877 nova-scheduler[93252]: DEBUG cotyledon.oslo_config_glue [-] oslo_limit.collect_timing = False {{(pid=93252) log_opt_values /opt/stack/data/venv/lib/python3.12/site-packages/oslo_config/cfg.py:3253}}
Jul 09 10:43:18.950230 np0000004877 nova-scheduler[93252]: DEBUG cotyledon.oslo_config_glue [-] oslo_limit.connect_retries = None {{(pid=93252) log_opt_values /opt/stack/data/venv/lib/python3.12/site-packages/oslo_config/cfg.py:3253}}
Jul 09 10:43:18.950230 np0000004877 nova-scheduler[93252]: DEBUG cotyledon.oslo_config_glue [-] oslo_limit.connect_retry_delay = None {{(pid=93252) log_opt_values /opt/stack/data/venv/lib/python3.12/site-packages/oslo_config/cfg.py:3253}}
Jul 09 10:43:18.950230 np0000004877 nova-scheduler[93252]: DEBUG cotyledon.oslo_config_glue [-] oslo_limit.endpoint_id = None {{(pid=93252) log_opt_values /opt/stack/data/venv/lib/python3.12/site-packages/oslo_config/cfg.py:3253}}
Jul 09 10:43:18.950230 np0000004877 nova-scheduler[93252]: DEBUG cotyledon.oslo_config_glue [-] oslo_limit.endpoint_interface = public {{(pid=93252) log_opt_values /opt/stack/data/venv/lib/python3.12/site-packages/oslo_config/cfg.py:3253}}
Jul 09 10:43:18.950230 np0000004877 nova-scheduler[93252]: DEBUG cotyledon.oslo_config_glue [-] oslo_limit.endpoint_override = None {{(pid=93252) log_opt_values /opt/stack/data/venv/lib/python3.12/site-packages/oslo_config/cfg.py:3253}}
Jul 09 10:43:18.950230 np0000004877 nova-scheduler[93252]: DEBUG cotyledon.oslo_config_glue [-] oslo_limit.endpoint_region_name = None {{(pid=93252) log_opt_values /opt/stack/data/venv/lib/python3.12/site-packages/oslo_config/cfg.py:3253}}
Jul 09 10:43:18.950230 np0000004877 nova-scheduler[93252]: DEBUG cotyledon.oslo_config_glue [-] oslo_limit.endpoint_service_name = None {{(pid=93252) log_opt_values /opt/stack/data/venv/lib/python3.12/site-packages/oslo_config/cfg.py:3253}}
Jul 09 10:43:18.950418 np0000004877 nova-scheduler[93252]: DEBUG cotyledon.oslo_config_glue [-] oslo_limit.endpoint_service_type = None {{(pid=93252) log_opt_values /opt/stack/data/venv/lib/python3.12/site-packages/oslo_config/cfg.py:3253}}
Jul 09 10:43:18.950418 np0000004877 nova-scheduler[93252]: DEBUG cotyledon.oslo_config_glue [-] oslo_limit.insecure = False {{(pid=93252) log_opt_values /opt/stack/data/venv/lib/python3.12/site-packages/oslo_config/cfg.py:3253}}
Jul 09 10:43:18.950418 np0000004877 nova-scheduler[93252]: DEBUG cotyledon.oslo_config_glue [-] oslo_limit.keyfile = None {{(pid=93252) log_opt_values /opt/stack/data/venv/lib/python3.12/site-packages/oslo_config/cfg.py:3253}}
Jul 09 10:43:18.950418 np0000004877 nova-scheduler[93252]: DEBUG cotyledon.oslo_config_glue [-] oslo_limit.max_version = None {{(pid=93252) log_opt_values /opt/stack/data/venv/lib/python3.12/site-packages/oslo_config/cfg.py:3253}}
Jul 09 10:43:18.950418 np0000004877 nova-scheduler[93252]: DEBUG cotyledon.oslo_config_glue [-] oslo_limit.min_version = None {{(pid=93252) log_opt_values /opt/stack/data/venv/lib/python3.12/site-packages/oslo_config/cfg.py:3253}}
Jul 09 10:43:18.950418 np0000004877 nova-scheduler[93252]: DEBUG cotyledon.oslo_config_glue [-] oslo_limit.region_name = None {{(pid=93252) log_opt_values /opt/stack/data/venv/lib/python3.12/site-packages/oslo_config/cfg.py:3253}}
Jul 09 10:43:18.950418 np0000004877 nova-scheduler[93252]: DEBUG cotyledon.oslo_config_glue [-] oslo_limit.retriable_status_codes = None {{(pid=93252) log_opt_values /opt/stack/data/venv/lib/python3.12/site-packages/oslo_config/cfg.py:3253}}
Jul 09 10:43:18.950418 np0000004877 nova-scheduler[93252]: DEBUG cotyledon.oslo_config_glue [-] oslo_limit.service_name = None {{(pid=93252) log_opt_values /opt/stack/data/venv/lib/python3.12/site-packages/oslo_config/cfg.py:3253}}
Jul 09 10:43:18.950418 np0000004877 nova-scheduler[93252]: DEBUG cotyledon.oslo_config_glue [-] oslo_limit.service_type = None {{(pid=93252) log_opt_values /opt/stack/data/venv/lib/python3.12/site-packages/oslo_config/cfg.py:3253}}
Jul 09 10:43:18.950580 np0000004877 nova-scheduler[93252]: DEBUG cotyledon.oslo_config_glue [-] oslo_limit.split_loggers = False {{(pid=93252) log_opt_values /opt/stack/data/venv/lib/python3.12/site-packages/oslo_config/cfg.py:3253}}
Jul 09 10:43:18.950580 np0000004877 nova-scheduler[93252]: DEBUG cotyledon.oslo_config_glue [-] oslo_limit.status_code_retries = None {{(pid=93252) log_opt_values /opt/stack/data/venv/lib/python3.12/site-packages/oslo_config/cfg.py:3253}}
Jul 09 10:43:18.950580 np0000004877 nova-scheduler[93252]: DEBUG cotyledon.oslo_config_glue [-] oslo_limit.status_code_retry_delay = None {{(pid=93252) log_opt_values /opt/stack/data/venv/lib/python3.12/site-packages/oslo_config/cfg.py:3253}}
Jul 09 10:43:18.950580 np0000004877 nova-scheduler[93252]: DEBUG cotyledon.oslo_config_glue [-] oslo_limit.timeout = None {{(pid=93252) log_opt_values /opt/stack/data/venv/lib/python3.12/site-packages/oslo_config/cfg.py:3253}}
Jul 09 10:43:18.950580 np0000004877 nova-scheduler[93252]: DEBUG cotyledon.oslo_config_glue [-] oslo_limit.valid_interfaces = None {{(pid=93252) log_opt_values /opt/stack/data/venv/lib/python3.12/site-packages/oslo_config/cfg.py:3253}}
Jul 09 10:43:18.950580 np0000004877 nova-scheduler[93252]: DEBUG cotyledon.oslo_config_glue [-] oslo_limit.version = None {{(pid=93252) log_opt_values /opt/stack/data/venv/lib/python3.12/site-packages/oslo_config/cfg.py:3253}}
Jul 09 10:43:18.950580 np0000004877 nova-scheduler[93252]: DEBUG cotyledon.oslo_config_glue [-] oslo_reports.file_event_handler = None {{(pid=93252) log_opt_values /opt/stack/data/venv/lib/python3.12/site-packages/oslo_config/cfg.py:3253}}
Jul 09 10:43:18.950580 np0000004877 nova-scheduler[93252]: DEBUG cotyledon.oslo_config_glue [-] oslo_reports.file_event_handler_interval = 1 {{(pid=93252) log_opt_values /opt/stack/data/venv/lib/python3.12/site-packages/oslo_config/cfg.py:3253}}
Jul 09 10:43:18.950580 np0000004877 nova-scheduler[93252]: DEBUG cotyledon.oslo_config_glue [-] oslo_reports.log_dir = None {{(pid=93252) log_opt_values /opt/stack/data/venv/lib/python3.12/site-packages/oslo_config/cfg.py:3253}}
Jul 09 10:43:18.950780 np0000004877 nova-scheduler[93252]: DEBUG cotyledon.oslo_config_glue [-] ******************************************************************************** {{(pid=93252) log_opt_values /opt/stack/data/venv/lib/python3.12/site-packages/oslo_config/cfg.py:3260}}
Jul 09 10:43:18.950780 np0000004877 nova-scheduler[93252]: DEBUG cotyledon._service_worker [-] Run service ServiceWrapper(2) [93252] {{(pid=93252) wait_forever /opt/stack/data/venv/lib/python3.12/site-packages/cotyledon/_service_worker.py:218}}
Jul 09 10:43:18.950841 np0000004877 nova-scheduler[93219]: INFO dbcounter [None req-60b07e70-233d-4ad8-972e-7381de5c7334 None None] Registered counter for database nova_cell0
Jul 09 10:43:18.950873 np0000004877 nova-scheduler[93252]: INFO nova.service [-] Starting scheduler node (version 33.1.0)
Jul 09 10:43:18.950873 np0000004877 nova-scheduler[93252]: INFO dbcounter [None req-b480a6f3-54f6-458a-8df0-8f2fa31682cf None None] Registered counter for database nova_cell0
Jul 09 10:43:18.957354 np0000004877 nova-scheduler[93205]: DEBUG oslo_db.sqlalchemy.engines [None req-65b539e4-93ce-4b75-9cf9-d43f0263ac4b None None] MySQL server mode set to STRICT_TRANS_TABLES,STRICT_ALL_TABLES,NO_ZERO_IN_DATE,NO_ZERO_DATE,ERROR_FOR_DIVISION_BY_ZERO,TRADITIONAL,NO_ENGINE_SUBSTITUTION {{(pid=93205) _check_effective_sql_mode /opt/stack/data/venv/lib/python3.12/site-packages/oslo_db/sqlalchemy/engines.py:325}}
Jul 09 10:43:18.967163 np0000004877 nova-scheduler[93205]: DEBUG dbcounter [-] [93205] Writer thread running {{(pid=93205) stat_writer /opt/stack/data/venv/lib/python3.12/site-packages/dbcounter.py:102}}
Jul 09 10:43:18.972005 np0000004877 nova-scheduler[93219]: DEBUG oslo_db.sqlalchemy.engines [None req-60b07e70-233d-4ad8-972e-7381de5c7334 None None] MySQL server mode set to STRICT_TRANS_TABLES,STRICT_ALL_TABLES,NO_ZERO_IN_DATE,NO_ZERO_DATE,ERROR_FOR_DIVISION_BY_ZERO,TRADITIONAL,NO_ENGINE_SUBSTITUTION {{(pid=93219) _check_effective_sql_mode /opt/stack/data/venv/lib/python3.12/site-packages/oslo_db/sqlalchemy/engines.py:325}}
Jul 09 10:43:18.975014 np0000004877 nova-scheduler[93252]: DEBUG oslo_db.sqlalchemy.engines [None req-b480a6f3-54f6-458a-8df0-8f2fa31682cf None None] MySQL server mode set to STRICT_TRANS_TABLES,STRICT_ALL_TABLES,NO_ZERO_IN_DATE,NO_ZERO_DATE,ERROR_FOR_DIVISION_BY_ZERO,TRADITIONAL,NO_ENGINE_SUBSTITUTION {{(pid=93252) _check_effective_sql_mode /opt/stack/data/venv/lib/python3.12/site-packages/oslo_db/sqlalchemy/engines.py:325}}
Jul 09 10:43:18.980698 np0000004877 nova-scheduler[93219]: DEBUG dbcounter [-] [93219] Writer thread running {{(pid=93219) stat_writer /opt/stack/data/venv/lib/python3.12/site-packages/dbcounter.py:102}}
Jul 09 10:43:18.982441 np0000004877 nova-scheduler[93205]: DEBUG nova.service [None req-65b539e4-93ce-4b75-9cf9-d43f0263ac4b None None] Creating RPC server for service: nova-scheduler on topic: scheduler {{(pid=93205) start /opt/stack/nova/nova/service.py:196}}
Jul 09 10:43:18.983350 np0000004877 nova-scheduler[93219]: DEBUG nova.service [None req-60b07e70-233d-4ad8-972e-7381de5c7334 None None] Creating RPC server for service: nova-scheduler on topic: scheduler {{(pid=93219) start /opt/stack/nova/nova/service.py:196}}
Jul 09 10:43:18.984538 np0000004877 nova-scheduler[93252]: DEBUG dbcounter [-] [93252] Writer thread running {{(pid=93252) stat_writer /opt/stack/data/venv/lib/python3.12/site-packages/dbcounter.py:102}}
Jul 09 10:43:18.987652 np0000004877 nova-scheduler[93252]: DEBUG nova.service [None req-b480a6f3-54f6-458a-8df0-8f2fa31682cf None None] Creating RPC server for service: nova-scheduler on topic: scheduler {{(pid=93252) start /opt/stack/nova/nova/service.py:196}}
Jul 09 10:43:19.005976 np0000004877 nova-scheduler[93252]: DEBUG nova.service [None req-b480a6f3-54f6-458a-8df0-8f2fa31682cf None None] Join ServiceGroup membership for this service scheduler {{(pid=93252) start /opt/stack/nova/nova/service.py:222}}
Jul 09 10:43:19.006220 np0000004877 nova-scheduler[93252]: DEBUG nova.servicegroup.drivers.db [None req-b480a6f3-54f6-458a-8df0-8f2fa31682cf None None] DB_Driver: join new ServiceGroup member np0000004877 to the scheduler group, service = {{(pid=93252) join /opt/stack/nova/nova/servicegroup/drivers/db.py:44}}
Jul 09 10:43:19.010794 np0000004877 nova-scheduler[93219]: DEBUG nova.service [None req-60b07e70-233d-4ad8-972e-7381de5c7334 None None] Join ServiceGroup membership for this service scheduler {{(pid=93219) start /opt/stack/nova/nova/service.py:222}}
Jul 09 10:43:19.010960 np0000004877 nova-scheduler[93219]: DEBUG nova.servicegroup.drivers.db [None req-60b07e70-233d-4ad8-972e-7381de5c7334 None None] DB_Driver: join new ServiceGroup member np0000004877 to the scheduler group, service = {{(pid=93219) join /opt/stack/nova/nova/servicegroup/drivers/db.py:44}}
Jul 09 10:43:19.015309 np0000004877 nova-scheduler[93205]: DEBUG nova.service [None req-65b539e4-93ce-4b75-9cf9-d43f0263ac4b None None] Join ServiceGroup membership for this service scheduler {{(pid=93205) start /opt/stack/nova/nova/service.py:222}}
Jul 09 10:43:19.015535 np0000004877 nova-scheduler[93205]: DEBUG nova.servicegroup.drivers.db [None req-65b539e4-93ce-4b75-9cf9-d43f0263ac4b None None] DB_Driver: join new ServiceGroup member np0000004877 to the scheduler group, service = {{(pid=93205) join /opt/stack/nova/nova/servicegroup/drivers/db.py:44}}
Jul 09 10:43:24.030342 np0000004877 nova-scheduler[93205]: DEBUG oslo.service.backend._threading.loopingcall [-] Fixed interval looping call 'nova.servicegroup.drivers.db.DbDriver._report_state' sleeping for 119.99 seconds {{(pid=93205) _run_loop /opt/stack/data/venv/lib/python3.12/site-packages/oslo_service/backend/_threading/loopingcall.py:125}}
Jul 09 10:43:24.030715 np0000004877 nova-scheduler[93252]: DEBUG oslo.service.backend._threading.loopingcall [-] Fixed interval looping call 'nova.servicegroup.drivers.db.DbDriver._report_state' sleeping for 119.98 seconds {{(pid=93252) _run_loop /opt/stack/data/venv/lib/python3.12/site-packages/oslo_service/backend/_threading/loopingcall.py:125}}
Jul 09 10:43:24.036574 np0000004877 nova-scheduler[93219]: DEBUG oslo.service.backend._threading.loopingcall [-] Fixed interval looping call 'nova.servicegroup.drivers.db.DbDriver._report_state' sleeping for 119.98 seconds {{(pid=93219) _run_loop /opt/stack/data/venv/lib/python3.12/site-packages/oslo_service/backend/_threading/loopingcall.py:125}}
Jul 09 10:43:26.017722 np0000004877 nova-scheduler[93205]: DEBUG oslo.service.backend._threading.loopingcall [None req-9698c445-1558-4f7c-9193-47a73c2e1e5e None None] Dynamic interval looping call 'nova.service.Service.periodic_tasks' sleeping for 60.00 seconds {{(pid=93205) _run_loop /opt/stack/data/venv/lib/python3.12/site-packages/oslo_service/backend/_threading/loopingcall.py:125}}
Jul 09 10:43:27.582144 np0000004877 nova-scheduler[91992]: DEBUG dbcounter [-] [91992] Writing DB stats nova_api:SELECT=3 {{(pid=91992) stat_writer /opt/stack/data/venv/lib/python3.12/site-packages/dbcounter.py:115}}
Jul 09 10:43:27.708598 np0000004877 nova-scheduler[91992]: DEBUG dbcounter [-] [91992] Writing DB stats nova_cell1:SELECT=1 {{(pid=91992) stat_writer /opt/stack/data/venv/lib/python3.12/site-packages/dbcounter.py:115}}
Jul 09 10:43:27.712538 np0000004877 nova-scheduler[91992]: DEBUG dbcounter [-] [91992] Writing DB stats nova_cell0:SELECT=1 {{(pid=91992) stat_writer /opt/stack/data/venv/lib/python3.12/site-packages/dbcounter.py:115}}
Jul 09 10:43:34.022521 np0000004877 nova-scheduler[93252]: DEBUG dbcounter [-] [93252] Writing DB stats nova_cell0:SELECT=3,nova_cell0:UPDATE=1 {{(pid=93252) stat_writer /opt/stack/data/venv/lib/python3.12/site-packages/dbcounter.py:115}}
Jul 09 10:43:34.030215 np0000004877 nova-scheduler[93205]: DEBUG dbcounter [-] [93205] Writing DB stats nova_cell0:SELECT=4,nova_cell0:INSERT=1,nova_cell0:UPDATE=1 {{(pid=93205) stat_writer /opt/stack/data/venv/lib/python3.12/site-packages/dbcounter.py:115}}
Jul 09 10:43:34.030506 np0000004877 nova-scheduler[93219]: DEBUG dbcounter [-] [93219] Writing DB stats nova_cell0:SELECT=3,nova_cell0:UPDATE=1 {{(pid=93219) stat_writer /opt/stack/data/venv/lib/python3.12/site-packages/dbcounter.py:115}}
Jul 09 10:43:38.013324 np0000004877 nova-scheduler[93219]: DEBUG oslo.service.backend._threading.loopingcall [None req-21418f56-0179-4b44-af91-421a3cea74de None None] Dynamic interval looping call 'nova.service.Service.periodic_tasks' sleeping for 60.00 seconds {{(pid=93219) _run_loop /opt/stack/data/venv/lib/python3.12/site-packages/oslo_service/backend/_threading/loopingcall.py:125}}
Jul 09 10:43:44.008683 np0000004877 nova-scheduler[93252]: DEBUG oslo.service.backend._threading.loopingcall [None req-bebcc297-f656-481c-8253-520bfcd28151 None None] Dynamic interval looping call 'nova.service.Service.periodic_tasks' sleeping for 60.00 seconds {{(pid=93252) _run_loop /opt/stack/data/venv/lib/python3.12/site-packages/oslo_service/backend/_threading/loopingcall.py:125}}
Jul 09 10:44:26.018304 np0000004877 nova-scheduler[93205]: DEBUG oslo.service.backend._threading.loopingcall [None req-9698c445-1558-4f7c-9193-47a73c2e1e5e None None] Dynamic interval looping call 'nova.service.Service.periodic_tasks' sleeping for 60.00 seconds {{(pid=93205) _run_loop /opt/stack/data/venv/lib/python3.12/site-packages/oslo_service/backend/_threading/loopingcall.py:125}}
Jul 09 10:44:38.013906 np0000004877 nova-scheduler[93219]: DEBUG oslo.service.backend._threading.loopingcall [None req-21418f56-0179-4b44-af91-421a3cea74de None None] Dynamic interval looping call 'nova.service.Service.periodic_tasks' sleeping for 60.00 seconds {{(pid=93219) _run_loop /opt/stack/data/venv/lib/python3.12/site-packages/oslo_service/backend/_threading/loopingcall.py:125}}
Jul 09 10:44:44.009163 np0000004877 nova-scheduler[93252]: DEBUG oslo.service.backend._threading.loopingcall [None req-bebcc297-f656-481c-8253-520bfcd28151 None None] Dynamic interval looping call 'nova.service.Service.periodic_tasks' sleeping for 60.00 seconds {{(pid=93252) _run_loop /opt/stack/data/venv/lib/python3.12/site-packages/oslo_service/backend/_threading/loopingcall.py:125}}
Jul 09 10:45:24.016902 np0000004877 nova-scheduler[93252]: DEBUG oslo.service.backend._threading.loopingcall [-] Fixed interval looping call 'nova.servicegroup.drivers.db.DbDriver._report_state' sleeping for 119.99 seconds {{(pid=93252) _run_loop /opt/stack/data/venv/lib/python3.12/site-packages/oslo_service/backend/_threading/loopingcall.py:125}}
Jul 09 10:45:24.020967 np0000004877 nova-scheduler[93219]: DEBUG oslo.service.backend._threading.loopingcall [-] Fixed interval looping call 'nova.servicegroup.drivers.db.DbDriver._report_state' sleeping for 120.00 seconds {{(pid=93219) _run_loop /opt/stack/data/venv/lib/python3.12/site-packages/oslo_service/backend/_threading/loopingcall.py:125}}
Jul 09 10:45:24.025936 np0000004877 nova-scheduler[93205]: DEBUG oslo.service.backend._threading.loopingcall [-] Fixed interval looping call 'nova.servicegroup.drivers.db.DbDriver._report_state' sleeping for 119.99 seconds {{(pid=93205) _run_loop /opt/stack/data/venv/lib/python3.12/site-packages/oslo_service/backend/_threading/loopingcall.py:125}}
Jul 09 10:45:26.019332 np0000004877 nova-scheduler[93205]: DEBUG oslo.service.backend._threading.loopingcall [None req-9698c445-1558-4f7c-9193-47a73c2e1e5e None None] Dynamic interval looping call 'nova.service.Service.periodic_tasks' sleeping for 60.00 seconds {{(pid=93205) _run_loop /opt/stack/data/venv/lib/python3.12/site-packages/oslo_service/backend/_threading/loopingcall.py:125}}
Jul 09 10:45:26.991463 np0000004877 nova-scheduler[93252]: DEBUG nova.scheduler.manager [None req-57286c32-3e80-47ca-b858-40cbcbaa777d tempest-ServersNegativeTestJSON-1183520832 tempest-ServersNegativeTestJSON-1183520832-project-member] Starting to schedule for instances: ['a1e00ee2-fba1-42f1-b18e-4a18f72903cd'] {{(pid=93252) select_destinations /opt/stack/nova/nova/scheduler/manager.py:209}}
Jul 09 10:45:26.992791 np0000004877 nova-scheduler[93252]: DEBUG nova.scheduler.request_filter [None req-57286c32-3e80-47ca-b858-40cbcbaa777d tempest-ServersNegativeTestJSON-1183520832 tempest-ServersNegativeTestJSON-1183520832-project-member] compute_status_filter request filter added forbidden trait COMPUTE_STATUS_DISABLED {{(pid=93252) compute_status_filter /opt/stack/nova/nova/scheduler/request_filter.py:253}}
Jul 09 10:45:26.992900 np0000004877 nova-scheduler[93252]: DEBUG nova.scheduler.request_filter [None req-57286c32-3e80-47ca-b858-40cbcbaa777d tempest-ServersNegativeTestJSON-1183520832 tempest-ServersNegativeTestJSON-1183520832-project-member] Request filter 'compute_status_filter' took 0.0 seconds {{(pid=93252) wrapper /opt/stack/nova/nova/scheduler/request_filter.py:46}}
Jul 09 10:45:26.993092 np0000004877 nova-scheduler[93252]: DEBUG nova.scheduler.request_filter [None req-57286c32-3e80-47ca-b858-40cbcbaa777d tempest-ServersNegativeTestJSON-1183520832 tempest-ServersNegativeTestJSON-1183520832-project-member] Request filter 'accelerators_filter' took 0.0 seconds {{(pid=93252) wrapper /opt/stack/nova/nova/scheduler/request_filter.py:46}}
Jul 09 10:45:26.993286 np0000004877 nova-scheduler[93252]: DEBUG nova.scheduler.request_filter [None req-57286c32-3e80-47ca-b858-40cbcbaa777d tempest-ServersNegativeTestJSON-1183520832 tempest-ServersNegativeTestJSON-1183520832-project-member] Request filter 'packed_virtqueue_filter' took 0.0 seconds {{(pid=93252) wrapper /opt/stack/nova/nova/scheduler/request_filter.py:46}}
Jul 09 10:45:26.993527 np0000004877 nova-scheduler[93252]: DEBUG nova.scheduler.request_filter [None req-57286c32-3e80-47ca-b858-40cbcbaa777d tempest-ServersNegativeTestJSON-1183520832 tempest-ServersNegativeTestJSON-1183520832-project-member] Request filter 'remote_managed_ports_filter' took 0.0 seconds {{(pid=93252) wrapper /opt/stack/nova/nova/scheduler/request_filter.py:46}}
Jul 09 10:45:26.993643 np0000004877 nova-scheduler[93252]: DEBUG nova.scheduler.request_filter [None req-57286c32-3e80-47ca-b858-40cbcbaa777d tempest-ServersNegativeTestJSON-1183520832 tempest-ServersNegativeTestJSON-1183520832-project-member] ephemeral_encryption_filter skipped {{(pid=93252) ephemeral_encryption_filter /opt/stack/nova/nova/scheduler/request_filter.py:426}}
Jul 09 10:45:26.993819 np0000004877 nova-scheduler[93252]: DEBUG nova.scheduler.request_filter [None req-57286c32-3e80-47ca-b858-40cbcbaa777d tempest-ServersNegativeTestJSON-1183520832 tempest-ServersNegativeTestJSON-1183520832-project-member] virtio_sound_filter skipped {{(pid=93252) virtio_sound_filter /opt/stack/nova/nova/scheduler/request_filter.py:460}}
Jul 09 10:45:26.993958 np0000004877 nova-scheduler[93252]: DEBUG nova.scheduler.request_filter [None req-57286c32-3e80-47ca-b858-40cbcbaa777d tempest-ServersNegativeTestJSON-1183520832 tempest-ServersNegativeTestJSON-1183520832-project-member] tpm_secret_security_filter skipped {{(pid=93252) tpm_secret_security_filter /opt/stack/nova/nova/scheduler/request_filter.py:477}}
Jul 09 10:45:27.334173 np0000004877 nova-scheduler[93252]: INFO nova.utils [None req-57286c32-3e80-47ca-b858-40cbcbaa777d tempest-ServersNegativeTestJSON-1183520832 tempest-ServersNegativeTestJSON-1183520832-project-member] The cell worker thread pool ForkProcess-3.cell_worker is initialized
Jul 09 10:45:27.334628 np0000004877 nova-scheduler[93252]: DEBUG oslo_concurrency.lockutils [None req-57286c32-3e80-47ca-b858-40cbcbaa777d tempest-ServersNegativeTestJSON-1183520832 tempest-ServersNegativeTestJSON-1183520832-project-member] Acquiring lock "efb1b681-678f-485e-9b8f-85ced1870be9" by "nova.context.set_target_cell..get_or_set_cached_cell_and_set_connections" {{(pid=93252) inner /opt/stack/data/venv/lib/python3.12/site-packages/oslo_concurrency/lockutils.py:511}}
Jul 09 10:45:27.334900 np0000004877 nova-scheduler[93252]: DEBUG oslo_concurrency.lockutils [None req-57286c32-3e80-47ca-b858-40cbcbaa777d tempest-ServersNegativeTestJSON-1183520832 tempest-ServersNegativeTestJSON-1183520832-project-member] Lock "efb1b681-678f-485e-9b8f-85ced1870be9" acquired by "nova.context.set_target_cell..get_or_set_cached_cell_and_set_connections" :: waited 0.000s {{(pid=93252) inner /opt/stack/data/venv/lib/python3.12/site-packages/oslo_concurrency/lockutils.py:524}}
Jul 09 10:45:27.336827 np0000004877 nova-scheduler[93252]: DEBUG oslo_concurrency.lockutils [None req-57286c32-3e80-47ca-b858-40cbcbaa777d tempest-ServersNegativeTestJSON-1183520832 tempest-ServersNegativeTestJSON-1183520832-project-member] Lock "efb1b681-678f-485e-9b8f-85ced1870be9" "released" by "nova.context.set_target_cell..get_or_set_cached_cell_and_set_connections" :: held 0.002s {{(pid=93252) inner /opt/stack/data/venv/lib/python3.12/site-packages/oslo_concurrency/lockutils.py:543}}
Jul 09 10:45:27.338816 np0000004877 nova-scheduler[93252]: INFO dbcounter [None req-57286c32-3e80-47ca-b858-40cbcbaa777d tempest-ServersNegativeTestJSON-1183520832 tempest-ServersNegativeTestJSON-1183520832-project-member] Registered counter for database nova_cell1
Jul 09 10:45:27.378540 np0000004877 nova-scheduler[93252]: DEBUG oslo_db.sqlalchemy.engines [None req-57286c32-3e80-47ca-b858-40cbcbaa777d tempest-ServersNegativeTestJSON-1183520832 tempest-ServersNegativeTestJSON-1183520832-project-member] MySQL server mode set to STRICT_TRANS_TABLES,STRICT_ALL_TABLES,NO_ZERO_IN_DATE,NO_ZERO_DATE,ERROR_FOR_DIVISION_BY_ZERO,TRADITIONAL,NO_ENGINE_SUBSTITUTION {{(pid=93252) _check_effective_sql_mode /opt/stack/data/venv/lib/python3.12/site-packages/oslo_db/sqlalchemy/engines.py:325}}
Jul 09 10:45:27.385215 np0000004877 nova-scheduler[93252]: DEBUG dbcounter [-] [93252] Writer thread running {{(pid=93252) stat_writer /opt/stack/data/venv/lib/python3.12/site-packages/dbcounter.py:102}}
Jul 09 10:45:27.405034 np0000004877 nova-scheduler[93252]: DEBUG oslo_db.sqlalchemy.engines [None req-57286c32-3e80-47ca-b858-40cbcbaa777d tempest-ServersNegativeTestJSON-1183520832 tempest-ServersNegativeTestJSON-1183520832-project-member] Parent process 91992 forked (93252) with an open database connection, which is being discarded and recreated. {{(pid=93252) checkout /opt/stack/data/venv/lib/python3.12/site-packages/oslo_db/sqlalchemy/engines.py:402}}
Jul 09 10:45:27.437824 np0000004877 nova-scheduler[93252]: DEBUG dbcounter [-] [93252] Writer thread running {{(pid=93252) stat_writer /opt/stack/data/venv/lib/python3.12/site-packages/dbcounter.py:102}}
Jul 09 10:45:27.440070 np0000004877 nova-scheduler[93252]: DEBUG oslo_concurrency.lockutils [None req-57286c32-3e80-47ca-b858-40cbcbaa777d tempest-ServersNegativeTestJSON-1183520832 tempest-ServersNegativeTestJSON-1183520832-project-member] Acquiring lock "efb1b681-678f-485e-9b8f-85ced1870be9" by "nova.context.set_target_cell..get_or_set_cached_cell_and_set_connections" {{(pid=93252) inner /opt/stack/data/venv/lib/python3.12/site-packages/oslo_concurrency/lockutils.py:511}}
Jul 09 10:45:27.440221 np0000004877 nova-scheduler[93252]: DEBUG oslo_concurrency.lockutils [None req-57286c32-3e80-47ca-b858-40cbcbaa777d tempest-ServersNegativeTestJSON-1183520832 tempest-ServersNegativeTestJSON-1183520832-project-member] Lock "efb1b681-678f-485e-9b8f-85ced1870be9" acquired by "nova.context.set_target_cell..get_or_set_cached_cell_and_set_connections" :: waited 0.000s {{(pid=93252) inner /opt/stack/data/venv/lib/python3.12/site-packages/oslo_concurrency/lockutils.py:524}}
Jul 09 10:45:27.440326 np0000004877 nova-scheduler[93252]: DEBUG oslo_concurrency.lockutils [None req-57286c32-3e80-47ca-b858-40cbcbaa777d tempest-ServersNegativeTestJSON-1183520832 tempest-ServersNegativeTestJSON-1183520832-project-member] Lock "efb1b681-678f-485e-9b8f-85ced1870be9" "released" by "nova.context.set_target_cell..get_or_set_cached_cell_and_set_connections" :: held 0.000s {{(pid=93252) inner /opt/stack/data/venv/lib/python3.12/site-packages/oslo_concurrency/lockutils.py:543}}
Jul 09 10:45:27.442821 np0000004877 nova-scheduler[93252]: DEBUG oslo_concurrency.lockutils [None req-57286c32-3e80-47ca-b858-40cbcbaa777d tempest-ServersNegativeTestJSON-1183520832 tempest-ServersNegativeTestJSON-1183520832-project-member] Acquiring lock "np0000004877-np0000004877" by "nova.scheduler.host_manager.HostState.update.._locked_update" {{(pid=93252) inner /opt/stack/data/venv/lib/python3.12/site-packages/oslo_concurrency/lockutils.py:511}}
Jul 09 10:45:27.442968 np0000004877 nova-scheduler[93252]: DEBUG oslo_concurrency.lockutils [None req-57286c32-3e80-47ca-b858-40cbcbaa777d tempest-ServersNegativeTestJSON-1183520832 tempest-ServersNegativeTestJSON-1183520832-project-member] Lock "np0000004877-np0000004877" acquired by "nova.scheduler.host_manager.HostState.update.._locked_update" :: waited 0.000s {{(pid=93252) inner /opt/stack/data/venv/lib/python3.12/site-packages/oslo_concurrency/lockutils.py:524}}
Jul 09 10:45:27.443963 np0000004877 nova-scheduler[93252]: DEBUG nova.scheduler.host_manager [None req-57286c32-3e80-47ca-b858-40cbcbaa777d tempest-ServersNegativeTestJSON-1183520832 tempest-ServersNegativeTestJSON-1183520832-project-member] Update host state from compute node: ComputeNode(cpu_allocation_ratio=4.0,cpu_info='{"arch": "x86_64", "model": "EPYC-Milan", "vendor": "AMD", "topology": {"cells": 1, "sockets": 16, "cores": 1, "threads": 1}, "maxphysaddr": {"mode": "emulate", "bits": 40}, "features": ["mce", "pdpe1gb", "spec-ctrl", "virt-ssbd", "amd-ssbd", "pae", "vpclmulqdq", "lm", "sse2", "tsc_adjust", "clflush", "clzero", "xsave", "sse4.2", "mmxext", "sse4a", "skip-l1dfl-vmentry", "smep", "ibrs", "ssse3", "fxsr", "avx2", "flushbyasid", "pfthreshold", "pse", "aes", "bmi2", "pause-filter", "hypervisor", "invpcid", "pku", "mca", "sse", "xsavec", "cr8legacy", "fsgsbase", "pni", "cmp_legacy", "vme", "lahf_lm", "svm", "sha-ni", "fsrm", "avx", "mmx", "amd-stibp", "cmov", "rdpid", "sse4.1", "gds-no", "wbnoinvd", "ibpb", "xsaveerptr", "nx", "pcid", "sep", "cx8", "nrip-save", "movbe", "pat", "de", "rdrand", "topoext", "msr", "pse36", "amd-psfd", "no-nested-data-bp", "ssbd", "vaes", "xsaveopt", "rdseed", "pge", "pschange-mc-no", "rdctl-no", "v-vmsave-vmload", "svme-addr-chk", "xgetbv1", "fpu", "smap", "fma", "perfctr_core", "mds-no", "stibp", "erms", "pclmuldq", "rdtscp", "3dnowprefetch", "misalignsse", "null-sel-clr-base", "stibp-always-on", "arch-capabilities", "tsc-deadline", "x2apic", "lfence-always-serializing", "tsc", "lbrv", "vmcb-clean", "xsaves", "mtrr", "abm", "clwb", "cx16", "vgif", "tsc-scale", "popcnt", "apic", "f16c", "syscall", "bmi1", "osvw", "umip", "arat", "clflushopt", "adx", "npt", "fxsr_opt"]}',created_at=2026-07-09T10:43:44Z,current_workload=0,deleted=False,deleted_at=None,disk_allocation_ratio=1.0,disk_available_least=73,free_disk_gb=95,free_ram_mb=62765,host='np0000004877',host_ip=10.4.3.48,hypervisor_hostname='np0000004877',hypervisor_type='QEMU',hypervisor_version=8002002,id=1,local_gb=95,local_gb_used=0,mapped=1,memory_mb=63277,memory_mb_used=512,metrics='[]',numa_topology='{"nova_object.name": "NUMATopology", "nova_object.namespace": "nova", "nova_object.version": "1.2", "nova_object.data": {"cells": [{"nova_object.name": "NUMACell", "nova_object.namespace": "nova", "nova_object.version": "1.5", "nova_object.data": {"id": 0, "cpuset": [0, 1, 2, 3, 4, 5, 6, 7, 8, 9, 10, 11, 12, 13, 14, 15], "pcpuset": [0, 1, 2, 3, 4, 5, 6, 7, 8, 9, 10, 11, 12, 13, 14, 15], "memory": 63277, "cpu_usage": 0, "memory_usage": 0, "pinned_cpus": [], "siblings": [[6], [12], [2], [15], [5], [11], [8], [14], [4], [1], [7], [10], [0], [13], [3], [9]], "mempages": [{"nova_object.name": "NUMAPagesTopology", "nova_object.namespace": "nova", "nova_object.version": "1.1", "nova_object.data": {"size_kb": 4, "total": 16177929, "used": 0, "reserved": 0}, "nova_object.changes": ["used", "reserved", "size_kb", "total"]}, {"nova_object.name": "NUMAPagesTopology", "nova_object.namespace": "nova", "nova_object.version": "1.1", "nova_object.data": {"size_kb": 2048, "total": 41, "used": 0, "reserved": 0}, "nova_object.changes": ["used", "reserved", "size_kb", "total"]}, {"nova_object.name": "NUMAPagesTopology", "nova_object.namespace": "nova", "nova_object.version": "1.1", "nova_object.data": {"size_kb": 1048576, "total": 0, "used": 0, "reserved": 0}, "nova_object.changes": ["used", "reserved", "size_kb", "total"]}], "network_metadata": {"nova_object.name": "NetworkMetadata", "nova_object.namespace": "nova", "nova_object.version": "1.0", "nova_object.data": {"physnets": [], "tunneled": false}, "nova_object.changes": ["physnets", "tunneled"]}, "socket": null}, "nova_object.changes": ["siblings", "socket", "cpuset", "network_metadata", "cpu_usage", "memory", "mempages", "id", "memory_usage", "pcpuset", "pinned_cpus"]}]}, "nova_object.changes": ["cells"]}',pci_device_pools=PciDevicePoolList,ram_allocation_ratio=1.0,running_vms=0,service_id=2,stats={failed_builds='0',uptime=' 10:44:26 up 12 min, 2 users, load average: 1.73, 1.45, 0.77
Jul 09 10:45:27.443963 np0000004877 nova-scheduler[93252]: '},supported_hv_specs=[HVSpec,HVSpec,HVSpec,HVSpec,HVSpec,HVSpec,HVSpec,HVSpec,HVSpec,HVSpec,HVSpec,HVSpec,HVSpec,HVSpec,HVSpec,HVSpec,HVSpec,HVSpec,HVSpec,HVSpec,HVSpec,HVSpec,HVSpec,HVSpec,HVSpec],updated_at=2026-07-09T10:44:29Z,uuid=ede78e95-86c6-4f8c-b618-62c6fc023b35,vcpus=16,vcpus_used=0) {{(pid=93252) _locked_update /opt/stack/nova/nova/scheduler/host_manager.py:168}}
Jul 09 10:45:27.444639 np0000004877 nova-scheduler[93252]: DEBUG nova.scheduler.host_manager [None req-57286c32-3e80-47ca-b858-40cbcbaa777d tempest-ServersNegativeTestJSON-1183520832 tempest-ServersNegativeTestJSON-1183520832-project-member] Update host state with aggregates: [] {{(pid=93252) _locked_update /opt/stack/nova/nova/scheduler/host_manager.py:171}}
Jul 09 10:45:27.444761 np0000004877 nova-scheduler[93252]: DEBUG nova.scheduler.host_manager [None req-57286c32-3e80-47ca-b858-40cbcbaa777d tempest-ServersNegativeTestJSON-1183520832 tempest-ServersNegativeTestJSON-1183520832-project-member] Update host state with service dict: {'id': 2, 'uuid': 'a448e66e-e84c-4b5c-b8fa-3900d0a7cdf4', 'host': 'np0000004877', 'binary': 'nova-compute', 'topic': 'compute', 'report_count': 1, 'disabled': False, 'disabled_reason': None, 'last_seen_up': datetime.datetime(2026, 7, 9, 10, 43, 53, tzinfo=datetime.timezone.utc), 'forced_down': False, 'version': 72, 'created_at': datetime.datetime(2026, 7, 9, 10, 43, 42, tzinfo=datetime.timezone.utc), 'updated_at': datetime.datetime(2026, 7, 9, 10, 43, 53, tzinfo=datetime.timezone.utc), 'deleted_at': None, 'deleted': False} {{(pid=93252) _locked_update /opt/stack/nova/nova/scheduler/host_manager.py:174}}
Jul 09 10:45:27.444869 np0000004877 nova-scheduler[93252]: DEBUG nova.scheduler.host_manager [None req-57286c32-3e80-47ca-b858-40cbcbaa777d tempest-ServersNegativeTestJSON-1183520832 tempest-ServersNegativeTestJSON-1183520832-project-member] Update host state with instances: [] {{(pid=93252) _locked_update /opt/stack/nova/nova/scheduler/host_manager.py:177}}
Jul 09 10:45:27.444969 np0000004877 nova-scheduler[93252]: DEBUG oslo_concurrency.lockutils [None req-57286c32-3e80-47ca-b858-40cbcbaa777d tempest-ServersNegativeTestJSON-1183520832 tempest-ServersNegativeTestJSON-1183520832-project-member] Lock "np0000004877-np0000004877" "released" by "nova.scheduler.host_manager.HostState.update.._locked_update" :: held 0.002s {{(pid=93252) inner /opt/stack/data/venv/lib/python3.12/site-packages/oslo_concurrency/lockutils.py:543}}
Jul 09 10:45:27.445384 np0000004877 nova-scheduler[93252]: DEBUG nova.filters [None req-57286c32-3e80-47ca-b858-40cbcbaa777d tempest-ServersNegativeTestJSON-1183520832 tempest-ServersNegativeTestJSON-1183520832-project-member] Starting with 1 host(s) {{(pid=93252) get_filtered_objects /opt/stack/nova/nova/filters.py:70}}
Jul 09 10:45:27.445574 np0000004877 nova-scheduler[93252]: DEBUG nova.filters [None req-57286c32-3e80-47ca-b858-40cbcbaa777d tempest-ServersNegativeTestJSON-1183520832 tempest-ServersNegativeTestJSON-1183520832-project-member] Filter ComputeFilter returned 1 host(s) {{(pid=93252) get_filtered_objects /opt/stack/nova/nova/filters.py:102}}
Jul 09 10:45:27.445698 np0000004877 nova-scheduler[93252]: DEBUG nova.filters [None req-57286c32-3e80-47ca-b858-40cbcbaa777d tempest-ServersNegativeTestJSON-1183520832 tempest-ServersNegativeTestJSON-1183520832-project-member] Filter ComputeCapabilitiesFilter returned 1 host(s) {{(pid=93252) get_filtered_objects /opt/stack/nova/nova/filters.py:102}}
Jul 09 10:45:27.445902 np0000004877 nova-scheduler[93252]: DEBUG nova.filters [None req-57286c32-3e80-47ca-b858-40cbcbaa777d tempest-ServersNegativeTestJSON-1183520832 tempest-ServersNegativeTestJSON-1183520832-project-member] Filter ImagePropertiesFilter returned 1 host(s) {{(pid=93252) get_filtered_objects /opt/stack/nova/nova/filters.py:102}}
Jul 09 10:45:27.445996 np0000004877 nova-scheduler[93252]: DEBUG nova.filters [None req-57286c32-3e80-47ca-b858-40cbcbaa777d tempest-ServersNegativeTestJSON-1183520832 tempest-ServersNegativeTestJSON-1183520832-project-member] Filter ServerGroupAntiAffinityFilter returned 1 host(s) {{(pid=93252) get_filtered_objects /opt/stack/nova/nova/filters.py:102}}
Jul 09 10:45:27.446096 np0000004877 nova-scheduler[93252]: DEBUG nova.filters [None req-57286c32-3e80-47ca-b858-40cbcbaa777d tempest-ServersNegativeTestJSON-1183520832 tempest-ServersNegativeTestJSON-1183520832-project-member] Filter ServerGroupAffinityFilter returned 1 host(s) {{(pid=93252) get_filtered_objects /opt/stack/nova/nova/filters.py:102}}
Jul 09 10:45:27.446225 np0000004877 nova-scheduler[93252]: DEBUG nova.filters [None req-57286c32-3e80-47ca-b858-40cbcbaa777d tempest-ServersNegativeTestJSON-1183520832 tempest-ServersNegativeTestJSON-1183520832-project-member] Filter SameHostFilter returned 1 host(s) {{(pid=93252) get_filtered_objects /opt/stack/nova/nova/filters.py:102}}
Jul 09 10:45:27.446333 np0000004877 nova-scheduler[93252]: DEBUG nova.filters [None req-57286c32-3e80-47ca-b858-40cbcbaa777d tempest-ServersNegativeTestJSON-1183520832 tempest-ServersNegativeTestJSON-1183520832-project-member] Filter DifferentHostFilter returned 1 host(s) {{(pid=93252) get_filtered_objects /opt/stack/nova/nova/filters.py:102}}
Jul 09 10:45:27.446459 np0000004877 nova-scheduler[93252]: DEBUG nova.scheduler.manager [None req-57286c32-3e80-47ca-b858-40cbcbaa777d tempest-ServersNegativeTestJSON-1183520832 tempest-ServersNegativeTestJSON-1183520832-project-member] Filtered [(np0000004877, np0000004877) ram: 62765MB disk: 74752MB io_ops: 0 instances: 0, allocation_candidates: 1] {{(pid=93252) _get_sorted_hosts /opt/stack/nova/nova/scheduler/manager.py:742}}
Jul 09 10:45:27.446594 np0000004877 nova-scheduler[93252]: DEBUG nova.scheduler.manager [None req-57286c32-3e80-47ca-b858-40cbcbaa777d tempest-ServersNegativeTestJSON-1183520832 tempest-ServersNegativeTestJSON-1183520832-project-member] Weighed [WeighedHost [host: (np0000004877, np0000004877) ram: 62765MB disk: 74752MB io_ops: 0 instances: 0, allocation_candidates: 1, weight: 0.0]] {{(pid=93252) _get_sorted_hosts /opt/stack/nova/nova/scheduler/manager.py:764}}
Jul 09 10:45:27.446807 np0000004877 nova-scheduler[93252]: DEBUG nova.scheduler.utils [None req-57286c32-3e80-47ca-b858-40cbcbaa777d tempest-ServersNegativeTestJSON-1183520832 tempest-ServersNegativeTestJSON-1183520832-project-member] Attempting to claim resources in the placement API for instance a1e00ee2-fba1-42f1-b18e-4a18f72903cd {{(pid=93252) claim_resources /opt/stack/nova/nova/scheduler/utils.py:1345}}
Jul 09 10:45:27.548285 np0000004877 nova-scheduler[93219]: DEBUG nova.scheduler.manager [None req-0452dfe5-b953-40a7-a80a-105d4a3de2e4 tempest-DeleteServersTestJSON-1531959914 tempest-DeleteServersTestJSON-1531959914-project-member] Starting to schedule for instances: ['ca03650d-286e-4833-b659-8b9c13510b81'] {{(pid=93219) select_destinations /opt/stack/nova/nova/scheduler/manager.py:209}}
Jul 09 10:45:27.549158 np0000004877 nova-scheduler[93219]: DEBUG nova.scheduler.request_filter [None req-0452dfe5-b953-40a7-a80a-105d4a3de2e4 tempest-DeleteServersTestJSON-1531959914 tempest-DeleteServersTestJSON-1531959914-project-member] compute_status_filter request filter added forbidden trait COMPUTE_STATUS_DISABLED {{(pid=93219) compute_status_filter /opt/stack/nova/nova/scheduler/request_filter.py:253}}
Jul 09 10:45:27.549348 np0000004877 nova-scheduler[93219]: DEBUG nova.scheduler.request_filter [None req-0452dfe5-b953-40a7-a80a-105d4a3de2e4 tempest-DeleteServersTestJSON-1531959914 tempest-DeleteServersTestJSON-1531959914-project-member] Request filter 'compute_status_filter' took 0.0 seconds {{(pid=93219) wrapper /opt/stack/nova/nova/scheduler/request_filter.py:46}}
Jul 09 10:45:27.549623 np0000004877 nova-scheduler[93219]: DEBUG nova.scheduler.request_filter [None req-0452dfe5-b953-40a7-a80a-105d4a3de2e4 tempest-DeleteServersTestJSON-1531959914 tempest-DeleteServersTestJSON-1531959914-project-member] Request filter 'accelerators_filter' took 0.0 seconds {{(pid=93219) wrapper /opt/stack/nova/nova/scheduler/request_filter.py:46}}
Jul 09 10:45:27.549869 np0000004877 nova-scheduler[93219]: DEBUG nova.scheduler.request_filter [None req-0452dfe5-b953-40a7-a80a-105d4a3de2e4 tempest-DeleteServersTestJSON-1531959914 tempest-DeleteServersTestJSON-1531959914-project-member] Request filter 'packed_virtqueue_filter' took 0.0 seconds {{(pid=93219) wrapper /opt/stack/nova/nova/scheduler/request_filter.py:46}}
Jul 09 10:45:27.550220 np0000004877 nova-scheduler[93219]: DEBUG nova.scheduler.request_filter [None req-0452dfe5-b953-40a7-a80a-105d4a3de2e4 tempest-DeleteServersTestJSON-1531959914 tempest-DeleteServersTestJSON-1531959914-project-member] Request filter 'remote_managed_ports_filter' took 0.0 seconds {{(pid=93219) wrapper /opt/stack/nova/nova/scheduler/request_filter.py:46}}
Jul 09 10:45:27.550452 np0000004877 nova-scheduler[93219]: DEBUG nova.scheduler.request_filter [None req-0452dfe5-b953-40a7-a80a-105d4a3de2e4 tempest-DeleteServersTestJSON-1531959914 tempest-DeleteServersTestJSON-1531959914-project-member] ephemeral_encryption_filter skipped {{(pid=93219) ephemeral_encryption_filter /opt/stack/nova/nova/scheduler/request_filter.py:426}}
Jul 09 10:45:27.550659 np0000004877 nova-scheduler[93219]: DEBUG nova.scheduler.request_filter [None req-0452dfe5-b953-40a7-a80a-105d4a3de2e4 tempest-DeleteServersTestJSON-1531959914 tempest-DeleteServersTestJSON-1531959914-project-member] virtio_sound_filter skipped {{(pid=93219) virtio_sound_filter /opt/stack/nova/nova/scheduler/request_filter.py:460}}
Jul 09 10:45:27.551057 np0000004877 nova-scheduler[93219]: DEBUG nova.scheduler.request_filter [None req-0452dfe5-b953-40a7-a80a-105d4a3de2e4 tempest-DeleteServersTestJSON-1531959914 tempest-DeleteServersTestJSON-1531959914-project-member] tpm_secret_security_filter skipped {{(pid=93219) tpm_secret_security_filter /opt/stack/nova/nova/scheduler/request_filter.py:477}}
Jul 09 10:45:27.585908 np0000004877 nova-scheduler[93252]: DEBUG nova.scheduler.manager [None req-57286c32-3e80-47ca-b858-40cbcbaa777d tempest-ServersNegativeTestJSON-1183520832 tempest-ServersNegativeTestJSON-1183520832-project-member] [instance: a1e00ee2-fba1-42f1-b18e-4a18f72903cd] Selected host: (np0000004877, np0000004877) ram: 62765MB disk: 74752MB io_ops: 0 instances: 0, allocation_candidates: 1 {{(pid=93252) _consume_selected_host /opt/stack/nova/nova/scheduler/manager.py:624}}
Jul 09 10:45:27.586167 np0000004877 nova-scheduler[93252]: DEBUG oslo_concurrency.lockutils [None req-57286c32-3e80-47ca-b858-40cbcbaa777d tempest-ServersNegativeTestJSON-1183520832 tempest-ServersNegativeTestJSON-1183520832-project-member] Acquiring lock "np0000004877-np0000004877" by "nova.scheduler.host_manager.HostState.consume_from_request.._locked" {{(pid=93252) inner /opt/stack/data/venv/lib/python3.12/site-packages/oslo_concurrency/lockutils.py:511}}
Jul 09 10:45:27.586366 np0000004877 nova-scheduler[93252]: DEBUG oslo_concurrency.lockutils [None req-57286c32-3e80-47ca-b858-40cbcbaa777d tempest-ServersNegativeTestJSON-1183520832 tempest-ServersNegativeTestJSON-1183520832-project-member] Lock "np0000004877-np0000004877" acquired by "nova.scheduler.host_manager.HostState.consume_from_request.._locked" :: waited 0.000s {{(pid=93252) inner /opt/stack/data/venv/lib/python3.12/site-packages/oslo_concurrency/lockutils.py:524}}
Jul 09 10:45:27.586539 np0000004877 nova-scheduler[93252]: DEBUG oslo_concurrency.lockutils [None req-57286c32-3e80-47ca-b858-40cbcbaa777d tempest-ServersNegativeTestJSON-1183520832 tempest-ServersNegativeTestJSON-1183520832-project-member] Lock "np0000004877-np0000004877" "released" by "nova.scheduler.host_manager.HostState.consume_from_request.._locked" :: held 0.000s {{(pid=93252) inner /opt/stack/data/venv/lib/python3.12/site-packages/oslo_concurrency/lockutils.py:543}}
Jul 09 10:45:27.661260 np0000004877 nova-scheduler[93219]: INFO nova.utils [None req-0452dfe5-b953-40a7-a80a-105d4a3de2e4 tempest-DeleteServersTestJSON-1531959914 tempest-DeleteServersTestJSON-1531959914-project-member] The cell worker thread pool ForkProcess-2.cell_worker is initialized
Jul 09 10:45:27.661622 np0000004877 nova-scheduler[93219]: DEBUG oslo_concurrency.lockutils [None req-0452dfe5-b953-40a7-a80a-105d4a3de2e4 tempest-DeleteServersTestJSON-1531959914 tempest-DeleteServersTestJSON-1531959914-project-member] Acquiring lock "efb1b681-678f-485e-9b8f-85ced1870be9" by "nova.context.set_target_cell..get_or_set_cached_cell_and_set_connections" {{(pid=93219) inner /opt/stack/data/venv/lib/python3.12/site-packages/oslo_concurrency/lockutils.py:511}}
Jul 09 10:45:27.661857 np0000004877 nova-scheduler[93219]: DEBUG oslo_concurrency.lockutils [None req-0452dfe5-b953-40a7-a80a-105d4a3de2e4 tempest-DeleteServersTestJSON-1531959914 tempest-DeleteServersTestJSON-1531959914-project-member] Lock "efb1b681-678f-485e-9b8f-85ced1870be9" acquired by "nova.context.set_target_cell..get_or_set_cached_cell_and_set_connections" :: waited 0.000s {{(pid=93219) inner /opt/stack/data/venv/lib/python3.12/site-packages/oslo_concurrency/lockutils.py:524}}
Jul 09 10:45:27.663657 np0000004877 nova-scheduler[93219]: DEBUG oslo_concurrency.lockutils [None req-0452dfe5-b953-40a7-a80a-105d4a3de2e4 tempest-DeleteServersTestJSON-1531959914 tempest-DeleteServersTestJSON-1531959914-project-member] Lock "efb1b681-678f-485e-9b8f-85ced1870be9" "released" by "nova.context.set_target_cell..get_or_set_cached_cell_and_set_connections" :: held 0.002s {{(pid=93219) inner /opt/stack/data/venv/lib/python3.12/site-packages/oslo_concurrency/lockutils.py:543}}
Jul 09 10:45:27.665160 np0000004877 nova-scheduler[93219]: INFO dbcounter [None req-0452dfe5-b953-40a7-a80a-105d4a3de2e4 tempest-DeleteServersTestJSON-1531959914 tempest-DeleteServersTestJSON-1531959914-project-member] Registered counter for database nova_cell1
Jul 09 10:45:27.700171 np0000004877 nova-scheduler[93219]: DEBUG oslo_db.sqlalchemy.engines [None req-0452dfe5-b953-40a7-a80a-105d4a3de2e4 tempest-DeleteServersTestJSON-1531959914 tempest-DeleteServersTestJSON-1531959914-project-member] MySQL server mode set to STRICT_TRANS_TABLES,STRICT_ALL_TABLES,NO_ZERO_IN_DATE,NO_ZERO_DATE,ERROR_FOR_DIVISION_BY_ZERO,TRADITIONAL,NO_ENGINE_SUBSTITUTION {{(pid=93219) _check_effective_sql_mode /opt/stack/data/venv/lib/python3.12/site-packages/oslo_db/sqlalchemy/engines.py:325}}
Jul 09 10:45:27.713134 np0000004877 nova-scheduler[93219]: DEBUG dbcounter [-] [93219] Writer thread running {{(pid=93219) stat_writer /opt/stack/data/venv/lib/python3.12/site-packages/dbcounter.py:102}}
Jul 09 10:45:27.762951 np0000004877 nova-scheduler[93219]: DEBUG dbcounter [-] [93219] Writer thread running {{(pid=93219) stat_writer /opt/stack/data/venv/lib/python3.12/site-packages/dbcounter.py:102}}
Jul 09 10:45:27.765373 np0000004877 nova-scheduler[93219]: DEBUG oslo_concurrency.lockutils [None req-0452dfe5-b953-40a7-a80a-105d4a3de2e4 tempest-DeleteServersTestJSON-1531959914 tempest-DeleteServersTestJSON-1531959914-project-member] Acquiring lock "efb1b681-678f-485e-9b8f-85ced1870be9" by "nova.context.set_target_cell..get_or_set_cached_cell_and_set_connections" {{(pid=93219) inner /opt/stack/data/venv/lib/python3.12/site-packages/oslo_concurrency/lockutils.py:511}}
Jul 09 10:45:27.765633 np0000004877 nova-scheduler[93219]: DEBUG oslo_concurrency.lockutils [None req-0452dfe5-b953-40a7-a80a-105d4a3de2e4 tempest-DeleteServersTestJSON-1531959914 tempest-DeleteServersTestJSON-1531959914-project-member] Lock "efb1b681-678f-485e-9b8f-85ced1870be9" acquired by "nova.context.set_target_cell..get_or_set_cached_cell_and_set_connections" :: waited 0.000s {{(pid=93219) inner /opt/stack/data/venv/lib/python3.12/site-packages/oslo_concurrency/lockutils.py:524}}
Jul 09 10:45:27.765812 np0000004877 nova-scheduler[93219]: DEBUG oslo_concurrency.lockutils [None req-0452dfe5-b953-40a7-a80a-105d4a3de2e4 tempest-DeleteServersTestJSON-1531959914 tempest-DeleteServersTestJSON-1531959914-project-member] Lock "efb1b681-678f-485e-9b8f-85ced1870be9" "released" by "nova.context.set_target_cell..get_or_set_cached_cell_and_set_connections" :: held 0.000s {{(pid=93219) inner /opt/stack/data/venv/lib/python3.12/site-packages/oslo_concurrency/lockutils.py:543}}
Jul 09 10:45:27.769170 np0000004877 nova-scheduler[93219]: DEBUG oslo_concurrency.lockutils [None req-0452dfe5-b953-40a7-a80a-105d4a3de2e4 tempest-DeleteServersTestJSON-1531959914 tempest-DeleteServersTestJSON-1531959914-project-member] Acquiring lock "np0000004877-np0000004877" by "nova.scheduler.host_manager.HostState.update.._locked_update" {{(pid=93219) inner /opt/stack/data/venv/lib/python3.12/site-packages/oslo_concurrency/lockutils.py:511}}
