Jun 26 05:44:34.110391 np0000003704 devstack@g-api.service[99590]: DEBUG glance_store.capabilities [-] Store glance_store._drivers.http.Store doesn't support updating dynamic storage capabilities. Please overwrite 'update_capabilities' method of the store to implement updating logics if needed. {{(pid=99590) update_capabilities /opt/stack/data/venv/lib/python3.12/site-packages/glance_store/capabilities.py:91}}
Jun 26 05:44:34.110458 np0000003704 devstack@g-api.service[99590]: DEBUG glance_store.backend [-] Registering store http with schemes ('http', 'https') {{(pid=99590) create_stores /opt/stack/data/venv/lib/python3.12/site-packages/glance_store/backend.py:261}}
Jun 26 05:44:34.110524 np0000003704 devstack@g-api.service[99590]: DEBUG glance_store.driver [-] Late loading location class glance_store._drivers.http.StoreLocation {{(pid=99590) get_store_location_class /opt/stack/data/venv/lib/python3.12/site-packages/glance_store/driver.py:134}}
Jun 26 05:44:34.110619 np0000003704 devstack@g-api.service[99590]: DEBUG glance_store.location [-] Registering scheme http with {'store': , 'location_class': , 'store_entry': 'http'} {{(pid=99590) register_scheme_map /opt/stack/data/venv/lib/python3.12/site-packages/glance_store/location.py:146}}
Jun 26 05:44:34.110685 np0000003704 devstack@g-api.service[99590]: DEBUG glance_store.location [-] Registering scheme https with {'store': , 'location_class': , 'store_entry': 'http'} {{(pid=99590) register_scheme_map /opt/stack/data/venv/lib/python3.12/site-packages/glance_store/location.py:146}}
Jun 26 05:44:34.110766 np0000003704 devstack@g-api.service[99590]: DEBUG glance_store.backend [-] Attempting to import store file {{(pid=99590) _load_store /opt/stack/data/venv/lib/python3.12/site-packages/glance_store/backend.py:215}}
Jun 26 05:44:34.111294 np0000003704 devstack@g-api.service[99590]: DEBUG glance_store.capabilities [-] Store glance_store._drivers.filesystem.Store doesn't support updating dynamic storage capabilities. Please overwrite 'update_capabilities' method of the store to implement updating logics if needed. {{(pid=99590) update_capabilities /opt/stack/data/venv/lib/python3.12/site-packages/glance_store/capabilities.py:91}}
Jun 26 05:44:34.111355 np0000003704 devstack@g-api.service[99590]: DEBUG glance_store.backend [-] Registering store file with schemes ('file', 'filesystem') {{(pid=99590) create_stores /opt/stack/data/venv/lib/python3.12/site-packages/glance_store/backend.py:261}}
Jun 26 05:44:34.111408 np0000003704 devstack@g-api.service[99590]: DEBUG glance_store.driver [-] Late loading location class glance_store._drivers.filesystem.StoreLocation {{(pid=99590) get_store_location_class /opt/stack/data/venv/lib/python3.12/site-packages/glance_store/driver.py:134}}
Jun 26 05:44:34.111516 np0000003704 devstack@g-api.service[99590]: DEBUG glance_store.location [-] Registering scheme file with {'store': , 'location_class': , 'store_entry': 'file'} {{(pid=99590) register_scheme_map /opt/stack/data/venv/lib/python3.12/site-packages/glance_store/location.py:146}}
Jun 26 05:44:34.111585 np0000003704 devstack@g-api.service[99590]: DEBUG glance_store.location [-] Registering scheme filesystem with {'store': , 'location_class': , 'store_entry': 'file'} {{(pid=99590) register_scheme_map /opt/stack/data/venv/lib/python3.12/site-packages/glance_store/location.py:146}}
Jun 26 05:44:34.111722 np0000003704 devstack@g-api.service[99590]: DEBUG glance_store.backend [-] Attempting to import store swift {{(pid=99590) _load_store /opt/stack/data/venv/lib/python3.12/site-packages/glance_store/backend.py:215}}
Jun 26 05:44:34.112842 np0000003704 devstack@g-api.service[99590]: DEBUG glance_store.capabilities [-] Store glance_store._drivers.swift.store.SingleTenantStore doesn't support updating dynamic storage capabilities. Please overwrite 'update_capabilities' method of the store to implement updating logics if needed. {{(pid=99590) update_capabilities /opt/stack/data/venv/lib/python3.12/site-packages/glance_store/capabilities.py:91}}
Jun 26 05:44:34.112842 np0000003704 devstack@g-api.service[99590]: DEBUG glance_store.driver [-] Late loading location class glance_store._drivers.swift.store.StoreLocation {{(pid=99590) get_store_location_class /opt/stack/data/venv/lib/python3.12/site-packages/glance_store/driver.py:134}}
Jun 26 05:44:34.112935 np0000003704 devstack@g-api.service[99590]: DEBUG glance_store.location [-] Registering scheme swift+https with {'store': , 'location_class': , 'store_entry': 'swift'} {{(pid=99590) register_scheme_map /opt/stack/data/venv/lib/python3.12/site-packages/glance_store/location.py:146}}
Jun 26 05:44:34.112984 np0000003704 devstack@g-api.service[99590]: DEBUG glance_store.location [-] Registering scheme swift+https with {'store': , 'location_class': , 'store_entry': 'swift'} {{(pid=99590) register_scheme_map /opt/stack/data/venv/lib/python3.12/site-packages/glance_store/location.py:146}}
Jun 26 05:44:34.113070 np0000003704 devstack@g-api.service[99590]: DEBUG glance_store.location [-] Registering scheme swift with {'store': , 'location_class': , 'store_entry': 'swift'} {{(pid=99590) register_scheme_map /opt/stack/data/venv/lib/python3.12/site-packages/glance_store/location.py:146}}
Jun 26 05:44:34.113134 np0000003704 devstack@g-api.service[99590]: DEBUG glance_store.location [-] Registering scheme swift+https with {'store': , 'location_class': , 'store_entry': 'swift'} {{(pid=99590) register_scheme_map /opt/stack/data/venv/lib/python3.12/site-packages/glance_store/location.py:146}}
Jun 26 05:44:34.113220 np0000003704 devstack@g-api.service[99590]: DEBUG glance_store.location [-] Registering scheme swift with {'store': , 'location_class': , 'store_entry': 'swift'} {{(pid=99590) register_scheme_map /opt/stack/data/venv/lib/python3.12/site-packages/glance_store/location.py:146}}
Jun 26 05:44:34.113277 np0000003704 devstack@g-api.service[99590]: DEBUG glance_store.location [-] Registering scheme swift+http with {'store': , 'location_class': , 'store_entry': 'swift'} {{(pid=99590) register_scheme_map /opt/stack/data/venv/lib/python3.12/site-packages/glance_store/location.py:146}}
Jun 26 05:44:34.113363 np0000003704 devstack@g-api.service[99590]: DEBUG glance_store.location [-] Registering scheme swift+https with {'store': , 'location_class': , 'store_entry': 'swift'} {{(pid=99590) register_scheme_map /opt/stack/data/venv/lib/python3.12/site-packages/glance_store/location.py:146}}
Jun 26 05:44:34.113445 np0000003704 devstack@g-api.service[99590]: DEBUG glance_store.location [-] Registering scheme swift with {'store': , 'location_class': , 'store_entry': 'swift'} {{(pid=99590) register_scheme_map /opt/stack/data/venv/lib/python3.12/site-packages/glance_store/location.py:146}}
Jun 26 05:44:34.113534 np0000003704 devstack@g-api.service[99590]: DEBUG glance_store.location [-] Registering scheme swift+http with {'store': , 'location_class': , 'store_entry': 'swift'} {{(pid=99590) register_scheme_map /opt/stack/data/venv/lib/python3.12/site-packages/glance_store/location.py:146}}
Jun 26 05:44:34.113604 np0000003704 devstack@g-api.service[99590]: DEBUG glance_store.location [-] Registering scheme swift+config with {'store': , 'location_class': , 'store_entry': 'swift'} {{(pid=99590) register_scheme_map /opt/stack/data/venv/lib/python3.12/site-packages/glance_store/location.py:146}}
Jun 26 05:44:34.113922 np0000003704 devstack@g-api.service[99590]: DEBUG glance.sqlite_migration [-] SQLite caching database not located, skipping migration {{(pid=99590) get_db_path /opt/stack/glance/glance/sqlite_migration.py:68}}
Jun 26 05:44:34.114150 np0000003704 devstack@g-api.service[99590]: WARNING glance.common.wsgi_app [-] Import methods are enabled but staging directory /tmp/staging/ does not exist; Imports will fail!
Jun 26 05:44:34.222743 np0000003704 devstack@g-api.service[99589]: DEBUG glance.common.config [None req-3ee8fea1-f293-4d96-8c1f-5ff088d49a0e None None] Loading glance-api-keystone+cachemanagement from /etc/glance/glance-api-paste.ini {{(pid=99589) load_paste_app /opt/stack/glance/glance/common/config.py:759}}
Jun 26 05:44:34.229040 np0000003704 devstack@g-api.service[99588]: DEBUG glance.common.config [None req-951e8f45-0979-4f69-a13b-55df613b4775 None None] Loading glance-api-keystone+cachemanagement from /etc/glance/glance-api-paste.ini {{(pid=99588) load_paste_app /opt/stack/glance/glance/common/config.py:759}}
Jun 26 05:44:34.277989 np0000003704 devstack@g-api.service[99590]: DEBUG glance.common.config [None req-19398a4a-c4cc-4548-8b16-5a8d13eccdab None None] Loading glance-api-keystone+cachemanagement from /etc/glance/glance-api-paste.ini {{(pid=99590) load_paste_app /opt/stack/glance/glance/common/config.py:759}}
Jun 26 05:44:34.902645 np0000003704 devstack@g-api.service[99589]: INFO glance.image_cache [None req-3ee8fea1-f293-4d96-8c1f-5ff088d49a0e None None] Image cache loaded driver 'centralized_db'.
Jun 26 05:44:34.902823 np0000003704 devstack@g-api.service[99590]: INFO glance.image_cache [None req-19398a4a-c4cc-4548-8b16-5a8d13eccdab None None] Image cache loaded driver 'centralized_db'.
Jun 26 05:44:34.908632 np0000003704 devstack@g-api.service[99588]: INFO glance.image_cache [None req-951e8f45-0979-4f69-a13b-55df613b4775 None None] Image cache loaded driver 'centralized_db'.
Jun 26 05:44:34.950616 np0000003704 devstack@g-api.service[99590]: INFO dbcounter [None req-19398a4a-c4cc-4548-8b16-5a8d13eccdab None None] Registered counter for database glance
Jun 26 05:44:34.956223 np0000003704 devstack@g-api.service[99589]: INFO dbcounter [None req-3ee8fea1-f293-4d96-8c1f-5ff088d49a0e None None] Registered counter for database glance
Jun 26 05:44:34.960657 np0000003704 devstack@g-api.service[99588]: INFO dbcounter [None req-951e8f45-0979-4f69-a13b-55df613b4775 None None] Registered counter for database glance
Jun 26 05:44:34.996574 np0000003704 devstack@g-api.service[99590]: DEBUG oslo_db.sqlalchemy.engines [None req-19398a4a-c4cc-4548-8b16-5a8d13eccdab None None] MySQL server mode set to STRICT_TRANS_TABLES,STRICT_ALL_TABLES,NO_ZERO_IN_DATE,NO_ZERO_DATE,ERROR_FOR_DIVISION_BY_ZERO,TRADITIONAL,NO_ENGINE_SUBSTITUTION {{(pid=99590) _check_effective_sql_mode /opt/stack/data/venv/lib/python3.12/site-packages/oslo_db/sqlalchemy/engines.py:325}}
Jun 26 05:44:35.001051 np0000003704 devstack@g-api.service[99589]: DEBUG oslo_db.sqlalchemy.engines [None req-3ee8fea1-f293-4d96-8c1f-5ff088d49a0e None None] MySQL server mode set to STRICT_TRANS_TABLES,STRICT_ALL_TABLES,NO_ZERO_IN_DATE,NO_ZERO_DATE,ERROR_FOR_DIVISION_BY_ZERO,TRADITIONAL,NO_ENGINE_SUBSTITUTION {{(pid=99589) _check_effective_sql_mode /opt/stack/data/venv/lib/python3.12/site-packages/oslo_db/sqlalchemy/engines.py:325}}
Jun 26 05:44:35.007263 np0000003704 devstack@g-api.service[99588]: DEBUG oslo_db.sqlalchemy.engines [None req-951e8f45-0979-4f69-a13b-55df613b4775 None None] MySQL server mode set to STRICT_TRANS_TABLES,STRICT_ALL_TABLES,NO_ZERO_IN_DATE,NO_ZERO_DATE,ERROR_FOR_DIVISION_BY_ZERO,TRADITIONAL,NO_ENGINE_SUBSTITUTION {{(pid=99588) _check_effective_sql_mode /opt/stack/data/venv/lib/python3.12/site-packages/oslo_db/sqlalchemy/engines.py:325}}
Jun 26 05:44:35.026048 np0000003704 devstack@g-api.service[99589]: DEBUG dbcounter [-] [99589] Writer thread running {{(pid=99589) stat_writer /opt/stack/data/venv/lib/python3.12/site-packages/dbcounter.py:102}}
Jun 26 05:44:35.028508 np0000003704 devstack@g-api.service[99590]: DEBUG dbcounter [-] [99590] Writer thread running {{(pid=99590) stat_writer /opt/stack/data/venv/lib/python3.12/site-packages/dbcounter.py:102}}
Jun 26 05:44:35.034379 np0000003704 devstack@g-api.service[99590]: DEBUG glance.image_cache.drivers.centralized_db [None req-19398a4a-c4cc-4548-8b16-5a8d13eccdab None None] Node reference is already recorded, ignoring it {{(pid=99590) configure /opt/stack/glance/glance/image_cache/drivers/centralized_db.py:71}}
Jun 26 05:44:35.034821 np0000003704 devstack@g-api.service[99588]: DEBUG dbcounter [-] [99588] Writer thread running {{(pid=99588) stat_writer /opt/stack/data/venv/lib/python3.12/site-packages/dbcounter.py:102}}
Jun 26 05:44:35.037749 np0000003704 devstack@g-api.service[99588]: DEBUG glance.image_cache.drivers.centralized_db [None req-951e8f45-0979-4f69-a13b-55df613b4775 None None] Node reference is already recorded, ignoring it {{(pid=99588) configure /opt/stack/glance/glance/image_cache/drivers/centralized_db.py:71}}
Jun 26 05:44:35.041972 np0000003704 devstack@g-api.service[99589]: INFO glance.image_cache [None req-3ee8fea1-f293-4d96-8c1f-5ff088d49a0e None None] Image cache loaded driver 'centralized_db'.
Jun 26 05:44:35.042502 np0000003704 devstack@g-api.service[99590]: INFO glance.image_cache [None req-19398a4a-c4cc-4548-8b16-5a8d13eccdab None None] Image cache loaded driver 'centralized_db'.
Jun 26 05:44:35.044759 np0000003704 devstack@g-api.service[99588]: INFO glance.image_cache [None req-951e8f45-0979-4f69-a13b-55df613b4775 None None] Image cache loaded driver 'centralized_db'.
Jun 26 05:44:35.053522 np0000003704 devstack@g-api.service[99590]: DEBUG glance.image_cache.drivers.centralized_db [None req-19398a4a-c4cc-4548-8b16-5a8d13eccdab None None] Node reference is already recorded, ignoring it {{(pid=99590) configure /opt/stack/glance/glance/image_cache/drivers/centralized_db.py:71}}
Jun 26 05:44:35.154081 np0000003704 devstack@g-api.service[99588]: DEBUG glance.image_cache.drivers.centralized_db [None req-951e8f45-0979-4f69-a13b-55df613b4775 None None] Node reference is already recorded, ignoring it {{(pid=99588) configure /opt/stack/glance/glance/image_cache/drivers/centralized_db.py:71}}
Jun 26 05:44:35.156538 np0000003704 devstack@g-api.service[99589]: DEBUG glance.image_cache.drivers.centralized_db [None req-3ee8fea1-f293-4d96-8c1f-5ff088d49a0e None None] Node reference is already recorded, ignoring it {{(pid=99589) configure /opt/stack/glance/glance/image_cache/drivers/centralized_db.py:71}}
Jun 26 05:44:35.161508 np0000003704 devstack@g-api.service[99589]: DEBUG glance.api.v2.cached_images [None req-3ee8fea1-f293-4d96-8c1f-5ff088d49a0e None None] Started cache worker thread {{(pid=99589) __init__ /opt/stack/glance/glance/api/v2/cached_images.py:69}}
Jun 26 05:44:35.162239 np0000003704 devstack@g-api.service[99588]: DEBUG glance.api.v2.cached_images [None req-951e8f45-0979-4f69-a13b-55df613b4775 None None] Started cache worker thread {{(pid=99588) __init__ /opt/stack/glance/glance/api/v2/cached_images.py:69}}
Jun 26 05:44:35.162420 np0000003704 devstack@g-api.service[99589]: INFO glance.image_cache [None req-3ee8fea1-f293-4d96-8c1f-5ff088d49a0e None None] Image cache loaded driver 'centralized_db'.
Jun 26 05:44:35.163084 np0000003704 devstack@g-api.service[99588]: INFO glance.image_cache [None req-951e8f45-0979-4f69-a13b-55df613b4775 None None] Image cache loaded driver 'centralized_db'.
Jun 26 05:44:35.170174 np0000003704 devstack@g-api.service[99589]: DEBUG glance.image_cache.drivers.centralized_db [None req-3ee8fea1-f293-4d96-8c1f-5ff088d49a0e None None] Node reference is already recorded, ignoring it {{(pid=99589) configure /opt/stack/glance/glance/image_cache/drivers/centralized_db.py:71}}
Jun 26 05:44:35.173113 np0000003704 devstack@g-api.service[99588]: DEBUG glance.image_cache.drivers.centralized_db [None req-951e8f45-0979-4f69-a13b-55df613b4775 None None] Node reference is already recorded, ignoring it {{(pid=99588) configure /opt/stack/glance/glance/image_cache/drivers/centralized_db.py:71}}
Jun 26 05:44:35.174039 np0000003704 devstack@g-api.service[99590]: DEBUG glance.api.v2.cached_images [None req-19398a4a-c4cc-4548-8b16-5a8d13eccdab None None] Started cache worker thread {{(pid=99590) __init__ /opt/stack/glance/glance/api/v2/cached_images.py:69}}
Jun 26 05:44:35.174969 np0000003704 devstack@g-api.service[99590]: INFO glance.image_cache [None req-19398a4a-c4cc-4548-8b16-5a8d13eccdab None None] Image cache loaded driver 'centralized_db'.
Jun 26 05:44:35.175783 np0000003704 devstack@g-api.service[99589]: INFO glance.api.middleware.cache_manage [None req-3ee8fea1-f293-4d96-8c1f-5ff088d49a0e None None] Initialized image cache management middleware
Jun 26 05:44:35.175918 np0000003704 devstack@g-api.service[99589]: INFO glance.image_cache [None req-3ee8fea1-f293-4d96-8c1f-5ff088d49a0e None None] Image cache loaded driver 'centralized_db'.
Jun 26 05:44:35.178127 np0000003704 devstack@g-api.service[99588]: INFO glance.api.middleware.cache_manage [None req-951e8f45-0979-4f69-a13b-55df613b4775 None None] Initialized image cache management middleware
Jun 26 05:44:35.178296 np0000003704 devstack@g-api.service[99588]: INFO glance.image_cache [None req-951e8f45-0979-4f69-a13b-55df613b4775 None None] Image cache loaded driver 'centralized_db'.
Jun 26 05:44:35.183161 np0000003704 devstack@g-api.service[99589]: DEBUG glance.image_cache.drivers.centralized_db [None req-3ee8fea1-f293-4d96-8c1f-5ff088d49a0e None None] Node reference is already recorded, ignoring it {{(pid=99589) configure /opt/stack/glance/glance/image_cache/drivers/centralized_db.py:71}}
Jun 26 05:44:35.184400 np0000003704 devstack@g-api.service[99590]: DEBUG glance.image_cache.drivers.centralized_db [None req-19398a4a-c4cc-4548-8b16-5a8d13eccdab None None] Node reference is already recorded, ignoring it {{(pid=99590) configure /opt/stack/glance/glance/image_cache/drivers/centralized_db.py:71}}
Jun 26 05:44:35.185716 np0000003704 devstack@g-api.service[99588]: DEBUG glance.image_cache.drivers.centralized_db [None req-951e8f45-0979-4f69-a13b-55df613b4775 None None] Node reference is already recorded, ignoring it {{(pid=99588) configure /opt/stack/glance/glance/image_cache/drivers/centralized_db.py:71}}
Jun 26 05:44:35.186865 np0000003704 devstack@g-api.service[99589]: INFO glance.api.middleware.cache [None req-3ee8fea1-f293-4d96-8c1f-5ff088d49a0e None None] Initialized image cache middleware
Jun 26 05:44:35.191160 np0000003704 devstack@g-api.service[99590]: INFO glance.api.middleware.cache_manage [None req-19398a4a-c4cc-4548-8b16-5a8d13eccdab None None] Initialized image cache management middleware
Jun 26 05:44:35.191380 np0000003704 devstack@g-api.service[99590]: INFO glance.image_cache [None req-19398a4a-c4cc-4548-8b16-5a8d13eccdab None None] Image cache loaded driver 'centralized_db'.
Jun 26 05:44:35.192194 np0000003704 devstack@g-api.service[99588]: INFO glance.api.middleware.cache [None req-951e8f45-0979-4f69-a13b-55df613b4775 None None] Initialized image cache middleware
Jun 26 05:44:35.198970 np0000003704 devstack@g-api.service[99589]: DEBUG glance.common.config [None req-3ee8fea1-f293-4d96-8c1f-5ff088d49a0e None None] ******************************************************************************** {{(pid=99589) log_opt_values /opt/stack/data/venv/lib/python3.12/site-packages/oslo_config/cfg.py:3226}}
Jun 26 05:44:35.199115 np0000003704 devstack@g-api.service[99589]: DEBUG glance.common.config [None req-3ee8fea1-f293-4d96-8c1f-5ff088d49a0e None None] Configuration options gathered from: {{(pid=99589) log_opt_values /opt/stack/data/venv/lib/python3.12/site-packages/oslo_config/cfg.py:3227}}
Jun 26 05:44:35.199340 np0000003704 devstack@g-api.service[99589]: DEBUG glance.common.config [None req-3ee8fea1-f293-4d96-8c1f-5ff088d49a0e None None] command line args: [] {{(pid=99589) log_opt_values /opt/stack/data/venv/lib/python3.12/site-packages/oslo_config/cfg.py:3228}}
Jun 26 05:44:35.199630 np0000003704 devstack@g-api.service[99589]: DEBUG glance.common.config [None req-3ee8fea1-f293-4d96-8c1f-5ff088d49a0e None None] config files: ['/etc/glance/glance-image-import.conf', '/etc/glance/glance-api.conf'] {{(pid=99589) log_opt_values /opt/stack/data/venv/lib/python3.12/site-packages/oslo_config/cfg.py:3229}}
Jun 26 05:44:35.199707 np0000003704 devstack@g-api.service[99589]: DEBUG glance.common.config [None req-3ee8fea1-f293-4d96-8c1f-5ff088d49a0e None None] ================================================================================ {{(pid=99589) log_opt_values /opt/stack/data/venv/lib/python3.12/site-packages/oslo_config/cfg.py:3234}}
Jun 26 05:44:35.199826 np0000003704 devstack@g-api.service[99589]: DEBUG glance.common.config [None req-3ee8fea1-f293-4d96-8c1f-5ff088d49a0e None None] allow_anonymous_access = False {{(pid=99589) log_opt_values /opt/stack/data/venv/lib/python3.12/site-packages/oslo_config/cfg.py:3242}}
Jun 26 05:44:35.199924 np0000003704 devstack@g-api.service[99589]: DEBUG glance.common.config [None req-3ee8fea1-f293-4d96-8c1f-5ff088d49a0e None None] api_limit_max = 1000 {{(pid=99589) log_opt_values /opt/stack/data/venv/lib/python3.12/site-packages/oslo_config/cfg.py:3242}}
Jun 26 05:44:35.200019 np0000003704 devstack@g-api.service[99589]: DEBUG glance.common.config [None req-3ee8fea1-f293-4d96-8c1f-5ff088d49a0e None None] backlog = 4096 {{(pid=99589) log_opt_values /opt/stack/data/venv/lib/python3.12/site-packages/oslo_config/cfg.py:3242}}
Jun 26 05:44:35.200171 np0000003704 devstack@g-api.service[99589]: DEBUG glance.common.config [None req-3ee8fea1-f293-4d96-8c1f-5ff088d49a0e None None] bind_host = 0.0.0.0 {{(pid=99589) log_opt_values /opt/stack/data/venv/lib/python3.12/site-packages/oslo_config/cfg.py:3242}}
Jun 26 05:44:35.200275 np0000003704 devstack@g-api.service[99589]: DEBUG glance.common.config [None req-3ee8fea1-f293-4d96-8c1f-5ff088d49a0e None None] bind_port = 19292 {{(pid=99589) log_opt_values /opt/stack/data/venv/lib/python3.12/site-packages/oslo_config/cfg.py:3242}}
Jun 26 05:44:35.200369 np0000003704 devstack@g-api.service[99589]: DEBUG glance.common.config [None req-3ee8fea1-f293-4d96-8c1f-5ff088d49a0e None None] client_socket_timeout = 900 {{(pid=99589) log_opt_values /opt/stack/data/venv/lib/python3.12/site-packages/oslo_config/cfg.py:3242}}
Jun 26 05:44:35.200484 np0000003704 devstack@g-api.service[99589]: DEBUG glance.common.config [None req-3ee8fea1-f293-4d96-8c1f-5ff088d49a0e None None] config_dir = [] {{(pid=99589) log_opt_values /opt/stack/data/venv/lib/python3.12/site-packages/oslo_config/cfg.py:3242}}
Jun 26 05:44:35.200522 np0000003704 devstack@g-api.service[99590]: DEBUG glance.image_cache.drivers.centralized_db [None req-19398a4a-c4cc-4548-8b16-5a8d13eccdab None None] Node reference is already recorded, ignoring it {{(pid=99590) configure /opt/stack/glance/glance/image_cache/drivers/centralized_db.py:71}}
Jun 26 05:44:35.200559 np0000003704 devstack@g-api.service[99589]: DEBUG glance.common.config [None req-3ee8fea1-f293-4d96-8c1f-5ff088d49a0e None None] config_file = ['/etc/glance/glance-image-import.conf', '/etc/glance/glance-api.conf'] {{(pid=99589) log_opt_values /opt/stack/data/venv/lib/python3.12/site-packages/oslo_config/cfg.py:3242}}
Jun 26 05:44:35.200688 np0000003704 devstack@g-api.service[99589]: DEBUG glance.common.config [None req-3ee8fea1-f293-4d96-8c1f-5ff088d49a0e None None] config_source = [] {{(pid=99589) log_opt_values /opt/stack/data/venv/lib/python3.12/site-packages/oslo_config/cfg.py:3242}}
Jun 26 05:44:35.200778 np0000003704 devstack@g-api.service[99589]: DEBUG glance.common.config [None req-3ee8fea1-f293-4d96-8c1f-5ff088d49a0e None None] control_exchange = glance {{(pid=99589) log_opt_values /opt/stack/data/venv/lib/python3.12/site-packages/oslo_config/cfg.py:3242}}
Jun 26 05:44:35.200848 np0000003704 devstack@g-api.service[99589]: DEBUG glance.common.config [None req-3ee8fea1-f293-4d96-8c1f-5ff088d49a0e None None] debug = True {{(pid=99589) log_opt_values /opt/stack/data/venv/lib/python3.12/site-packages/oslo_config/cfg.py:3242}}
Jun 26 05:44:35.201009 np0000003704 devstack@g-api.service[99589]: DEBUG glance.common.config [None req-3ee8fea1-f293-4d96-8c1f-5ff088d49a0e None None] default_log_levels = ['amqp=WARN', 'boto=WARN', 'sqlalchemy=WARN', 'suds=INFO', 'oslo.messaging=INFO', 'oslo_messaging=INFO', 'iso8601=WARN', 'requests.packages.urllib3.connectionpool=WARN', 'urllib3.connectionpool=WARN', 'websocket=WARN', 'requests.packages.urllib3.util.retry=WARN', 'urllib3.util.retry=WARN', 'keystonemiddleware=WARN', 'routes.middleware=WARN', 'stevedore=WARN', 'taskflow=WARN', 'keystoneauth=WARN', 'oslo.cache=INFO', 'oslo_policy=INFO', 'dogpile.core.dogpile=INFO'] {{(pid=99589) log_opt_values /opt/stack/data/venv/lib/python3.12/site-packages/oslo_config/cfg.py:3242}}
Jun 26 05:44:35.201136 np0000003704 devstack@g-api.service[99589]: DEBUG glance.common.config [None req-3ee8fea1-f293-4d96-8c1f-5ff088d49a0e None None] default_publisher_id = image.localhost {{(pid=99589) log_opt_values /opt/stack/data/venv/lib/python3.12/site-packages/oslo_config/cfg.py:3242}}
Jun 26 05:44:35.201228 np0000003704 devstack@g-api.service[99589]: DEBUG glance.common.config [None req-3ee8fea1-f293-4d96-8c1f-5ff088d49a0e None None] delayed_delete = False {{(pid=99589) log_opt_values /opt/stack/data/venv/lib/python3.12/site-packages/oslo_config/cfg.py:3242}}
Jun 26 05:44:35.201331 np0000003704 devstack@g-api.service[99589]: DEBUG glance.common.config [None req-3ee8fea1-f293-4d96-8c1f-5ff088d49a0e None None] digest_algorithm = sha256 {{(pid=99589) log_opt_values /opt/stack/data/venv/lib/python3.12/site-packages/oslo_config/cfg.py:3242}}
Jun 26 05:44:35.201471 np0000003704 devstack@g-api.service[99589]: DEBUG glance.common.config [None req-3ee8fea1-f293-4d96-8c1f-5ff088d49a0e None None] disabled_notifications = [] {{(pid=99589) log_opt_values /opt/stack/data/venv/lib/python3.12/site-packages/oslo_config/cfg.py:3242}}
Jun 26 05:44:35.201536 np0000003704 devstack@g-api.service[99589]: DEBUG glance.common.config [None req-3ee8fea1-f293-4d96-8c1f-5ff088d49a0e None None] do_secure_hash = True {{(pid=99589) log_opt_values /opt/stack/data/venv/lib/python3.12/site-packages/oslo_config/cfg.py:3242}}
Jun 26 05:44:35.201602 np0000003704 devstack@g-api.service[99589]: DEBUG glance.common.config [None req-3ee8fea1-f293-4d96-8c1f-5ff088d49a0e None None] enabled_backends = None {{(pid=99589) log_opt_values /opt/stack/data/venv/lib/python3.12/site-packages/oslo_config/cfg.py:3242}}
Jun 26 05:44:35.201712 np0000003704 devstack@g-api.service[99589]: DEBUG glance.common.config [None req-3ee8fea1-f293-4d96-8c1f-5ff088d49a0e None None] enabled_import_methods = ['glance-direct', 'web-download', 'copy-image'] {{(pid=99589) log_opt_values /opt/stack/data/venv/lib/python3.12/site-packages/oslo_config/cfg.py:3242}}
Jun 26 05:44:35.201802 np0000003704 devstack@g-api.service[99589]: DEBUG glance.common.config [None req-3ee8fea1-f293-4d96-8c1f-5ff088d49a0e None None] fatal_deprecations = False {{(pid=99589) log_opt_values /opt/stack/data/venv/lib/python3.12/site-packages/oslo_config/cfg.py:3242}}
Jun 26 05:44:35.201895 np0000003704 devstack@g-api.service[99589]: DEBUG glance.common.config [None req-3ee8fea1-f293-4d96-8c1f-5ff088d49a0e None None] hashing_algorithm = sha512 {{(pid=99589) log_opt_values /opt/stack/data/venv/lib/python3.12/site-packages/oslo_config/cfg.py:3242}}
Jun 26 05:44:35.201984 np0000003704 devstack@g-api.service[99589]: DEBUG glance.common.config [None req-3ee8fea1-f293-4d96-8c1f-5ff088d49a0e None None] http_keepalive = True {{(pid=99589) log_opt_values /opt/stack/data/venv/lib/python3.12/site-packages/oslo_config/cfg.py:3242}}
Jun 26 05:44:35.202106 np0000003704 devstack@g-api.service[99589]: DEBUG glance.common.config [None req-3ee8fea1-f293-4d96-8c1f-5ff088d49a0e None None] http_retries = 3 {{(pid=99589) log_opt_values /opt/stack/data/venv/lib/python3.12/site-packages/oslo_config/cfg.py:3242}}
Jun 26 05:44:35.202193 np0000003704 devstack@g-api.service[99589]: DEBUG glance.common.config [None req-3ee8fea1-f293-4d96-8c1f-5ff088d49a0e None None] image_cache_dir = /opt/stack/data/glance/cache/ {{(pid=99589) log_opt_values /opt/stack/data/venv/lib/python3.12/site-packages/oslo_config/cfg.py:3242}}
Jun 26 05:44:35.202287 np0000003704 devstack@g-api.service[99589]: DEBUG glance.common.config [None req-3ee8fea1-f293-4d96-8c1f-5ff088d49a0e None None] image_cache_driver = centralized_db {{(pid=99589) log_opt_values /opt/stack/data/venv/lib/python3.12/site-packages/oslo_config/cfg.py:3242}}
Jun 26 05:44:35.202377 np0000003704 devstack@g-api.service[99589]: DEBUG glance.common.config [None req-3ee8fea1-f293-4d96-8c1f-5ff088d49a0e None None] image_cache_max_size = 10737418240 {{(pid=99589) log_opt_values /opt/stack/data/venv/lib/python3.12/site-packages/oslo_config/cfg.py:3242}}
Jun 26 05:44:35.202483 np0000003704 devstack@g-api.service[99589]: DEBUG glance.common.config [None req-3ee8fea1-f293-4d96-8c1f-5ff088d49a0e None None] image_cache_sqlite_db = cache.db {{(pid=99589) log_opt_values /opt/stack/data/venv/lib/python3.12/site-packages/oslo_config/cfg.py:3242}}
Jun 26 05:44:35.202573 np0000003704 devstack@g-api.service[99589]: DEBUG glance.common.config [None req-3ee8fea1-f293-4d96-8c1f-5ff088d49a0e None None] image_cache_stall_time = 86400 {{(pid=99589) log_opt_values /opt/stack/data/venv/lib/python3.12/site-packages/oslo_config/cfg.py:3242}}
Jun 26 05:44:35.202665 np0000003704 devstack@g-api.service[99589]: DEBUG glance.common.config [None req-3ee8fea1-f293-4d96-8c1f-5ff088d49a0e None None] image_location_quota = 10 {{(pid=99589) log_opt_values /opt/stack/data/venv/lib/python3.12/site-packages/oslo_config/cfg.py:3242}}
Jun 26 05:44:35.202777 np0000003704 devstack@g-api.service[99589]: DEBUG glance.common.config [None req-3ee8fea1-f293-4d96-8c1f-5ff088d49a0e None None] image_member_quota = 128 {{(pid=99589) log_opt_values /opt/stack/data/venv/lib/python3.12/site-packages/oslo_config/cfg.py:3242}}
Jun 26 05:44:35.202900 np0000003704 devstack@g-api.service[99589]: DEBUG glance.common.config [None req-3ee8fea1-f293-4d96-8c1f-5ff088d49a0e None None] image_property_quota = 128 {{(pid=99589) log_opt_values /opt/stack/data/venv/lib/python3.12/site-packages/oslo_config/cfg.py:3242}}
Jun 26 05:44:35.203020 np0000003704 devstack@g-api.service[99589]: DEBUG glance.common.config [None req-3ee8fea1-f293-4d96-8c1f-5ff088d49a0e None None] image_size_cap = 1099511627776 {{(pid=99589) log_opt_values /opt/stack/data/venv/lib/python3.12/site-packages/oslo_config/cfg.py:3242}}
Jun 26 05:44:35.203158 np0000003704 devstack@g-api.service[99589]: DEBUG glance.common.config [None req-3ee8fea1-f293-4d96-8c1f-5ff088d49a0e None None] image_tag_quota = 128 {{(pid=99589) log_opt_values /opt/stack/data/venv/lib/python3.12/site-packages/oslo_config/cfg.py:3242}}
Jun 26 05:44:35.203297 np0000003704 devstack@g-api.service[99589]: DEBUG glance.common.config [None req-3ee8fea1-f293-4d96-8c1f-5ff088d49a0e None None] instance_format = [instance: %(uuid)s] {{(pid=99589) log_opt_values /opt/stack/data/venv/lib/python3.12/site-packages/oslo_config/cfg.py:3242}}
Jun 26 05:44:35.203442 np0000003704 devstack@g-api.service[99589]: DEBUG glance.common.config [None req-3ee8fea1-f293-4d96-8c1f-5ff088d49a0e None None] instance_uuid_format = [instance: %(uuid)s] {{(pid=99589) log_opt_values /opt/stack/data/venv/lib/python3.12/site-packages/oslo_config/cfg.py:3242}}
Jun 26 05:44:35.203572 np0000003704 devstack@g-api.service[99589]: DEBUG glance.common.config [None req-3ee8fea1-f293-4d96-8c1f-5ff088d49a0e None None] limit_param_default = 25 {{(pid=99589) log_opt_values /opt/stack/data/venv/lib/python3.12/site-packages/oslo_config/cfg.py:3242}}
Jun 26 05:44:35.203707 np0000003704 devstack@g-api.service[99589]: DEBUG glance.common.config [None req-3ee8fea1-f293-4d96-8c1f-5ff088d49a0e None None] log_color = False {{(pid=99589) log_opt_values /opt/stack/data/venv/lib/python3.12/site-packages/oslo_config/cfg.py:3242}}
Jun 26 05:44:35.203842 np0000003704 devstack@g-api.service[99589]: DEBUG glance.common.config [None req-3ee8fea1-f293-4d96-8c1f-5ff088d49a0e None None] log_config_append = None {{(pid=99589) log_opt_values /opt/stack/data/venv/lib/python3.12/site-packages/oslo_config/cfg.py:3242}}
Jun 26 05:44:35.203959 np0000003704 devstack@g-api.service[99589]: DEBUG glance.common.config [None req-3ee8fea1-f293-4d96-8c1f-5ff088d49a0e None None] log_date_format = %Y-%m-%d %H:%M:%S {{(pid=99589) log_opt_values /opt/stack/data/venv/lib/python3.12/site-packages/oslo_config/cfg.py:3242}}
Jun 26 05:44:35.204052 np0000003704 devstack@g-api.service[99589]: DEBUG glance.common.config [None req-3ee8fea1-f293-4d96-8c1f-5ff088d49a0e None None] log_dir = None {{(pid=99589) log_opt_values /opt/stack/data/venv/lib/python3.12/site-packages/oslo_config/cfg.py:3242}}
Jun 26 05:44:35.204165 np0000003704 devstack@g-api.service[99589]: DEBUG glance.common.config [None req-3ee8fea1-f293-4d96-8c1f-5ff088d49a0e None None] log_file = None {{(pid=99589) log_opt_values /opt/stack/data/venv/lib/python3.12/site-packages/oslo_config/cfg.py:3242}}
Jun 26 05:44:35.204254 np0000003704 devstack@g-api.service[99589]: DEBUG glance.common.config [None req-3ee8fea1-f293-4d96-8c1f-5ff088d49a0e None None] log_rotate_interval = 1 {{(pid=99589) log_opt_values /opt/stack/data/venv/lib/python3.12/site-packages/oslo_config/cfg.py:3242}}
Jun 26 05:44:35.204349 np0000003704 devstack@g-api.service[99589]: DEBUG glance.common.config [None req-3ee8fea1-f293-4d96-8c1f-5ff088d49a0e None None] log_rotate_interval_type = days {{(pid=99589) log_opt_values /opt/stack/data/venv/lib/python3.12/site-packages/oslo_config/cfg.py:3242}}
Jun 26 05:44:35.204449 np0000003704 devstack@g-api.service[99589]: DEBUG glance.common.config [None req-3ee8fea1-f293-4d96-8c1f-5ff088d49a0e None None] log_rotation_type = none {{(pid=99589) log_opt_values /opt/stack/data/venv/lib/python3.12/site-packages/oslo_config/cfg.py:3242}}
Jun 26 05:44:35.204530 np0000003704 devstack@g-api.service[99589]: DEBUG glance.common.config [None req-3ee8fea1-f293-4d96-8c1f-5ff088d49a0e None None] logging_context_format_string = %(color)s%(levelname)s %(name)s [%(global_request_id)s %(request_id)s %(project_name)s %(user_name)s%(color)s] %(instance)s%(color)s%(message)s {{(pid=99589) log_opt_values /opt/stack/data/venv/lib/python3.12/site-packages/oslo_config/cfg.py:3242}}
Jun 26 05:44:35.204598 np0000003704 devstack@g-api.service[99589]: DEBUG glance.common.config [None req-3ee8fea1-f293-4d96-8c1f-5ff088d49a0e None None] logging_debug_format_suffix = {{(pid=%(process)d) %(funcName)s %(pathname)s:%(lineno)d}} {{(pid=99589) log_opt_values /opt/stack/data/venv/lib/python3.12/site-packages/oslo_config/cfg.py:3242}}
Jun 26 05:44:35.204718 np0000003704 devstack@g-api.service[99589]: DEBUG glance.common.config [None req-3ee8fea1-f293-4d96-8c1f-5ff088d49a0e None None] logging_default_format_string = %(color)s%(levelname)s %(name)s [-%(color)s] %(instance)s%(color)s%(message)s {{(pid=99589) log_opt_values /opt/stack/data/venv/lib/python3.12/site-packages/oslo_config/cfg.py:3242}}
Jun 26 05:44:35.204820 np0000003704 devstack@g-api.service[99589]: DEBUG glance.common.config [None req-3ee8fea1-f293-4d96-8c1f-5ff088d49a0e None None] logging_exception_prefix = ERROR %(name)s %(instance)s {{(pid=99589) log_opt_values /opt/stack/data/venv/lib/python3.12/site-packages/oslo_config/cfg.py:3242}}
Jun 26 05:44:35.204888 np0000003704 devstack@g-api.service[99589]: DEBUG glance.common.config [None req-3ee8fea1-f293-4d96-8c1f-5ff088d49a0e None None] logging_user_identity_format = %(user)s %(project)s %(domain)s %(system_scope)s %(user_domain)s %(project_domain)s {{(pid=99589) log_opt_values /opt/stack/data/venv/lib/python3.12/site-packages/oslo_config/cfg.py:3242}}
Jun 26 05:44:35.204978 np0000003704 devstack@g-api.service[99589]: DEBUG glance.common.config [None req-3ee8fea1-f293-4d96-8c1f-5ff088d49a0e None None] max_header_line = 16384 {{(pid=99589) log_opt_values /opt/stack/data/venv/lib/python3.12/site-packages/oslo_config/cfg.py:3242}}
Jun 26 05:44:35.205067 np0000003704 devstack@g-api.service[99589]: DEBUG glance.common.config [None req-3ee8fea1-f293-4d96-8c1f-5ff088d49a0e None None] max_logfile_count = 30 {{(pid=99589) log_opt_values /opt/stack/data/venv/lib/python3.12/site-packages/oslo_config/cfg.py:3242}}
Jun 26 05:44:35.205174 np0000003704 devstack@g-api.service[99589]: DEBUG glance.common.config [None req-3ee8fea1-f293-4d96-8c1f-5ff088d49a0e None None] max_logfile_size_mb = 200 {{(pid=99589) log_opt_values /opt/stack/data/venv/lib/python3.12/site-packages/oslo_config/cfg.py:3242}}
Jun 26 05:44:35.205261 np0000003704 devstack@g-api.service[99589]: DEBUG glance.common.config [None req-3ee8fea1-f293-4d96-8c1f-5ff088d49a0e None None] max_request_id_length = 64 {{(pid=99589) log_opt_values /opt/stack/data/venv/lib/python3.12/site-packages/oslo_config/cfg.py:3242}}
Jun 26 05:44:35.205384 np0000003704 devstack@g-api.service[99589]: DEBUG glance.common.config [None req-3ee8fea1-f293-4d96-8c1f-5ff088d49a0e None None] metadata_encryption_key = **** {{(pid=99589) log_opt_values /opt/stack/data/venv/lib/python3.12/site-packages/oslo_config/cfg.py:3242}}
Jun 26 05:44:35.205450 np0000003704 devstack@g-api.service[99589]: DEBUG glance.common.config [None req-3ee8fea1-f293-4d96-8c1f-5ff088d49a0e None None] node_staging_uri = file:///tmp/staging/ {{(pid=99589) log_opt_values /opt/stack/data/venv/lib/python3.12/site-packages/oslo_config/cfg.py:3242}}
Jun 26 05:44:35.205541 np0000003704 devstack@g-api.service[99589]: DEBUG glance.common.config [None req-3ee8fea1-f293-4d96-8c1f-5ff088d49a0e None None] property_protection_file = None {{(pid=99589) log_opt_values /opt/stack/data/venv/lib/python3.12/site-packages/oslo_config/cfg.py:3242}}
Jun 26 05:44:35.205635 np0000003704 devstack@g-api.service[99589]: DEBUG glance.common.config [None req-3ee8fea1-f293-4d96-8c1f-5ff088d49a0e None None] property_protection_rule_format = roles {{(pid=99589) log_opt_values /opt/stack/data/venv/lib/python3.12/site-packages/oslo_config/cfg.py:3242}}
Jun 26 05:44:35.205728 np0000003704 devstack@g-api.service[99589]: DEBUG glance.common.config [None req-3ee8fea1-f293-4d96-8c1f-5ff088d49a0e None None] public_endpoint = https://10.4.3.108/image {{(pid=99589) log_opt_values /opt/stack/data/venv/lib/python3.12/site-packages/oslo_config/cfg.py:3242}}
Jun 26 05:44:35.205818 np0000003704 devstack@g-api.service[99589]: DEBUG glance.common.config [None req-3ee8fea1-f293-4d96-8c1f-5ff088d49a0e None None] publish_errors = False {{(pid=99589) log_opt_values /opt/stack/data/venv/lib/python3.12/site-packages/oslo_config/cfg.py:3242}}
Jun 26 05:44:35.205884 np0000003704 devstack@g-api.service[99590]: INFO glance.api.middleware.cache [None req-19398a4a-c4cc-4548-8b16-5a8d13eccdab None None] Initialized image cache middleware
Jun 26 05:44:35.205924 np0000003704 devstack@g-api.service[99589]: DEBUG glance.common.config [None req-3ee8fea1-f293-4d96-8c1f-5ff088d49a0e None None] pydev_worker_debug_host = None {{(pid=99589) log_opt_values /opt/stack/data/venv/lib/python3.12/site-packages/oslo_config/cfg.py:3242}}
Jun 26 05:44:35.205986 np0000003704 devstack@g-api.service[99589]: DEBUG glance.common.config [None req-3ee8fea1-f293-4d96-8c1f-5ff088d49a0e None None] pydev_worker_debug_port = 5678 {{(pid=99589) log_opt_values /opt/stack/data/venv/lib/python3.12/site-packages/oslo_config/cfg.py:3242}}
Jun 26 05:44:35.206089 np0000003704 devstack@g-api.service[99589]: DEBUG glance.common.config [None req-3ee8fea1-f293-4d96-8c1f-5ff088d49a0e None None] rate_limit_burst = 0 {{(pid=99589) log_opt_values /opt/stack/data/venv/lib/python3.12/site-packages/oslo_config/cfg.py:3242}}
Jun 26 05:44:35.206186 np0000003704 devstack@g-api.service[99589]: DEBUG glance.common.config [None req-3ee8fea1-f293-4d96-8c1f-5ff088d49a0e None None] rate_limit_except_level = CRITICAL {{(pid=99589) log_opt_values /opt/stack/data/venv/lib/python3.12/site-packages/oslo_config/cfg.py:3242}}
Jun 26 05:44:35.206273 np0000003704 devstack@g-api.service[99589]: DEBUG glance.common.config [None req-3ee8fea1-f293-4d96-8c1f-5ff088d49a0e None None] rate_limit_interval = 0 {{(pid=99589) log_opt_values /opt/stack/data/venv/lib/python3.12/site-packages/oslo_config/cfg.py:3242}}
Jun 26 05:44:35.206360 np0000003704 devstack@g-api.service[99589]: DEBUG glance.common.config [None req-3ee8fea1-f293-4d96-8c1f-5ff088d49a0e None None] scrub_pool_size = 1 {{(pid=99589) log_opt_values /opt/stack/data/venv/lib/python3.12/site-packages/oslo_config/cfg.py:3242}}
Jun 26 05:44:35.206453 np0000003704 devstack@g-api.service[99589]: DEBUG glance.common.config [None req-3ee8fea1-f293-4d96-8c1f-5ff088d49a0e None None] scrub_time = 0 {{(pid=99589) log_opt_values /opt/stack/data/venv/lib/python3.12/site-packages/oslo_config/cfg.py:3242}}
Jun 26 05:44:35.206539 np0000003704 devstack@g-api.service[99589]: DEBUG glance.common.config [None req-3ee8fea1-f293-4d96-8c1f-5ff088d49a0e None None] shell_completion = None {{(pid=99589) log_opt_values /opt/stack/data/venv/lib/python3.12/site-packages/oslo_config/cfg.py:3242}}
Jun 26 05:44:35.206633 np0000003704 devstack@g-api.service[99589]: DEBUG glance.common.config [None req-3ee8fea1-f293-4d96-8c1f-5ff088d49a0e None None] show_image_direct_url = False {{(pid=99589) log_opt_values /opt/stack/data/venv/lib/python3.12/site-packages/oslo_config/cfg.py:3242}}
Jun 26 05:44:35.206876 np0000003704 devstack@g-api.service[99589]: WARNING oslo_config.cfg [None req-3ee8fea1-f293-4d96-8c1f-5ff088d49a0e None None] Deprecated: Option "show_multiple_locations" from group "DEFAULT" is deprecated for removal (Use of this option, deprecated since Newton, is a security risk and will be removed once we figure out a way to satisfy those use cases that currently require it. An earlier announcement that the same functionality can be achieved with greater granularity by using policies is incorrect. You cannot work around this option via policy configuration at the present time, though that is the direction we believe the fix will take. Please keep an eye on the Glance release notes to stay up to date on progress in addressing this issue.). Its value may be silently ignored in the future.
Jun 26 05:44:35.206973 np0000003704 devstack@g-api.service[99589]: DEBUG glance.common.config [None req-3ee8fea1-f293-4d96-8c1f-5ff088d49a0e None None] show_multiple_locations = False {{(pid=99589) log_opt_values /opt/stack/data/venv/lib/python3.12/site-packages/oslo_config/cfg.py:3242}}
Jun 26 05:44:35.207091 np0000003704 devstack@g-api.service[99589]: DEBUG glance.common.config [None req-3ee8fea1-f293-4d96-8c1f-5ff088d49a0e None None] syslog_log_facility = LOG_USER {{(pid=99589) log_opt_values /opt/stack/data/venv/lib/python3.12/site-packages/oslo_config/cfg.py:3242}}
Jun 26 05:44:35.207187 np0000003704 devstack@g-api.service[99589]: DEBUG glance.common.config [None req-3ee8fea1-f293-4d96-8c1f-5ff088d49a0e None None] tcp_keepidle = 600 {{(pid=99589) log_opt_values /opt/stack/data/venv/lib/python3.12/site-packages/oslo_config/cfg.py:3242}}
Jun 26 05:44:35.207297 np0000003704 devstack@g-api.service[99589]: DEBUG glance.common.config [None req-3ee8fea1-f293-4d96-8c1f-5ff088d49a0e None None] transport_url = **** {{(pid=99589) log_opt_values /opt/stack/data/venv/lib/python3.12/site-packages/oslo_config/cfg.py:3242}}
Jun 26 05:44:35.207423 np0000003704 devstack@g-api.service[99589]: DEBUG glance.common.config [None req-3ee8fea1-f293-4d96-8c1f-5ff088d49a0e None None] use_journal = False {{(pid=99589) log_opt_values /opt/stack/data/venv/lib/python3.12/site-packages/oslo_config/cfg.py:3242}}
Jun 26 05:44:35.207563 np0000003704 devstack@g-api.service[99589]: DEBUG glance.common.config [None req-3ee8fea1-f293-4d96-8c1f-5ff088d49a0e None None] use_json = False {{(pid=99589) log_opt_values /opt/stack/data/venv/lib/python3.12/site-packages/oslo_config/cfg.py:3242}}
Jun 26 05:44:35.207664 np0000003704 devstack@g-api.service[99589]: DEBUG glance.common.config [None req-3ee8fea1-f293-4d96-8c1f-5ff088d49a0e None None] use_keystone_limits = True {{(pid=99589) log_opt_values /opt/stack/data/venv/lib/python3.12/site-packages/oslo_config/cfg.py:3242}}
Jun 26 05:44:35.207755 np0000003704 devstack@g-api.service[99589]: DEBUG glance.common.config [None req-3ee8fea1-f293-4d96-8c1f-5ff088d49a0e None None] use_stderr = False {{(pid=99589) log_opt_values /opt/stack/data/venv/lib/python3.12/site-packages/oslo_config/cfg.py:3242}}
Jun 26 05:44:35.207893 np0000003704 devstack@g-api.service[99589]: DEBUG glance.common.config [None req-3ee8fea1-f293-4d96-8c1f-5ff088d49a0e None None] use_syslog = False {{(pid=99589) log_opt_values /opt/stack/data/venv/lib/python3.12/site-packages/oslo_config/cfg.py:3242}}
Jun 26 05:44:35.208022 np0000003704 devstack@g-api.service[99589]: DEBUG glance.common.config [None req-3ee8fea1-f293-4d96-8c1f-5ff088d49a0e None None] user_storage_quota = 0 {{(pid=99589) log_opt_values /opt/stack/data/venv/lib/python3.12/site-packages/oslo_config/cfg.py:3242}}
Jun 26 05:44:35.208170 np0000003704 devstack@g-api.service[99589]: DEBUG glance.common.config [None req-3ee8fea1-f293-4d96-8c1f-5ff088d49a0e None None] worker_self_reference_url = http://127.0.0.1:60999 {{(pid=99589) log_opt_values /opt/stack/data/venv/lib/python3.12/site-packages/oslo_config/cfg.py:3242}}
Jun 26 05:44:35.208287 np0000003704 devstack@g-api.service[99589]: DEBUG glance.common.config [None req-3ee8fea1-f293-4d96-8c1f-5ff088d49a0e None None] workers = None {{(pid=99589) log_opt_values /opt/stack/data/venv/lib/python3.12/site-packages/oslo_config/cfg.py:3242}}
Jun 26 05:44:35.208462 np0000003704 devstack@g-api.service[99589]: DEBUG glance.common.config [None req-3ee8fea1-f293-4d96-8c1f-5ff088d49a0e None None] oslo_concurrency.disable_process_locking = False {{(pid=99589) log_opt_values /opt/stack/data/venv/lib/python3.12/site-packages/oslo_config/cfg.py:3253}}
Jun 26 05:44:35.208575 np0000003704 devstack@g-api.service[99589]: DEBUG glance.common.config [None req-3ee8fea1-f293-4d96-8c1f-5ff088d49a0e None None] oslo_concurrency.lock_path = /opt/stack/data/glance/locks {{(pid=99589) log_opt_values /opt/stack/data/venv/lib/python3.12/site-packages/oslo_config/cfg.py:3253}}
Jun 26 05:44:35.208694 np0000003704 devstack@g-api.service[99589]: DEBUG glance.common.config [None req-3ee8fea1-f293-4d96-8c1f-5ff088d49a0e None None] oslo_middleware.enable_proxy_headers_parsing = False {{(pid=99589) log_opt_values /opt/stack/data/venv/lib/python3.12/site-packages/oslo_config/cfg.py:3253}}
Jun 26 05:44:35.208817 np0000003704 devstack@g-api.service[99589]: DEBUG glance.common.config [None req-3ee8fea1-f293-4d96-8c1f-5ff088d49a0e None None] oslo_middleware.http_basic_auth_user_file = /etc/htpasswd {{(pid=99589) log_opt_values /opt/stack/data/venv/lib/python3.12/site-packages/oslo_config/cfg.py:3253}}
Jun 26 05:44:35.208917 np0000003704 devstack@g-api.service[99589]: DEBUG glance.common.config [None req-3ee8fea1-f293-4d96-8c1f-5ff088d49a0e None None] paste_deploy.config_file = None {{(pid=99589) log_opt_values /opt/stack/data/venv/lib/python3.12/site-packages/oslo_config/cfg.py:3253}}
Jun 26 05:44:35.209017 np0000003704 devstack@g-api.service[99589]: DEBUG glance.common.config [None req-3ee8fea1-f293-4d96-8c1f-5ff088d49a0e None None] paste_deploy.flavor = keystone+cachemanagement {{(pid=99589) log_opt_values /opt/stack/data/venv/lib/python3.12/site-packages/oslo_config/cfg.py:3253}}
Jun 26 05:44:35.209199 np0000003704 devstack@g-api.service[99589]: DEBUG glance.common.config [None req-3ee8fea1-f293-4d96-8c1f-5ff088d49a0e None None] image_format.container_formats = ['ami', 'ari', 'aki', 'bare', 'ovf', 'ova', 'docker', 'compressed'] {{(pid=99589) log_opt_values /opt/stack/data/venv/lib/python3.12/site-packages/oslo_config/cfg.py:3253}}
Jun 26 05:44:35.209330 np0000003704 devstack@g-api.service[99589]: DEBUG glance.common.config [None req-3ee8fea1-f293-4d96-8c1f-5ff088d49a0e None None] image_format.disk_formats = ['ami', 'ari', 'aki', 'vhd', 'vhdx', 'vmdk', 'raw', 'qcow2', 'vdi', 'iso', 'ploop'] {{(pid=99589) log_opt_values /opt/stack/data/venv/lib/python3.12/site-packages/oslo_config/cfg.py:3253}}
Jun 26 05:44:35.209427 np0000003704 devstack@g-api.service[99589]: DEBUG glance.common.config [None req-3ee8fea1-f293-4d96-8c1f-5ff088d49a0e None None] image_format.gpt_safety_checks_nonfatal = [] {{(pid=99589) log_opt_values /opt/stack/data/venv/lib/python3.12/site-packages/oslo_config/cfg.py:3253}}
Jun 26 05:44:35.209577 np0000003704 devstack@g-api.service[99589]: DEBUG glance.common.config [None req-3ee8fea1-f293-4d96-8c1f-5ff088d49a0e None None] image_format.require_image_format_match = True {{(pid=99589) log_opt_values /opt/stack/data/venv/lib/python3.12/site-packages/oslo_config/cfg.py:3253}}
Jun 26 05:44:35.209713 np0000003704 devstack@g-api.service[99589]: DEBUG glance.common.config [None req-3ee8fea1-f293-4d96-8c1f-5ff088d49a0e None None] image_format.vmdk_allowed_types = ['streamOptimized', 'monolithicSparse'] {{(pid=99589) log_opt_values /opt/stack/data/venv/lib/python3.12/site-packages/oslo_config/cfg.py:3253}}
Jun 26 05:44:35.209822 np0000003704 devstack@g-api.service[99589]: DEBUG glance.common.config [None req-3ee8fea1-f293-4d96-8c1f-5ff088d49a0e None None] task.task_executor = taskflow {{(pid=99589) log_opt_values /opt/stack/data/venv/lib/python3.12/site-packages/oslo_config/cfg.py:3253}}
Jun 26 05:44:35.209920 np0000003704 devstack@g-api.service[99589]: DEBUG glance.common.config [None req-3ee8fea1-f293-4d96-8c1f-5ff088d49a0e None None] task.task_time_to_live = 48 {{(pid=99589) log_opt_values /opt/stack/data/venv/lib/python3.12/site-packages/oslo_config/cfg.py:3253}}
Jun 26 05:44:35.210008 np0000003704 devstack@g-api.service[99589]: DEBUG glance.common.config [None req-3ee8fea1-f293-4d96-8c1f-5ff088d49a0e None None] task.work_dir = None {{(pid=99589) log_opt_values /opt/stack/data/venv/lib/python3.12/site-packages/oslo_config/cfg.py:3253}}
Jun 26 05:44:35.210137 np0000003704 devstack@g-api.service[99589]: DEBUG glance.common.config [None req-3ee8fea1-f293-4d96-8c1f-5ff088d49a0e None None] wsgi.python_interpreter = /opt/stack/data/venv/bin/python3 {{(pid=99589) log_opt_values /opt/stack/data/venv/lib/python3.12/site-packages/oslo_config/cfg.py:3253}}
