Jun 26 05:44:09.331757 np0000003704 nova-scheduler[93269]: DEBUG cotyledon.oslo_config_glue [-] oslo_limit.auth_type = None {{(pid=93269) log_opt_values /opt/stack/data/venv/lib/python3.12/site-packages/oslo_config/cfg.py:3253}}
Jun 26 05:44:09.331757 np0000003704 nova-scheduler[93269]: DEBUG cotyledon.oslo_config_glue [-] oslo_limit.cafile = None {{(pid=93269) log_opt_values /opt/stack/data/venv/lib/python3.12/site-packages/oslo_config/cfg.py:3253}}
Jun 26 05:44:09.331757 np0000003704 nova-scheduler[93269]: DEBUG cotyledon.oslo_config_glue [-] oslo_limit.certfile = None {{(pid=93269) log_opt_values /opt/stack/data/venv/lib/python3.12/site-packages/oslo_config/cfg.py:3253}}
Jun 26 05:44:09.331757 np0000003704 nova-scheduler[93269]: DEBUG cotyledon.oslo_config_glue [-] oslo_limit.collect_timing = False {{(pid=93269) log_opt_values /opt/stack/data/venv/lib/python3.12/site-packages/oslo_config/cfg.py:3253}}
Jun 26 05:44:09.331923 np0000003704 nova-scheduler[93269]: DEBUG cotyledon.oslo_config_glue [-] oslo_limit.connect_retries = None {{(pid=93269) log_opt_values /opt/stack/data/venv/lib/python3.12/site-packages/oslo_config/cfg.py:3253}}
Jun 26 05:44:09.331923 np0000003704 nova-scheduler[93269]: DEBUG cotyledon.oslo_config_glue [-] oslo_limit.connect_retry_delay = None {{(pid=93269) log_opt_values /opt/stack/data/venv/lib/python3.12/site-packages/oslo_config/cfg.py:3253}}
Jun 26 05:44:09.331923 np0000003704 nova-scheduler[93269]: DEBUG cotyledon.oslo_config_glue [-] oslo_limit.endpoint_id = None {{(pid=93269) log_opt_values /opt/stack/data/venv/lib/python3.12/site-packages/oslo_config/cfg.py:3253}}
Jun 26 05:44:09.331923 np0000003704 nova-scheduler[93269]: DEBUG cotyledon.oslo_config_glue [-] oslo_limit.endpoint_interface = public {{(pid=93269) log_opt_values /opt/stack/data/venv/lib/python3.12/site-packages/oslo_config/cfg.py:3253}}
Jun 26 05:44:09.331923 np0000003704 nova-scheduler[93269]: DEBUG cotyledon.oslo_config_glue [-] oslo_limit.endpoint_override = None {{(pid=93269) log_opt_values /opt/stack/data/venv/lib/python3.12/site-packages/oslo_config/cfg.py:3253}}
Jun 26 05:44:09.331923 np0000003704 nova-scheduler[93269]: DEBUG cotyledon.oslo_config_glue [-] oslo_limit.endpoint_region_name = None {{(pid=93269) log_opt_values /opt/stack/data/venv/lib/python3.12/site-packages/oslo_config/cfg.py:3253}}
Jun 26 05:44:09.331923 np0000003704 nova-scheduler[93269]: DEBUG cotyledon.oslo_config_glue [-] oslo_limit.endpoint_service_name = None {{(pid=93269) log_opt_values /opt/stack/data/venv/lib/python3.12/site-packages/oslo_config/cfg.py:3253}}
Jun 26 05:44:09.331923 np0000003704 nova-scheduler[93269]: DEBUG cotyledon.oslo_config_glue [-] oslo_limit.endpoint_service_type = None {{(pid=93269) log_opt_values /opt/stack/data/venv/lib/python3.12/site-packages/oslo_config/cfg.py:3253}}
Jun 26 05:44:09.331923 np0000003704 nova-scheduler[93269]: DEBUG cotyledon.oslo_config_glue [-] oslo_limit.insecure = False {{(pid=93269) log_opt_values /opt/stack/data/venv/lib/python3.12/site-packages/oslo_config/cfg.py:3253}}
Jun 26 05:44:09.332110 np0000003704 nova-scheduler[93269]: DEBUG cotyledon.oslo_config_glue [-] oslo_limit.keyfile = None {{(pid=93269) log_opt_values /opt/stack/data/venv/lib/python3.12/site-packages/oslo_config/cfg.py:3253}}
Jun 26 05:44:09.332110 np0000003704 nova-scheduler[93269]: DEBUG cotyledon.oslo_config_glue [-] oslo_limit.max_version = None {{(pid=93269) log_opt_values /opt/stack/data/venv/lib/python3.12/site-packages/oslo_config/cfg.py:3253}}
Jun 26 05:44:09.332110 np0000003704 nova-scheduler[93269]: DEBUG cotyledon.oslo_config_glue [-] oslo_limit.min_version = None {{(pid=93269) log_opt_values /opt/stack/data/venv/lib/python3.12/site-packages/oslo_config/cfg.py:3253}}
Jun 26 05:44:09.332110 np0000003704 nova-scheduler[93269]: DEBUG cotyledon.oslo_config_glue [-] oslo_limit.region_name = None {{(pid=93269) log_opt_values /opt/stack/data/venv/lib/python3.12/site-packages/oslo_config/cfg.py:3253}}
Jun 26 05:44:09.332110 np0000003704 nova-scheduler[93269]: DEBUG cotyledon.oslo_config_glue [-] oslo_limit.retriable_status_codes = None {{(pid=93269) log_opt_values /opt/stack/data/venv/lib/python3.12/site-packages/oslo_config/cfg.py:3253}}
Jun 26 05:44:09.332110 np0000003704 nova-scheduler[93269]: DEBUG cotyledon.oslo_config_glue [-] oslo_limit.service_name = None {{(pid=93269) log_opt_values /opt/stack/data/venv/lib/python3.12/site-packages/oslo_config/cfg.py:3253}}
Jun 26 05:44:09.332110 np0000003704 nova-scheduler[93269]: DEBUG cotyledon.oslo_config_glue [-] oslo_limit.service_type = None {{(pid=93269) log_opt_values /opt/stack/data/venv/lib/python3.12/site-packages/oslo_config/cfg.py:3253}}
Jun 26 05:44:09.332110 np0000003704 nova-scheduler[93269]: DEBUG cotyledon.oslo_config_glue [-] oslo_limit.split_loggers = False {{(pid=93269) log_opt_values /opt/stack/data/venv/lib/python3.12/site-packages/oslo_config/cfg.py:3253}}
Jun 26 05:44:09.332110 np0000003704 nova-scheduler[93269]: DEBUG cotyledon.oslo_config_glue [-] oslo_limit.status_code_retries = None {{(pid=93269) log_opt_values /opt/stack/data/venv/lib/python3.12/site-packages/oslo_config/cfg.py:3253}}
Jun 26 05:44:09.332279 np0000003704 nova-scheduler[93269]: DEBUG cotyledon.oslo_config_glue [-] oslo_limit.status_code_retry_delay = None {{(pid=93269) log_opt_values /opt/stack/data/venv/lib/python3.12/site-packages/oslo_config/cfg.py:3253}}
Jun 26 05:44:09.332279 np0000003704 nova-scheduler[93269]: DEBUG cotyledon.oslo_config_glue [-] oslo_limit.timeout = None {{(pid=93269) log_opt_values /opt/stack/data/venv/lib/python3.12/site-packages/oslo_config/cfg.py:3253}}
Jun 26 05:44:09.332279 np0000003704 nova-scheduler[93269]: DEBUG cotyledon.oslo_config_glue [-] oslo_limit.valid_interfaces = None {{(pid=93269) log_opt_values /opt/stack/data/venv/lib/python3.12/site-packages/oslo_config/cfg.py:3253}}
Jun 26 05:44:09.332279 np0000003704 nova-scheduler[93269]: DEBUG cotyledon.oslo_config_glue [-] oslo_limit.version = None {{(pid=93269) log_opt_values /opt/stack/data/venv/lib/python3.12/site-packages/oslo_config/cfg.py:3253}}
Jun 26 05:44:09.332279 np0000003704 nova-scheduler[93269]: DEBUG cotyledon.oslo_config_glue [-] oslo_reports.file_event_handler = None {{(pid=93269) log_opt_values /opt/stack/data/venv/lib/python3.12/site-packages/oslo_config/cfg.py:3253}}
Jun 26 05:44:09.332279 np0000003704 nova-scheduler[93269]: DEBUG cotyledon.oslo_config_glue [-] oslo_reports.file_event_handler_interval = 1 {{(pid=93269) log_opt_values /opt/stack/data/venv/lib/python3.12/site-packages/oslo_config/cfg.py:3253}}
Jun 26 05:44:09.332279 np0000003704 nova-scheduler[93269]: DEBUG cotyledon.oslo_config_glue [-] oslo_reports.log_dir = None {{(pid=93269) log_opt_values /opt/stack/data/venv/lib/python3.12/site-packages/oslo_config/cfg.py:3253}}
Jun 26 05:44:09.332279 np0000003704 nova-scheduler[93269]: DEBUG cotyledon.oslo_config_glue [-] ******************************************************************************** {{(pid=93269) log_opt_values /opt/stack/data/venv/lib/python3.12/site-packages/oslo_config/cfg.py:3260}}
Jun 26 05:44:09.332279 np0000003704 nova-scheduler[93269]: DEBUG cotyledon._service_worker [-] Run service ServiceWrapper(2) [93269] {{(pid=93269) wait_forever /opt/stack/data/venv/lib/python3.12/site-packages/cotyledon/_service_worker.py:218}}
Jun 26 05:44:09.332454 np0000003704 nova-scheduler[93269]: INFO nova.service [-] Starting scheduler node (version 33.1.0)
Jun 26 05:44:09.332454 np0000003704 nova-scheduler[93269]: INFO dbcounter [None req-3a9aea73-9877-4f1d-bf94-aa5e928f1754 None None] Registered counter for database nova_cell0
Jun 26 05:44:09.332497 np0000003704 nova-scheduler[93250]: DEBUG oslo_db.sqlalchemy.engines [None req-d47e1078-8db5-447b-bd23-6ee6f72c172c None None] MySQL server mode set to STRICT_TRANS_TABLES,STRICT_ALL_TABLES,NO_ZERO_IN_DATE,NO_ZERO_DATE,ERROR_FOR_DIVISION_BY_ZERO,TRADITIONAL,NO_ENGINE_SUBSTITUTION {{(pid=93250) _check_effective_sql_mode /opt/stack/data/venv/lib/python3.12/site-packages/oslo_db/sqlalchemy/engines.py:325}}
Jun 26 05:44:09.339508 np0000003704 nova-scheduler[93250]: DEBUG dbcounter [-] [93250] Writer thread running {{(pid=93250) stat_writer /opt/stack/data/venv/lib/python3.12/site-packages/dbcounter.py:102}}
Jun 26 05:44:09.342861 np0000003704 nova-scheduler[93264]: DEBUG oslo_db.sqlalchemy.engines [None req-bedc0770-f857-4ad8-ae39-31b14745fdef None None] MySQL server mode set to STRICT_TRANS_TABLES,STRICT_ALL_TABLES,NO_ZERO_IN_DATE,NO_ZERO_DATE,ERROR_FOR_DIVISION_BY_ZERO,TRADITIONAL,NO_ENGINE_SUBSTITUTION {{(pid=93264) _check_effective_sql_mode /opt/stack/data/venv/lib/python3.12/site-packages/oslo_db/sqlalchemy/engines.py:325}}
Jun 26 05:44:09.352966 np0000003704 nova-scheduler[93269]: DEBUG oslo_db.sqlalchemy.engines [None req-3a9aea73-9877-4f1d-bf94-aa5e928f1754 None None] MySQL server mode set to STRICT_TRANS_TABLES,STRICT_ALL_TABLES,NO_ZERO_IN_DATE,NO_ZERO_DATE,ERROR_FOR_DIVISION_BY_ZERO,TRADITIONAL,NO_ENGINE_SUBSTITUTION {{(pid=93269) _check_effective_sql_mode /opt/stack/data/venv/lib/python3.12/site-packages/oslo_db/sqlalchemy/engines.py:325}}
Jun 26 05:44:09.354775 np0000003704 nova-scheduler[93264]: DEBUG dbcounter [-] [93264] Writer thread running {{(pid=93264) stat_writer /opt/stack/data/venv/lib/python3.12/site-packages/dbcounter.py:102}}
Jun 26 05:44:09.361482 np0000003704 nova-scheduler[93250]: DEBUG nova.service [None req-d47e1078-8db5-447b-bd23-6ee6f72c172c None None] Creating RPC server for service: nova-scheduler on topic: scheduler {{(pid=93250) start /opt/stack/nova/nova/service.py:196}}
Jun 26 05:44:09.365558 np0000003704 nova-scheduler[93269]: DEBUG dbcounter [-] [93269] Writer thread running {{(pid=93269) stat_writer /opt/stack/data/venv/lib/python3.12/site-packages/dbcounter.py:102}}
Jun 26 05:44:09.369628 np0000003704 nova-scheduler[93269]: DEBUG nova.service [None req-3a9aea73-9877-4f1d-bf94-aa5e928f1754 None None] Creating RPC server for service: nova-scheduler on topic: scheduler {{(pid=93269) start /opt/stack/nova/nova/service.py:196}}
Jun 26 05:44:09.374377 np0000003704 nova-scheduler[93264]: DEBUG nova.service [None req-bedc0770-f857-4ad8-ae39-31b14745fdef None None] Creating RPC server for service: nova-scheduler on topic: scheduler {{(pid=93264) start /opt/stack/nova/nova/service.py:196}}
Jun 26 05:44:09.396170 np0000003704 nova-scheduler[93264]: DEBUG nova.service [None req-bedc0770-f857-4ad8-ae39-31b14745fdef None None] Join ServiceGroup membership for this service scheduler {{(pid=93264) start /opt/stack/nova/nova/service.py:222}}
Jun 26 05:44:09.396310 np0000003704 nova-scheduler[93264]: DEBUG nova.servicegroup.drivers.db [None req-bedc0770-f857-4ad8-ae39-31b14745fdef None None] DB_Driver: join new ServiceGroup member np0000003704 to the scheduler group, service = {{(pid=93264) join /opt/stack/nova/nova/servicegroup/drivers/db.py:44}}
Jun 26 05:44:09.396787 np0000003704 nova-scheduler[93269]: DEBUG nova.service [None req-3a9aea73-9877-4f1d-bf94-aa5e928f1754 None None] Join ServiceGroup membership for this service scheduler {{(pid=93269) start /opt/stack/nova/nova/service.py:222}}
Jun 26 05:44:09.396850 np0000003704 nova-scheduler[93250]: DEBUG nova.service [None req-d47e1078-8db5-447b-bd23-6ee6f72c172c None None] Join ServiceGroup membership for this service scheduler {{(pid=93250) start /opt/stack/nova/nova/service.py:222}}
Jun 26 05:44:09.396891 np0000003704 nova-scheduler[93269]: DEBUG nova.servicegroup.drivers.db [None req-3a9aea73-9877-4f1d-bf94-aa5e928f1754 None None] DB_Driver: join new ServiceGroup member np0000003704 to the scheduler group, service = {{(pid=93269) join /opt/stack/nova/nova/servicegroup/drivers/db.py:44}}
Jun 26 05:44:09.397124 np0000003704 nova-scheduler[93250]: DEBUG nova.servicegroup.drivers.db [None req-d47e1078-8db5-447b-bd23-6ee6f72c172c None None] DB_Driver: join new ServiceGroup member np0000003704 to the scheduler group, service = {{(pid=93250) join /opt/stack/nova/nova/servicegroup/drivers/db.py:44}}
Jun 26 05:44:14.410580 np0000003704 nova-scheduler[93264]: DEBUG oslo.service.backend._threading.loopingcall [-] Fixed interval looping call 'nova.servicegroup.drivers.db.DbDriver._report_state' sleeping for 119.99 seconds {{(pid=93264) _run_loop /opt/stack/data/venv/lib/python3.12/site-packages/oslo_service/backend/_threading/loopingcall.py:125}}
Jun 26 05:44:14.411163 np0000003704 nova-scheduler[93250]: DEBUG oslo.service.backend._threading.loopingcall [-] Fixed interval looping call 'nova.servicegroup.drivers.db.DbDriver._report_state' sleeping for 119.99 seconds {{(pid=93250) _run_loop /opt/stack/data/venv/lib/python3.12/site-packages/oslo_service/backend/_threading/loopingcall.py:125}}
Jun 26 05:44:14.412280 np0000003704 nova-scheduler[93269]: DEBUG oslo.service.backend._threading.loopingcall [-] Fixed interval looping call 'nova.servicegroup.drivers.db.DbDriver._report_state' sleeping for 119.99 seconds {{(pid=93269) _run_loop /opt/stack/data/venv/lib/python3.12/site-packages/oslo_service/backend/_threading/loopingcall.py:125}}
Jun 26 05:44:17.889200 np0000003704 nova-scheduler[92022]: DEBUG dbcounter [-] [92022] Writing DB stats nova_api:SELECT=3 {{(pid=92022) stat_writer /opt/stack/data/venv/lib/python3.12/site-packages/dbcounter.py:115}}
Jun 26 05:44:18.033969 np0000003704 nova-scheduler[92022]: DEBUG dbcounter [-] [92022] Writing DB stats nova_cell1:SELECT=1 {{(pid=92022) stat_writer /opt/stack/data/venv/lib/python3.12/site-packages/dbcounter.py:115}}
Jun 26 05:44:18.039876 np0000003704 nova-scheduler[92022]: DEBUG dbcounter [-] [92022] Writing DB stats nova_cell0:SELECT=1 {{(pid=92022) stat_writer /opt/stack/data/venv/lib/python3.12/site-packages/dbcounter.py:115}}
Jun 26 05:44:24.406162 np0000003704 nova-scheduler[93264]: DEBUG dbcounter [-] [93264] Writing DB stats nova_cell0:SELECT=4,nova_cell0:INSERT=1,nova_cell0:UPDATE=1 {{(pid=93264) stat_writer /opt/stack/data/venv/lib/python3.12/site-packages/dbcounter.py:115}}
Jun 26 05:44:24.409654 np0000003704 nova-scheduler[93250]: DEBUG dbcounter [-] [93250] Writing DB stats nova_cell0:SELECT=4,nova_cell0:INSERT=1,nova_cell0:UPDATE=1 {{(pid=93250) stat_writer /opt/stack/data/venv/lib/python3.12/site-packages/dbcounter.py:115}}
Jun 26 05:44:24.409942 np0000003704 nova-scheduler[93269]: DEBUG dbcounter [-] [93269] Writing DB stats nova_cell0:SELECT=3,nova_cell0:UPDATE=1 {{(pid=93269) stat_writer /opt/stack/data/venv/lib/python3.12/site-packages/dbcounter.py:115}}
Jun 26 05:44:50.399411 np0000003704 nova-scheduler[93269]: DEBUG oslo.service.backend._threading.loopingcall [None req-5b28abb0-472e-4bd7-9bda-e7ae8b0e576c None None] Dynamic interval looping call 'nova.service.Service.periodic_tasks' sleeping for 60.00 seconds {{(pid=93269) _run_loop /opt/stack/data/venv/lib/python3.12/site-packages/oslo_service/backend/_threading/loopingcall.py:125}}
Jun 26 05:45:03.399861 np0000003704 nova-scheduler[93264]: DEBUG oslo.service.backend._threading.loopingcall [None req-8d00867c-77f3-4c02-a3e7-9ed465924fcc None None] Dynamic interval looping call 'nova.service.Service.periodic_tasks' sleeping for 60.00 seconds {{(pid=93264) _run_loop /opt/stack/data/venv/lib/python3.12/site-packages/oslo_service/backend/_threading/loopingcall.py:125}}
Jun 26 05:45:05.399831 np0000003704 nova-scheduler[93250]: DEBUG oslo.service.backend._threading.loopingcall [None req-4c1e0bb5-889b-494e-800d-a3536a6cbca3 None None] Dynamic interval looping call 'nova.service.Service.periodic_tasks' sleeping for 60.00 seconds {{(pid=93250) _run_loop /opt/stack/data/venv/lib/python3.12/site-packages/oslo_service/backend/_threading/loopingcall.py:125}}
Jun 26 05:45:50.400011 np0000003704 nova-scheduler[93269]: DEBUG oslo.service.backend._threading.loopingcall [None req-5b28abb0-472e-4bd7-9bda-e7ae8b0e576c None None] Dynamic interval looping call 'nova.service.Service.periodic_tasks' sleeping for 60.00 seconds {{(pid=93269) _run_loop /opt/stack/data/venv/lib/python3.12/site-packages/oslo_service/backend/_threading/loopingcall.py:125}}
Jun 26 05:46:03.400351 np0000003704 nova-scheduler[93264]: DEBUG oslo.service.backend._threading.loopingcall [None req-8d00867c-77f3-4c02-a3e7-9ed465924fcc None None] Dynamic interval looping call 'nova.service.Service.periodic_tasks' sleeping for 60.00 seconds {{(pid=93264) _run_loop /opt/stack/data/venv/lib/python3.12/site-packages/oslo_service/backend/_threading/loopingcall.py:125}}
Jun 26 05:46:05.401046 np0000003704 nova-scheduler[93250]: DEBUG oslo.service.backend._threading.loopingcall [None req-4c1e0bb5-889b-494e-800d-a3536a6cbca3 None None] Dynamic interval looping call 'nova.service.Service.periodic_tasks' sleeping for 60.00 seconds {{(pid=93250) _run_loop /opt/stack/data/venv/lib/python3.12/site-packages/oslo_service/backend/_threading/loopingcall.py:125}}
Jun 26 05:46:14.408912 np0000003704 nova-scheduler[93250]: DEBUG oslo.service.backend._threading.loopingcall [-] Fixed interval looping call 'nova.servicegroup.drivers.db.DbDriver._report_state' sleeping for 119.99 seconds {{(pid=93250) _run_loop /opt/stack/data/venv/lib/python3.12/site-packages/oslo_service/backend/_threading/loopingcall.py:125}}
Jun 26 05:46:14.409490 np0000003704 nova-scheduler[93264]: DEBUG oslo.service.backend._threading.loopingcall [-] Fixed interval looping call 'nova.servicegroup.drivers.db.DbDriver._report_state' sleeping for 119.99 seconds {{(pid=93264) _run_loop /opt/stack/data/venv/lib/python3.12/site-packages/oslo_service/backend/_threading/loopingcall.py:125}}
Jun 26 05:46:14.410475 np0000003704 nova-scheduler[93269]: DEBUG oslo.service.backend._threading.loopingcall [-] Fixed interval looping call 'nova.servicegroup.drivers.db.DbDriver._report_state' sleeping for 119.99 seconds {{(pid=93269) _run_loop /opt/stack/data/venv/lib/python3.12/site-packages/oslo_service/backend/_threading/loopingcall.py:125}}
Jun 26 05:46:24.404323 np0000003704 nova-scheduler[93264]: DEBUG dbcounter [-] [93264] Writing DB stats nova_cell0:SELECT=1,nova_cell0:UPDATE=1 {{(pid=93264) stat_writer /opt/stack/data/venv/lib/python3.12/site-packages/dbcounter.py:115}}
Jun 26 05:46:24.404791 np0000003704 nova-scheduler[93250]: DEBUG dbcounter [-] [93250] Writing DB stats nova_cell0:SELECT=1,nova_cell0:UPDATE=1 {{(pid=93250) stat_writer /opt/stack/data/venv/lib/python3.12/site-packages/dbcounter.py:115}}
Jun 26 05:46:24.405670 np0000003704 nova-scheduler[93269]: DEBUG dbcounter [-] [93269] Writing DB stats nova_cell0:SELECT=1,nova_cell0:UPDATE=1 {{(pid=93269) stat_writer /opt/stack/data/venv/lib/python3.12/site-packages/dbcounter.py:115}}
Jun 26 05:46:50.401354 np0000003704 nova-scheduler[93269]: DEBUG oslo.service.backend._threading.loopingcall [None req-5b28abb0-472e-4bd7-9bda-e7ae8b0e576c None None] Dynamic interval looping call 'nova.service.Service.periodic_tasks' sleeping for 60.00 seconds {{(pid=93269) _run_loop /opt/stack/data/venv/lib/python3.12/site-packages/oslo_service/backend/_threading/loopingcall.py:125}}
Jun 26 05:47:03.400941 np0000003704 nova-scheduler[93264]: DEBUG oslo.service.backend._threading.loopingcall [None req-8d00867c-77f3-4c02-a3e7-9ed465924fcc None None] Dynamic interval looping call 'nova.service.Service.periodic_tasks' sleeping for 60.00 seconds {{(pid=93264) _run_loop /opt/stack/data/venv/lib/python3.12/site-packages/oslo_service/backend/_threading/loopingcall.py:125}}
Jun 26 05:47:05.401743 np0000003704 nova-scheduler[93250]: DEBUG oslo.service.backend._threading.loopingcall [None req-4c1e0bb5-889b-494e-800d-a3536a6cbca3 None None] Dynamic interval looping call 'nova.service.Service.periodic_tasks' sleeping for 60.00 seconds {{(pid=93250) _run_loop /opt/stack/data/venv/lib/python3.12/site-packages/oslo_service/backend/_threading/loopingcall.py:125}}
Jun 26 05:47:13.173021 np0000003704 nova-scheduler[93264]: DEBUG nova.scheduler.manager [None req-b47641f7-b0db-4898-914c-08354ad9450d tempest-DeleteServersTestJSON-479772098 tempest-DeleteServersTestJSON-479772098-project-member] Starting to schedule for instances: ['a5bfe2da-0bce-465b-90b5-c00c09260381'] {{(pid=93264) select_destinations /opt/stack/nova/nova/scheduler/manager.py:210}}
Jun 26 05:47:13.173648 np0000003704 nova-scheduler[93264]: DEBUG nova.scheduler.request_filter [None req-b47641f7-b0db-4898-914c-08354ad9450d tempest-DeleteServersTestJSON-479772098 tempest-DeleteServersTestJSON-479772098-project-member] compute_status_filter request filter added forbidden trait COMPUTE_STATUS_DISABLED {{(pid=93264) compute_status_filter /opt/stack/nova/nova/scheduler/request_filter.py:253}}
Jun 26 05:47:13.173842 np0000003704 nova-scheduler[93264]: DEBUG nova.scheduler.request_filter [None req-b47641f7-b0db-4898-914c-08354ad9450d tempest-DeleteServersTestJSON-479772098 tempest-DeleteServersTestJSON-479772098-project-member] Request filter 'compute_status_filter' took 0.0 seconds {{(pid=93264) wrapper /opt/stack/nova/nova/scheduler/request_filter.py:46}}
Jun 26 05:47:13.174452 np0000003704 nova-scheduler[93264]: DEBUG nova.scheduler.request_filter [None req-b47641f7-b0db-4898-914c-08354ad9450d tempest-DeleteServersTestJSON-479772098 tempest-DeleteServersTestJSON-479772098-project-member] Request filter 'accelerators_filter' took 0.0 seconds {{(pid=93264) wrapper /opt/stack/nova/nova/scheduler/request_filter.py:46}}
Jun 26 05:47:13.174851 np0000003704 nova-scheduler[93264]: DEBUG nova.scheduler.request_filter [None req-b47641f7-b0db-4898-914c-08354ad9450d tempest-DeleteServersTestJSON-479772098 tempest-DeleteServersTestJSON-479772098-project-member] Request filter 'packed_virtqueue_filter' took 0.0 seconds {{(pid=93264) wrapper /opt/stack/nova/nova/scheduler/request_filter.py:46}}
Jun 26 05:47:13.175198 np0000003704 nova-scheduler[93264]: DEBUG nova.scheduler.request_filter [None req-b47641f7-b0db-4898-914c-08354ad9450d tempest-DeleteServersTestJSON-479772098 tempest-DeleteServersTestJSON-479772098-project-member] Request filter 'remote_managed_ports_filter' took 0.0 seconds {{(pid=93264) wrapper /opt/stack/nova/nova/scheduler/request_filter.py:46}}
Jun 26 05:47:13.175410 np0000003704 nova-scheduler[93264]: DEBUG nova.scheduler.request_filter [None req-b47641f7-b0db-4898-914c-08354ad9450d tempest-DeleteServersTestJSON-479772098 tempest-DeleteServersTestJSON-479772098-project-member] ephemeral_encryption_filter skipped {{(pid=93264) ephemeral_encryption_filter /opt/stack/nova/nova/scheduler/request_filter.py:426}}
Jun 26 05:47:13.175620 np0000003704 nova-scheduler[93264]: DEBUG nova.scheduler.request_filter [None req-b47641f7-b0db-4898-914c-08354ad9450d tempest-DeleteServersTestJSON-479772098 tempest-DeleteServersTestJSON-479772098-project-member] virtio_sound_filter skipped {{(pid=93264) virtio_sound_filter /opt/stack/nova/nova/scheduler/request_filter.py:460}}
Jun 26 05:47:13.175804 np0000003704 nova-scheduler[93264]: DEBUG nova.scheduler.request_filter [None req-b47641f7-b0db-4898-914c-08354ad9450d tempest-DeleteServersTestJSON-479772098 tempest-DeleteServersTestJSON-479772098-project-member] tpm_secret_security_filter skipped {{(pid=93264) tpm_secret_security_filter /opt/stack/nova/nova/scheduler/request_filter.py:477}}
Jun 26 05:47:13.824839 np0000003704 nova-scheduler[93264]: INFO nova.utils [None req-b47641f7-b0db-4898-914c-08354ad9450d tempest-DeleteServersTestJSON-479772098 tempest-DeleteServersTestJSON-479772098-project-member] The cell worker thread pool ForkProcess-2.cell_worker is initialized
Jun 26 05:47:13.825332 np0000003704 nova-scheduler[93264]: DEBUG oslo_concurrency.lockutils [None req-b47641f7-b0db-4898-914c-08354ad9450d tempest-DeleteServersTestJSON-479772098 tempest-DeleteServersTestJSON-479772098-project-member] Acquiring lock "346ba4a2-88af-46e9-83ea-f77cf846d515" by "nova.context.set_target_cell..get_or_set_cached_cell_and_set_connections" {{(pid=93264) inner /opt/stack/data/venv/lib/python3.12/site-packages/oslo_concurrency/lockutils.py:511}}
Jun 26 05:47:13.825623 np0000003704 nova-scheduler[93264]: DEBUG oslo_concurrency.lockutils [None req-b47641f7-b0db-4898-914c-08354ad9450d tempest-DeleteServersTestJSON-479772098 tempest-DeleteServersTestJSON-479772098-project-member] Lock "346ba4a2-88af-46e9-83ea-f77cf846d515" acquired by "nova.context.set_target_cell..get_or_set_cached_cell_and_set_connections" :: waited 0.000s {{(pid=93264) inner /opt/stack/data/venv/lib/python3.12/site-packages/oslo_concurrency/lockutils.py:524}}
Jun 26 05:47:13.827092 np0000003704 nova-scheduler[93264]: DEBUG oslo_concurrency.lockutils [None req-b47641f7-b0db-4898-914c-08354ad9450d tempest-DeleteServersTestJSON-479772098 tempest-DeleteServersTestJSON-479772098-project-member] Lock "346ba4a2-88af-46e9-83ea-f77cf846d515" "released" by "nova.context.set_target_cell..get_or_set_cached_cell_and_set_connections" :: held 0.001s {{(pid=93264) inner /opt/stack/data/venv/lib/python3.12/site-packages/oslo_concurrency/lockutils.py:543}}
Jun 26 05:47:13.829995 np0000003704 nova-scheduler[93264]: INFO dbcounter [None req-b47641f7-b0db-4898-914c-08354ad9450d tempest-DeleteServersTestJSON-479772098 tempest-DeleteServersTestJSON-479772098-project-member] Registered counter for database nova_cell1
Jun 26 05:47:13.869954 np0000003704 nova-scheduler[93264]: DEBUG oslo_db.sqlalchemy.engines [None req-b47641f7-b0db-4898-914c-08354ad9450d tempest-DeleteServersTestJSON-479772098 tempest-DeleteServersTestJSON-479772098-project-member] MySQL server mode set to STRICT_TRANS_TABLES,STRICT_ALL_TABLES,NO_ZERO_IN_DATE,NO_ZERO_DATE,ERROR_FOR_DIVISION_BY_ZERO,TRADITIONAL,NO_ENGINE_SUBSTITUTION {{(pid=93264) _check_effective_sql_mode /opt/stack/data/venv/lib/python3.12/site-packages/oslo_db/sqlalchemy/engines.py:325}}
Jun 26 05:47:13.879182 np0000003704 nova-scheduler[93264]: DEBUG dbcounter [-] [93264] Writer thread running {{(pid=93264) stat_writer /opt/stack/data/venv/lib/python3.12/site-packages/dbcounter.py:102}}
Jun 26 05:47:13.921718 np0000003704 nova-scheduler[93264]: DEBUG oslo_db.sqlalchemy.engines [None req-b47641f7-b0db-4898-914c-08354ad9450d tempest-DeleteServersTestJSON-479772098 tempest-DeleteServersTestJSON-479772098-project-member] Parent process 92022 forked (93264) with an open database connection, which is being discarded and recreated. {{(pid=93264) checkout /opt/stack/data/venv/lib/python3.12/site-packages/oslo_db/sqlalchemy/engines.py:402}}
Jun 26 05:47:13.982019 np0000003704 nova-scheduler[93264]: DEBUG dbcounter [-] [93264] Writer thread running {{(pid=93264) stat_writer /opt/stack/data/venv/lib/python3.12/site-packages/dbcounter.py:102}}
Jun 26 05:47:13.986434 np0000003704 nova-scheduler[93264]: DEBUG oslo_concurrency.lockutils [None req-b47641f7-b0db-4898-914c-08354ad9450d tempest-DeleteServersTestJSON-479772098 tempest-DeleteServersTestJSON-479772098-project-member] Acquiring lock "346ba4a2-88af-46e9-83ea-f77cf846d515" by "nova.context.set_target_cell..get_or_set_cached_cell_and_set_connections" {{(pid=93264) inner /opt/stack/data/venv/lib/python3.12/site-packages/oslo_concurrency/lockutils.py:511}}
Jun 26 05:47:13.987043 np0000003704 nova-scheduler[93264]: DEBUG oslo_concurrency.lockutils [None req-b47641f7-b0db-4898-914c-08354ad9450d tempest-DeleteServersTestJSON-479772098 tempest-DeleteServersTestJSON-479772098-project-member] Lock "346ba4a2-88af-46e9-83ea-f77cf846d515" acquired by "nova.context.set_target_cell..get_or_set_cached_cell_and_set_connections" :: waited 0.001s {{(pid=93264) inner /opt/stack/data/venv/lib/python3.12/site-packages/oslo_concurrency/lockutils.py:524}}
Jun 26 05:47:13.987239 np0000003704 nova-scheduler[93264]: DEBUG oslo_concurrency.lockutils [None req-b47641f7-b0db-4898-914c-08354ad9450d tempest-DeleteServersTestJSON-479772098 tempest-DeleteServersTestJSON-479772098-project-member] Lock "346ba4a2-88af-46e9-83ea-f77cf846d515" "released" by "nova.context.set_target_cell..get_or_set_cached_cell_and_set_connections" :: held 0.000s {{(pid=93264) inner /opt/stack/data/venv/lib/python3.12/site-packages/oslo_concurrency/lockutils.py:543}}
Jun 26 05:47:13.992258 np0000003704 nova-scheduler[93264]: DEBUG oslo_concurrency.lockutils [None req-b47641f7-b0db-4898-914c-08354ad9450d tempest-DeleteServersTestJSON-479772098 tempest-DeleteServersTestJSON-479772098-project-member] Acquiring lock "('np0000003704', 'np0000003704')" by "nova.scheduler.host_manager.HostState.update.._locked_update" {{(pid=93264) inner /opt/stack/data/venv/lib/python3.12/site-packages/oslo_concurrency/lockutils.py:511}}
Jun 26 05:47:13.993600 np0000003704 nova-scheduler[93264]: DEBUG oslo_concurrency.lockutils [None req-b47641f7-b0db-4898-914c-08354ad9450d tempest-DeleteServersTestJSON-479772098 tempest-DeleteServersTestJSON-479772098-project-member] Lock "('np0000003704', 'np0000003704')" acquired by "nova.scheduler.host_manager.HostState.update.._locked_update" :: waited 0.000s {{(pid=93264) inner /opt/stack/data/venv/lib/python3.12/site-packages/oslo_concurrency/lockutils.py:524}}
Jun 26 05:47:13.995193 np0000003704 nova-scheduler[93264]: DEBUG nova.scheduler.host_manager [None req-b47641f7-b0db-4898-914c-08354ad9450d tempest-DeleteServersTestJSON-479772098 tempest-DeleteServersTestJSON-479772098-project-member] Update host state from compute node: ComputeNode(cpu_allocation_ratio=4.0,cpu_info='{"arch": "x86_64", "model": "EPYC-Milan", "vendor": "AMD", "topology": {"cells": 1, "sockets": 16, "cores": 1, "threads": 1}, "maxphysaddr": {"mode": "emulate", "bits": 40}, "features": ["apic", "pdpe1gb", "clwb", "vaes", "bmi1", "rdtscp", "rdpid", "mmxext", "pat", "mds-no", "tsc-deadline", "xsaveerptr", "cx8", "pku", "amd-psfd", "pcid", "mtrr", "umip", "mmx", "avx2", "cx16", "fpu", "x2apic", "syscall", "xsaves", "stibp", "cr8legacy", "clflush", "hypervisor", "popcnt", "cmov", "rdctl-no", "bmi2", "xsavec", "sse4.2", "aes", "rdseed", "arch-capabilities", "amd-ssbd", "perfctr_core", "msr", "vgif", "pfthreshold", "movbe", "pse36", "lbrv", "wbnoinvd", "vme", "erms", "fma", "lahf_lm", "vmcb-clean", "invpcid", "amd-stibp", "pschange-mc-no", "nrip-save", "xsaveopt", "clflushopt", "fxsr_opt", "mce", "pse", "sse4a", "sha-ni", "tsc-scale", "f16c", "xsave", "stibp-always-on", "arat", "adx", "sse4.1", "lm", "pause-filter", "de", "no-nested-data-bp", "topoext", "pae", "pclmuldq", "pni", "sse2", "fsgsbase", "lfence-always-serializing", "pge", "abm", "tsc_adjust", "avx", "sse", "null-sel-clr-base", "cmp_legacy", "osvw", "mca", "3dnowprefetch", "virt-ssbd", "smap", "fxsr", "sep", "smep", "xgetbv1", "ibpb", "rdrand", "ssse3", "npt", "ssbd", "flushbyasid", "ibrs", "skip-l1dfl-vmentry", "svme-addr-chk", "gds-no", "v-vmsave-vmload", "misalignsse", "svm", "clzero", "fsrm", "spec-ctrl", "vpclmulqdq", "tsc", "nx"]}',created_at=2026-06-26T05:44:37Z,current_workload=0,deleted=False,deleted_at=None,disk_allocation_ratio=1.0,disk_available_least=73,free_disk_gb=95,free_ram_mb=62765,host='np0000003704',host_ip=10.4.3.108,hypervisor_hostname='np0000003704',hypervisor_type='QEMU',hypervisor_version=8002002,id=1,local_gb=95,local_gb_used=0,mapped=1,memory_mb=63277,memory_mb_used=512,metrics='[]',numa_topology='{"nova_object.name": "NUMATopology", "nova_object.namespace": "nova", "nova_object.version": "1.2", "nova_object.data": {"cells": [{"nova_object.name": "NUMACell", "nova_object.namespace": "nova", "nova_object.version": "1.5", "nova_object.data": {"id": 0, "cpuset": [0, 1, 2, 3, 4, 5, 6, 7, 8, 9, 10, 11, 12, 13, 14, 15], "pcpuset": [0, 1, 2, 3, 4, 5, 6, 7, 8, 9, 10, 11, 12, 13, 14, 15], "memory": 63277, "cpu_usage": 0, "memory_usage": 0, "pinned_cpus": [], "siblings": [[6], [12], [2], [15], [5], [11], [8], [14], [4], [1], [7], [10], [0], [13], [3], [9]], "mempages": [{"nova_object.name": "NUMAPagesTopology", "nova_object.namespace": "nova", "nova_object.version": "1.1", "nova_object.data": {"size_kb": 4, "total": 16177930, "used": 0, "reserved": 0}, "nova_object.changes": ["used", "size_kb", "reserved", "total"]}, {"nova_object.name": "NUMAPagesTopology", "nova_object.namespace": "nova", "nova_object.version": "1.1", "nova_object.data": {"size_kb": 2048, "total": 41, "used": 0, "reserved": 0}, "nova_object.changes": ["used", "size_kb", "reserved", "total"]}, {"nova_object.name": "NUMAPagesTopology", "nova_object.namespace": "nova", "nova_object.version": "1.1", "nova_object.data": {"size_kb": 1048576, "total": 0, "used": 0, "reserved": 0}, "nova_object.changes": ["used", "size_kb", "reserved", "total"]}], "network_metadata": {"nova_object.name": "NetworkMetadata", "nova_object.namespace": "nova", "nova_object.version": "1.0", "nova_object.data": {"physnets": [], "tunneled": false}, "nova_object.changes": ["tunneled", "physnets"]}, "socket": null}, "nova_object.changes": ["cpu_usage", "id", "memory_usage", "pcpuset", "siblings", "network_metadata", "socket", "cpuset", "memory", "pinned_cpus", "mempages"]}]}, "nova_object.changes": ["cells"]}',pci_device_pools=PciDevicePoolList,ram_allocation_ratio=1.0,running_vms=0,service_id=3,stats={failed_builds='0',uptime=' 05:46:21 up 14 min, 2 users, load average: 1.30, 1.54, 0.90
Jun 26 05:47:13.995193 np0000003704 nova-scheduler[93264]: '},supported_hv_specs=[HVSpec,HVSpec,HVSpec,HVSpec,HVSpec,HVSpec,HVSpec,HVSpec,HVSpec,HVSpec,HVSpec,HVSpec,HVSpec,HVSpec,HVSpec,HVSpec,HVSpec,HVSpec,HVSpec,HVSpec,HVSpec,HVSpec,HVSpec,HVSpec,HVSpec],updated_at=2026-06-26T05:46:23Z,uuid=9933bddb-fe78-4492-bd43-9586a9876e0b,vcpus=16,vcpus_used=0) {{(pid=93264) _locked_update /opt/stack/nova/nova/scheduler/host_manager.py:168}}
Jun 26 05:47:13.995981 np0000003704 nova-scheduler[93264]: DEBUG nova.scheduler.host_manager [None req-b47641f7-b0db-4898-914c-08354ad9450d tempest-DeleteServersTestJSON-479772098 tempest-DeleteServersTestJSON-479772098-project-member] Update host state with aggregates: [] {{(pid=93264) _locked_update /opt/stack/nova/nova/scheduler/host_manager.py:171}}
Jun 26 05:47:13.996163 np0000003704 nova-scheduler[93264]: DEBUG nova.scheduler.host_manager [None req-b47641f7-b0db-4898-914c-08354ad9450d tempest-DeleteServersTestJSON-479772098 tempest-DeleteServersTestJSON-479772098-project-member] Update host state with service dict: {'id': 3, 'uuid': 'ccb59167-12bf-4910-be83-14064d5d6e20', 'host': 'np0000003704', 'binary': 'nova-compute', 'topic': 'compute', 'report_count': 2, 'disabled': False, 'disabled_reason': None, 'last_seen_up': datetime.datetime(2026, 6, 26, 5, 46, 46, tzinfo=datetime.timezone.utc), 'forced_down': False, 'version': 72, 'created_at': datetime.datetime(2026, 6, 26, 5, 44, 36, tzinfo=datetime.timezone.utc), 'updated_at': datetime.datetime(2026, 6, 26, 5, 46, 46, tzinfo=datetime.timezone.utc), 'deleted_at': None, 'deleted': False} {{(pid=93264) _locked_update /opt/stack/nova/nova/scheduler/host_manager.py:174}}
Jun 26 05:47:13.996288 np0000003704 nova-scheduler[93264]: DEBUG nova.scheduler.host_manager [None req-b47641f7-b0db-4898-914c-08354ad9450d tempest-DeleteServersTestJSON-479772098 tempest-DeleteServersTestJSON-479772098-project-member] Update host state with instances: [] {{(pid=93264) _locked_update /opt/stack/nova/nova/scheduler/host_manager.py:177}}
Jun 26 05:47:13.996452 np0000003704 nova-scheduler[93264]: DEBUG oslo_concurrency.lockutils [None req-b47641f7-b0db-4898-914c-08354ad9450d tempest-DeleteServersTestJSON-479772098 tempest-DeleteServersTestJSON-479772098-project-member] Lock "('np0000003704', 'np0000003704')" "released" by "nova.scheduler.host_manager.HostState.update.._locked_update" :: held 0.004s {{(pid=93264) inner /opt/stack/data/venv/lib/python3.12/site-packages/oslo_concurrency/lockutils.py:543}}
Jun 26 05:47:13.996931 np0000003704 nova-scheduler[93264]: DEBUG nova.filters [None req-b47641f7-b0db-4898-914c-08354ad9450d tempest-DeleteServersTestJSON-479772098 tempest-DeleteServersTestJSON-479772098-project-member] Starting with 1 host(s) {{(pid=93264) get_filtered_objects /opt/stack/nova/nova/filters.py:70}}
Jun 26 05:47:14.000087 np0000003704 nova-scheduler[93264]: DEBUG nova.filters [None req-b47641f7-b0db-4898-914c-08354ad9450d tempest-DeleteServersTestJSON-479772098 tempest-DeleteServersTestJSON-479772098-project-member] Filter ComputeFilter returned 1 host(s) {{(pid=93264) get_filtered_objects /opt/stack/nova/nova/filters.py:102}}
Jun 26 05:47:14.000087 np0000003704 nova-scheduler[93264]: DEBUG nova.filters [None req-b47641f7-b0db-4898-914c-08354ad9450d tempest-DeleteServersTestJSON-479772098 tempest-DeleteServersTestJSON-479772098-project-member] Filter ComputeCapabilitiesFilter returned 1 host(s) {{(pid=93264) get_filtered_objects /opt/stack/nova/nova/filters.py:102}}
Jun 26 05:47:14.000087 np0000003704 nova-scheduler[93264]: DEBUG nova.filters [None req-b47641f7-b0db-4898-914c-08354ad9450d tempest-DeleteServersTestJSON-479772098 tempest-DeleteServersTestJSON-479772098-project-member] Filter ImagePropertiesFilter returned 1 host(s) {{(pid=93264) get_filtered_objects /opt/stack/nova/nova/filters.py:102}}
Jun 26 05:47:14.000087 np0000003704 nova-scheduler[93264]: DEBUG nova.filters [None req-b47641f7-b0db-4898-914c-08354ad9450d tempest-DeleteServersTestJSON-479772098 tempest-DeleteServersTestJSON-479772098-project-member] Filter ServerGroupAntiAffinityFilter returned 1 host(s) {{(pid=93264) get_filtered_objects /opt/stack/nova/nova/filters.py:102}}
Jun 26 05:47:14.000087 np0000003704 nova-scheduler[93264]: DEBUG nova.filters [None req-b47641f7-b0db-4898-914c-08354ad9450d tempest-DeleteServersTestJSON-479772098 tempest-DeleteServersTestJSON-479772098-project-member] Filter ServerGroupAffinityFilter returned 1 host(s) {{(pid=93264) get_filtered_objects /opt/stack/nova/nova/filters.py:102}}
Jun 26 05:47:14.000087 np0000003704 nova-scheduler[93264]: DEBUG nova.filters [None req-b47641f7-b0db-4898-914c-08354ad9450d tempest-DeleteServersTestJSON-479772098 tempest-DeleteServersTestJSON-479772098-project-member] Filter SameHostFilter returned 1 host(s) {{(pid=93264) get_filtered_objects /opt/stack/nova/nova/filters.py:102}}
Jun 26 05:47:14.000087 np0000003704 nova-scheduler[93264]: DEBUG nova.filters [None req-b47641f7-b0db-4898-914c-08354ad9450d tempest-DeleteServersTestJSON-479772098 tempest-DeleteServersTestJSON-479772098-project-member] Filter DifferentHostFilter returned 1 host(s) {{(pid=93264) get_filtered_objects /opt/stack/nova/nova/filters.py:102}}
Jun 26 05:47:14.000087 np0000003704 nova-scheduler[93264]: DEBUG nova.scheduler.manager [None req-b47641f7-b0db-4898-914c-08354ad9450d tempest-DeleteServersTestJSON-479772098 tempest-DeleteServersTestJSON-479772098-project-member] Filtered [(np0000003704, np0000003704) ram: 62765MB disk: 74752MB io_ops: 0 instances: 0, allocation_candidates: 1] {{(pid=93264) _get_sorted_hosts /opt/stack/nova/nova/scheduler/manager.py:743}}
Jun 26 05:47:14.000087 np0000003704 nova-scheduler[93264]: DEBUG nova.scheduler.manager [None req-b47641f7-b0db-4898-914c-08354ad9450d tempest-DeleteServersTestJSON-479772098 tempest-DeleteServersTestJSON-479772098-project-member] Weighed [WeighedHost [host: (np0000003704, np0000003704) ram: 62765MB disk: 74752MB io_ops: 0 instances: 0, allocation_candidates: 1, weight: 0.0]] {{(pid=93264) _get_sorted_hosts /opt/stack/nova/nova/scheduler/manager.py:765}}
Jun 26 05:47:14.000087 np0000003704 nova-scheduler[93264]: DEBUG nova.scheduler.utils [None req-b47641f7-b0db-4898-914c-08354ad9450d tempest-DeleteServersTestJSON-479772098 tempest-DeleteServersTestJSON-479772098-project-member] Attempting to claim resources in the placement API for instance a5bfe2da-0bce-465b-90b5-c00c09260381 {{(pid=93264) claim_resources /opt/stack/nova/nova/scheduler/utils.py:1345}}
Jun 26 05:47:14.192179 np0000003704 nova-scheduler[93264]: DEBUG nova.scheduler.manager [None req-b47641f7-b0db-4898-914c-08354ad9450d tempest-DeleteServersTestJSON-479772098 tempest-DeleteServersTestJSON-479772098-project-member] [instance: a5bfe2da-0bce-465b-90b5-c00c09260381] Selected host: (np0000003704, np0000003704) ram: 62765MB disk: 74752MB io_ops: 0 instances: 0, allocation_candidates: 1 {{(pid=93264) _consume_selected_host /opt/stack/nova/nova/scheduler/manager.py:625}}
Jun 26 05:47:14.192179 np0000003704 nova-scheduler[93264]: DEBUG oslo_concurrency.lockutils [None req-b47641f7-b0db-4898-914c-08354ad9450d tempest-DeleteServersTestJSON-479772098 tempest-DeleteServersTestJSON-479772098-project-member] Acquiring lock "('np0000003704', 'np0000003704')" by "nova.scheduler.host_manager.HostState.consume_from_request.._locked" {{(pid=93264) inner /opt/stack/data/venv/lib/python3.12/site-packages/oslo_concurrency/lockutils.py:511}}
Jun 26 05:47:14.192179 np0000003704 nova-scheduler[93264]: DEBUG oslo_concurrency.lockutils [None req-b47641f7-b0db-4898-914c-08354ad9450d tempest-DeleteServersTestJSON-479772098 tempest-DeleteServersTestJSON-479772098-project-member] Lock "('np0000003704', 'np0000003704')" acquired by "nova.scheduler.host_manager.HostState.consume_from_request.._locked" :: waited 0.000s {{(pid=93264) inner /opt/stack/data/venv/lib/python3.12/site-packages/oslo_concurrency/lockutils.py:524}}
Jun 26 05:47:14.192179 np0000003704 nova-scheduler[93264]: DEBUG oslo_concurrency.lockutils [None req-b47641f7-b0db-4898-914c-08354ad9450d tempest-DeleteServersTestJSON-479772098 tempest-DeleteServersTestJSON-479772098-project-member] Lock "('np0000003704', 'np0000003704')" "released" by "nova.scheduler.host_manager.HostState.consume_from_request.._locked" :: held 0.000s {{(pid=93264) inner /opt/stack/data/venv/lib/python3.12/site-packages/oslo_concurrency/lockutils.py:543}}
Jun 26 05:47:15.515690 np0000003704 nova-scheduler[93250]: DEBUG nova.scheduler.manager [None req-e1a1881f-0f50-400c-bfe0-918a34cecaaa tempest-ServerActionsTestOtherA-377527741 tempest-ServerActionsTestOtherA-377527741-project-member] Starting to schedule for instances: ['9c9fd7d4-0fce-4420-823e-4169827726e0'] {{(pid=93250) select_destinations /opt/stack/nova/nova/scheduler/manager.py:210}}
Jun 26 05:47:15.516212 np0000003704 nova-scheduler[93250]: DEBUG nova.scheduler.request_filter [None req-e1a1881f-0f50-400c-bfe0-918a34cecaaa tempest-ServerActionsTestOtherA-377527741 tempest-ServerActionsTestOtherA-377527741-project-member] compute_status_filter request filter added forbidden trait COMPUTE_STATUS_DISABLED {{(pid=93250) compute_status_filter /opt/stack/nova/nova/scheduler/request_filter.py:253}}
Jun 26 05:47:15.516363 np0000003704 nova-scheduler[93250]: DEBUG nova.scheduler.request_filter [None req-e1a1881f-0f50-400c-bfe0-918a34cecaaa tempest-ServerActionsTestOtherA-377527741 tempest-ServerActionsTestOtherA-377527741-project-member] Request filter 'compute_status_filter' took 0.0 seconds {{(pid=93250) wrapper /opt/stack/nova/nova/scheduler/request_filter.py:46}}
Jun 26 05:47:15.516634 np0000003704 nova-scheduler[93250]: DEBUG nova.scheduler.request_filter [None req-e1a1881f-0f50-400c-bfe0-918a34cecaaa tempest-ServerActionsTestOtherA-377527741 tempest-ServerActionsTestOtherA-377527741-project-member] Request filter 'accelerators_filter' took 0.0 seconds {{(pid=93250) wrapper /opt/stack/nova/nova/scheduler/request_filter.py:46}}
Jun 26 05:47:15.516862 np0000003704 nova-scheduler[93250]: DEBUG nova.scheduler.request_filter [None req-e1a1881f-0f50-400c-bfe0-918a34cecaaa tempest-ServerActionsTestOtherA-377527741 tempest-ServerActionsTestOtherA-377527741-project-member] Request filter 'packed_virtqueue_filter' took 0.0 seconds {{(pid=93250) wrapper /opt/stack/nova/nova/scheduler/request_filter.py:46}}
Jun 26 05:47:15.517564 np0000003704 nova-scheduler[93250]: DEBUG nova.scheduler.request_filter [None req-e1a1881f-0f50-400c-bfe0-918a34cecaaa tempest-ServerActionsTestOtherA-377527741 tempest-ServerActionsTestOtherA-377527741-project-member] Request filter 'remote_managed_ports_filter' took 0.0 seconds {{(pid=93250) wrapper /opt/stack/nova/nova/scheduler/request_filter.py:46}}
Jun 26 05:47:15.518989 np0000003704 nova-scheduler[93250]: DEBUG nova.scheduler.request_filter [None req-e1a1881f-0f50-400c-bfe0-918a34cecaaa tempest-ServerActionsTestOtherA-377527741 tempest-ServerActionsTestOtherA-377527741-project-member] ephemeral_encryption_filter skipped {{(pid=93250) ephemeral_encryption_filter /opt/stack/nova/nova/scheduler/request_filter.py:426}}
Jun 26 05:47:15.519330 np0000003704 nova-scheduler[93250]: DEBUG nova.scheduler.request_filter [None req-e1a1881f-0f50-400c-bfe0-918a34cecaaa tempest-ServerActionsTestOtherA-377527741 tempest-ServerActionsTestOtherA-377527741-project-member] virtio_sound_filter skipped {{(pid=93250) virtio_sound_filter /opt/stack/nova/nova/scheduler/request_filter.py:460}}
Jun 26 05:47:15.519684 np0000003704 nova-scheduler[93250]: DEBUG nova.scheduler.request_filter [None req-e1a1881f-0f50-400c-bfe0-918a34cecaaa tempest-ServerActionsTestOtherA-377527741 tempest-ServerActionsTestOtherA-377527741-project-member] tpm_secret_security_filter skipped {{(pid=93250) tpm_secret_security_filter /opt/stack/nova/nova/scheduler/request_filter.py:477}}
Jun 26 05:47:15.639885 np0000003704 nova-scheduler[93250]: INFO nova.utils [None req-e1a1881f-0f50-400c-bfe0-918a34cecaaa tempest-ServerActionsTestOtherA-377527741 tempest-ServerActionsTestOtherA-377527741-project-member] The cell worker thread pool ForkProcess-1.cell_worker is initialized
Jun 26 05:47:15.640091 np0000003704 nova-scheduler[93250]: DEBUG oslo_concurrency.lockutils [None req-e1a1881f-0f50-400c-bfe0-918a34cecaaa tempest-ServerActionsTestOtherA-377527741 tempest-ServerActionsTestOtherA-377527741-project-member] Acquiring lock "346ba4a2-88af-46e9-83ea-f77cf846d515" by "nova.context.set_target_cell..get_or_set_cached_cell_and_set_connections" {{(pid=93250) inner /opt/stack/data/venv/lib/python3.12/site-packages/oslo_concurrency/lockutils.py:511}}
Jun 26 05:47:15.640335 np0000003704 nova-scheduler[93250]: DEBUG oslo_concurrency.lockutils [None req-e1a1881f-0f50-400c-bfe0-918a34cecaaa tempest-ServerActionsTestOtherA-377527741 tempest-ServerActionsTestOtherA-377527741-project-member] Lock "346ba4a2-88af-46e9-83ea-f77cf846d515" acquired by "nova.context.set_target_cell..get_or_set_cached_cell_and_set_connections" :: waited 0.000s {{(pid=93250) inner /opt/stack/data/venv/lib/python3.12/site-packages/oslo_concurrency/lockutils.py:524}}
Jun 26 05:47:15.642544 np0000003704 nova-scheduler[93250]: DEBUG oslo_concurrency.lockutils [None req-e1a1881f-0f50-400c-bfe0-918a34cecaaa tempest-ServerActionsTestOtherA-377527741 tempest-ServerActionsTestOtherA-377527741-project-member] Lock "346ba4a2-88af-46e9-83ea-f77cf846d515" "released" by "nova.context.set_target_cell..get_or_set_cached_cell_and_set_connections" :: held 0.002s {{(pid=93250) inner /opt/stack/data/venv/lib/python3.12/site-packages/oslo_concurrency/lockutils.py:543}}
Jun 26 05:47:15.645325 np0000003704 nova-scheduler[93250]: INFO dbcounter [None req-e1a1881f-0f50-400c-bfe0-918a34cecaaa tempest-ServerActionsTestOtherA-377527741 tempest-ServerActionsTestOtherA-377527741-project-member] Registered counter for database nova_cell1
Jun 26 05:47:15.699699 np0000003704 nova-scheduler[93250]: DEBUG oslo_db.sqlalchemy.engines [None req-e1a1881f-0f50-400c-bfe0-918a34cecaaa tempest-ServerActionsTestOtherA-377527741 tempest-ServerActionsTestOtherA-377527741-project-member] MySQL server mode set to STRICT_TRANS_TABLES,STRICT_ALL_TABLES,NO_ZERO_IN_DATE,NO_ZERO_DATE,ERROR_FOR_DIVISION_BY_ZERO,TRADITIONAL,NO_ENGINE_SUBSTITUTION {{(pid=93250) _check_effective_sql_mode /opt/stack/data/venv/lib/python3.12/site-packages/oslo_db/sqlalchemy/engines.py:325}}
Jun 26 05:47:15.710729 np0000003704 nova-scheduler[93250]: DEBUG dbcounter [-] [93250] Writer thread running {{(pid=93250) stat_writer /opt/stack/data/venv/lib/python3.12/site-packages/dbcounter.py:102}}
Jun 26 05:47:15.773227 np0000003704 nova-scheduler[93250]: DEBUG dbcounter [-] [93250] Writer thread running {{(pid=93250) stat_writer /opt/stack/data/venv/lib/python3.12/site-packages/dbcounter.py:102}}
Jun 26 05:47:15.784814 np0000003704 nova-scheduler[93250]: DEBUG oslo_concurrency.lockutils [None req-e1a1881f-0f50-400c-bfe0-918a34cecaaa tempest-ServerActionsTestOtherA-377527741 tempest-ServerActionsTestOtherA-377527741-project-member] Acquiring lock "346ba4a2-88af-46e9-83ea-f77cf846d515" by "nova.context.set_target_cell..get_or_set_cached_cell_and_set_connections" {{(pid=93250) inner /opt/stack/data/venv/lib/python3.12/site-packages/oslo_concurrency/lockutils.py:511}}
Jun 26 05:47:15.784990 np0000003704 nova-scheduler[93250]: DEBUG oslo_concurrency.lockutils [None req-e1a1881f-0f50-400c-bfe0-918a34cecaaa tempest-ServerActionsTestOtherA-377527741 tempest-ServerActionsTestOtherA-377527741-project-member] Lock "346ba4a2-88af-46e9-83ea-f77cf846d515" acquired by "nova.context.set_target_cell..get_or_set_cached_cell_and_set_connections" :: waited 0.000s {{(pid=93250) inner /opt/stack/data/venv/lib/python3.12/site-packages/oslo_concurrency/lockutils.py:524}}
Jun 26 05:47:15.785056 np0000003704 nova-scheduler[93250]: DEBUG oslo_concurrency.lockutils [None req-e1a1881f-0f50-400c-bfe0-918a34cecaaa tempest-ServerActionsTestOtherA-377527741 tempest-ServerActionsTestOtherA-377527741-project-member] Lock "346ba4a2-88af-46e9-83ea-f77cf846d515" "released" by "nova.context.set_target_cell..get_or_set_cached_cell_and_set_connections" :: held 0.000s {{(pid=93250) inner /opt/stack/data/venv/lib/python3.12/site-packages/oslo_concurrency/lockutils.py:543}}
Jun 26 05:47:15.788742 np0000003704 nova-scheduler[93250]: DEBUG oslo_concurrency.lockutils [None req-e1a1881f-0f50-400c-bfe0-918a34cecaaa tempest-ServerActionsTestOtherA-377527741 tempest-ServerActionsTestOtherA-377527741-project-member] Acquiring lock "('np0000003704', 'np0000003704')" by "nova.scheduler.host_manager.HostState.update.._locked_update" {{(pid=93250) inner /opt/stack/data/venv/lib/python3.12/site-packages/oslo_concurrency/lockutils.py:511}}
