Aug 06 17:30:17.075289 np0000006677 systemd[1]: Starting devstack@n-api-meta.service - Devstack devstack@n-api-meta.service...
Aug 06 17:30:17.080686 np0000006677 devstack@n-api-meta.service[96380]: [uWSGI] getting INI configuration from /etc/nova/nova-metadata-uwsgi.ini
Aug 06 17:30:17.083247 np0000006677 devstack@n-api-meta.service[96380]: *** Starting uWSGI 2.0.24-debian (64bit) on [Thu Aug 6 17:30:17 2026] ***
Aug 06 17:30:17.083247 np0000006677 devstack@n-api-meta.service[96380]: compiled with version: 13.2.0 on 17 April 2024 16:23:48
Aug 06 17:30:17.083247 np0000006677 devstack@n-api-meta.service[96380]: os: Linux-6.8.0-100-generic #100-Ubuntu SMP PREEMPT_DYNAMIC Tue Jan 13 16:40:06 UTC 2026
Aug 06 17:30:17.083247 np0000006677 devstack@n-api-meta.service[96380]: nodename: np0000006677
Aug 06 17:30:17.083247 np0000006677 devstack@n-api-meta.service[96380]: machine: x86_64
Aug 06 17:30:17.083247 np0000006677 devstack@n-api-meta.service[96380]: clock source: unix
Aug 06 17:30:17.083247 np0000006677 devstack@n-api-meta.service[96380]: pcre jit disabled
Aug 06 17:30:17.083247 np0000006677 devstack@n-api-meta.service[96380]: detected number of CPU cores: 16
Aug 06 17:30:17.083247 np0000006677 devstack@n-api-meta.service[96380]: current working directory: /
Aug 06 17:30:17.083247 np0000006677 devstack@n-api-meta.service[96380]: detected binary path: /usr/bin/uwsgi-core
Aug 06 17:30:17.083247 np0000006677 devstack@n-api-meta.service[96380]: your processes number limit is 257052
Aug 06 17:30:17.083247 np0000006677 devstack@n-api-meta.service[96380]: your memory page size is 4096 bytes
Aug 06 17:30:17.083247 np0000006677 devstack@n-api-meta.service[96380]: detected max file descriptor number: 2048
Aug 06 17:30:17.083247 np0000006677 devstack@n-api-meta.service[96380]: lock engine: pthread robust mutexes
Aug 06 17:30:17.083571 np0000006677 devstack@n-api-meta.service[96380]: thunder lock: enabled
Aug 06 17:30:17.083664 np0000006677 devstack@n-api-meta.service[96380]: uWSGI http bound on 0.0.0.0:8775 fd 5
Aug 06 17:30:17.083696 np0000006677 devstack@n-api-meta.service[96380]: uwsgi socket 0 bound to TCP address 127.0.0.1:45027 (port auto-assigned) fd 4
Aug 06 17:30:17.083722 np0000006677 devstack@n-api-meta.service[96380]: Python version: 3.12.3 (main, Jun 19 2026, 12:46:00) [GCC 13.3.0]
Aug 06 17:30:17.083722 np0000006677 devstack@n-api-meta.service[96380]: PEP 405 virtualenv detected: /opt/stack/data/venv
Aug 06 17:30:17.083722 np0000006677 devstack@n-api-meta.service[96380]: Set PythonHome to /opt/stack/data/venv
Aug 06 17:30:17.116949 np0000006677 devstack@n-api-meta.service[96380]: Python main interpreter initialized at 0x70ddd76a4668
Aug 06 17:30:17.116949 np0000006677 devstack@n-api-meta.service[96380]: python threads support enabled
Aug 06 17:30:17.116949 np0000006677 devstack@n-api-meta.service[96380]: your server socket listen backlog is limited to 100 connections
Aug 06 17:30:17.116949 np0000006677 devstack@n-api-meta.service[96380]: your mercy for graceful operations on workers is 80 seconds
Aug 06 17:30:17.117499 np0000006677 devstack@n-api-meta.service[96380]: mapped 671795 bytes (656 KB) for 4 cores
Aug 06 17:30:17.117628 np0000006677 devstack@n-api-meta.service[96380]: *** Operational MODE: preforking ***
Aug 06 17:30:17.117838 np0000006677 devstack@n-api-meta.service[96380]: *** uWSGI is running in multiple interpreter mode ***
Aug 06 17:30:17.117838 np0000006677 devstack@n-api-meta.service[96380]: spawned uWSGI master process (pid: 96380)
Aug 06 17:30:17.118010 np0000006677 systemd[1]: Started devstack@n-api-meta.service - Devstack devstack@n-api-meta.service.
Aug 06 17:30:17.118441 np0000006677 devstack@n-api-meta.service[96380]: spawned uWSGI worker 1 (pid: 96381, cores: 1)
Aug 06 17:30:17.118946 np0000006677 devstack@n-api-meta.service[96380]: spawned uWSGI worker 2 (pid: 96382, cores: 1)
Aug 06 17:30:17.119404 np0000006677 devstack@n-api-meta.service[96380]: spawned uWSGI worker 3 (pid: 96383, cores: 1)
Aug 06 17:30:17.119818 np0000006677 devstack@n-api-meta.service[96380]: spawned uWSGI worker 4 (pid: 96384, cores: 1)
Aug 06 17:30:17.120434 np0000006677 devstack@n-api-meta.service[96380]: spawned uWSGI http 1 (pid: 96385)
Aug 06 17:30:17.120434 np0000006677 devstack@n-api-meta.service[96380]: running "unix_signal:15 gracefully_kill_them_all" (master-start)...
Aug 06 17:30:18.708459 np0000006677 devstack@n-api-meta.service[96382]: INFO dbcounter [None req-a9806239-df0b-49c4-b55f-fec743496fa6 None None] Registered counter for database nova_api
Aug 06 17:30:18.748180 np0000006677 devstack@n-api-meta.service[96382]: DEBUG oslo_db.sqlalchemy.engines [None req-a9806239-df0b-49c4-b55f-fec743496fa6 None None] MySQL server mode set to STRICT_TRANS_TABLES,STRICT_ALL_TABLES,NO_ZERO_IN_DATE,NO_ZERO_DATE,ERROR_FOR_DIVISION_BY_ZERO,TRADITIONAL,NO_ENGINE_SUBSTITUTION {{(pid=96382) _check_effective_sql_mode /opt/stack/data/venv/lib/python3.12/site-packages/oslo_db/sqlalchemy/engines.py:325}}
Aug 06 17:30:18.766833 np0000006677 devstack@n-api-meta.service[96384]: INFO dbcounter [None req-9de2f628-83a2-4e9b-9788-e509117b67f6 None None] Registered counter for database nova_api
Aug 06 17:30:18.775166 np0000006677 devstack@n-api-meta.service[96382]: DEBUG dbcounter [-] [96382] Writer thread running {{(pid=96382) stat_writer /opt/stack/data/venv/lib/python3.12/site-packages/dbcounter.py:102}}
Aug 06 17:30:18.777483 np0000006677 devstack@n-api-meta.service[96382]: DEBUG nova.context [None req-a9806239-df0b-49c4-b55f-fec743496fa6 None None] Found 2 cells: 00000000-0000-0000-0000-000000000000(cell0),fe9d43ad-8127-4aad-86b5-23aeb3e0e8db(cell1) {{(pid=96382) load_cells /opt/stack/nova/nova/context.py:509}}
Aug 06 17:30:18.777768 np0000006677 devstack@n-api-meta.service[96382]: INFO nova.utils [None req-a9806239-df0b-49c4-b55f-fec743496fa6 None None] The cell worker thread pool MainProcess.cell_worker is initialized
Aug 06 17:30:18.779413 np0000006677 devstack@n-api-meta.service[96382]: DEBUG oslo_concurrency.lockutils [None req-a9806239-df0b-49c4-b55f-fec743496fa6 None None] Acquiring lock "00000000-0000-0000-0000-000000000000" by "nova.context.set_target_cell..get_or_set_cached_cell_and_set_connections" {{(pid=96382) inner /opt/stack/data/venv/lib/python3.12/site-packages/oslo_concurrency/lockutils.py:512}}
Aug 06 17:30:18.779561 np0000006677 devstack@n-api-meta.service[96382]: DEBUG oslo_concurrency.lockutils [None req-a9806239-df0b-49c4-b55f-fec743496fa6 None None] Lock "00000000-0000-0000-0000-000000000000" acquired by "nova.context.set_target_cell..get_or_set_cached_cell_and_set_connections" :: waited 0.000s {{(pid=96382) inner /opt/stack/data/venv/lib/python3.12/site-packages/oslo_concurrency/lockutils.py:525}}
Aug 06 17:30:18.779939 np0000006677 devstack@n-api-meta.service[96382]: DEBUG oslo_concurrency.lockutils [None req-a9806239-df0b-49c4-b55f-fec743496fa6 None None] Lock "00000000-0000-0000-0000-000000000000" "released" by "nova.context.set_target_cell..get_or_set_cached_cell_and_set_connections" :: held 0.000s {{(pid=96382) inner /opt/stack/data/venv/lib/python3.12/site-packages/oslo_concurrency/lockutils.py:544}}
Aug 06 17:30:18.780551 np0000006677 devstack@n-api-meta.service[96382]: DEBUG oslo_concurrency.lockutils [None req-a9806239-df0b-49c4-b55f-fec743496fa6 None None] Acquiring lock "fe9d43ad-8127-4aad-86b5-23aeb3e0e8db" by "nova.context.set_target_cell..get_or_set_cached_cell_and_set_connections" {{(pid=96382) inner /opt/stack/data/venv/lib/python3.12/site-packages/oslo_concurrency/lockutils.py:512}}
Aug 06 17:30:18.780687 np0000006677 devstack@n-api-meta.service[96382]: DEBUG oslo_concurrency.lockutils [None req-a9806239-df0b-49c4-b55f-fec743496fa6 None None] Lock "fe9d43ad-8127-4aad-86b5-23aeb3e0e8db" acquired by "nova.context.set_target_cell..get_or_set_cached_cell_and_set_connections" :: waited 0.000s {{(pid=96382) inner /opt/stack/data/venv/lib/python3.12/site-packages/oslo_concurrency/lockutils.py:525}}
Aug 06 17:30:18.781477 np0000006677 devstack@n-api-meta.service[96382]: DEBUG oslo_concurrency.lockutils [None req-a9806239-df0b-49c4-b55f-fec743496fa6 None None] Lock "fe9d43ad-8127-4aad-86b5-23aeb3e0e8db" "released" by "nova.context.set_target_cell..get_or_set_cached_cell_and_set_connections" :: held 0.001s {{(pid=96382) inner /opt/stack/data/venv/lib/python3.12/site-packages/oslo_concurrency/lockutils.py:544}}
Aug 06 17:30:18.783118 np0000006677 devstack@n-api-meta.service[96382]: INFO dbcounter [None req-a9806239-df0b-49c4-b55f-fec743496fa6 None None] Registered counter for database nova_cell0
Aug 06 17:30:18.785689 np0000006677 devstack@n-api-meta.service[96382]: INFO dbcounter [None req-a9806239-df0b-49c4-b55f-fec743496fa6 None None] Registered counter for database nova_cell1
Aug 06 17:30:18.788103 np0000006677 devstack@n-api-meta.service[96383]: INFO dbcounter [None req-432fb095-6a3e-41bd-b591-78eb12d95ca1 None None] Registered counter for database nova_api
Aug 06 17:30:18.791451 np0000006677 devstack@n-api-meta.service[96381]: INFO dbcounter [None req-63ce9e2a-1642-4b66-984a-633ca7221267 None None] Registered counter for database nova_api
Aug 06 17:30:18.810830 np0000006677 devstack@n-api-meta.service[96384]: DEBUG oslo_db.sqlalchemy.engines [None req-9de2f628-83a2-4e9b-9788-e509117b67f6 None None] MySQL server mode set to STRICT_TRANS_TABLES,STRICT_ALL_TABLES,NO_ZERO_IN_DATE,NO_ZERO_DATE,ERROR_FOR_DIVISION_BY_ZERO,TRADITIONAL,NO_ENGINE_SUBSTITUTION {{(pid=96384) _check_effective_sql_mode /opt/stack/data/venv/lib/python3.12/site-packages/oslo_db/sqlalchemy/engines.py:325}}
Aug 06 17:30:18.828111 np0000006677 devstack@n-api-meta.service[96383]: DEBUG oslo_db.sqlalchemy.engines [None req-432fb095-6a3e-41bd-b591-78eb12d95ca1 None None] MySQL server mode set to STRICT_TRANS_TABLES,STRICT_ALL_TABLES,NO_ZERO_IN_DATE,NO_ZERO_DATE,ERROR_FOR_DIVISION_BY_ZERO,TRADITIONAL,NO_ENGINE_SUBSTITUTION {{(pid=96383) _check_effective_sql_mode /opt/stack/data/venv/lib/python3.12/site-packages/oslo_db/sqlalchemy/engines.py:325}}
Aug 06 17:30:18.836785 np0000006677 devstack@n-api-meta.service[96382]: DEBUG oslo_db.sqlalchemy.engines [None req-a9806239-df0b-49c4-b55f-fec743496fa6 None None] MySQL server mode set to STRICT_TRANS_TABLES,STRICT_ALL_TABLES,NO_ZERO_IN_DATE,NO_ZERO_DATE,ERROR_FOR_DIVISION_BY_ZERO,TRADITIONAL,NO_ENGINE_SUBSTITUTION {{(pid=96382) _check_effective_sql_mode /opt/stack/data/venv/lib/python3.12/site-packages/oslo_db/sqlalchemy/engines.py:325}}
Aug 06 17:30:18.841732 np0000006677 devstack@n-api-meta.service[96384]: DEBUG dbcounter [-] [96384] Writer thread running {{(pid=96384) stat_writer /opt/stack/data/venv/lib/python3.12/site-packages/dbcounter.py:102}}
Aug 06 17:30:18.841811 np0000006677 devstack@n-api-meta.service[96382]: DEBUG oslo_db.sqlalchemy.engines [None req-a9806239-df0b-49c4-b55f-fec743496fa6 None None] MySQL server mode set to STRICT_TRANS_TABLES,STRICT_ALL_TABLES,NO_ZERO_IN_DATE,NO_ZERO_DATE,ERROR_FOR_DIVISION_BY_ZERO,TRADITIONAL,NO_ENGINE_SUBSTITUTION {{(pid=96382) _check_effective_sql_mode /opt/stack/data/venv/lib/python3.12/site-packages/oslo_db/sqlalchemy/engines.py:325}}
Aug 06 17:30:18.842361 np0000006677 devstack@n-api-meta.service[96381]: DEBUG oslo_db.sqlalchemy.engines [None req-63ce9e2a-1642-4b66-984a-633ca7221267 None None] MySQL server mode set to STRICT_TRANS_TABLES,STRICT_ALL_TABLES,NO_ZERO_IN_DATE,NO_ZERO_DATE,ERROR_FOR_DIVISION_BY_ZERO,TRADITIONAL,NO_ENGINE_SUBSTITUTION {{(pid=96381) _check_effective_sql_mode /opt/stack/data/venv/lib/python3.12/site-packages/oslo_db/sqlalchemy/engines.py:325}}
Aug 06 17:30:18.842704 np0000006677 devstack@n-api-meta.service[96384]: DEBUG nova.context [None req-9de2f628-83a2-4e9b-9788-e509117b67f6 None None] Found 2 cells: 00000000-0000-0000-0000-000000000000(cell0),fe9d43ad-8127-4aad-86b5-23aeb3e0e8db(cell1) {{(pid=96384) load_cells /opt/stack/nova/nova/context.py:509}}
Aug 06 17:30:18.842917 np0000006677 devstack@n-api-meta.service[96384]: INFO nova.utils [None req-9de2f628-83a2-4e9b-9788-e509117b67f6 None None] The cell worker thread pool MainProcess.cell_worker is initialized
Aug 06 17:30:18.844550 np0000006677 devstack@n-api-meta.service[96384]: DEBUG oslo_concurrency.lockutils [None req-9de2f628-83a2-4e9b-9788-e509117b67f6 None None] Acquiring lock "00000000-0000-0000-0000-000000000000" by "nova.context.set_target_cell..get_or_set_cached_cell_and_set_connections" {{(pid=96384) inner /opt/stack/data/venv/lib/python3.12/site-packages/oslo_concurrency/lockutils.py:512}}
Aug 06 17:30:18.844694 np0000006677 devstack@n-api-meta.service[96384]: DEBUG oslo_concurrency.lockutils [None req-9de2f628-83a2-4e9b-9788-e509117b67f6 None None] Lock "00000000-0000-0000-0000-000000000000" acquired by "nova.context.set_target_cell..get_or_set_cached_cell_and_set_connections" :: waited 0.000s {{(pid=96384) inner /opt/stack/data/venv/lib/python3.12/site-packages/oslo_concurrency/lockutils.py:525}}
Aug 06 17:30:18.845100 np0000006677 devstack@n-api-meta.service[96384]: DEBUG oslo_concurrency.lockutils [None req-9de2f628-83a2-4e9b-9788-e509117b67f6 None None] Lock "00000000-0000-0000-0000-000000000000" "released" by "nova.context.set_target_cell..get_or_set_cached_cell_and_set_connections" :: held 0.000s {{(pid=96384) inner /opt/stack/data/venv/lib/python3.12/site-packages/oslo_concurrency/lockutils.py:544}}
Aug 06 17:30:18.845732 np0000006677 devstack@n-api-meta.service[96384]: DEBUG oslo_concurrency.lockutils [None req-9de2f628-83a2-4e9b-9788-e509117b67f6 None None] Acquiring lock "fe9d43ad-8127-4aad-86b5-23aeb3e0e8db" by "nova.context.set_target_cell..get_or_set_cached_cell_and_set_connections" {{(pid=96384) inner /opt/stack/data/venv/lib/python3.12/site-packages/oslo_concurrency/lockutils.py:512}}
Aug 06 17:30:18.845869 np0000006677 devstack@n-api-meta.service[96384]: DEBUG oslo_concurrency.lockutils [None req-9de2f628-83a2-4e9b-9788-e509117b67f6 None None] Lock "fe9d43ad-8127-4aad-86b5-23aeb3e0e8db" acquired by "nova.context.set_target_cell..get_or_set_cached_cell_and_set_connections" :: waited 0.000s {{(pid=96384) inner /opt/stack/data/venv/lib/python3.12/site-packages/oslo_concurrency/lockutils.py:525}}
Aug 06 17:30:18.846679 np0000006677 devstack@n-api-meta.service[96384]: DEBUG oslo_concurrency.lockutils [None req-9de2f628-83a2-4e9b-9788-e509117b67f6 None None] Lock "fe9d43ad-8127-4aad-86b5-23aeb3e0e8db" "released" by "nova.context.set_target_cell..get_or_set_cached_cell_and_set_connections" :: held 0.001s {{(pid=96384) inner /opt/stack/data/venv/lib/python3.12/site-packages/oslo_concurrency/lockutils.py:544}}
Aug 06 17:30:18.848483 np0000006677 devstack@n-api-meta.service[96384]: INFO dbcounter [None req-9de2f628-83a2-4e9b-9788-e509117b67f6 None None] Registered counter for database nova_cell0
Aug 06 17:30:18.853241 np0000006677 devstack@n-api-meta.service[96384]: INFO dbcounter [None req-9de2f628-83a2-4e9b-9788-e509117b67f6 None None] Registered counter for database nova_cell1
Aug 06 17:30:18.858351 np0000006677 devstack@n-api-meta.service[96383]: DEBUG dbcounter [-] [96383] Writer thread running {{(pid=96383) stat_writer /opt/stack/data/venv/lib/python3.12/site-packages/dbcounter.py:102}}
Aug 06 17:30:18.860622 np0000006677 devstack@n-api-meta.service[96383]: DEBUG nova.context [None req-432fb095-6a3e-41bd-b591-78eb12d95ca1 None None] Found 2 cells: 00000000-0000-0000-0000-000000000000(cell0),fe9d43ad-8127-4aad-86b5-23aeb3e0e8db(cell1) {{(pid=96383) load_cells /opt/stack/nova/nova/context.py:509}}
Aug 06 17:30:18.860886 np0000006677 devstack@n-api-meta.service[96383]: INFO nova.utils [None req-432fb095-6a3e-41bd-b591-78eb12d95ca1 None None] The cell worker thread pool MainProcess.cell_worker is initialized
Aug 06 17:30:18.862663 np0000006677 devstack@n-api-meta.service[96383]: DEBUG oslo_concurrency.lockutils [None req-432fb095-6a3e-41bd-b591-78eb12d95ca1 None None] Acquiring lock "00000000-0000-0000-0000-000000000000" by "nova.context.set_target_cell..get_or_set_cached_cell_and_set_connections" {{(pid=96383) inner /opt/stack/data/venv/lib/python3.12/site-packages/oslo_concurrency/lockutils.py:512}}
Aug 06 17:30:18.862872 np0000006677 devstack@n-api-meta.service[96383]: DEBUG oslo_concurrency.lockutils [None req-432fb095-6a3e-41bd-b591-78eb12d95ca1 None None] Lock "00000000-0000-0000-0000-000000000000" acquired by "nova.context.set_target_cell..get_or_set_cached_cell_and_set_connections" :: waited 0.000s {{(pid=96383) inner /opt/stack/data/venv/lib/python3.12/site-packages/oslo_concurrency/lockutils.py:525}}
Aug 06 17:30:18.863265 np0000006677 devstack@n-api-meta.service[96383]: DEBUG oslo_concurrency.lockutils [None req-432fb095-6a3e-41bd-b591-78eb12d95ca1 None None] Lock "00000000-0000-0000-0000-000000000000" "released" by "nova.context.set_target_cell..get_or_set_cached_cell_and_set_connections" :: held 0.000s {{(pid=96383) inner /opt/stack/data/venv/lib/python3.12/site-packages/oslo_concurrency/lockutils.py:544}}
Aug 06 17:30:18.863978 np0000006677 devstack@n-api-meta.service[96383]: DEBUG oslo_concurrency.lockutils [None req-432fb095-6a3e-41bd-b591-78eb12d95ca1 None None] Acquiring lock "fe9d43ad-8127-4aad-86b5-23aeb3e0e8db" by "nova.context.set_target_cell..get_or_set_cached_cell_and_set_connections" {{(pid=96383) inner /opt/stack/data/venv/lib/python3.12/site-packages/oslo_concurrency/lockutils.py:512}}
Aug 06 17:30:18.864202 np0000006677 devstack@n-api-meta.service[96383]: DEBUG oslo_concurrency.lockutils [None req-432fb095-6a3e-41bd-b591-78eb12d95ca1 None None] Lock "fe9d43ad-8127-4aad-86b5-23aeb3e0e8db" acquired by "nova.context.set_target_cell..get_or_set_cached_cell_and_set_connections" :: waited 0.000s {{(pid=96383) inner /opt/stack/data/venv/lib/python3.12/site-packages/oslo_concurrency/lockutils.py:525}}
Aug 06 17:30:18.865199 np0000006677 devstack@n-api-meta.service[96383]: DEBUG oslo_concurrency.lockutils [None req-432fb095-6a3e-41bd-b591-78eb12d95ca1 None None] Lock "fe9d43ad-8127-4aad-86b5-23aeb3e0e8db" "released" by "nova.context.set_target_cell..get_or_set_cached_cell_and_set_connections" :: held 0.001s {{(pid=96383) inner /opt/stack/data/venv/lib/python3.12/site-packages/oslo_concurrency/lockutils.py:544}}
Aug 06 17:30:18.867093 np0000006677 devstack@n-api-meta.service[96383]: INFO dbcounter [None req-432fb095-6a3e-41bd-b591-78eb12d95ca1 None None] Registered counter for database nova_cell0
Aug 06 17:30:18.870717 np0000006677 devstack@n-api-meta.service[96383]: INFO dbcounter [None req-432fb095-6a3e-41bd-b591-78eb12d95ca1 None None] Registered counter for database nova_cell1
Aug 06 17:30:18.874985 np0000006677 devstack@n-api-meta.service[96381]: DEBUG dbcounter [-] [96381] Writer thread running {{(pid=96381) stat_writer /opt/stack/data/venv/lib/python3.12/site-packages/dbcounter.py:102}}
Aug 06 17:30:18.876420 np0000006677 devstack@n-api-meta.service[96381]: DEBUG nova.context [None req-63ce9e2a-1642-4b66-984a-633ca7221267 None None] Found 2 cells: 00000000-0000-0000-0000-000000000000(cell0),fe9d43ad-8127-4aad-86b5-23aeb3e0e8db(cell1) {{(pid=96381) load_cells /opt/stack/nova/nova/context.py:509}}
Aug 06 17:30:18.876693 np0000006677 devstack@n-api-meta.service[96381]: INFO nova.utils [None req-63ce9e2a-1642-4b66-984a-633ca7221267 None None] The cell worker thread pool MainProcess.cell_worker is initialized
Aug 06 17:30:18.878878 np0000006677 devstack@n-api-meta.service[96381]: DEBUG oslo_concurrency.lockutils [None req-63ce9e2a-1642-4b66-984a-633ca7221267 None None] Acquiring lock "00000000-0000-0000-0000-000000000000" by "nova.context.set_target_cell..get_or_set_cached_cell_and_set_connections" {{(pid=96381) inner /opt/stack/data/venv/lib/python3.12/site-packages/oslo_concurrency/lockutils.py:512}}
Aug 06 17:30:18.879101 np0000006677 devstack@n-api-meta.service[96381]: DEBUG oslo_concurrency.lockutils [None req-63ce9e2a-1642-4b66-984a-633ca7221267 None None] Lock "00000000-0000-0000-0000-000000000000" acquired by "nova.context.set_target_cell..get_or_set_cached_cell_and_set_connections" :: waited 0.000s {{(pid=96381) inner /opt/stack/data/venv/lib/python3.12/site-packages/oslo_concurrency/lockutils.py:525}}
Aug 06 17:30:18.879556 np0000006677 devstack@n-api-meta.service[96381]: DEBUG oslo_concurrency.lockutils [None req-63ce9e2a-1642-4b66-984a-633ca7221267 None None] Lock "00000000-0000-0000-0000-000000000000" "released" by "nova.context.set_target_cell..get_or_set_cached_cell_and_set_connections" :: held 0.000s {{(pid=96381) inner /opt/stack/data/venv/lib/python3.12/site-packages/oslo_concurrency/lockutils.py:544}}
Aug 06 17:30:18.880209 np0000006677 devstack@n-api-meta.service[96381]: DEBUG oslo_concurrency.lockutils [None req-63ce9e2a-1642-4b66-984a-633ca7221267 None None] Acquiring lock "fe9d43ad-8127-4aad-86b5-23aeb3e0e8db" by "nova.context.set_target_cell..get_or_set_cached_cell_and_set_connections" {{(pid=96381) inner /opt/stack/data/venv/lib/python3.12/site-packages/oslo_concurrency/lockutils.py:512}}
Aug 06 17:30:18.881512 np0000006677 devstack@n-api-meta.service[96381]: DEBUG oslo_concurrency.lockutils [None req-63ce9e2a-1642-4b66-984a-633ca7221267 None None] Lock "fe9d43ad-8127-4aad-86b5-23aeb3e0e8db" acquired by "nova.context.set_target_cell..get_or_set_cached_cell_and_set_connections" :: waited 0.001s {{(pid=96381) inner /opt/stack/data/venv/lib/python3.12/site-packages/oslo_concurrency/lockutils.py:525}}
Aug 06 17:30:18.882683 np0000006677 devstack@n-api-meta.service[96381]: INFO dbcounter [None req-63ce9e2a-1642-4b66-984a-633ca7221267 None None] Registered counter for database nova_cell0
Aug 06 17:30:18.884094 np0000006677 devstack@n-api-meta.service[96381]: DEBUG oslo_concurrency.lockutils [None req-63ce9e2a-1642-4b66-984a-633ca7221267 None None] Lock "fe9d43ad-8127-4aad-86b5-23aeb3e0e8db" "released" by "nova.context.set_target_cell..get_or_set_cached_cell_and_set_connections" :: held 0.001s {{(pid=96381) inner /opt/stack/data/venv/lib/python3.12/site-packages/oslo_concurrency/lockutils.py:544}}
Aug 06 17:30:18.887108 np0000006677 devstack@n-api-meta.service[96381]: INFO dbcounter [None req-63ce9e2a-1642-4b66-984a-633ca7221267 None None] Registered counter for database nova_cell1
Aug 06 17:30:18.899091 np0000006677 devstack@n-api-meta.service[96384]: DEBUG oslo_db.sqlalchemy.engines [None req-9de2f628-83a2-4e9b-9788-e509117b67f6 None None] MySQL server mode set to STRICT_TRANS_TABLES,STRICT_ALL_TABLES,NO_ZERO_IN_DATE,NO_ZERO_DATE,ERROR_FOR_DIVISION_BY_ZERO,TRADITIONAL,NO_ENGINE_SUBSTITUTION {{(pid=96384) _check_effective_sql_mode /opt/stack/data/venv/lib/python3.12/site-packages/oslo_db/sqlalchemy/engines.py:325}}
Aug 06 17:30:18.921526 np0000006677 devstack@n-api-meta.service[96383]: DEBUG oslo_db.sqlalchemy.engines [None req-432fb095-6a3e-41bd-b591-78eb12d95ca1 None None] MySQL server mode set to STRICT_TRANS_TABLES,STRICT_ALL_TABLES,NO_ZERO_IN_DATE,NO_ZERO_DATE,ERROR_FOR_DIVISION_BY_ZERO,TRADITIONAL,NO_ENGINE_SUBSTITUTION {{(pid=96383) _check_effective_sql_mode /opt/stack/data/venv/lib/python3.12/site-packages/oslo_db/sqlalchemy/engines.py:325}}
Aug 06 17:30:18.922383 np0000006677 devstack@n-api-meta.service[96382]: DEBUG dbcounter [-] [96382] Writer thread running {{(pid=96382) stat_writer /opt/stack/data/venv/lib/python3.12/site-packages/dbcounter.py:102}}
Aug 06 17:30:18.926403 np0000006677 devstack@n-api-meta.service[96383]: DEBUG oslo_db.sqlalchemy.engines [None req-432fb095-6a3e-41bd-b591-78eb12d95ca1 None None] MySQL server mode set to STRICT_TRANS_TABLES,STRICT_ALL_TABLES,NO_ZERO_IN_DATE,NO_ZERO_DATE,ERROR_FOR_DIVISION_BY_ZERO,TRADITIONAL,NO_ENGINE_SUBSTITUTION {{(pid=96383) _check_effective_sql_mode /opt/stack/data/venv/lib/python3.12/site-packages/oslo_db/sqlalchemy/engines.py:325}}
Aug 06 17:30:18.930701 np0000006677 devstack@n-api-meta.service[96382]: DEBUG dbcounter [-] [96382] Writer thread running {{(pid=96382) stat_writer /opt/stack/data/venv/lib/python3.12/site-packages/dbcounter.py:102}}
Aug 06 17:30:18.933422 np0000006677 devstack@n-api-meta.service[96381]: DEBUG oslo_db.sqlalchemy.engines [None req-63ce9e2a-1642-4b66-984a-633ca7221267 None None] MySQL server mode set to STRICT_TRANS_TABLES,STRICT_ALL_TABLES,NO_ZERO_IN_DATE,NO_ZERO_DATE,ERROR_FOR_DIVISION_BY_ZERO,TRADITIONAL,NO_ENGINE_SUBSTITUTION {{(pid=96381) _check_effective_sql_mode /opt/stack/data/venv/lib/python3.12/site-packages/oslo_db/sqlalchemy/engines.py:325}}
Aug 06 17:30:18.936214 np0000006677 devstack@n-api-meta.service[96382]: INFO dbcounter [None req-a9806239-df0b-49c4-b55f-fec743496fa6 None None] Registered counter for database nova_cell0
Aug 06 17:30:18.974937 np0000006677 devstack@n-api-meta.service[96382]: DEBUG oslo_db.sqlalchemy.engines [None req-a9806239-df0b-49c4-b55f-fec743496fa6 None None] MySQL server mode set to STRICT_TRANS_TABLES,STRICT_ALL_TABLES,NO_ZERO_IN_DATE,NO_ZERO_DATE,ERROR_FOR_DIVISION_BY_ZERO,TRADITIONAL,NO_ENGINE_SUBSTITUTION {{(pid=96382) _check_effective_sql_mode /opt/stack/data/venv/lib/python3.12/site-packages/oslo_db/sqlalchemy/engines.py:325}}
Aug 06 17:30:18.977284 np0000006677 devstack@n-api-meta.service[96384]: DEBUG dbcounter [-] [96384] Writer thread running {{(pid=96384) stat_writer /opt/stack/data/venv/lib/python3.12/site-packages/dbcounter.py:102}}
Aug 06 17:30:18.977740 np0000006677 devstack@n-api-meta.service[96384]: DEBUG oslo_db.sqlalchemy.engines [None req-9de2f628-83a2-4e9b-9788-e509117b67f6 None None] MySQL server mode set to STRICT_TRANS_TABLES,STRICT_ALL_TABLES,NO_ZERO_IN_DATE,NO_ZERO_DATE,ERROR_FOR_DIVISION_BY_ZERO,TRADITIONAL,NO_ENGINE_SUBSTITUTION {{(pid=96384) _check_effective_sql_mode /opt/stack/data/venv/lib/python3.12/site-packages/oslo_db/sqlalchemy/engines.py:325}}
Aug 06 17:30:18.981880 np0000006677 devstack@n-api-meta.service[96382]: DEBUG dbcounter [-] [96382] Writer thread running {{(pid=96382) stat_writer /opt/stack/data/venv/lib/python3.12/site-packages/dbcounter.py:102}}
Aug 06 17:30:18.984925 np0000006677 devstack@n-api-meta.service[96384]: DEBUG dbcounter [-] [96384] Writer thread running {{(pid=96384) stat_writer /opt/stack/data/venv/lib/python3.12/site-packages/dbcounter.py:102}}
Aug 06 17:30:18.989780 np0000006677 devstack@n-api-meta.service[96384]: INFO dbcounter [None req-9de2f628-83a2-4e9b-9788-e509117b67f6 None None] Registered counter for database nova_cell0
Aug 06 17:30:19.013187 np0000006677 devstack@n-api-meta.service[96381]: DEBUG dbcounter [-] [96381] Writer thread running {{(pid=96381) stat_writer /opt/stack/data/venv/lib/python3.12/site-packages/dbcounter.py:102}}
Aug 06 17:30:19.015341 np0000006677 devstack@n-api-meta.service[96383]: DEBUG dbcounter [-] [96383] Writer thread running {{(pid=96383) stat_writer /opt/stack/data/venv/lib/python3.12/site-packages/dbcounter.py:102}}
Aug 06 17:30:19.018032 np0000006677 devstack@n-api-meta.service[96381]: DEBUG oslo_db.sqlalchemy.engines [None req-63ce9e2a-1642-4b66-984a-633ca7221267 None None] MySQL server mode set to STRICT_TRANS_TABLES,STRICT_ALL_TABLES,NO_ZERO_IN_DATE,NO_ZERO_DATE,ERROR_FOR_DIVISION_BY_ZERO,TRADITIONAL,NO_ENGINE_SUBSTITUTION {{(pid=96381) _check_effective_sql_mode /opt/stack/data/venv/lib/python3.12/site-packages/oslo_db/sqlalchemy/engines.py:325}}
Aug 06 17:30:19.018566 np0000006677 devstack@n-api-meta.service[96382]: WARNING nova.api.metadata.handler [None req-a9806239-df0b-49c4-b55f-fec743496fa6 None None] metadata_proxy_shared_secret is not configured, the metadata information returned by the proxy cannot be trusted
Aug 06 17:30:19.019777 np0000006677 devstack@n-api-meta.service[96383]: DEBUG dbcounter [-] [96383] Writer thread running {{(pid=96383) stat_writer /opt/stack/data/venv/lib/python3.12/site-packages/dbcounter.py:102}}
Aug 06 17:30:19.021428 np0000006677 devstack@n-api-meta.service[96382]: DEBUG nova.api.openstack.wsgi_app [None req-a9806239-df0b-49c4-b55f-fec743496fa6 None None] ******************************************************************************** {{(pid=96382) log_opt_values /opt/stack/data/venv/lib/python3.12/site-packages/oslo_config/cfg.py:3518}}
Aug 06 17:30:19.021428 np0000006677 devstack@n-api-meta.service[96382]: DEBUG nova.api.openstack.wsgi_app [None req-a9806239-df0b-49c4-b55f-fec743496fa6 None None] Configuration options gathered from: {{(pid=96382) log_opt_values /opt/stack/data/venv/lib/python3.12/site-packages/oslo_config/cfg.py:3519}}
Aug 06 17:30:19.021428 np0000006677 devstack@n-api-meta.service[96382]: DEBUG nova.api.openstack.wsgi_app [None req-a9806239-df0b-49c4-b55f-fec743496fa6 None None] command line args: [] {{(pid=96382) log_opt_values /opt/stack/data/venv/lib/python3.12/site-packages/oslo_config/cfg.py:3520}}
Aug 06 17:30:19.021428 np0000006677 devstack@n-api-meta.service[96382]: DEBUG nova.api.openstack.wsgi_app [None req-a9806239-df0b-49c4-b55f-fec743496fa6 None None] config files: ['/etc/nova/api-paste.ini', '/etc/nova/nova.conf'] {{(pid=96382) log_opt_values /opt/stack/data/venv/lib/python3.12/site-packages/oslo_config/cfg.py:3521}}
Aug 06 17:30:19.021428 np0000006677 devstack@n-api-meta.service[96382]: DEBUG nova.api.openstack.wsgi_app [None req-a9806239-df0b-49c4-b55f-fec743496fa6 None None] ================================================================================ {{(pid=96382) log_opt_values /opt/stack/data/venv/lib/python3.12/site-packages/oslo_config/cfg.py:3526}}
Aug 06 17:30:19.021428 np0000006677 devstack@n-api-meta.service[96382]: DEBUG nova.api.openstack.wsgi_app [None req-a9806239-df0b-49c4-b55f-fec743496fa6 None None] allow_resize_to_same_host = True {{(pid=96382) log_opt_values /opt/stack/data/venv/lib/python3.12/site-packages/oslo_config/cfg.py:3534}}
Aug 06 17:30:19.021428 np0000006677 devstack@n-api-meta.service[96382]: DEBUG nova.api.openstack.wsgi_app [None req-a9806239-df0b-49c4-b55f-fec743496fa6 None None] arq_binding_timeout = 300 {{(pid=96382) log_opt_values /opt/stack/data/venv/lib/python3.12/site-packages/oslo_config/cfg.py:3534}}
Aug 06 17:30:19.021643 np0000006677 devstack@n-api-meta.service[96382]: DEBUG nova.api.openstack.wsgi_app [None req-a9806239-df0b-49c4-b55f-fec743496fa6 None None] block_device_allocate_retries = 60 {{(pid=96382) log_opt_values /opt/stack/data/venv/lib/python3.12/site-packages/oslo_config/cfg.py:3534}}
Aug 06 17:30:19.021643 np0000006677 devstack@n-api-meta.service[96382]: DEBUG nova.api.openstack.wsgi_app [None req-a9806239-df0b-49c4-b55f-fec743496fa6 None None] block_device_allocate_retries_interval = 3 {{(pid=96382) log_opt_values /opt/stack/data/venv/lib/python3.12/site-packages/oslo_config/cfg.py:3534}}
Aug 06 17:30:19.021745 np0000006677 devstack@n-api-meta.service[96382]: DEBUG nova.api.openstack.wsgi_app [None req-a9806239-df0b-49c4-b55f-fec743496fa6 None None] cell_worker_thread_pool_size = 5 {{(pid=96382) log_opt_values /opt/stack/data/venv/lib/python3.12/site-packages/oslo_config/cfg.py:3534}}
Aug 06 17:30:19.021867 np0000006677 devstack@n-api-meta.service[96382]: DEBUG nova.api.openstack.wsgi_app [None req-a9806239-df0b-49c4-b55f-fec743496fa6 None None] cert = self.pem {{(pid=96382) log_opt_values /opt/stack/data/venv/lib/python3.12/site-packages/oslo_config/cfg.py:3534}}
Aug 06 17:30:19.022039 np0000006677 devstack@n-api-meta.service[96382]: DEBUG nova.api.openstack.wsgi_app [None req-a9806239-df0b-49c4-b55f-fec743496fa6 None None] compute_driver = libvirt.LibvirtDriver {{(pid=96382) log_opt_values /opt/stack/data/venv/lib/python3.12/site-packages/oslo_config/cfg.py:3534}}
Aug 06 17:30:19.022170 np0000006677 devstack@n-api-meta.service[96382]: DEBUG nova.api.openstack.wsgi_app [None req-a9806239-df0b-49c4-b55f-fec743496fa6 None None] compute_monitors = [] {{(pid=96382) log_opt_values /opt/stack/data/venv/lib/python3.12/site-packages/oslo_config/cfg.py:3534}}
Aug 06 17:30:19.022295 np0000006677 devstack@n-api-meta.service[96382]: DEBUG nova.api.openstack.wsgi_app [None req-a9806239-df0b-49c4-b55f-fec743496fa6 None None] concurrency_backend = auto {{(pid=96382) log_opt_values /opt/stack/data/venv/lib/python3.12/site-packages/oslo_config/cfg.py:3534}}
Aug 06 17:30:19.022418 np0000006677 devstack@n-api-meta.service[96382]: DEBUG nova.api.openstack.wsgi_app [None req-a9806239-df0b-49c4-b55f-fec743496fa6 None None] config_dir = [] {{(pid=96382) log_opt_values /opt/stack/data/venv/lib/python3.12/site-packages/oslo_config/cfg.py:3534}}
Aug 06 17:30:19.022574 np0000006677 devstack@n-api-meta.service[96382]: DEBUG nova.api.openstack.wsgi_app [None req-a9806239-df0b-49c4-b55f-fec743496fa6 None None] config_drive_format = iso9660 {{(pid=96382) log_opt_values /opt/stack/data/venv/lib/python3.12/site-packages/oslo_config/cfg.py:3534}}
Aug 06 17:30:19.022672 np0000006677 devstack@n-api-meta.service[96382]: DEBUG nova.api.openstack.wsgi_app [None req-a9806239-df0b-49c4-b55f-fec743496fa6 None None] config_file = ['/etc/nova/api-paste.ini', '/etc/nova/nova.conf'] {{(pid=96382) log_opt_values /opt/stack/data/venv/lib/python3.12/site-packages/oslo_config/cfg.py:3534}}
Aug 06 17:30:19.022786 np0000006677 devstack@n-api-meta.service[96382]: DEBUG nova.api.openstack.wsgi_app [None req-a9806239-df0b-49c4-b55f-fec743496fa6 None None] config_source = [] {{(pid=96382) log_opt_values /opt/stack/data/venv/lib/python3.12/site-packages/oslo_config/cfg.py:3534}}
Aug 06 17:30:19.022903 np0000006677 devstack@n-api-meta.service[96382]: DEBUG nova.api.openstack.wsgi_app [None req-a9806239-df0b-49c4-b55f-fec743496fa6 None None] console_host = np0000006677 {{(pid=96382) log_opt_values /opt/stack/data/venv/lib/python3.12/site-packages/oslo_config/cfg.py:3534}}
Aug 06 17:30:19.023076 np0000006677 devstack@n-api-meta.service[96382]: DEBUG nova.api.openstack.wsgi_app [None req-a9806239-df0b-49c4-b55f-fec743496fa6 None None] control_exchange = nova {{(pid=96382) log_opt_values /opt/stack/data/venv/lib/python3.12/site-packages/oslo_config/cfg.py:3534}}
Aug 06 17:30:19.023197 np0000006677 devstack@n-api-meta.service[96383]: INFO dbcounter [None req-432fb095-6a3e-41bd-b591-78eb12d95ca1 None None] Registered counter for database nova_cell0
Aug 06 17:30:19.023237 np0000006677 devstack@n-api-meta.service[96382]: DEBUG nova.api.openstack.wsgi_app [None req-a9806239-df0b-49c4-b55f-fec743496fa6 None None] cpu_allocation_ratio = None {{(pid=96382) log_opt_values /opt/stack/data/venv/lib/python3.12/site-packages/oslo_config/cfg.py:3534}}
Aug 06 17:30:19.023326 np0000006677 devstack@n-api-meta.service[96382]: DEBUG nova.api.openstack.wsgi_app [None req-a9806239-df0b-49c4-b55f-fec743496fa6 None None] daemon = False {{(pid=96382) log_opt_values /opt/stack/data/venv/lib/python3.12/site-packages/oslo_config/cfg.py:3534}}
Aug 06 17:30:19.023459 np0000006677 devstack@n-api-meta.service[96382]: DEBUG nova.api.openstack.wsgi_app [None req-a9806239-df0b-49c4-b55f-fec743496fa6 None None] debug = True {{(pid=96382) log_opt_values /opt/stack/data/venv/lib/python3.12/site-packages/oslo_config/cfg.py:3534}}
Aug 06 17:30:19.023570 np0000006677 devstack@n-api-meta.service[96382]: DEBUG nova.api.openstack.wsgi_app [None req-a9806239-df0b-49c4-b55f-fec743496fa6 None None] default_access_ip_network_name = None {{(pid=96382) log_opt_values /opt/stack/data/venv/lib/python3.12/site-packages/oslo_config/cfg.py:3534}}
Aug 06 17:30:19.023683 np0000006677 devstack@n-api-meta.service[96382]: DEBUG nova.api.openstack.wsgi_app [None req-a9806239-df0b-49c4-b55f-fec743496fa6 None None] default_availability_zone = nova {{(pid=96382) log_opt_values /opt/stack/data/venv/lib/python3.12/site-packages/oslo_config/cfg.py:3534}}
Aug 06 17:30:19.023797 np0000006677 devstack@n-api-meta.service[96382]: DEBUG nova.api.openstack.wsgi_app [None req-a9806239-df0b-49c4-b55f-fec743496fa6 None None] default_ephemeral_format = ext4 {{(pid=96382) log_opt_values /opt/stack/data/venv/lib/python3.12/site-packages/oslo_config/cfg.py:3534}}
Aug 06 17:30:19.023905 np0000006677 devstack@n-api-meta.service[96382]: DEBUG nova.api.openstack.wsgi_app [None req-a9806239-df0b-49c4-b55f-fec743496fa6 None None] default_green_pool_size = 1000 {{(pid=96382) log_opt_values /opt/stack/data/venv/lib/python3.12/site-packages/oslo_config/cfg.py:3534}}
Aug 06 17:30:19.024125 np0000006677 devstack@n-api-meta.service[96382]: DEBUG nova.api.openstack.wsgi_app [None req-a9806239-df0b-49c4-b55f-fec743496fa6 None None] default_log_levels = ['amqp=WARN', 'boto=WARN', 'sqlalchemy=WARN', 'suds=INFO', 'oslo.messaging=INFO', 'oslo_messaging=INFO', 'iso8601=WARN', 'requests.packages.urllib3.connectionpool=WARN', 'urllib3.connectionpool=WARN', 'websocket=WARN', 'requests.packages.urllib3.util.retry=WARN', 'urllib3.util.retry=WARN', 'keystonemiddleware=WARN', 'routes.middleware=WARN', 'stevedore=WARN', 'taskflow=WARN', 'keystoneauth=WARN', 'oslo.cache=INFO', 'oslo_policy=INFO', 'dogpile.core.dogpile=INFO', 'glanceclient=WARN', 'oslo.privsep.daemon=INFO'] {{(pid=96382) log_opt_values /opt/stack/data/venv/lib/python3.12/site-packages/oslo_config/cfg.py:3534}}
Aug 06 17:30:19.024235 np0000006677 devstack@n-api-meta.service[96382]: DEBUG nova.api.openstack.wsgi_app [None req-a9806239-df0b-49c4-b55f-fec743496fa6 None None] default_schedule_zone = None {{(pid=96382) log_opt_values /opt/stack/data/venv/lib/python3.12/site-packages/oslo_config/cfg.py:3534}}
Aug 06 17:30:19.024344 np0000006677 devstack@n-api-meta.service[96382]: DEBUG nova.api.openstack.wsgi_app [None req-a9806239-df0b-49c4-b55f-fec743496fa6 None None] default_thread_pool_size = 10 {{(pid=96382) log_opt_values /opt/stack/data/venv/lib/python3.12/site-packages/oslo_config/cfg.py:3534}}
Aug 06 17:30:19.024565 np0000006677 devstack@n-api-meta.service[96382]: DEBUG nova.api.openstack.wsgi_app [None req-a9806239-df0b-49c4-b55f-fec743496fa6 None None] disk_allocation_ratio = None {{(pid=96382) log_opt_values /opt/stack/data/venv/lib/python3.12/site-packages/oslo_config/cfg.py:3534}}
Aug 06 17:30:19.024617 np0000006677 devstack@n-api-meta.service[96382]: DEBUG nova.api.openstack.wsgi_app [None req-a9806239-df0b-49c4-b55f-fec743496fa6 None None] enable_new_services = True {{(pid=96382) log_opt_values /opt/stack/data/venv/lib/python3.12/site-packages/oslo_config/cfg.py:3534}}
Aug 06 17:30:19.024711 np0000006677 devstack@n-api-meta.service[96382]: DEBUG nova.api.openstack.wsgi_app [None req-a9806239-df0b-49c4-b55f-fec743496fa6 None None] flat_injected = False {{(pid=96382) log_opt_values /opt/stack/data/venv/lib/python3.12/site-packages/oslo_config/cfg.py:3534}}
Aug 06 17:30:19.024827 np0000006677 devstack@n-api-meta.service[96382]: DEBUG nova.api.openstack.wsgi_app [None req-a9806239-df0b-49c4-b55f-fec743496fa6 None None] force_config_drive = True {{(pid=96382) log_opt_values /opt/stack/data/venv/lib/python3.12/site-packages/oslo_config/cfg.py:3534}}
Aug 06 17:30:19.024942 np0000006677 devstack@n-api-meta.service[96382]: DEBUG nova.api.openstack.wsgi_app [None req-a9806239-df0b-49c4-b55f-fec743496fa6 None None] force_raw_images = True {{(pid=96382) log_opt_values /opt/stack/data/venv/lib/python3.12/site-packages/oslo_config/cfg.py:3534}}
Aug 06 17:30:19.024989 np0000006677 devstack@n-api-meta.service[96381]: DEBUG dbcounter [-] [96381] Writer thread running {{(pid=96381) stat_writer /opt/stack/data/venv/lib/python3.12/site-packages/dbcounter.py:102}}
Aug 06 17:30:19.025162 np0000006677 devstack@n-api-meta.service[96382]: DEBUG nova.api.openstack.wsgi_app [None req-a9806239-df0b-49c4-b55f-fec743496fa6 None None] graceful_shutdown_timeout = 5 {{(pid=96382) log_opt_values /opt/stack/data/venv/lib/python3.12/site-packages/oslo_config/cfg.py:3534}}
Aug 06 17:30:19.025233 np0000006677 devstack@n-api-meta.service[96382]: DEBUG nova.api.openstack.wsgi_app [None req-a9806239-df0b-49c4-b55f-fec743496fa6 None None] heal_instance_info_cache_interval = -1 {{(pid=96382) log_opt_values /opt/stack/data/venv/lib/python3.12/site-packages/oslo_config/cfg.py:3534}}
Aug 06 17:30:19.025389 np0000006677 devstack@n-api-meta.service[96382]: DEBUG nova.api.openstack.wsgi_app [None req-a9806239-df0b-49c4-b55f-fec743496fa6 None None] host = np0000006677 {{(pid=96382) log_opt_values /opt/stack/data/venv/lib/python3.12/site-packages/oslo_config/cfg.py:3534}}
Aug 06 17:30:19.025525 np0000006677 devstack@n-api-meta.service[96382]: DEBUG nova.api.openstack.wsgi_app [None req-a9806239-df0b-49c4-b55f-fec743496fa6 None None] initial_cpu_allocation_ratio = 4.0 {{(pid=96382) log_opt_values /opt/stack/data/venv/lib/python3.12/site-packages/oslo_config/cfg.py:3534}}
Aug 06 17:30:19.025928 np0000006677 devstack@n-api-meta.service[96382]: DEBUG nova.api.openstack.wsgi_app [None req-a9806239-df0b-49c4-b55f-fec743496fa6 None None] initial_disk_allocation_ratio = 1.0 {{(pid=96382) log_opt_values /opt/stack/data/venv/lib/python3.12/site-packages/oslo_config/cfg.py:3534}}
Aug 06 17:30:19.025928 np0000006677 devstack@n-api-meta.service[96382]: DEBUG nova.api.openstack.wsgi_app [None req-a9806239-df0b-49c4-b55f-fec743496fa6 None None] initial_ram_allocation_ratio = 1.0 {{(pid=96382) log_opt_values /opt/stack/data/venv/lib/python3.12/site-packages/oslo_config/cfg.py:3534}}
Aug 06 17:30:19.025928 np0000006677 devstack@n-api-meta.service[96382]: DEBUG nova.api.openstack.wsgi_app [None req-a9806239-df0b-49c4-b55f-fec743496fa6 None None] injected_network_template = /opt/stack/nova/nova/virt/interfaces.template {{(pid=96382) log_opt_values /opt/stack/data/venv/lib/python3.12/site-packages/oslo_config/cfg.py:3534}}
Aug 06 17:30:19.026088 np0000006677 devstack@n-api-meta.service[96382]: DEBUG nova.api.openstack.wsgi_app [None req-a9806239-df0b-49c4-b55f-fec743496fa6 None None] instance_build_timeout = 0 {{(pid=96382) log_opt_values /opt/stack/data/venv/lib/python3.12/site-packages/oslo_config/cfg.py:3534}}
Aug 06 17:30:19.026208 np0000006677 devstack@n-api-meta.service[96382]: DEBUG nova.api.openstack.wsgi_app [None req-a9806239-df0b-49c4-b55f-fec743496fa6 None None] instance_delete_interval = 300 {{(pid=96382) log_opt_values /opt/stack/data/venv/lib/python3.12/site-packages/oslo_config/cfg.py:3534}}
Aug 06 17:30:19.026324 np0000006677 devstack@n-api-meta.service[96382]: DEBUG nova.api.openstack.wsgi_app [None req-a9806239-df0b-49c4-b55f-fec743496fa6 None None] instance_format = [instance: %(uuid)s] {{(pid=96382) log_opt_values /opt/stack/data/venv/lib/python3.12/site-packages/oslo_config/cfg.py:3534}}
Aug 06 17:30:19.026444 np0000006677 devstack@n-api-meta.service[96382]: DEBUG nova.api.openstack.wsgi_app [None req-a9806239-df0b-49c4-b55f-fec743496fa6 None None] instance_name_template = instance-%08x {{(pid=96382) log_opt_values /opt/stack/data/venv/lib/python3.12/site-packages/oslo_config/cfg.py:3534}}
Aug 06 17:30:19.026571 np0000006677 devstack@n-api-meta.service[96382]: DEBUG nova.api.openstack.wsgi_app [None req-a9806239-df0b-49c4-b55f-fec743496fa6 None None] instance_usage_audit = False {{(pid=96382) log_opt_values /opt/stack/data/venv/lib/python3.12/site-packages/oslo_config/cfg.py:3534}}
Aug 06 17:30:19.026752 np0000006677 devstack@n-api-meta.service[96382]: DEBUG nova.api.openstack.wsgi_app [None req-a9806239-df0b-49c4-b55f-fec743496fa6 None None] instance_usage_audit_period = month {{(pid=96382) log_opt_values /opt/stack/data/venv/lib/python3.12/site-packages/oslo_config/cfg.py:3534}}
Aug 06 17:30:19.026801 np0000006677 devstack@n-api-meta.service[96382]: DEBUG nova.api.openstack.wsgi_app [None req-a9806239-df0b-49c4-b55f-fec743496fa6 None None] instance_uuid_format = [instance: %(uuid)s] {{(pid=96382) log_opt_values /opt/stack/data/venv/lib/python3.12/site-packages/oslo_config/cfg.py:3534}}
Aug 06 17:30:19.026914 np0000006677 devstack@n-api-meta.service[96382]: DEBUG nova.api.openstack.wsgi_app [None req-a9806239-df0b-49c4-b55f-fec743496fa6 None None] instances_path = /opt/stack/data/nova/instances {{(pid=96382) log_opt_values /opt/stack/data/venv/lib/python3.12/site-packages/oslo_config/cfg.py:3534}}
Aug 06 17:30:19.027078 np0000006677 devstack@n-api-meta.service[96382]: DEBUG nova.api.openstack.wsgi_app [None req-a9806239-df0b-49c4-b55f-fec743496fa6 None None] internal_service_availability_zone = internal {{(pid=96382) log_opt_values /opt/stack/data/venv/lib/python3.12/site-packages/oslo_config/cfg.py:3534}}
Aug 06 17:30:19.027195 np0000006677 devstack@n-api-meta.service[96382]: DEBUG nova.api.openstack.wsgi_app [None req-a9806239-df0b-49c4-b55f-fec743496fa6 None None] key = None {{(pid=96382) log_opt_values /opt/stack/data/venv/lib/python3.12/site-packages/oslo_config/cfg.py:3534}}
Aug 06 17:30:19.027309 np0000006677 devstack@n-api-meta.service[96382]: DEBUG nova.api.openstack.wsgi_app [None req-a9806239-df0b-49c4-b55f-fec743496fa6 None None] live_migration_retry_count = 30 {{(pid=96382) log_opt_values /opt/stack/data/venv/lib/python3.12/site-packages/oslo_config/cfg.py:3534}}
Aug 06 17:30:19.027436 np0000006677 devstack@n-api-meta.service[96382]: DEBUG nova.api.openstack.wsgi_app [None req-a9806239-df0b-49c4-b55f-fec743496fa6 None None] log_color = False {{(pid=96382) log_opt_values /opt/stack/data/venv/lib/python3.12/site-packages/oslo_config/cfg.py:3534}}
Aug 06 17:30:19.027571 np0000006677 devstack@n-api-meta.service[96382]: DEBUG nova.api.openstack.wsgi_app [None req-a9806239-df0b-49c4-b55f-fec743496fa6 None None] log_config_append = None {{(pid=96382) log_opt_values /opt/stack/data/venv/lib/python3.12/site-packages/oslo_config/cfg.py:3534}}
Aug 06 17:30:19.027690 np0000006677 devstack@n-api-meta.service[96382]: DEBUG nova.api.openstack.wsgi_app [None req-a9806239-df0b-49c4-b55f-fec743496fa6 None None] log_date_format = %Y-%m-%d %H:%M:%S {{(pid=96382) log_opt_values /opt/stack/data/venv/lib/python3.12/site-packages/oslo_config/cfg.py:3534}}
Aug 06 17:30:19.027801 np0000006677 devstack@n-api-meta.service[96382]: DEBUG nova.api.openstack.wsgi_app [None req-a9806239-df0b-49c4-b55f-fec743496fa6 None None] log_dir = None {{(pid=96382) log_opt_values /opt/stack/data/venv/lib/python3.12/site-packages/oslo_config/cfg.py:3534}}
Aug 06 17:30:19.027910 np0000006677 devstack@n-api-meta.service[96382]: DEBUG nova.api.openstack.wsgi_app [None req-a9806239-df0b-49c4-b55f-fec743496fa6 None None] log_file = None {{(pid=96382) log_opt_values /opt/stack/data/venv/lib/python3.12/site-packages/oslo_config/cfg.py:3534}}
Aug 06 17:30:19.028028 np0000006677 devstack@n-api-meta.service[96382]: DEBUG nova.api.openstack.wsgi_app [None req-a9806239-df0b-49c4-b55f-fec743496fa6 None None] log_options = True {{(pid=96382) log_opt_values /opt/stack/data/venv/lib/python3.12/site-packages/oslo_config/cfg.py:3534}}
Aug 06 17:30:19.028176 np0000006677 devstack@n-api-meta.service[96382]: DEBUG nova.api.openstack.wsgi_app [None req-a9806239-df0b-49c4-b55f-fec743496fa6 None None] log_rotate_interval = 1 {{(pid=96382) log_opt_values /opt/stack/data/venv/lib/python3.12/site-packages/oslo_config/cfg.py:3534}}
Aug 06 17:30:19.028203 np0000006677 devstack@n-api-meta.service[96381]: INFO dbcounter [None req-63ce9e2a-1642-4b66-984a-633ca7221267 None None] Registered counter for database nova_cell0
Aug 06 17:30:19.028330 np0000006677 devstack@n-api-meta.service[96382]: DEBUG nova.api.openstack.wsgi_app [None req-a9806239-df0b-49c4-b55f-fec743496fa6 None None] log_rotate_interval_type = days {{(pid=96382) log_opt_values /opt/stack/data/venv/lib/python3.12/site-packages/oslo_config/cfg.py:3534}}
Aug 06 17:30:19.028474 np0000006677 devstack@n-api-meta.service[96382]: DEBUG nova.api.openstack.wsgi_app [None req-a9806239-df0b-49c4-b55f-fec743496fa6 None None] log_rotation_type = none {{(pid=96382) log_opt_values /opt/stack/data/venv/lib/python3.12/site-packages/oslo_config/cfg.py:3534}}
Aug 06 17:30:19.028583 np0000006677 devstack@n-api-meta.service[96382]: DEBUG nova.api.openstack.wsgi_app [None req-a9806239-df0b-49c4-b55f-fec743496fa6 None None] logging_context_format_string = %(color)s%(levelname)s %(name)s [%(global_request_id)s %(request_id)s %(project_name)s %(user_name)s%(color)s] %(instance)s%(color)s%(message)s {{(pid=96382) log_opt_values /opt/stack/data/venv/lib/python3.12/site-packages/oslo_config/cfg.py:3534}}
Aug 06 17:30:19.028678 np0000006677 devstack@n-api-meta.service[96382]: DEBUG nova.api.openstack.wsgi_app [None req-a9806239-df0b-49c4-b55f-fec743496fa6 None None] logging_debug_format_suffix = {{(pid=%(process)d) %(funcName)s %(pathname)s:%(lineno)d}} {{(pid=96382) log_opt_values /opt/stack/data/venv/lib/python3.12/site-packages/oslo_config/cfg.py:3534}}
Aug 06 17:30:19.028798 np0000006677 devstack@n-api-meta.service[96382]: DEBUG nova.api.openstack.wsgi_app [None req-a9806239-df0b-49c4-b55f-fec743496fa6 None None] logging_default_format_string = %(color)s%(levelname)s %(name)s [-%(color)s] %(instance)s%(color)s%(message)s {{(pid=96382) log_opt_values /opt/stack/data/venv/lib/python3.12/site-packages/oslo_config/cfg.py:3534}}
Aug 06 17:30:19.028909 np0000006677 devstack@n-api-meta.service[96382]: DEBUG nova.api.openstack.wsgi_app [None req-a9806239-df0b-49c4-b55f-fec743496fa6 None None] logging_exception_prefix = ERROR %(name)s %(instance)s {{(pid=96382) log_opt_values /opt/stack/data/venv/lib/python3.12/site-packages/oslo_config/cfg.py:3534}}
Aug 06 17:30:19.029058 np0000006677 devstack@n-api-meta.service[96382]: DEBUG nova.api.openstack.wsgi_app [None req-a9806239-df0b-49c4-b55f-fec743496fa6 None None] logging_user_identity_format = %(user)s %(project)s %(domain)s %(system_scope)s %(user_domain)s %(project_domain)s {{(pid=96382) log_opt_values /opt/stack/data/venv/lib/python3.12/site-packages/oslo_config/cfg.py:3534}}
Aug 06 17:30:19.029160 np0000006677 devstack@n-api-meta.service[96382]: DEBUG nova.api.openstack.wsgi_app [None req-a9806239-df0b-49c4-b55f-fec743496fa6 None None] long_rpc_timeout = 1800 {{(pid=96382) log_opt_values /opt/stack/data/venv/lib/python3.12/site-packages/oslo_config/cfg.py:3534}}
Aug 06 17:30:19.029270 np0000006677 devstack@n-api-meta.service[96382]: DEBUG nova.api.openstack.wsgi_app [None req-a9806239-df0b-49c4-b55f-fec743496fa6 None None] manager_shutdown_timeout = 160 {{(pid=96382) log_opt_values /opt/stack/data/venv/lib/python3.12/site-packages/oslo_config/cfg.py:3534}}
