Aug 06 17:30:18.554803 np0000006677 nova-scheduler[96963]: DEBUG cotyledon.oslo_config_glue [-] workarounds.libvirt_disable_apic = False {{(pid=96963) log_opt_values /opt/stack/data/venv/lib/python3.12/site-packages/oslo_config/cfg.py:3545}}
Aug 06 17:30:18.554803 np0000006677 nova-scheduler[96963]: DEBUG cotyledon.oslo_config_glue [-] workarounds.never_download_image_if_on_rbd = False {{(pid=96963) log_opt_values /opt/stack/data/venv/lib/python3.12/site-packages/oslo_config/cfg.py:3545}}
Aug 06 17:30:18.554803 np0000006677 nova-scheduler[96963]: DEBUG cotyledon.oslo_config_glue [-] workarounds.qemu_monitor_announce_self_count = 3 {{(pid=96963) log_opt_values /opt/stack/data/venv/lib/python3.12/site-packages/oslo_config/cfg.py:3545}}
Aug 06 17:30:18.554803 np0000006677 nova-scheduler[96963]: DEBUG cotyledon.oslo_config_glue [-] workarounds.qemu_monitor_announce_self_interval = 1 {{(pid=96963) log_opt_values /opt/stack/data/venv/lib/python3.12/site-packages/oslo_config/cfg.py:3545}}
Aug 06 17:30:18.554803 np0000006677 nova-scheduler[96963]: DEBUG cotyledon.oslo_config_glue [-] workarounds.reserve_disk_resource_for_image_cache = False {{(pid=96963) log_opt_values /opt/stack/data/venv/lib/python3.12/site-packages/oslo_config/cfg.py:3545}}
Aug 06 17:30:18.554803 np0000006677 nova-scheduler[96963]: DEBUG cotyledon.oslo_config_glue [-] workarounds.skip_cpu_compare_at_startup = False {{(pid=96963) log_opt_values /opt/stack/data/venv/lib/python3.12/site-packages/oslo_config/cfg.py:3545}}
Aug 06 17:30:18.554803 np0000006677 nova-scheduler[96963]: DEBUG cotyledon.oslo_config_glue [-] workarounds.skip_cpu_compare_on_dest = False {{(pid=96963) log_opt_values /opt/stack/data/venv/lib/python3.12/site-packages/oslo_config/cfg.py:3545}}
Aug 06 17:30:18.554803 np0000006677 nova-scheduler[96963]: DEBUG cotyledon.oslo_config_glue [-] workarounds.skip_hypervisor_version_check_on_lm = False {{(pid=96963) log_opt_values /opt/stack/data/venv/lib/python3.12/site-packages/oslo_config/cfg.py:3545}}
Aug 06 17:30:18.554803 np0000006677 nova-scheduler[96963]: DEBUG cotyledon.oslo_config_glue [-] workarounds.skip_reserve_in_use_ironic_nodes = False {{(pid=96963) log_opt_values /opt/stack/data/venv/lib/python3.12/site-packages/oslo_config/cfg.py:3545}}
Aug 06 17:30:18.555001 np0000006677 nova-scheduler[96963]: DEBUG cotyledon.oslo_config_glue [-] workarounds.unified_limits_count_pcpu_as_vcpu = False {{(pid=96963) log_opt_values /opt/stack/data/venv/lib/python3.12/site-packages/oslo_config/cfg.py:3545}}
Aug 06 17:30:18.555001 np0000006677 nova-scheduler[96963]: DEBUG cotyledon.oslo_config_glue [-] workarounds.wait_for_vif_plugged_event_during_hard_reboot = [] {{(pid=96963) log_opt_values /opt/stack/data/venv/lib/python3.12/site-packages/oslo_config/cfg.py:3545}}
Aug 06 17:30:18.555001 np0000006677 nova-scheduler[96963]: DEBUG cotyledon.oslo_config_glue [-] wsgi.api_paste_config = /etc/nova/api-paste.ini {{(pid=96963) log_opt_values /opt/stack/data/venv/lib/python3.12/site-packages/oslo_config/cfg.py:3545}}
Aug 06 17:30:18.555001 np0000006677 nova-scheduler[96963]: DEBUG cotyledon.oslo_config_glue [-] wsgi.secure_proxy_ssl_header = None {{(pid=96963) log_opt_values /opt/stack/data/venv/lib/python3.12/site-packages/oslo_config/cfg.py:3545}}
Aug 06 17:30:18.555001 np0000006677 nova-scheduler[96963]: DEBUG cotyledon.oslo_config_glue [-] zvm.ca_file = None {{(pid=96963) log_opt_values /opt/stack/data/venv/lib/python3.12/site-packages/oslo_config/cfg.py:3545}}
Aug 06 17:30:18.555001 np0000006677 nova-scheduler[96963]: DEBUG cotyledon.oslo_config_glue [-] zvm.cloud_connector_url = None {{(pid=96963) log_opt_values /opt/stack/data/venv/lib/python3.12/site-packages/oslo_config/cfg.py:3545}}
Aug 06 17:30:18.555001 np0000006677 nova-scheduler[96963]: DEBUG cotyledon.oslo_config_glue [-] zvm.image_tmp_path = /opt/stack/data/nova/images {{(pid=96963) log_opt_values /opt/stack/data/venv/lib/python3.12/site-packages/oslo_config/cfg.py:3545}}
Aug 06 17:30:18.555001 np0000006677 nova-scheduler[96963]: DEBUG cotyledon.oslo_config_glue [-] zvm.reachable_timeout = 300 {{(pid=96963) log_opt_values /opt/stack/data/venv/lib/python3.12/site-packages/oslo_config/cfg.py:3545}}
Aug 06 17:30:18.555001 np0000006677 nova-scheduler[96963]: DEBUG cotyledon.oslo_config_glue [-] oslo_versionedobjects.fatal_exception_format_errors = False {{(pid=96963) log_opt_values /opt/stack/data/venv/lib/python3.12/site-packages/oslo_config/cfg.py:3545}}
Aug 06 17:30:18.555226 np0000006677 nova-scheduler[96963]: DEBUG cotyledon.oslo_config_glue [-] oslo_middleware.http_basic_auth_user_file = /etc/htpasswd {{(pid=96963) log_opt_values /opt/stack/data/venv/lib/python3.12/site-packages/oslo_config/cfg.py:3545}}
Aug 06 17:30:18.555226 np0000006677 nova-scheduler[96963]: DEBUG cotyledon.oslo_config_glue [-] oslo_messaging_metrics.metrics_buffer_size = 1000 {{(pid=96963) log_opt_values /opt/stack/data/venv/lib/python3.12/site-packages/oslo_config/cfg.py:3545}}
Aug 06 17:30:18.555226 np0000006677 nova-scheduler[96963]: DEBUG cotyledon.oslo_config_glue [-] oslo_messaging_metrics.metrics_enabled = False {{(pid=96963) log_opt_values /opt/stack/data/venv/lib/python3.12/site-packages/oslo_config/cfg.py:3545}}
Aug 06 17:30:18.555226 np0000006677 nova-scheduler[96963]: DEBUG cotyledon.oslo_config_glue [-] oslo_messaging_metrics.metrics_process_name = {{(pid=96963) log_opt_values /opt/stack/data/venv/lib/python3.12/site-packages/oslo_config/cfg.py:3545}}
Aug 06 17:30:18.555226 np0000006677 nova-scheduler[96963]: DEBUG cotyledon.oslo_config_glue [-] oslo_messaging_metrics.metrics_socket_file = /var/tmp/metrics_collector.sock {{(pid=96963) log_opt_values /opt/stack/data/venv/lib/python3.12/site-packages/oslo_config/cfg.py:3545}}
Aug 06 17:30:18.555226 np0000006677 nova-scheduler[96963]: DEBUG cotyledon.oslo_config_glue [-] oslo_messaging_metrics.metrics_thread_stop_timeout = 10 {{(pid=96963) log_opt_values /opt/stack/data/venv/lib/python3.12/site-packages/oslo_config/cfg.py:3545}}
Aug 06 17:30:18.555352 np0000006677 nova-scheduler[96954]: DEBUG oslo_db.sqlalchemy.engines [None req-695fffa7-bfd9-4743-8d14-e617b93f33f5 None None] MySQL server mode set to STRICT_TRANS_TABLES,STRICT_ALL_TABLES,NO_ZERO_IN_DATE,NO_ZERO_DATE,ERROR_FOR_DIVISION_BY_ZERO,TRADITIONAL,NO_ENGINE_SUBSTITUTION {{(pid=96954) _check_effective_sql_mode /opt/stack/data/venv/lib/python3.12/site-packages/oslo_db/sqlalchemy/engines.py:325}}
Aug 06 17:30:18.555382 np0000006677 nova-scheduler[96963]: DEBUG cotyledon.oslo_config_glue [-] profiler.connection_string = messaging:// {{(pid=96963) log_opt_values /opt/stack/data/venv/lib/python3.12/site-packages/oslo_config/cfg.py:3545}}
Aug 06 17:30:18.555382 np0000006677 nova-scheduler[96963]: DEBUG cotyledon.oslo_config_glue [-] profiler.enabled = False {{(pid=96963) log_opt_values /opt/stack/data/venv/lib/python3.12/site-packages/oslo_config/cfg.py:3545}}
Aug 06 17:30:18.555382 np0000006677 nova-scheduler[96963]: DEBUG cotyledon.oslo_config_glue [-] profiler.es_doc_type = notification {{(pid=96963) log_opt_values /opt/stack/data/venv/lib/python3.12/site-packages/oslo_config/cfg.py:3545}}
Aug 06 17:30:18.555382 np0000006677 nova-scheduler[96963]: DEBUG cotyledon.oslo_config_glue [-] profiler.es_scroll_size = 10000 {{(pid=96963) log_opt_values /opt/stack/data/venv/lib/python3.12/site-packages/oslo_config/cfg.py:3545}}
Aug 06 17:30:18.555382 np0000006677 nova-scheduler[96963]: DEBUG cotyledon.oslo_config_glue [-] profiler.es_scroll_time = 2m {{(pid=96963) log_opt_values /opt/stack/data/venv/lib/python3.12/site-packages/oslo_config/cfg.py:3545}}
Aug 06 17:30:18.555382 np0000006677 nova-scheduler[96963]: DEBUG cotyledon.oslo_config_glue [-] profiler.filter_error_trace = False {{(pid=96963) log_opt_values /opt/stack/data/venv/lib/python3.12/site-packages/oslo_config/cfg.py:3545}}
Aug 06 17:30:18.555382 np0000006677 nova-scheduler[96963]: DEBUG cotyledon.oslo_config_glue [-] profiler.hmac_keys = **** {{(pid=96963) log_opt_values /opt/stack/data/venv/lib/python3.12/site-packages/oslo_config/cfg.py:3545}}
Aug 06 17:30:18.555382 np0000006677 nova-scheduler[96963]: DEBUG cotyledon.oslo_config_glue [-] profiler.sentinel_service_name = mymaster {{(pid=96963) log_opt_values /opt/stack/data/venv/lib/python3.12/site-packages/oslo_config/cfg.py:3545}}
Aug 06 17:30:18.555382 np0000006677 nova-scheduler[96963]: DEBUG cotyledon.oslo_config_glue [-] profiler.socket_timeout = 0.1 {{(pid=96963) log_opt_values /opt/stack/data/venv/lib/python3.12/site-packages/oslo_config/cfg.py:3545}}
Aug 06 17:30:18.555583 np0000006677 nova-scheduler[96963]: DEBUG cotyledon.oslo_config_glue [-] profiler.trace_requests = False {{(pid=96963) log_opt_values /opt/stack/data/venv/lib/python3.12/site-packages/oslo_config/cfg.py:3545}}
Aug 06 17:30:18.555583 np0000006677 nova-scheduler[96963]: DEBUG cotyledon.oslo_config_glue [-] profiler.trace_sqlalchemy = False {{(pid=96963) log_opt_values /opt/stack/data/venv/lib/python3.12/site-packages/oslo_config/cfg.py:3545}}
Aug 06 17:30:18.555583 np0000006677 nova-scheduler[96963]: DEBUG cotyledon.oslo_config_glue [-] profiler_jaeger.process_tags = {} {{(pid=96963) log_opt_values /opt/stack/data/venv/lib/python3.12/site-packages/oslo_config/cfg.py:3545}}
Aug 06 17:30:18.555583 np0000006677 nova-scheduler[96963]: DEBUG cotyledon.oslo_config_glue [-] profiler_jaeger.service_name_prefix = None {{(pid=96963) log_opt_values /opt/stack/data/venv/lib/python3.12/site-packages/oslo_config/cfg.py:3545}}
Aug 06 17:30:18.555583 np0000006677 nova-scheduler[96963]: DEBUG cotyledon.oslo_config_glue [-] profiler_otlp.service_name_prefix = None {{(pid=96963) log_opt_values /opt/stack/data/venv/lib/python3.12/site-packages/oslo_config/cfg.py:3545}}
Aug 06 17:30:18.555583 np0000006677 nova-scheduler[96963]: DEBUG cotyledon.oslo_config_glue [-] oslo_messaging_rabbit.amqp_auto_delete = False {{(pid=96963) log_opt_values /opt/stack/data/venv/lib/python3.12/site-packages/oslo_config/cfg.py:3545}}
Aug 06 17:30:18.555583 np0000006677 nova-scheduler[96963]: DEBUG cotyledon.oslo_config_glue [-] oslo_messaging_rabbit.amqp_durable_queues = False {{(pid=96963) log_opt_values /opt/stack/data/venv/lib/python3.12/site-packages/oslo_config/cfg.py:3545}}
Aug 06 17:30:18.555583 np0000006677 nova-scheduler[96963]: DEBUG cotyledon.oslo_config_glue [-] oslo_messaging_rabbit.conn_pool_min_size = 2 {{(pid=96963) log_opt_values /opt/stack/data/venv/lib/python3.12/site-packages/oslo_config/cfg.py:3545}}
Aug 06 17:30:18.555583 np0000006677 nova-scheduler[96963]: DEBUG cotyledon.oslo_config_glue [-] oslo_messaging_rabbit.conn_pool_ttl = 1200 {{(pid=96963) log_opt_values /opt/stack/data/venv/lib/python3.12/site-packages/oslo_config/cfg.py:3545}}
Aug 06 17:30:18.555881 np0000006677 nova-scheduler[96963]: DEBUG cotyledon.oslo_config_glue [-] oslo_messaging_rabbit.direct_mandatory_flag = True {{(pid=96963) log_opt_values /opt/stack/data/venv/lib/python3.12/site-packages/oslo_config/cfg.py:3545}}
Aug 06 17:30:18.555881 np0000006677 nova-scheduler[96963]: DEBUG cotyledon.oslo_config_glue [-] oslo_messaging_rabbit.enable_cancel_on_failover = False {{(pid=96963) log_opt_values /opt/stack/data/venv/lib/python3.12/site-packages/oslo_config/cfg.py:3545}}
Aug 06 17:30:18.555881 np0000006677 nova-scheduler[96963]: DEBUG cotyledon.oslo_config_glue [-] oslo_messaging_rabbit.heartbeat_rate = 3 {{(pid=96963) log_opt_values /opt/stack/data/venv/lib/python3.12/site-packages/oslo_config/cfg.py:3545}}
Aug 06 17:30:18.555881 np0000006677 nova-scheduler[96963]: DEBUG cotyledon.oslo_config_glue [-] oslo_messaging_rabbit.heartbeat_timeout_threshold = 60 {{(pid=96963) log_opt_values /opt/stack/data/venv/lib/python3.12/site-packages/oslo_config/cfg.py:3545}}
Aug 06 17:30:18.555881 np0000006677 nova-scheduler[96963]: DEBUG cotyledon.oslo_config_glue [-] oslo_messaging_rabbit.hostname = np0000006677 {{(pid=96963) log_opt_values /opt/stack/data/venv/lib/python3.12/site-packages/oslo_config/cfg.py:3545}}
Aug 06 17:30:18.555881 np0000006677 nova-scheduler[96963]: DEBUG cotyledon.oslo_config_glue [-] oslo_messaging_rabbit.kombu_compression = None {{(pid=96963) log_opt_values /opt/stack/data/venv/lib/python3.12/site-packages/oslo_config/cfg.py:3545}}
Aug 06 17:30:18.555881 np0000006677 nova-scheduler[96963]: DEBUG cotyledon.oslo_config_glue [-] oslo_messaging_rabbit.kombu_failover_strategy = round-robin {{(pid=96963) log_opt_values /opt/stack/data/venv/lib/python3.12/site-packages/oslo_config/cfg.py:3545}}
Aug 06 17:30:18.555881 np0000006677 nova-scheduler[96963]: DEBUG cotyledon.oslo_config_glue [-] oslo_messaging_rabbit.kombu_missing_consumer_retry_timeout = 60 {{(pid=96963) log_opt_values /opt/stack/data/venv/lib/python3.12/site-packages/oslo_config/cfg.py:3545}}
Aug 06 17:30:18.555881 np0000006677 nova-scheduler[96963]: DEBUG cotyledon.oslo_config_glue [-] oslo_messaging_rabbit.kombu_reconnect_delay = 1.0 {{(pid=96963) log_opt_values /opt/stack/data/venv/lib/python3.12/site-packages/oslo_config/cfg.py:3545}}
Aug 06 17:30:18.556067 np0000006677 nova-scheduler[96963]: DEBUG cotyledon.oslo_config_glue [-] oslo_messaging_rabbit.kombu_reconnect_splay = 0.0 {{(pid=96963) log_opt_values /opt/stack/data/venv/lib/python3.12/site-packages/oslo_config/cfg.py:3545}}
Aug 06 17:30:18.556067 np0000006677 nova-scheduler[96963]: DEBUG cotyledon.oslo_config_glue [-] oslo_messaging_rabbit.processname = nova-scheduler {{(pid=96963) log_opt_values /opt/stack/data/venv/lib/python3.12/site-packages/oslo_config/cfg.py:3545}}
Aug 06 17:30:18.556067 np0000006677 nova-scheduler[96963]: DEBUG cotyledon.oslo_config_glue [-] oslo_messaging_rabbit.rabbit_ha_queues = False {{(pid=96963) log_opt_values /opt/stack/data/venv/lib/python3.12/site-packages/oslo_config/cfg.py:3545}}
Aug 06 17:30:18.556067 np0000006677 nova-scheduler[96963]: DEBUG cotyledon.oslo_config_glue [-] oslo_messaging_rabbit.rabbit_interval_max = 30 {{(pid=96963) log_opt_values /opt/stack/data/venv/lib/python3.12/site-packages/oslo_config/cfg.py:3545}}
Aug 06 17:30:18.556067 np0000006677 nova-scheduler[96963]: DEBUG cotyledon.oslo_config_glue [-] oslo_messaging_rabbit.rabbit_login_method = AMQPLAIN {{(pid=96963) log_opt_values /opt/stack/data/venv/lib/python3.12/site-packages/oslo_config/cfg.py:3545}}
Aug 06 17:30:18.556067 np0000006677 nova-scheduler[96963]: DEBUG cotyledon.oslo_config_glue [-] oslo_messaging_rabbit.rabbit_qos_prefetch_count = 0 {{(pid=96963) log_opt_values /opt/stack/data/venv/lib/python3.12/site-packages/oslo_config/cfg.py:3545}}
Aug 06 17:30:18.556067 np0000006677 nova-scheduler[96963]: DEBUG cotyledon.oslo_config_glue [-] oslo_messaging_rabbit.rabbit_quorum_delivery_limit = 0 {{(pid=96963) log_opt_values /opt/stack/data/venv/lib/python3.12/site-packages/oslo_config/cfg.py:3545}}
Aug 06 17:30:18.556067 np0000006677 nova-scheduler[96963]: DEBUG cotyledon.oslo_config_glue [-] oslo_messaging_rabbit.rabbit_quorum_max_memory_bytes = 0 {{(pid=96963) log_opt_values /opt/stack/data/venv/lib/python3.12/site-packages/oslo_config/cfg.py:3545}}
Aug 06 17:30:18.556067 np0000006677 nova-scheduler[96963]: DEBUG cotyledon.oslo_config_glue [-] oslo_messaging_rabbit.rabbit_quorum_max_memory_length = 0 {{(pid=96963) log_opt_values /opt/stack/data/venv/lib/python3.12/site-packages/oslo_config/cfg.py:3545}}
Aug 06 17:30:18.556243 np0000006677 nova-scheduler[96963]: DEBUG cotyledon.oslo_config_glue [-] oslo_messaging_rabbit.rabbit_quorum_queue = False {{(pid=96963) log_opt_values /opt/stack/data/venv/lib/python3.12/site-packages/oslo_config/cfg.py:3545}}
Aug 06 17:30:18.556266 np0000006677 nova-scheduler[96965]: INFO dbcounter [None req-c19b782b-6dbe-4be6-86b2-bc4fafca6346 None None] Registered counter for database nova_cell0
Aug 06 17:30:18.556300 np0000006677 nova-scheduler[96963]: DEBUG cotyledon.oslo_config_glue [-] oslo_messaging_rabbit.rabbit_retry_backoff = 2 {{(pid=96963) log_opt_values /opt/stack/data/venv/lib/python3.12/site-packages/oslo_config/cfg.py:3545}}
Aug 06 17:30:18.556300 np0000006677 nova-scheduler[96963]: DEBUG cotyledon.oslo_config_glue [-] oslo_messaging_rabbit.rabbit_retry_interval = 1 {{(pid=96963) log_opt_values /opt/stack/data/venv/lib/python3.12/site-packages/oslo_config/cfg.py:3545}}
Aug 06 17:30:18.556300 np0000006677 nova-scheduler[96963]: DEBUG cotyledon.oslo_config_glue [-] oslo_messaging_rabbit.rabbit_stream_fanout = False {{(pid=96963) log_opt_values /opt/stack/data/venv/lib/python3.12/site-packages/oslo_config/cfg.py:3545}}
Aug 06 17:30:18.556300 np0000006677 nova-scheduler[96963]: DEBUG cotyledon.oslo_config_glue [-] oslo_messaging_rabbit.rabbit_transient_queues_ttl = 1800 {{(pid=96963) log_opt_values /opt/stack/data/venv/lib/python3.12/site-packages/oslo_config/cfg.py:3545}}
Aug 06 17:30:18.556300 np0000006677 nova-scheduler[96963]: DEBUG cotyledon.oslo_config_glue [-] oslo_messaging_rabbit.rabbit_transient_quorum_queue = False {{(pid=96963) log_opt_values /opt/stack/data/venv/lib/python3.12/site-packages/oslo_config/cfg.py:3545}}
Aug 06 17:30:18.556300 np0000006677 nova-scheduler[96963]: DEBUG cotyledon.oslo_config_glue [-] oslo_messaging_rabbit.rpc_conn_pool_size = 30 {{(pid=96963) log_opt_values /opt/stack/data/venv/lib/python3.12/site-packages/oslo_config/cfg.py:3545}}
Aug 06 17:30:18.556300 np0000006677 nova-scheduler[96963]: DEBUG cotyledon.oslo_config_glue [-] oslo_messaging_rabbit.ssl = False {{(pid=96963) log_opt_values /opt/stack/data/venv/lib/python3.12/site-packages/oslo_config/cfg.py:3545}}
Aug 06 17:30:18.556300 np0000006677 nova-scheduler[96963]: DEBUG cotyledon.oslo_config_glue [-] oslo_messaging_rabbit.ssl_ca_file = {{(pid=96963) log_opt_values /opt/stack/data/venv/lib/python3.12/site-packages/oslo_config/cfg.py:3545}}
Aug 06 17:30:18.556300 np0000006677 nova-scheduler[96963]: DEBUG cotyledon.oslo_config_glue [-] oslo_messaging_rabbit.ssl_cert_file = {{(pid=96963) log_opt_values /opt/stack/data/venv/lib/python3.12/site-packages/oslo_config/cfg.py:3545}}
Aug 06 17:30:18.556489 np0000006677 nova-scheduler[96963]: DEBUG cotyledon.oslo_config_glue [-] oslo_messaging_rabbit.ssl_enforce_fips_mode = False {{(pid=96963) log_opt_values /opt/stack/data/venv/lib/python3.12/site-packages/oslo_config/cfg.py:3545}}
Aug 06 17:30:18.556489 np0000006677 nova-scheduler[96963]: DEBUG cotyledon.oslo_config_glue [-] oslo_messaging_rabbit.ssl_enforce_hostname_verification = True {{(pid=96963) log_opt_values /opt/stack/data/venv/lib/python3.12/site-packages/oslo_config/cfg.py:3545}}
Aug 06 17:30:18.556489 np0000006677 nova-scheduler[96963]: DEBUG cotyledon.oslo_config_glue [-] oslo_messaging_rabbit.ssl_key_file = {{(pid=96963) log_opt_values /opt/stack/data/venv/lib/python3.12/site-packages/oslo_config/cfg.py:3545}}
Aug 06 17:30:18.556489 np0000006677 nova-scheduler[96963]: DEBUG cotyledon.oslo_config_glue [-] oslo_messaging_rabbit.ssl_version = {{(pid=96963) log_opt_values /opt/stack/data/venv/lib/python3.12/site-packages/oslo_config/cfg.py:3545}}
Aug 06 17:30:18.556489 np0000006677 nova-scheduler[96963]: DEBUG cotyledon.oslo_config_glue [-] oslo_messaging_rabbit.use_queue_manager = False {{(pid=96963) log_opt_values /opt/stack/data/venv/lib/python3.12/site-packages/oslo_config/cfg.py:3545}}
Aug 06 17:30:18.556489 np0000006677 nova-scheduler[96963]: DEBUG cotyledon.oslo_config_glue [-] oslo_messaging_notifications.driver = ['messagingv2'] {{(pid=96963) log_opt_values /opt/stack/data/venv/lib/python3.12/site-packages/oslo_config/cfg.py:3545}}
Aug 06 17:30:18.556489 np0000006677 nova-scheduler[96963]: DEBUG cotyledon.oslo_config_glue [-] oslo_messaging_notifications.retry = -1 {{(pid=96963) log_opt_values /opt/stack/data/venv/lib/python3.12/site-packages/oslo_config/cfg.py:3545}}
Aug 06 17:30:18.556489 np0000006677 nova-scheduler[96963]: DEBUG cotyledon.oslo_config_glue [-] oslo_messaging_notifications.topics = ['notifications'] {{(pid=96963) log_opt_values /opt/stack/data/venv/lib/python3.12/site-packages/oslo_config/cfg.py:3545}}
Aug 06 17:30:18.556489 np0000006677 nova-scheduler[96963]: DEBUG cotyledon.oslo_config_glue [-] oslo_messaging_notifications.transport_url = **** {{(pid=96963) log_opt_values /opt/stack/data/venv/lib/python3.12/site-packages/oslo_config/cfg.py:3545}}
Aug 06 17:30:18.556658 np0000006677 nova-scheduler[96963]: DEBUG cotyledon.oslo_config_glue [-] oslo_limit.auth_section = None {{(pid=96963) log_opt_values /opt/stack/data/venv/lib/python3.12/site-packages/oslo_config/cfg.py:3545}}
Aug 06 17:30:18.556658 np0000006677 nova-scheduler[96963]: DEBUG cotyledon.oslo_config_glue [-] oslo_limit.auth_type = None {{(pid=96963) log_opt_values /opt/stack/data/venv/lib/python3.12/site-packages/oslo_config/cfg.py:3545}}
Aug 06 17:30:18.556658 np0000006677 nova-scheduler[96963]: DEBUG cotyledon.oslo_config_glue [-] oslo_limit.cafile = None {{(pid=96963) log_opt_values /opt/stack/data/venv/lib/python3.12/site-packages/oslo_config/cfg.py:3545}}
Aug 06 17:30:18.556658 np0000006677 nova-scheduler[96963]: DEBUG cotyledon.oslo_config_glue [-] oslo_limit.certfile = None {{(pid=96963) log_opt_values /opt/stack/data/venv/lib/python3.12/site-packages/oslo_config/cfg.py:3545}}
Aug 06 17:30:18.556658 np0000006677 nova-scheduler[96963]: DEBUG cotyledon.oslo_config_glue [-] oslo_limit.collect_timing = False {{(pid=96963) log_opt_values /opt/stack/data/venv/lib/python3.12/site-packages/oslo_config/cfg.py:3545}}
Aug 06 17:30:18.556658 np0000006677 nova-scheduler[96963]: DEBUG cotyledon.oslo_config_glue [-] oslo_limit.connect_retries = None {{(pid=96963) log_opt_values /opt/stack/data/venv/lib/python3.12/site-packages/oslo_config/cfg.py:3545}}
Aug 06 17:30:18.556658 np0000006677 nova-scheduler[96963]: DEBUG cotyledon.oslo_config_glue [-] oslo_limit.connect_retry_delay = None {{(pid=96963) log_opt_values /opt/stack/data/venv/lib/python3.12/site-packages/oslo_config/cfg.py:3545}}
Aug 06 17:30:18.556658 np0000006677 nova-scheduler[96963]: DEBUG cotyledon.oslo_config_glue [-] oslo_limit.endpoint_id = None {{(pid=96963) log_opt_values /opt/stack/data/venv/lib/python3.12/site-packages/oslo_config/cfg.py:3545}}
Aug 06 17:30:18.556658 np0000006677 nova-scheduler[96963]: DEBUG cotyledon.oslo_config_glue [-] oslo_limit.endpoint_interface = public {{(pid=96963) log_opt_values /opt/stack/data/venv/lib/python3.12/site-packages/oslo_config/cfg.py:3545}}
Aug 06 17:30:18.557091 np0000006677 nova-scheduler[96963]: DEBUG cotyledon.oslo_config_glue [-] oslo_limit.endpoint_override = None {{(pid=96963) log_opt_values /opt/stack/data/venv/lib/python3.12/site-packages/oslo_config/cfg.py:3545}}
Aug 06 17:30:18.557091 np0000006677 nova-scheduler[96963]: DEBUG cotyledon.oslo_config_glue [-] oslo_limit.endpoint_region_name = None {{(pid=96963) log_opt_values /opt/stack/data/venv/lib/python3.12/site-packages/oslo_config/cfg.py:3545}}
Aug 06 17:30:18.557091 np0000006677 nova-scheduler[96963]: DEBUG cotyledon.oslo_config_glue [-] oslo_limit.endpoint_service_name = None {{(pid=96963) log_opt_values /opt/stack/data/venv/lib/python3.12/site-packages/oslo_config/cfg.py:3545}}
Aug 06 17:30:18.557091 np0000006677 nova-scheduler[96963]: DEBUG cotyledon.oslo_config_glue [-] oslo_limit.endpoint_service_type = None {{(pid=96963) log_opt_values /opt/stack/data/venv/lib/python3.12/site-packages/oslo_config/cfg.py:3545}}
Aug 06 17:30:18.557190 np0000006677 nova-scheduler[96957]: DEBUG dbcounter [-] [96957] Writer thread running {{(pid=96957) stat_writer /opt/stack/data/venv/lib/python3.12/site-packages/dbcounter.py:102}}
Aug 06 17:30:18.557221 np0000006677 nova-scheduler[96963]: DEBUG cotyledon.oslo_config_glue [-] oslo_limit.insecure = False {{(pid=96963) log_opt_values /opt/stack/data/venv/lib/python3.12/site-packages/oslo_config/cfg.py:3545}}
Aug 06 17:30:18.557221 np0000006677 nova-scheduler[96963]: DEBUG cotyledon.oslo_config_glue [-] oslo_limit.keyfile = None {{(pid=96963) log_opt_values /opt/stack/data/venv/lib/python3.12/site-packages/oslo_config/cfg.py:3545}}
Aug 06 17:30:18.557221 np0000006677 nova-scheduler[96963]: DEBUG cotyledon.oslo_config_glue [-] oslo_limit.max_version = None {{(pid=96963) log_opt_values /opt/stack/data/venv/lib/python3.12/site-packages/oslo_config/cfg.py:3545}}
Aug 06 17:30:18.557221 np0000006677 nova-scheduler[96963]: DEBUG cotyledon.oslo_config_glue [-] oslo_limit.min_version = None {{(pid=96963) log_opt_values /opt/stack/data/venv/lib/python3.12/site-packages/oslo_config/cfg.py:3545}}
Aug 06 17:30:18.557221 np0000006677 nova-scheduler[96963]: DEBUG cotyledon.oslo_config_glue [-] oslo_limit.region_name = None {{(pid=96963) log_opt_values /opt/stack/data/venv/lib/python3.12/site-packages/oslo_config/cfg.py:3545}}
Aug 06 17:30:18.557221 np0000006677 nova-scheduler[96963]: DEBUG cotyledon.oslo_config_glue [-] oslo_limit.retriable_status_codes = None {{(pid=96963) log_opt_values /opt/stack/data/venv/lib/python3.12/site-packages/oslo_config/cfg.py:3545}}
Aug 06 17:30:18.557221 np0000006677 nova-scheduler[96963]: DEBUG cotyledon.oslo_config_glue [-] oslo_limit.service_name = None {{(pid=96963) log_opt_values /opt/stack/data/venv/lib/python3.12/site-packages/oslo_config/cfg.py:3545}}
Aug 06 17:30:18.557221 np0000006677 nova-scheduler[96963]: DEBUG cotyledon.oslo_config_glue [-] oslo_limit.service_type = None {{(pid=96963) log_opt_values /opt/stack/data/venv/lib/python3.12/site-packages/oslo_config/cfg.py:3545}}
Aug 06 17:30:18.557221 np0000006677 nova-scheduler[96963]: DEBUG cotyledon.oslo_config_glue [-] oslo_limit.split_loggers = False {{(pid=96963) log_opt_values /opt/stack/data/venv/lib/python3.12/site-packages/oslo_config/cfg.py:3545}}
Aug 06 17:30:18.557388 np0000006677 nova-scheduler[96963]: DEBUG cotyledon.oslo_config_glue [-] oslo_limit.status_code_retries = None {{(pid=96963) log_opt_values /opt/stack/data/venv/lib/python3.12/site-packages/oslo_config/cfg.py:3545}}
Aug 06 17:30:18.557388 np0000006677 nova-scheduler[96963]: DEBUG cotyledon.oslo_config_glue [-] oslo_limit.status_code_retry_delay = None {{(pid=96963) log_opt_values /opt/stack/data/venv/lib/python3.12/site-packages/oslo_config/cfg.py:3545}}
Aug 06 17:30:18.557388 np0000006677 nova-scheduler[96963]: DEBUG cotyledon.oslo_config_glue [-] oslo_limit.timeout = None {{(pid=96963) log_opt_values /opt/stack/data/venv/lib/python3.12/site-packages/oslo_config/cfg.py:3545}}
Aug 06 17:30:18.557388 np0000006677 nova-scheduler[96963]: DEBUG cotyledon.oslo_config_glue [-] oslo_limit.valid_interfaces = None {{(pid=96963) log_opt_values /opt/stack/data/venv/lib/python3.12/site-packages/oslo_config/cfg.py:3545}}
Aug 06 17:30:18.557388 np0000006677 nova-scheduler[96963]: DEBUG cotyledon.oslo_config_glue [-] oslo_limit.version = None {{(pid=96963) log_opt_values /opt/stack/data/venv/lib/python3.12/site-packages/oslo_config/cfg.py:3545}}
Aug 06 17:30:18.557388 np0000006677 nova-scheduler[96963]: DEBUG cotyledon.oslo_config_glue [-] oslo_reports.file_event_handler = None {{(pid=96963) log_opt_values /opt/stack/data/venv/lib/python3.12/site-packages/oslo_config/cfg.py:3545}}
Aug 06 17:30:18.557388 np0000006677 nova-scheduler[96963]: DEBUG cotyledon.oslo_config_glue [-] oslo_reports.file_event_handler_interval = 1 {{(pid=96963) log_opt_values /opt/stack/data/venv/lib/python3.12/site-packages/oslo_config/cfg.py:3545}}
Aug 06 17:30:18.557388 np0000006677 nova-scheduler[96963]: DEBUG cotyledon.oslo_config_glue [-] oslo_reports.log_dir = None {{(pid=96963) log_opt_values /opt/stack/data/venv/lib/python3.12/site-packages/oslo_config/cfg.py:3545}}
Aug 06 17:30:18.557388 np0000006677 nova-scheduler[96963]: DEBUG cotyledon.oslo_config_glue [-] ******************************************************************************** {{(pid=96963) log_opt_values /opt/stack/data/venv/lib/python3.12/site-packages/oslo_config/cfg.py:3552}}
Aug 06 17:30:18.557576 np0000006677 nova-scheduler[96963]: DEBUG cotyledon._service_worker [-] Run service ServiceWrapper(2) [96963] {{(pid=96963) wait_forever /opt/stack/data/venv/lib/python3.12/site-packages/cotyledon/_service_worker.py:218}}
Aug 06 17:30:18.557576 np0000006677 nova-scheduler[96963]: INFO nova.service [-] Starting scheduler node (version 33.1.0)
Aug 06 17:30:18.557576 np0000006677 nova-scheduler[96963]: INFO dbcounter [None req-e30d4103-1603-47d7-977b-752607120fb8 None None] Registered counter for database nova_cell0
Aug 06 17:30:18.557635 np0000006677 nova-scheduler[96954]: DEBUG dbcounter [-] [96954] Writer thread running {{(pid=96954) stat_writer /opt/stack/data/venv/lib/python3.12/site-packages/dbcounter.py:102}}
Aug 06 17:30:18.557659 np0000006677 nova-scheduler[96957]: DEBUG nova.service [None req-12a15f9e-984a-4ce5-a3e3-066b8403b29e None None] Creating RPC server for service: nova-scheduler on topic: scheduler {{(pid=96957) start /opt/stack/nova/nova/service.py:196}}
Aug 06 17:30:18.564895 np0000006677 nova-scheduler[96954]: DEBUG nova.service [None req-695fffa7-bfd9-4743-8d14-e617b93f33f5 None None] Creating RPC server for service: nova-scheduler on topic: scheduler {{(pid=96954) start /opt/stack/nova/nova/service.py:196}}
Aug 06 17:30:18.573530 np0000006677 nova-scheduler[96965]: DEBUG oslo_db.sqlalchemy.engines [None req-c19b782b-6dbe-4be6-86b2-bc4fafca6346 None None] MySQL server mode set to STRICT_TRANS_TABLES,STRICT_ALL_TABLES,NO_ZERO_IN_DATE,NO_ZERO_DATE,ERROR_FOR_DIVISION_BY_ZERO,TRADITIONAL,NO_ENGINE_SUBSTITUTION {{(pid=96965) _check_effective_sql_mode /opt/stack/data/venv/lib/python3.12/site-packages/oslo_db/sqlalchemy/engines.py:325}}
Aug 06 17:30:18.583621 np0000006677 nova-scheduler[96965]: DEBUG dbcounter [-] [96965] Writer thread running {{(pid=96965) stat_writer /opt/stack/data/venv/lib/python3.12/site-packages/dbcounter.py:102}}
Aug 06 17:30:18.584759 np0000006677 nova-scheduler[96954]: DEBUG nova.service [None req-695fffa7-bfd9-4743-8d14-e617b93f33f5 None None] Join ServiceGroup membership for this service scheduler {{(pid=96954) start /opt/stack/nova/nova/service.py:222}}
Aug 06 17:30:18.584925 np0000006677 nova-scheduler[96954]: DEBUG nova.servicegroup.drivers.db [None req-695fffa7-bfd9-4743-8d14-e617b93f33f5 None None] DB_Driver: join new ServiceGroup member np0000006677 to the scheduler group, service = {{(pid=96954) join /opt/stack/nova/nova/servicegroup/drivers/db.py:44}}
Aug 06 17:30:18.586714 np0000006677 nova-scheduler[96965]: DEBUG nova.service [None req-c19b782b-6dbe-4be6-86b2-bc4fafca6346 None None] Creating RPC server for service: nova-scheduler on topic: scheduler {{(pid=96965) start /opt/stack/nova/nova/service.py:196}}
Aug 06 17:30:18.588102 np0000006677 nova-scheduler[96957]: DEBUG nova.service [None req-12a15f9e-984a-4ce5-a3e3-066b8403b29e None None] Join ServiceGroup membership for this service scheduler {{(pid=96957) start /opt/stack/nova/nova/service.py:222}}
Aug 06 17:30:18.588350 np0000006677 nova-scheduler[96957]: DEBUG nova.servicegroup.drivers.db [None req-12a15f9e-984a-4ce5-a3e3-066b8403b29e None None] DB_Driver: join new ServiceGroup member np0000006677 to the scheduler group, service = {{(pid=96957) join /opt/stack/nova/nova/servicegroup/drivers/db.py:44}}
Aug 06 17:30:18.590432 np0000006677 nova-scheduler[96957]: DEBUG oslo.service.backend._threading.loopingcall [None req-fb0a90a1-a813-46d4-9901-757080929715 None None] Dynamic interval looping call 'nova.service.Service.periodic_tasks' sleeping for 60.00 seconds {{(pid=96957) _run_loop /opt/stack/data/venv/lib/python3.12/site-packages/oslo_service/backend/_threading/loopingcall.py:125}}
Aug 06 17:30:18.591080 np0000006677 nova-scheduler[96963]: DEBUG oslo_db.sqlalchemy.engines [None req-e30d4103-1603-47d7-977b-752607120fb8 None None] MySQL server mode set to STRICT_TRANS_TABLES,STRICT_ALL_TABLES,NO_ZERO_IN_DATE,NO_ZERO_DATE,ERROR_FOR_DIVISION_BY_ZERO,TRADITIONAL,NO_ENGINE_SUBSTITUTION {{(pid=96963) _check_effective_sql_mode /opt/stack/data/venv/lib/python3.12/site-packages/oslo_db/sqlalchemy/engines.py:325}}
Aug 06 17:30:18.601268 np0000006677 nova-scheduler[96963]: DEBUG dbcounter [-] [96963] Writer thread running {{(pid=96963) stat_writer /opt/stack/data/venv/lib/python3.12/site-packages/dbcounter.py:102}}
Aug 06 17:30:18.603189 np0000006677 nova-scheduler[96965]: DEBUG nova.service [None req-c19b782b-6dbe-4be6-86b2-bc4fafca6346 None None] Join ServiceGroup membership for this service scheduler {{(pid=96965) start /opt/stack/nova/nova/service.py:222}}
Aug 06 17:30:18.603535 np0000006677 nova-scheduler[96965]: DEBUG nova.servicegroup.drivers.db [None req-c19b782b-6dbe-4be6-86b2-bc4fafca6346 None None] DB_Driver: join new ServiceGroup member np0000006677 to the scheduler group, service = {{(pid=96965) join /opt/stack/nova/nova/servicegroup/drivers/db.py:44}}
Aug 06 17:30:18.604225 np0000006677 nova-scheduler[96963]: DEBUG nova.service [None req-e30d4103-1603-47d7-977b-752607120fb8 None None] Creating RPC server for service: nova-scheduler on topic: scheduler {{(pid=96963) start /opt/stack/nova/nova/service.py:196}}
Aug 06 17:30:18.620999 np0000006677 nova-scheduler[96963]: DEBUG nova.service [None req-e30d4103-1603-47d7-977b-752607120fb8 None None] Join ServiceGroup membership for this service scheduler {{(pid=96963) start /opt/stack/nova/nova/service.py:222}}
Aug 06 17:30:18.621314 np0000006677 nova-scheduler[96963]: DEBUG nova.servicegroup.drivers.db [None req-e30d4103-1603-47d7-977b-752607120fb8 None None] DB_Driver: join new ServiceGroup member np0000006677 to the scheduler group, service = {{(pid=96963) join /opt/stack/nova/nova/servicegroup/drivers/db.py:44}}
Aug 06 17:30:23.596474 np0000006677 nova-scheduler[96954]: DEBUG oslo.service.backend._threading.loopingcall [-] Fixed interval looping call 'nova.servicegroup.drivers.db.DbDriver._report_state' sleeping for 119.99 seconds {{(pid=96954) _run_loop /opt/stack/data/venv/lib/python3.12/site-packages/oslo_service/backend/_threading/loopingcall.py:125}}
Aug 06 17:30:23.598465 np0000006677 nova-scheduler[96957]: DEBUG oslo.service.backend._threading.loopingcall [-] Fixed interval looping call 'nova.servicegroup.drivers.db.DbDriver._report_state' sleeping for 119.99 seconds {{(pid=96957) _run_loop /opt/stack/data/venv/lib/python3.12/site-packages/oslo_service/backend/_threading/loopingcall.py:125}}
Aug 06 17:30:23.613189 np0000006677 nova-scheduler[96965]: DEBUG oslo.service.backend._threading.loopingcall [-] Fixed interval looping call 'nova.servicegroup.drivers.db.DbDriver._report_state' sleeping for 119.99 seconds {{(pid=96965) _run_loop /opt/stack/data/venv/lib/python3.12/site-packages/oslo_service/backend/_threading/loopingcall.py:125}}
Aug 06 17:30:23.631588 np0000006677 nova-scheduler[96963]: DEBUG oslo.service.backend._threading.loopingcall [-] Fixed interval looping call 'nova.servicegroup.drivers.db.DbDriver._report_state' sleeping for 119.99 seconds {{(pid=96963) _run_loop /opt/stack/data/venv/lib/python3.12/site-packages/oslo_service/backend/_threading/loopingcall.py:125}}
Aug 06 17:30:27.148296 np0000006677 nova-scheduler[95759]: DEBUG dbcounter [-] [95759] Writing DB stats nova_api:SELECT=3 {{(pid=95759) stat_writer /opt/stack/data/venv/lib/python3.12/site-packages/dbcounter.py:115}}
Aug 06 17:30:27.268272 np0000006677 nova-scheduler[95759]: DEBUG dbcounter [-] [95759] Writing DB stats nova_cell0:SELECT=1 {{(pid=95759) stat_writer /opt/stack/data/venv/lib/python3.12/site-packages/dbcounter.py:115}}
Aug 06 17:30:27.272699 np0000006677 nova-scheduler[95759]: DEBUG dbcounter [-] [95759] Writing DB stats nova_cell1:SELECT=1 {{(pid=95759) stat_writer /opt/stack/data/venv/lib/python3.12/site-packages/dbcounter.py:115}}
Aug 06 17:30:33.593512 np0000006677 nova-scheduler[96954]: DEBUG dbcounter [-] [96954] Writing DB stats nova_cell0:SELECT=5,nova_cell0:INSERT=1,nova_cell0:UPDATE=1 {{(pid=96954) stat_writer /opt/stack/data/venv/lib/python3.12/site-packages/dbcounter.py:115}}
Aug 06 17:30:33.596275 np0000006677 nova-scheduler[96957]: DEBUG dbcounter [-] [96957] Writing DB stats nova_cell0:SELECT=4,nova_cell0:INSERT=1 {{(pid=96957) stat_writer /opt/stack/data/venv/lib/python3.12/site-packages/dbcounter.py:115}}
Aug 06 17:30:33.611286 np0000006677 nova-scheduler[96965]: DEBUG dbcounter [-] [96965] Writing DB stats nova_cell0:SELECT=3 {{(pid=96965) stat_writer /opt/stack/data/venv/lib/python3.12/site-packages/dbcounter.py:115}}
Aug 06 17:30:33.631988 np0000006677 nova-scheduler[96963]: DEBUG dbcounter [-] [96963] Writing DB stats nova_cell0:SELECT=3 {{(pid=96963) stat_writer /opt/stack/data/venv/lib/python3.12/site-packages/dbcounter.py:115}}
Aug 06 17:30:42.623108 np0000006677 nova-scheduler[96963]: DEBUG oslo.service.backend._threading.loopingcall [None req-32739b39-0943-42f0-b4bf-2930d7afe5dc None None] Dynamic interval looping call 'nova.service.Service.periodic_tasks' sleeping for 60.00 seconds {{(pid=96963) _run_loop /opt/stack/data/venv/lib/python3.12/site-packages/oslo_service/backend/_threading/loopingcall.py:125}}
Aug 06 17:30:52.605551 np0000006677 nova-scheduler[96965]: DEBUG oslo.service.backend._threading.loopingcall [None req-4d17509c-3278-4ba9-aa4f-9d1a39d58c34 None None] Dynamic interval looping call 'nova.service.Service.periodic_tasks' sleeping for 60.00 seconds {{(pid=96965) _run_loop /opt/stack/data/venv/lib/python3.12/site-packages/oslo_service/backend/_threading/loopingcall.py:125}}
Aug 06 17:31:13.586569 np0000006677 nova-scheduler[96954]: DEBUG oslo.service.backend._threading.loopingcall [None req-91e784e2-c4af-4ae7-b99e-7196313c3698 None None] Dynamic interval looping call 'nova.service.Service.periodic_tasks' sleeping for 60.00 seconds {{(pid=96954) _run_loop /opt/stack/data/venv/lib/python3.12/site-packages/oslo_service/backend/_threading/loopingcall.py:125}}
Aug 06 17:31:18.591083 np0000006677 nova-scheduler[96957]: DEBUG oslo.service.backend._threading.loopingcall [None req-fb0a90a1-a813-46d4-9901-757080929715 None None] Dynamic interval looping call 'nova.service.Service.periodic_tasks' sleeping for 60.00 seconds {{(pid=96957) _run_loop /opt/stack/data/venv/lib/python3.12/site-packages/oslo_service/backend/_threading/loopingcall.py:125}}
Aug 06 17:31:42.623582 np0000006677 nova-scheduler[96963]: DEBUG oslo.service.backend._threading.loopingcall [None req-32739b39-0943-42f0-b4bf-2930d7afe5dc None None] Dynamic interval looping call 'nova.service.Service.periodic_tasks' sleeping for 60.00 seconds {{(pid=96963) _run_loop /opt/stack/data/venv/lib/python3.12/site-packages/oslo_service/backend/_threading/loopingcall.py:125}}
Aug 06 17:31:52.606103 np0000006677 nova-scheduler[96965]: DEBUG oslo.service.backend._threading.loopingcall [None req-4d17509c-3278-4ba9-aa4f-9d1a39d58c34 None None] Dynamic interval looping call 'nova.service.Service.periodic_tasks' sleeping for 60.00 seconds {{(pid=96965) _run_loop /opt/stack/data/venv/lib/python3.12/site-packages/oslo_service/backend/_threading/loopingcall.py:125}}
Aug 06 17:32:13.587133 np0000006677 nova-scheduler[96954]: DEBUG oslo.service.backend._threading.loopingcall [None req-91e784e2-c4af-4ae7-b99e-7196313c3698 None None] Dynamic interval looping call 'nova.service.Service.periodic_tasks' sleeping for 60.00 seconds {{(pid=96954) _run_loop /opt/stack/data/venv/lib/python3.12/site-packages/oslo_service/backend/_threading/loopingcall.py:125}}
Aug 06 17:32:18.592011 np0000006677 nova-scheduler[96957]: DEBUG oslo.service.backend._threading.loopingcall [None req-fb0a90a1-a813-46d4-9901-757080929715 None None] Dynamic interval looping call 'nova.service.Service.periodic_tasks' sleeping for 60.00 seconds {{(pid=96957) _run_loop /opt/stack/data/venv/lib/python3.12/site-packages/oslo_service/backend/_threading/loopingcall.py:125}}
Aug 06 17:32:23.595186 np0000006677 nova-scheduler[96954]: DEBUG oslo.service.backend._threading.loopingcall [-] Fixed interval looping call 'nova.servicegroup.drivers.db.DbDriver._report_state' sleeping for 119.99 seconds {{(pid=96954) _run_loop /opt/stack/data/venv/lib/python3.12/site-packages/oslo_service/backend/_threading/loopingcall.py:125}}
Aug 06 17:32:23.596647 np0000006677 nova-scheduler[96957]: DEBUG oslo.service.backend._threading.loopingcall [-] Fixed interval looping call 'nova.servicegroup.drivers.db.DbDriver._report_state' sleeping for 119.99 seconds {{(pid=96957) _run_loop /opt/stack/data/venv/lib/python3.12/site-packages/oslo_service/backend/_threading/loopingcall.py:125}}
Aug 06 17:32:23.607563 np0000006677 nova-scheduler[96965]: DEBUG oslo.service.backend._threading.loopingcall [-] Fixed interval looping call 'nova.servicegroup.drivers.db.DbDriver._report_state' sleeping for 120.00 seconds {{(pid=96965) _run_loop /opt/stack/data/venv/lib/python3.12/site-packages/oslo_service/backend/_threading/loopingcall.py:125}}
Aug 06 17:32:23.626886 np0000006677 nova-scheduler[96963]: DEBUG oslo.service.backend._threading.loopingcall [-] Fixed interval looping call 'nova.servicegroup.drivers.db.DbDriver._report_state' sleeping for 120.00 seconds {{(pid=96963) _run_loop /opt/stack/data/venv/lib/python3.12/site-packages/oslo_service/backend/_threading/loopingcall.py:125}}
Aug 06 17:32:27.318629 np0000006677 nova-scheduler[96954]: DEBUG nova.scheduler.manager [None req-155e20a2-2440-4642-91cb-6123740cc335 tempest-ServerRescueNegativeTestJSON-970148106 tempest-ServerRescueNegativeTestJSON-970148106-project-member] Starting to schedule for instances: ['adaaf60d-d199-4e73-9d60-1cf862ab4729'] {{(pid=96954) select_destinations /opt/stack/nova/nova/scheduler/manager.py:209}}
Aug 06 17:32:27.319062 np0000006677 nova-scheduler[96954]: DEBUG nova.scheduler.request_filter [None req-155e20a2-2440-4642-91cb-6123740cc335 tempest-ServerRescueNegativeTestJSON-970148106 tempest-ServerRescueNegativeTestJSON-970148106-project-member] compute_status_filter request filter added forbidden trait COMPUTE_STATUS_DISABLED {{(pid=96954) compute_status_filter /opt/stack/nova/nova/scheduler/request_filter.py:253}}
Aug 06 17:32:27.319230 np0000006677 nova-scheduler[96954]: DEBUG nova.scheduler.request_filter [None req-155e20a2-2440-4642-91cb-6123740cc335 tempest-ServerRescueNegativeTestJSON-970148106 tempest-ServerRescueNegativeTestJSON-970148106-project-member] Request filter 'compute_status_filter' took 0.0 seconds {{(pid=96954) wrapper /opt/stack/nova/nova/scheduler/request_filter.py:46}}
Aug 06 17:32:27.319589 np0000006677 nova-scheduler[96954]: DEBUG nova.scheduler.request_filter [None req-155e20a2-2440-4642-91cb-6123740cc335 tempest-ServerRescueNegativeTestJSON-970148106 tempest-ServerRescueNegativeTestJSON-970148106-project-member] Request filter 'accelerators_filter' took 0.0 seconds {{(pid=96954) wrapper /opt/stack/nova/nova/scheduler/request_filter.py:46}}
Aug 06 17:32:27.319781 np0000006677 nova-scheduler[96954]: DEBUG nova.scheduler.request_filter [None req-155e20a2-2440-4642-91cb-6123740cc335 tempest-ServerRescueNegativeTestJSON-970148106 tempest-ServerRescueNegativeTestJSON-970148106-project-member] Request filter 'packed_virtqueue_filter' took 0.0 seconds {{(pid=96954) wrapper /opt/stack/nova/nova/scheduler/request_filter.py:46}}
Aug 06 17:32:27.320072 np0000006677 nova-scheduler[96954]: DEBUG nova.scheduler.request_filter [None req-155e20a2-2440-4642-91cb-6123740cc335 tempest-ServerRescueNegativeTestJSON-970148106 tempest-ServerRescueNegativeTestJSON-970148106-project-member] Request filter 'remote_managed_ports_filter' took 0.0 seconds {{(pid=96954) wrapper /opt/stack/nova/nova/scheduler/request_filter.py:46}}
Aug 06 17:32:27.320237 np0000006677 nova-scheduler[96954]: DEBUG nova.scheduler.request_filter [None req-155e20a2-2440-4642-91cb-6123740cc335 tempest-ServerRescueNegativeTestJSON-970148106 tempest-ServerRescueNegativeTestJSON-970148106-project-member] ephemeral_encryption_filter skipped {{(pid=96954) ephemeral_encryption_filter /opt/stack/nova/nova/scheduler/request_filter.py:426}}
Aug 06 17:32:27.320350 np0000006677 nova-scheduler[96954]: DEBUG nova.scheduler.request_filter [None req-155e20a2-2440-4642-91cb-6123740cc335 tempest-ServerRescueNegativeTestJSON-970148106 tempest-ServerRescueNegativeTestJSON-970148106-project-member] virtio_sound_filter skipped {{(pid=96954) virtio_sound_filter /opt/stack/nova/nova/scheduler/request_filter.py:460}}
Aug 06 17:32:27.320464 np0000006677 nova-scheduler[96954]: DEBUG nova.scheduler.request_filter [None req-155e20a2-2440-4642-91cb-6123740cc335 tempest-ServerRescueNegativeTestJSON-970148106 tempest-ServerRescueNegativeTestJSON-970148106-project-member] tpm_secret_security_filter skipped {{(pid=96954) tpm_secret_security_filter /opt/stack/nova/nova/scheduler/request_filter.py:477}}
Aug 06 17:32:27.858105 np0000006677 nova-scheduler[96954]: INFO nova.utils [None req-155e20a2-2440-4642-91cb-6123740cc335 tempest-ServerRescueNegativeTestJSON-970148106 tempest-ServerRescueNegativeTestJSON-970148106-project-member] The cell worker thread pool ForkProcess-1.cell_worker is initialized
Aug 06 17:32:27.858370 np0000006677 nova-scheduler[96954]: DEBUG oslo_concurrency.lockutils [None req-155e20a2-2440-4642-91cb-6123740cc335 tempest-ServerRescueNegativeTestJSON-970148106 tempest-ServerRescueNegativeTestJSON-970148106-project-member] Acquiring lock "fe9d43ad-8127-4aad-86b5-23aeb3e0e8db" by "nova.context.set_target_cell..get_or_set_cached_cell_and_set_connections" {{(pid=96954) inner /opt/stack/data/venv/lib/python3.12/site-packages/oslo_concurrency/lockutils.py:512}}
Aug 06 17:32:27.858561 np0000006677 nova-scheduler[96954]: DEBUG oslo_concurrency.lockutils [None req-155e20a2-2440-4642-91cb-6123740cc335 tempest-ServerRescueNegativeTestJSON-970148106 tempest-ServerRescueNegativeTestJSON-970148106-project-member] Lock "fe9d43ad-8127-4aad-86b5-23aeb3e0e8db" acquired by "nova.context.set_target_cell..get_or_set_cached_cell_and_set_connections" :: waited 0.000s {{(pid=96954) inner /opt/stack/data/venv/lib/python3.12/site-packages/oslo_concurrency/lockutils.py:525}}
Aug 06 17:32:27.859859 np0000006677 nova-scheduler[96954]: DEBUG oslo_concurrency.lockutils [None req-155e20a2-2440-4642-91cb-6123740cc335 tempest-ServerRescueNegativeTestJSON-970148106 tempest-ServerRescueNegativeTestJSON-970148106-project-member] Lock "fe9d43ad-8127-4aad-86b5-23aeb3e0e8db" "released" by "nova.context.set_target_cell..get_or_set_cached_cell_and_set_connections" :: held 0.001s {{(pid=96954) inner /opt/stack/data/venv/lib/python3.12/site-packages/oslo_concurrency/lockutils.py:544}}
Aug 06 17:32:27.862220 np0000006677 nova-scheduler[96954]: INFO dbcounter [None req-155e20a2-2440-4642-91cb-6123740cc335 tempest-ServerRescueNegativeTestJSON-970148106 tempest-ServerRescueNegativeTestJSON-970148106-project-member] Registered counter for database nova_cell1
Aug 06 17:32:27.900724 np0000006677 nova-scheduler[96954]: DEBUG oslo_db.sqlalchemy.engines [None req-155e20a2-2440-4642-91cb-6123740cc335 tempest-ServerRescueNegativeTestJSON-970148106 tempest-ServerRescueNegativeTestJSON-970148106-project-member] MySQL server mode set to STRICT_TRANS_TABLES,STRICT_ALL_TABLES,NO_ZERO_IN_DATE,NO_ZERO_DATE,ERROR_FOR_DIVISION_BY_ZERO,TRADITIONAL,NO_ENGINE_SUBSTITUTION {{(pid=96954) _check_effective_sql_mode /opt/stack/data/venv/lib/python3.12/site-packages/oslo_db/sqlalchemy/engines.py:325}}
Aug 06 17:32:27.907388 np0000006677 nova-scheduler[96954]: DEBUG dbcounter [-] [96954] Writer thread running {{(pid=96954) stat_writer /opt/stack/data/venv/lib/python3.12/site-packages/dbcounter.py:102}}
Aug 06 17:32:27.922350 np0000006677 nova-scheduler[96954]: DEBUG oslo_db.sqlalchemy.engines [None req-155e20a2-2440-4642-91cb-6123740cc335 tempest-ServerRescueNegativeTestJSON-970148106 tempest-ServerRescueNegativeTestJSON-970148106-project-member] Parent process 95759 forked (96954) with an open database connection, which is being discarded and recreated. {{(pid=96954) checkout /opt/stack/data/venv/lib/python3.12/site-packages/oslo_db/sqlalchemy/engines.py:402}}
Aug 06 17:32:27.969585 np0000006677 nova-scheduler[96954]: DEBUG dbcounter [-] [96954] Writer thread running {{(pid=96954) stat_writer /opt/stack/data/venv/lib/python3.12/site-packages/dbcounter.py:102}}
Aug 06 17:32:27.972299 np0000006677 nova-scheduler[96954]: DEBUG oslo_concurrency.lockutils [None req-155e20a2-2440-4642-91cb-6123740cc335 tempest-ServerRescueNegativeTestJSON-970148106 tempest-ServerRescueNegativeTestJSON-970148106-project-member] Acquiring lock "fe9d43ad-8127-4aad-86b5-23aeb3e0e8db" by "nova.context.set_target_cell..get_or_set_cached_cell_and_set_connections" {{(pid=96954) inner /opt/stack/data/venv/lib/python3.12/site-packages/oslo_concurrency/lockutils.py:512}}
Aug 06 17:32:27.972443 np0000006677 nova-scheduler[96954]: DEBUG oslo_concurrency.lockutils [None req-155e20a2-2440-4642-91cb-6123740cc335 tempest-ServerRescueNegativeTestJSON-970148106 tempest-ServerRescueNegativeTestJSON-970148106-project-member] Lock "fe9d43ad-8127-4aad-86b5-23aeb3e0e8db" acquired by "nova.context.set_target_cell..get_or_set_cached_cell_and_set_connections" :: waited 0.000s {{(pid=96954) inner /opt/stack/data/venv/lib/python3.12/site-packages/oslo_concurrency/lockutils.py:525}}
Aug 06 17:32:27.972557 np0000006677 nova-scheduler[96954]: DEBUG oslo_concurrency.lockutils [None req-155e20a2-2440-4642-91cb-6123740cc335 tempest-ServerRescueNegativeTestJSON-970148106 tempest-ServerRescueNegativeTestJSON-970148106-project-member] Lock "fe9d43ad-8127-4aad-86b5-23aeb3e0e8db" "released" by "nova.context.set_target_cell..get_or_set_cached_cell_and_set_connections" :: held 0.000s {{(pid=96954) inner /opt/stack/data/venv/lib/python3.12/site-packages/oslo_concurrency/lockutils.py:544}}
Aug 06 17:32:27.977318 np0000006677 nova-scheduler[96954]: DEBUG oslo_concurrency.lockutils [None req-155e20a2-2440-4642-91cb-6123740cc335 tempest-ServerRescueNegativeTestJSON-970148106 tempest-ServerRescueNegativeTestJSON-970148106-project-member] Acquiring lock "np0000006677-np0000006677" by "nova.scheduler.host_manager.HostState.update.._locked_update" {{(pid=96954) inner /opt/stack/data/venv/lib/python3.12/site-packages/oslo_concurrency/lockutils.py:512}}
