Aug 06 17:30:23.781416 np0000006677 nova-conductor[99481]: DEBUG cotyledon.oslo_config_glue [-] workarounds.disable_deep_image_inspection = False {{(pid=99481) log_opt_values /opt/stack/data/venv/lib/python3.12/site-packages/oslo_config/cfg.py:3545}}
Aug 06 17:30:23.781416 np0000006677 nova-conductor[99481]: DEBUG cotyledon.oslo_config_glue [-] workarounds.disable_fallback_pcpu_query = False {{(pid=99481) log_opt_values /opt/stack/data/venv/lib/python3.12/site-packages/oslo_config/cfg.py:3545}}
Aug 06 17:30:23.781416 np0000006677 nova-conductor[99481]: DEBUG cotyledon.oslo_config_glue [-] workarounds.disable_group_policy_check_upcall = False {{(pid=99481) log_opt_values /opt/stack/data/venv/lib/python3.12/site-packages/oslo_config/cfg.py:3545}}
Aug 06 17:30:23.781681 np0000006677 nova-conductor[99481]: DEBUG cotyledon.oslo_config_glue [-] workarounds.disable_libvirt_livesnapshot = False {{(pid=99481) log_opt_values /opt/stack/data/venv/lib/python3.12/site-packages/oslo_config/cfg.py:3545}}
Aug 06 17:30:23.781681 np0000006677 nova-conductor[99481]: DEBUG cotyledon.oslo_config_glue [-] workarounds.disable_rootwrap = False {{(pid=99481) log_opt_values /opt/stack/data/venv/lib/python3.12/site-packages/oslo_config/cfg.py:3545}}
Aug 06 17:30:23.781681 np0000006677 nova-conductor[99481]: DEBUG cotyledon.oslo_config_glue [-] workarounds.enable_numa_live_migration = False {{(pid=99481) log_opt_values /opt/stack/data/venv/lib/python3.12/site-packages/oslo_config/cfg.py:3545}}
Aug 06 17:30:23.781681 np0000006677 nova-conductor[99481]: DEBUG cotyledon.oslo_config_glue [-] workarounds.enable_qemu_monitor_announce_self = False {{(pid=99481) log_opt_values /opt/stack/data/venv/lib/python3.12/site-packages/oslo_config/cfg.py:3545}}
Aug 06 17:30:23.781681 np0000006677 nova-conductor[99481]: DEBUG cotyledon.oslo_config_glue [-] workarounds.ensure_libvirt_rbd_instance_dir_cleanup = False {{(pid=99481) log_opt_values /opt/stack/data/venv/lib/python3.12/site-packages/oslo_config/cfg.py:3545}}
Aug 06 17:30:23.781681 np0000006677 nova-conductor[99481]: DEBUG cotyledon.oslo_config_glue [-] workarounds.handle_virt_lifecycle_events = True {{(pid=99481) log_opt_values /opt/stack/data/venv/lib/python3.12/site-packages/oslo_config/cfg.py:3545}}
Aug 06 17:30:23.781681 np0000006677 nova-conductor[99481]: DEBUG cotyledon.oslo_config_glue [-] workarounds.libvirt_disable_apic = False {{(pid=99481) log_opt_values /opt/stack/data/venv/lib/python3.12/site-packages/oslo_config/cfg.py:3545}}
Aug 06 17:30:23.781681 np0000006677 nova-conductor[99481]: DEBUG cotyledon.oslo_config_glue [-] workarounds.never_download_image_if_on_rbd = False {{(pid=99481) log_opt_values /opt/stack/data/venv/lib/python3.12/site-packages/oslo_config/cfg.py:3545}}
Aug 06 17:30:23.781681 np0000006677 nova-conductor[99481]: DEBUG cotyledon.oslo_config_glue [-] workarounds.qemu_monitor_announce_self_count = 3 {{(pid=99481) log_opt_values /opt/stack/data/venv/lib/python3.12/site-packages/oslo_config/cfg.py:3545}}
Aug 06 17:30:23.781974 np0000006677 nova-conductor[99481]: DEBUG cotyledon.oslo_config_glue [-] workarounds.qemu_monitor_announce_self_interval = 1 {{(pid=99481) log_opt_values /opt/stack/data/venv/lib/python3.12/site-packages/oslo_config/cfg.py:3545}}
Aug 06 17:30:23.781974 np0000006677 nova-conductor[99481]: DEBUG cotyledon.oslo_config_glue [-] workarounds.reserve_disk_resource_for_image_cache = False {{(pid=99481) log_opt_values /opt/stack/data/venv/lib/python3.12/site-packages/oslo_config/cfg.py:3545}}
Aug 06 17:30:23.781974 np0000006677 nova-conductor[99481]: DEBUG cotyledon.oslo_config_glue [-] workarounds.skip_cpu_compare_at_startup = False {{(pid=99481) log_opt_values /opt/stack/data/venv/lib/python3.12/site-packages/oslo_config/cfg.py:3545}}
Aug 06 17:30:23.781974 np0000006677 nova-conductor[99481]: DEBUG cotyledon.oslo_config_glue [-] workarounds.skip_cpu_compare_on_dest = False {{(pid=99481) log_opt_values /opt/stack/data/venv/lib/python3.12/site-packages/oslo_config/cfg.py:3545}}
Aug 06 17:30:23.781974 np0000006677 nova-conductor[99481]: DEBUG cotyledon.oslo_config_glue [-] workarounds.skip_hypervisor_version_check_on_lm = False {{(pid=99481) log_opt_values /opt/stack/data/venv/lib/python3.12/site-packages/oslo_config/cfg.py:3545}}
Aug 06 17:30:23.781974 np0000006677 nova-conductor[99481]: DEBUG cotyledon.oslo_config_glue [-] workarounds.skip_reserve_in_use_ironic_nodes = False {{(pid=99481) log_opt_values /opt/stack/data/venv/lib/python3.12/site-packages/oslo_config/cfg.py:3545}}
Aug 06 17:30:23.781974 np0000006677 nova-conductor[99481]: DEBUG cotyledon.oslo_config_glue [-] workarounds.unified_limits_count_pcpu_as_vcpu = False {{(pid=99481) log_opt_values /opt/stack/data/venv/lib/python3.12/site-packages/oslo_config/cfg.py:3545}}
Aug 06 17:30:23.781974 np0000006677 nova-conductor[99481]: DEBUG cotyledon.oslo_config_glue [-] workarounds.wait_for_vif_plugged_event_during_hard_reboot = [] {{(pid=99481) log_opt_values /opt/stack/data/venv/lib/python3.12/site-packages/oslo_config/cfg.py:3545}}
Aug 06 17:30:23.782224 np0000006677 nova-conductor[99481]: DEBUG cotyledon.oslo_config_glue [-] wsgi.api_paste_config = /etc/nova/api-paste.ini {{(pid=99481) log_opt_values /opt/stack/data/venv/lib/python3.12/site-packages/oslo_config/cfg.py:3545}}
Aug 06 17:30:23.782224 np0000006677 nova-conductor[99481]: DEBUG cotyledon.oslo_config_glue [-] wsgi.secure_proxy_ssl_header = None {{(pid=99481) log_opt_values /opt/stack/data/venv/lib/python3.12/site-packages/oslo_config/cfg.py:3545}}
Aug 06 17:30:23.782224 np0000006677 nova-conductor[99481]: DEBUG cotyledon.oslo_config_glue [-] zvm.ca_file = None {{(pid=99481) log_opt_values /opt/stack/data/venv/lib/python3.12/site-packages/oslo_config/cfg.py:3545}}
Aug 06 17:30:23.782224 np0000006677 nova-conductor[99481]: DEBUG cotyledon.oslo_config_glue [-] zvm.cloud_connector_url = None {{(pid=99481) log_opt_values /opt/stack/data/venv/lib/python3.12/site-packages/oslo_config/cfg.py:3545}}
Aug 06 17:30:23.782224 np0000006677 nova-conductor[99481]: DEBUG cotyledon.oslo_config_glue [-] zvm.image_tmp_path = /opt/stack/data/nova/images {{(pid=99481) log_opt_values /opt/stack/data/venv/lib/python3.12/site-packages/oslo_config/cfg.py:3545}}
Aug 06 17:30:23.782224 np0000006677 nova-conductor[99481]: DEBUG cotyledon.oslo_config_glue [-] zvm.reachable_timeout = 300 {{(pid=99481) log_opt_values /opt/stack/data/venv/lib/python3.12/site-packages/oslo_config/cfg.py:3545}}
Aug 06 17:30:23.782224 np0000006677 nova-conductor[99481]: DEBUG cotyledon.oslo_config_glue [-] oslo_versionedobjects.fatal_exception_format_errors = False {{(pid=99481) log_opt_values /opt/stack/data/venv/lib/python3.12/site-packages/oslo_config/cfg.py:3545}}
Aug 06 17:30:23.782224 np0000006677 nova-conductor[99481]: DEBUG cotyledon.oslo_config_glue [-] oslo_middleware.http_basic_auth_user_file = /etc/htpasswd {{(pid=99481) log_opt_values /opt/stack/data/venv/lib/python3.12/site-packages/oslo_config/cfg.py:3545}}
Aug 06 17:30:23.782224 np0000006677 nova-conductor[99481]: DEBUG cotyledon.oslo_config_glue [-] profiler.connection_string = messaging:// {{(pid=99481) log_opt_values /opt/stack/data/venv/lib/python3.12/site-packages/oslo_config/cfg.py:3545}}
Aug 06 17:30:23.782480 np0000006677 nova-conductor[99481]: DEBUG cotyledon.oslo_config_glue [-] profiler.enabled = False {{(pid=99481) log_opt_values /opt/stack/data/venv/lib/python3.12/site-packages/oslo_config/cfg.py:3545}}
Aug 06 17:30:23.782480 np0000006677 nova-conductor[99481]: DEBUG cotyledon.oslo_config_glue [-] profiler.es_doc_type = notification {{(pid=99481) log_opt_values /opt/stack/data/venv/lib/python3.12/site-packages/oslo_config/cfg.py:3545}}
Aug 06 17:30:23.782480 np0000006677 nova-conductor[99481]: DEBUG cotyledon.oslo_config_glue [-] profiler.es_scroll_size = 10000 {{(pid=99481) log_opt_values /opt/stack/data/venv/lib/python3.12/site-packages/oslo_config/cfg.py:3545}}
Aug 06 17:30:23.782480 np0000006677 nova-conductor[99481]: DEBUG cotyledon.oslo_config_glue [-] profiler.es_scroll_time = 2m {{(pid=99481) log_opt_values /opt/stack/data/venv/lib/python3.12/site-packages/oslo_config/cfg.py:3545}}
Aug 06 17:30:23.782480 np0000006677 nova-conductor[99481]: DEBUG cotyledon.oslo_config_glue [-] profiler.filter_error_trace = False {{(pid=99481) log_opt_values /opt/stack/data/venv/lib/python3.12/site-packages/oslo_config/cfg.py:3545}}
Aug 06 17:30:23.782480 np0000006677 nova-conductor[99481]: DEBUG cotyledon.oslo_config_glue [-] profiler.hmac_keys = **** {{(pid=99481) log_opt_values /opt/stack/data/venv/lib/python3.12/site-packages/oslo_config/cfg.py:3545}}
Aug 06 17:30:23.782480 np0000006677 nova-conductor[99481]: DEBUG cotyledon.oslo_config_glue [-] profiler.sentinel_service_name = mymaster {{(pid=99481) log_opt_values /opt/stack/data/venv/lib/python3.12/site-packages/oslo_config/cfg.py:3545}}
Aug 06 17:30:23.782480 np0000006677 nova-conductor[99481]: DEBUG cotyledon.oslo_config_glue [-] profiler.socket_timeout = 0.1 {{(pid=99481) log_opt_values /opt/stack/data/venv/lib/python3.12/site-packages/oslo_config/cfg.py:3545}}
Aug 06 17:30:23.782480 np0000006677 nova-conductor[99481]: DEBUG cotyledon.oslo_config_glue [-] profiler.trace_requests = False {{(pid=99481) log_opt_values /opt/stack/data/venv/lib/python3.12/site-packages/oslo_config/cfg.py:3545}}
Aug 06 17:30:23.782742 np0000006677 nova-conductor[99481]: DEBUG cotyledon.oslo_config_glue [-] profiler.trace_sqlalchemy = False {{(pid=99481) log_opt_values /opt/stack/data/venv/lib/python3.12/site-packages/oslo_config/cfg.py:3545}}
Aug 06 17:30:23.782742 np0000006677 nova-conductor[99481]: DEBUG cotyledon.oslo_config_glue [-] profiler_jaeger.process_tags = {} {{(pid=99481) log_opt_values /opt/stack/data/venv/lib/python3.12/site-packages/oslo_config/cfg.py:3545}}
Aug 06 17:30:23.782742 np0000006677 nova-conductor[99481]: DEBUG cotyledon.oslo_config_glue [-] profiler_jaeger.service_name_prefix = None {{(pid=99481) log_opt_values /opt/stack/data/venv/lib/python3.12/site-packages/oslo_config/cfg.py:3545}}
Aug 06 17:30:23.782742 np0000006677 nova-conductor[99481]: DEBUG cotyledon.oslo_config_glue [-] profiler_otlp.service_name_prefix = None {{(pid=99481) log_opt_values /opt/stack/data/venv/lib/python3.12/site-packages/oslo_config/cfg.py:3545}}
Aug 06 17:30:23.782742 np0000006677 nova-conductor[99481]: DEBUG cotyledon.oslo_config_glue [-] oslo_messaging_rabbit.amqp_auto_delete = False {{(pid=99481) log_opt_values /opt/stack/data/venv/lib/python3.12/site-packages/oslo_config/cfg.py:3545}}
Aug 06 17:30:23.782742 np0000006677 nova-conductor[99481]: DEBUG cotyledon.oslo_config_glue [-] oslo_messaging_rabbit.amqp_durable_queues = False {{(pid=99481) log_opt_values /opt/stack/data/venv/lib/python3.12/site-packages/oslo_config/cfg.py:3545}}
Aug 06 17:30:23.782742 np0000006677 nova-conductor[99481]: DEBUG cotyledon.oslo_config_glue [-] oslo_messaging_rabbit.conn_pool_min_size = 2 {{(pid=99481) log_opt_values /opt/stack/data/venv/lib/python3.12/site-packages/oslo_config/cfg.py:3545}}
Aug 06 17:30:23.782742 np0000006677 nova-conductor[99481]: DEBUG cotyledon.oslo_config_glue [-] oslo_messaging_rabbit.conn_pool_ttl = 1200 {{(pid=99481) log_opt_values /opt/stack/data/venv/lib/python3.12/site-packages/oslo_config/cfg.py:3545}}
Aug 06 17:30:23.782742 np0000006677 nova-conductor[99481]: DEBUG cotyledon.oslo_config_glue [-] oslo_messaging_rabbit.direct_mandatory_flag = True {{(pid=99481) log_opt_values /opt/stack/data/venv/lib/python3.12/site-packages/oslo_config/cfg.py:3545}}
Aug 06 17:30:23.783002 np0000006677 nova-conductor[99481]: DEBUG cotyledon.oslo_config_glue [-] oslo_messaging_rabbit.enable_cancel_on_failover = False {{(pid=99481) log_opt_values /opt/stack/data/venv/lib/python3.12/site-packages/oslo_config/cfg.py:3545}}
Aug 06 17:30:23.783002 np0000006677 nova-conductor[99481]: DEBUG cotyledon.oslo_config_glue [-] oslo_messaging_rabbit.heartbeat_rate = 3 {{(pid=99481) log_opt_values /opt/stack/data/venv/lib/python3.12/site-packages/oslo_config/cfg.py:3545}}
Aug 06 17:30:23.783002 np0000006677 nova-conductor[99481]: DEBUG cotyledon.oslo_config_glue [-] oslo_messaging_rabbit.heartbeat_timeout_threshold = 60 {{(pid=99481) log_opt_values /opt/stack/data/venv/lib/python3.12/site-packages/oslo_config/cfg.py:3545}}
Aug 06 17:30:23.783002 np0000006677 nova-conductor[99481]: DEBUG cotyledon.oslo_config_glue [-] oslo_messaging_rabbit.hostname = np0000006677 {{(pid=99481) log_opt_values /opt/stack/data/venv/lib/python3.12/site-packages/oslo_config/cfg.py:3545}}
Aug 06 17:30:23.783002 np0000006677 nova-conductor[99481]: DEBUG cotyledon.oslo_config_glue [-] oslo_messaging_rabbit.kombu_compression = None {{(pid=99481) log_opt_values /opt/stack/data/venv/lib/python3.12/site-packages/oslo_config/cfg.py:3545}}
Aug 06 17:30:23.783002 np0000006677 nova-conductor[99481]: DEBUG cotyledon.oslo_config_glue [-] oslo_messaging_rabbit.kombu_failover_strategy = round-robin {{(pid=99481) log_opt_values /opt/stack/data/venv/lib/python3.12/site-packages/oslo_config/cfg.py:3545}}
Aug 06 17:30:23.783002 np0000006677 nova-conductor[99481]: DEBUG cotyledon.oslo_config_glue [-] oslo_messaging_rabbit.kombu_missing_consumer_retry_timeout = 60 {{(pid=99481) log_opt_values /opt/stack/data/venv/lib/python3.12/site-packages/oslo_config/cfg.py:3545}}
Aug 06 17:30:23.783002 np0000006677 nova-conductor[99481]: DEBUG cotyledon.oslo_config_glue [-] oslo_messaging_rabbit.kombu_reconnect_delay = 1.0 {{(pid=99481) log_opt_values /opt/stack/data/venv/lib/python3.12/site-packages/oslo_config/cfg.py:3545}}
Aug 06 17:30:23.783002 np0000006677 nova-conductor[99481]: DEBUG cotyledon.oslo_config_glue [-] oslo_messaging_rabbit.kombu_reconnect_splay = 0.0 {{(pid=99481) log_opt_values /opt/stack/data/venv/lib/python3.12/site-packages/oslo_config/cfg.py:3545}}
Aug 06 17:30:23.783251 np0000006677 nova-conductor[99481]: DEBUG cotyledon.oslo_config_glue [-] oslo_messaging_rabbit.processname = nova-conductor {{(pid=99481) log_opt_values /opt/stack/data/venv/lib/python3.12/site-packages/oslo_config/cfg.py:3545}}
Aug 06 17:30:23.783251 np0000006677 nova-conductor[99481]: DEBUG cotyledon.oslo_config_glue [-] oslo_messaging_rabbit.rabbit_ha_queues = False {{(pid=99481) log_opt_values /opt/stack/data/venv/lib/python3.12/site-packages/oslo_config/cfg.py:3545}}
Aug 06 17:30:23.783251 np0000006677 nova-conductor[99481]: DEBUG cotyledon.oslo_config_glue [-] oslo_messaging_rabbit.rabbit_interval_max = 30 {{(pid=99481) log_opt_values /opt/stack/data/venv/lib/python3.12/site-packages/oslo_config/cfg.py:3545}}
Aug 06 17:30:23.783251 np0000006677 nova-conductor[99481]: DEBUG cotyledon.oslo_config_glue [-] oslo_messaging_rabbit.rabbit_login_method = AMQPLAIN {{(pid=99481) log_opt_values /opt/stack/data/venv/lib/python3.12/site-packages/oslo_config/cfg.py:3545}}
Aug 06 17:30:23.783251 np0000006677 nova-conductor[99481]: DEBUG cotyledon.oslo_config_glue [-] oslo_messaging_rabbit.rabbit_qos_prefetch_count = 0 {{(pid=99481) log_opt_values /opt/stack/data/venv/lib/python3.12/site-packages/oslo_config/cfg.py:3545}}
Aug 06 17:30:23.783251 np0000006677 nova-conductor[99481]: DEBUG cotyledon.oslo_config_glue [-] oslo_messaging_rabbit.rabbit_quorum_delivery_limit = 0 {{(pid=99481) log_opt_values /opt/stack/data/venv/lib/python3.12/site-packages/oslo_config/cfg.py:3545}}
Aug 06 17:30:23.783251 np0000006677 nova-conductor[99481]: DEBUG cotyledon.oslo_config_glue [-] oslo_messaging_rabbit.rabbit_quorum_max_memory_bytes = 0 {{(pid=99481) log_opt_values /opt/stack/data/venv/lib/python3.12/site-packages/oslo_config/cfg.py:3545}}
Aug 06 17:30:23.783251 np0000006677 nova-conductor[99481]: DEBUG cotyledon.oslo_config_glue [-] oslo_messaging_rabbit.rabbit_quorum_max_memory_length = 0 {{(pid=99481) log_opt_values /opt/stack/data/venv/lib/python3.12/site-packages/oslo_config/cfg.py:3545}}
Aug 06 17:30:23.783251 np0000006677 nova-conductor[99481]: DEBUG cotyledon.oslo_config_glue [-] oslo_messaging_rabbit.rabbit_quorum_queue = False {{(pid=99481) log_opt_values /opt/stack/data/venv/lib/python3.12/site-packages/oslo_config/cfg.py:3545}}
Aug 06 17:30:23.783502 np0000006677 nova-conductor[99481]: DEBUG cotyledon.oslo_config_glue [-] oslo_messaging_rabbit.rabbit_retry_backoff = 2 {{(pid=99481) log_opt_values /opt/stack/data/venv/lib/python3.12/site-packages/oslo_config/cfg.py:3545}}
Aug 06 17:30:23.783502 np0000006677 nova-conductor[99481]: DEBUG cotyledon.oslo_config_glue [-] oslo_messaging_rabbit.rabbit_retry_interval = 1 {{(pid=99481) log_opt_values /opt/stack/data/venv/lib/python3.12/site-packages/oslo_config/cfg.py:3545}}
Aug 06 17:30:23.783502 np0000006677 nova-conductor[99481]: DEBUG cotyledon.oslo_config_glue [-] oslo_messaging_rabbit.rabbit_stream_fanout = False {{(pid=99481) log_opt_values /opt/stack/data/venv/lib/python3.12/site-packages/oslo_config/cfg.py:3545}}
Aug 06 17:30:23.783502 np0000006677 nova-conductor[99481]: DEBUG cotyledon.oslo_config_glue [-] oslo_messaging_rabbit.rabbit_transient_queues_ttl = 1800 {{(pid=99481) log_opt_values /opt/stack/data/venv/lib/python3.12/site-packages/oslo_config/cfg.py:3545}}
Aug 06 17:30:23.783502 np0000006677 nova-conductor[99481]: DEBUG cotyledon.oslo_config_glue [-] oslo_messaging_rabbit.rabbit_transient_quorum_queue = False {{(pid=99481) log_opt_values /opt/stack/data/venv/lib/python3.12/site-packages/oslo_config/cfg.py:3545}}
Aug 06 17:30:23.783502 np0000006677 nova-conductor[99481]: DEBUG cotyledon.oslo_config_glue [-] oslo_messaging_rabbit.rpc_conn_pool_size = 30 {{(pid=99481) log_opt_values /opt/stack/data/venv/lib/python3.12/site-packages/oslo_config/cfg.py:3545}}
Aug 06 17:30:23.783502 np0000006677 nova-conductor[99481]: DEBUG cotyledon.oslo_config_glue [-] oslo_messaging_rabbit.ssl = False {{(pid=99481) log_opt_values /opt/stack/data/venv/lib/python3.12/site-packages/oslo_config/cfg.py:3545}}
Aug 06 17:30:23.783502 np0000006677 nova-conductor[99481]: DEBUG cotyledon.oslo_config_glue [-] oslo_messaging_rabbit.ssl_ca_file = {{(pid=99481) log_opt_values /opt/stack/data/venv/lib/python3.12/site-packages/oslo_config/cfg.py:3545}}
Aug 06 17:30:23.783502 np0000006677 nova-conductor[99481]: DEBUG cotyledon.oslo_config_glue [-] oslo_messaging_rabbit.ssl_cert_file = {{(pid=99481) log_opt_values /opt/stack/data/venv/lib/python3.12/site-packages/oslo_config/cfg.py:3545}}
Aug 06 17:30:23.783778 np0000006677 nova-conductor[99481]: DEBUG cotyledon.oslo_config_glue [-] oslo_messaging_rabbit.ssl_enforce_fips_mode = False {{(pid=99481) log_opt_values /opt/stack/data/venv/lib/python3.12/site-packages/oslo_config/cfg.py:3545}}
Aug 06 17:30:23.783778 np0000006677 nova-conductor[99481]: DEBUG cotyledon.oslo_config_glue [-] oslo_messaging_rabbit.ssl_enforce_hostname_verification = True {{(pid=99481) log_opt_values /opt/stack/data/venv/lib/python3.12/site-packages/oslo_config/cfg.py:3545}}
Aug 06 17:30:23.783778 np0000006677 nova-conductor[99481]: DEBUG cotyledon.oslo_config_glue [-] oslo_messaging_rabbit.ssl_key_file = {{(pid=99481) log_opt_values /opt/stack/data/venv/lib/python3.12/site-packages/oslo_config/cfg.py:3545}}
Aug 06 17:30:23.783778 np0000006677 nova-conductor[99481]: DEBUG cotyledon.oslo_config_glue [-] oslo_messaging_rabbit.ssl_version = {{(pid=99481) log_opt_values /opt/stack/data/venv/lib/python3.12/site-packages/oslo_config/cfg.py:3545}}
Aug 06 17:30:23.783778 np0000006677 nova-conductor[99481]: DEBUG cotyledon.oslo_config_glue [-] oslo_messaging_rabbit.use_queue_manager = False {{(pid=99481) log_opt_values /opt/stack/data/venv/lib/python3.12/site-packages/oslo_config/cfg.py:3545}}
Aug 06 17:30:23.783778 np0000006677 nova-conductor[99481]: DEBUG cotyledon.oslo_config_glue [-] oslo_messaging_notifications.driver = ['messagingv2'] {{(pid=99481) log_opt_values /opt/stack/data/venv/lib/python3.12/site-packages/oslo_config/cfg.py:3545}}
Aug 06 17:30:23.783778 np0000006677 nova-conductor[99481]: DEBUG cotyledon.oslo_config_glue [-] oslo_messaging_notifications.retry = -1 {{(pid=99481) log_opt_values /opt/stack/data/venv/lib/python3.12/site-packages/oslo_config/cfg.py:3545}}
Aug 06 17:30:23.783778 np0000006677 nova-conductor[99481]: DEBUG cotyledon.oslo_config_glue [-] oslo_messaging_notifications.topics = ['notifications'] {{(pid=99481) log_opt_values /opt/stack/data/venv/lib/python3.12/site-packages/oslo_config/cfg.py:3545}}
Aug 06 17:30:23.783778 np0000006677 nova-conductor[99481]: DEBUG cotyledon.oslo_config_glue [-] oslo_messaging_notifications.transport_url = **** {{(pid=99481) log_opt_values /opt/stack/data/venv/lib/python3.12/site-packages/oslo_config/cfg.py:3545}}
Aug 06 17:30:23.784050 np0000006677 nova-conductor[99481]: DEBUG cotyledon.oslo_config_glue [-] oslo_limit.auth_section = None {{(pid=99481) log_opt_values /opt/stack/data/venv/lib/python3.12/site-packages/oslo_config/cfg.py:3545}}
Aug 06 17:30:23.784050 np0000006677 nova-conductor[99481]: DEBUG cotyledon.oslo_config_glue [-] oslo_limit.auth_type = None {{(pid=99481) log_opt_values /opt/stack/data/venv/lib/python3.12/site-packages/oslo_config/cfg.py:3545}}
Aug 06 17:30:23.784050 np0000006677 nova-conductor[99481]: DEBUG cotyledon.oslo_config_glue [-] oslo_limit.cafile = None {{(pid=99481) log_opt_values /opt/stack/data/venv/lib/python3.12/site-packages/oslo_config/cfg.py:3545}}
Aug 06 17:30:23.784050 np0000006677 nova-conductor[99481]: DEBUG cotyledon.oslo_config_glue [-] oslo_limit.certfile = None {{(pid=99481) log_opt_values /opt/stack/data/venv/lib/python3.12/site-packages/oslo_config/cfg.py:3545}}
Aug 06 17:30:23.784050 np0000006677 nova-conductor[99481]: DEBUG cotyledon.oslo_config_glue [-] oslo_limit.collect_timing = False {{(pid=99481) log_opt_values /opt/stack/data/venv/lib/python3.12/site-packages/oslo_config/cfg.py:3545}}
Aug 06 17:30:23.784050 np0000006677 nova-conductor[99481]: DEBUG cotyledon.oslo_config_glue [-] oslo_limit.connect_retries = None {{(pid=99481) log_opt_values /opt/stack/data/venv/lib/python3.12/site-packages/oslo_config/cfg.py:3545}}
Aug 06 17:30:23.784050 np0000006677 nova-conductor[99481]: DEBUG cotyledon.oslo_config_glue [-] oslo_limit.connect_retry_delay = None {{(pid=99481) log_opt_values /opt/stack/data/venv/lib/python3.12/site-packages/oslo_config/cfg.py:3545}}
Aug 06 17:30:23.784050 np0000006677 nova-conductor[99481]: DEBUG cotyledon.oslo_config_glue [-] oslo_limit.endpoint_id = None {{(pid=99481) log_opt_values /opt/stack/data/venv/lib/python3.12/site-packages/oslo_config/cfg.py:3545}}
Aug 06 17:30:23.784050 np0000006677 nova-conductor[99481]: DEBUG cotyledon.oslo_config_glue [-] oslo_limit.endpoint_interface = public {{(pid=99481) log_opt_values /opt/stack/data/venv/lib/python3.12/site-packages/oslo_config/cfg.py:3545}}
Aug 06 17:30:23.784234 np0000006677 nova-conductor[99481]: DEBUG cotyledon.oslo_config_glue [-] oslo_limit.endpoint_override = None {{(pid=99481) log_opt_values /opt/stack/data/venv/lib/python3.12/site-packages/oslo_config/cfg.py:3545}}
Aug 06 17:30:23.784234 np0000006677 nova-conductor[99481]: DEBUG cotyledon.oslo_config_glue [-] oslo_limit.endpoint_region_name = None {{(pid=99481) log_opt_values /opt/stack/data/venv/lib/python3.12/site-packages/oslo_config/cfg.py:3545}}
Aug 06 17:30:23.784234 np0000006677 nova-conductor[99481]: DEBUG cotyledon.oslo_config_glue [-] oslo_limit.endpoint_service_name = None {{(pid=99481) log_opt_values /opt/stack/data/venv/lib/python3.12/site-packages/oslo_config/cfg.py:3545}}
Aug 06 17:30:23.784234 np0000006677 nova-conductor[99481]: DEBUG cotyledon.oslo_config_glue [-] oslo_limit.endpoint_service_type = None {{(pid=99481) log_opt_values /opt/stack/data/venv/lib/python3.12/site-packages/oslo_config/cfg.py:3545}}
Aug 06 17:30:23.784234 np0000006677 nova-conductor[99481]: DEBUG cotyledon.oslo_config_glue [-] oslo_limit.insecure = False {{(pid=99481) log_opt_values /opt/stack/data/venv/lib/python3.12/site-packages/oslo_config/cfg.py:3545}}
Aug 06 17:30:23.784234 np0000006677 nova-conductor[99481]: DEBUG cotyledon.oslo_config_glue [-] oslo_limit.keyfile = None {{(pid=99481) log_opt_values /opt/stack/data/venv/lib/python3.12/site-packages/oslo_config/cfg.py:3545}}
Aug 06 17:30:23.784234 np0000006677 nova-conductor[99481]: DEBUG cotyledon.oslo_config_glue [-] oslo_limit.max_version = None {{(pid=99481) log_opt_values /opt/stack/data/venv/lib/python3.12/site-packages/oslo_config/cfg.py:3545}}
Aug 06 17:30:23.784234 np0000006677 nova-conductor[99481]: DEBUG cotyledon.oslo_config_glue [-] oslo_limit.min_version = None {{(pid=99481) log_opt_values /opt/stack/data/venv/lib/python3.12/site-packages/oslo_config/cfg.py:3545}}
Aug 06 17:30:23.784234 np0000006677 nova-conductor[99481]: DEBUG cotyledon.oslo_config_glue [-] oslo_limit.region_name = None {{(pid=99481) log_opt_values /opt/stack/data/venv/lib/python3.12/site-packages/oslo_config/cfg.py:3545}}
Aug 06 17:30:23.784387 np0000006677 nova-conductor[99481]: DEBUG cotyledon.oslo_config_glue [-] oslo_limit.retriable_status_codes = None {{(pid=99481) log_opt_values /opt/stack/data/venv/lib/python3.12/site-packages/oslo_config/cfg.py:3545}}
Aug 06 17:30:23.784387 np0000006677 nova-conductor[99481]: DEBUG cotyledon.oslo_config_glue [-] oslo_limit.service_name = None {{(pid=99481) log_opt_values /opt/stack/data/venv/lib/python3.12/site-packages/oslo_config/cfg.py:3545}}
Aug 06 17:30:23.784387 np0000006677 nova-conductor[99481]: DEBUG cotyledon.oslo_config_glue [-] oslo_limit.service_type = None {{(pid=99481) log_opt_values /opt/stack/data/venv/lib/python3.12/site-packages/oslo_config/cfg.py:3545}}
Aug 06 17:30:23.784387 np0000006677 nova-conductor[99481]: DEBUG cotyledon.oslo_config_glue [-] oslo_limit.split_loggers = False {{(pid=99481) log_opt_values /opt/stack/data/venv/lib/python3.12/site-packages/oslo_config/cfg.py:3545}}
Aug 06 17:30:23.784387 np0000006677 nova-conductor[99481]: DEBUG cotyledon.oslo_config_glue [-] oslo_limit.status_code_retries = None {{(pid=99481) log_opt_values /opt/stack/data/venv/lib/python3.12/site-packages/oslo_config/cfg.py:3545}}
Aug 06 17:30:23.784387 np0000006677 nova-conductor[99481]: DEBUG cotyledon.oslo_config_glue [-] oslo_limit.status_code_retry_delay = None {{(pid=99481) log_opt_values /opt/stack/data/venv/lib/python3.12/site-packages/oslo_config/cfg.py:3545}}
Aug 06 17:30:23.784387 np0000006677 nova-conductor[99481]: DEBUG cotyledon.oslo_config_glue [-] oslo_limit.timeout = None {{(pid=99481) log_opt_values /opt/stack/data/venv/lib/python3.12/site-packages/oslo_config/cfg.py:3545}}
Aug 06 17:30:23.784387 np0000006677 nova-conductor[99481]: DEBUG cotyledon.oslo_config_glue [-] oslo_limit.valid_interfaces = None {{(pid=99481) log_opt_values /opt/stack/data/venv/lib/python3.12/site-packages/oslo_config/cfg.py:3545}}
Aug 06 17:30:23.784387 np0000006677 nova-conductor[99481]: DEBUG cotyledon.oslo_config_glue [-] oslo_limit.version = None {{(pid=99481) log_opt_values /opt/stack/data/venv/lib/python3.12/site-packages/oslo_config/cfg.py:3545}}
Aug 06 17:30:23.784569 np0000006677 nova-conductor[99481]: DEBUG cotyledon.oslo_config_glue [-] oslo_reports.file_event_handler = None {{(pid=99481) log_opt_values /opt/stack/data/venv/lib/python3.12/site-packages/oslo_config/cfg.py:3545}}
Aug 06 17:30:23.784569 np0000006677 nova-conductor[99481]: DEBUG cotyledon.oslo_config_glue [-] oslo_reports.file_event_handler_interval = 1 {{(pid=99481) log_opt_values /opt/stack/data/venv/lib/python3.12/site-packages/oslo_config/cfg.py:3545}}
Aug 06 17:30:23.784569 np0000006677 nova-conductor[99481]: DEBUG cotyledon.oslo_config_glue [-] oslo_reports.log_dir = None {{(pid=99481) log_opt_values /opt/stack/data/venv/lib/python3.12/site-packages/oslo_config/cfg.py:3545}}
Aug 06 17:30:23.784569 np0000006677 nova-conductor[99481]: DEBUG cotyledon.oslo_config_glue [-] ******************************************************************************** {{(pid=99481) log_opt_values /opt/stack/data/venv/lib/python3.12/site-packages/oslo_config/cfg.py:3552}}
Aug 06 17:30:23.784569 np0000006677 nova-conductor[99481]: DEBUG cotyledon._service_worker [-] Run service ServiceWrapper(3) [99481] {{(pid=99481) wait_forever /opt/stack/data/venv/lib/python3.12/site-packages/cotyledon/_service_worker.py:218}}
Aug 06 17:30:23.784569 np0000006677 nova-conductor[99481]: INFO nova.service [-] Starting conductor node (version 33.1.0)
Aug 06 17:30:23.784569 np0000006677 nova-conductor[99481]: INFO dbcounter [None req-c8a6b7e5-dc9e-4081-bdf3-c8f0d9e25315 None None] Registered counter for database nova_cell0
Aug 06 17:30:23.784707 np0000006677 nova-conductor[99456]: DEBUG oslo_db.sqlalchemy.engines [None req-13de90e8-53fb-4873-aeae-b9686e9ea657 None None] MySQL server mode set to STRICT_TRANS_TABLES,STRICT_ALL_TABLES,NO_ZERO_IN_DATE,NO_ZERO_DATE,ERROR_FOR_DIVISION_BY_ZERO,TRADITIONAL,NO_ENGINE_SUBSTITUTION {{(pid=99456) _check_effective_sql_mode /opt/stack/data/venv/lib/python3.12/site-packages/oslo_db/sqlalchemy/engines.py:325}}
Aug 06 17:30:23.784738 np0000006677 nova-conductor[99469]: DEBUG oslo_db.sqlalchemy.engines [None req-2ac7b1e7-77ca-4b76-97c3-88490e881aea None None] MySQL server mode set to STRICT_TRANS_TABLES,STRICT_ALL_TABLES,NO_ZERO_IN_DATE,NO_ZERO_DATE,ERROR_FOR_DIVISION_BY_ZERO,TRADITIONAL,NO_ENGINE_SUBSTITUTION {{(pid=99469) _check_effective_sql_mode /opt/stack/data/venv/lib/python3.12/site-packages/oslo_db/sqlalchemy/engines.py:325}}
Aug 06 17:30:23.784761 np0000006677 nova-conductor[99475]: DEBUG oslo_db.sqlalchemy.engines [None req-35129b64-b02d-4732-aa50-4f2bbf073395 None None] MySQL server mode set to STRICT_TRANS_TABLES,STRICT_ALL_TABLES,NO_ZERO_IN_DATE,NO_ZERO_DATE,ERROR_FOR_DIVISION_BY_ZERO,TRADITIONAL,NO_ENGINE_SUBSTITUTION {{(pid=99475) _check_effective_sql_mode /opt/stack/data/venv/lib/python3.12/site-packages/oslo_db/sqlalchemy/engines.py:325}}
Aug 06 17:30:23.784784 np0000006677 nova-conductor[99456]: DEBUG dbcounter [-] [99456] Writer thread running {{(pid=99456) stat_writer /opt/stack/data/venv/lib/python3.12/site-packages/dbcounter.py:102}}
Aug 06 17:30:23.784811 np0000006677 nova-conductor[99469]: DEBUG dbcounter [-] [99469] Writer thread running {{(pid=99469) stat_writer /opt/stack/data/venv/lib/python3.12/site-packages/dbcounter.py:102}}
Aug 06 17:30:23.784838 np0000006677 nova-conductor[99475]: DEBUG dbcounter [-] [99475] Writer thread running {{(pid=99475) stat_writer /opt/stack/data/venv/lib/python3.12/site-packages/dbcounter.py:102}}
Aug 06 17:30:23.784861 np0000006677 nova-conductor[99456]: DEBUG nova.service [None req-13de90e8-53fb-4873-aeae-b9686e9ea657 None None] Creating RPC server for service: nova-conductor on topic: conductor {{(pid=99456) start /opt/stack/nova/nova/service.py:196}}
Aug 06 17:30:23.789184 np0000006677 nova-conductor[99469]: DEBUG nova.service [None req-2ac7b1e7-77ca-4b76-97c3-88490e881aea None None] Creating RPC server for service: nova-conductor on topic: conductor {{(pid=99469) start /opt/stack/nova/nova/service.py:196}}
Aug 06 17:30:23.794799 np0000006677 nova-conductor[99475]: DEBUG nova.service [None req-35129b64-b02d-4732-aa50-4f2bbf073395 None None] Creating RPC server for service: nova-conductor on topic: conductor {{(pid=99475) start /opt/stack/nova/nova/service.py:196}}
Aug 06 17:30:23.799608 np0000006677 nova-conductor[99481]: DEBUG oslo_db.sqlalchemy.engines [None req-c8a6b7e5-dc9e-4081-bdf3-c8f0d9e25315 None None] MySQL server mode set to STRICT_TRANS_TABLES,STRICT_ALL_TABLES,NO_ZERO_IN_DATE,NO_ZERO_DATE,ERROR_FOR_DIVISION_BY_ZERO,TRADITIONAL,NO_ENGINE_SUBSTITUTION {{(pid=99481) _check_effective_sql_mode /opt/stack/data/venv/lib/python3.12/site-packages/oslo_db/sqlalchemy/engines.py:325}}
Aug 06 17:30:23.811951 np0000006677 nova-conductor[99481]: DEBUG dbcounter [-] [99481] Writer thread running {{(pid=99481) stat_writer /opt/stack/data/venv/lib/python3.12/site-packages/dbcounter.py:102}}
Aug 06 17:30:23.813476 np0000006677 nova-conductor[99469]: DEBUG nova.service [None req-2ac7b1e7-77ca-4b76-97c3-88490e881aea None None] Join ServiceGroup membership for this service conductor {{(pid=99469) start /opt/stack/nova/nova/service.py:222}}
Aug 06 17:30:23.813900 np0000006677 nova-conductor[99469]: DEBUG nova.servicegroup.drivers.db [None req-2ac7b1e7-77ca-4b76-97c3-88490e881aea None None] DB_Driver: join new ServiceGroup member np0000006677 to the conductor group, service = {{(pid=99469) join /opt/stack/nova/nova/servicegroup/drivers/db.py:44}}
Aug 06 17:30:23.814732 np0000006677 nova-conductor[99481]: DEBUG nova.service [None req-c8a6b7e5-dc9e-4081-bdf3-c8f0d9e25315 None None] Creating RPC server for service: nova-conductor on topic: conductor {{(pid=99481) start /opt/stack/nova/nova/service.py:196}}
Aug 06 17:30:23.814993 np0000006677 nova-conductor[99456]: DEBUG nova.service [None req-13de90e8-53fb-4873-aeae-b9686e9ea657 None None] Join ServiceGroup membership for this service conductor {{(pid=99456) start /opt/stack/nova/nova/service.py:222}}
Aug 06 17:30:23.815231 np0000006677 nova-conductor[99456]: DEBUG nova.servicegroup.drivers.db [None req-13de90e8-53fb-4873-aeae-b9686e9ea657 None None] DB_Driver: join new ServiceGroup member np0000006677 to the conductor group, service = {{(pid=99456) join /opt/stack/nova/nova/servicegroup/drivers/db.py:44}}
Aug 06 17:30:23.819333 np0000006677 nova-conductor[99475]: DEBUG nova.service [None req-35129b64-b02d-4732-aa50-4f2bbf073395 None None] Join ServiceGroup membership for this service conductor {{(pid=99475) start /opt/stack/nova/nova/service.py:222}}
Aug 06 17:30:23.819398 np0000006677 nova-conductor[99475]: DEBUG nova.servicegroup.drivers.db [None req-35129b64-b02d-4732-aa50-4f2bbf073395 None None] DB_Driver: join new ServiceGroup member np0000006677 to the conductor group, service = {{(pid=99475) join /opt/stack/nova/nova/servicegroup/drivers/db.py:44}}
Aug 06 17:30:23.831679 np0000006677 nova-conductor[99481]: DEBUG nova.service [None req-c8a6b7e5-dc9e-4081-bdf3-c8f0d9e25315 None None] Join ServiceGroup membership for this service conductor {{(pid=99481) start /opt/stack/nova/nova/service.py:222}}
Aug 06 17:30:23.831886 np0000006677 nova-conductor[99481]: DEBUG nova.servicegroup.drivers.db [None req-c8a6b7e5-dc9e-4081-bdf3-c8f0d9e25315 None None] DB_Driver: join new ServiceGroup member np0000006677 to the conductor group, service = {{(pid=99481) join /opt/stack/nova/nova/servicegroup/drivers/db.py:44}}
Aug 06 17:30:25.815672 np0000006677 nova-conductor[99469]: DEBUG oslo.service.backend._threading.loopingcall [None req-f76f2117-7afa-4625-9f7a-eb3f5e914533 None None] Dynamic interval looping call 'nova.service.Service.periodic_tasks' sleeping for 60.00 seconds {{(pid=99469) _run_loop /opt/stack/data/venv/lib/python3.12/site-packages/oslo_service/backend/_threading/loopingcall.py:125}}
Aug 06 17:30:25.833945 np0000006677 nova-conductor[99481]: DEBUG oslo.service.backend._threading.loopingcall [None req-aadda16c-9456-498a-aff2-c3b4415de0ee None None] Dynamic interval looping call 'nova.service.Service.periodic_tasks' sleeping for 60.00 seconds {{(pid=99481) _run_loop /opt/stack/data/venv/lib/python3.12/site-packages/oslo_service/backend/_threading/loopingcall.py:125}}
Aug 06 17:30:28.830131 np0000006677 nova-conductor[99469]: DEBUG oslo.service.backend._threading.loopingcall [-] Fixed interval looping call 'nova.servicegroup.drivers.db.DbDriver._report_state' sleeping for 119.99 seconds {{(pid=99469) _run_loop /opt/stack/data/venv/lib/python3.12/site-packages/oslo_service/backend/_threading/loopingcall.py:125}}
Aug 06 17:30:28.831204 np0000006677 nova-conductor[99456]: DEBUG oslo.service.backend._threading.loopingcall [-] Fixed interval looping call 'nova.servicegroup.drivers.db.DbDriver._report_state' sleeping for 119.99 seconds {{(pid=99456) _run_loop /opt/stack/data/venv/lib/python3.12/site-packages/oslo_service/backend/_threading/loopingcall.py:125}}
Aug 06 17:30:28.832584 np0000006677 nova-conductor[99475]: DEBUG oslo.service.backend._threading.loopingcall [-] Fixed interval looping call 'nova.servicegroup.drivers.db.DbDriver._report_state' sleeping for 119.99 seconds {{(pid=99475) _run_loop /opt/stack/data/venv/lib/python3.12/site-packages/oslo_service/backend/_threading/loopingcall.py:125}}
Aug 06 17:30:28.844269 np0000006677 nova-conductor[99481]: DEBUG oslo.service.backend._threading.loopingcall [-] Fixed interval looping call 'nova.servicegroup.drivers.db.DbDriver._report_state' sleeping for 119.99 seconds {{(pid=99481) _run_loop /opt/stack/data/venv/lib/python3.12/site-packages/oslo_service/backend/_threading/loopingcall.py:125}}
Aug 06 17:30:32.390867 np0000006677 nova-conductor[97974]: DEBUG dbcounter [-] [97974] Writing DB stats nova_api:SELECT=1 {{(pid=97974) stat_writer /opt/stack/data/venv/lib/python3.12/site-packages/dbcounter.py:115}}
Aug 06 17:30:32.525631 np0000006677 nova-conductor[97974]: DEBUG dbcounter [-] [97974] Writing DB stats nova_cell0:SELECT=1 {{(pid=97974) stat_writer /opt/stack/data/venv/lib/python3.12/site-packages/dbcounter.py:115}}
Aug 06 17:30:32.529600 np0000006677 nova-conductor[97974]: DEBUG dbcounter [-] [97974] Writing DB stats nova_cell1:SELECT=1 {{(pid=97974) stat_writer /opt/stack/data/venv/lib/python3.12/site-packages/dbcounter.py:115}}
Aug 06 17:30:33.817885 np0000006677 nova-conductor[99456]: DEBUG oslo.service.backend._threading.loopingcall [None req-cbd269b6-ac45-4c33-ba3c-3a68c7843b62 None None] Dynamic interval looping call 'nova.service.Service.periodic_tasks' sleeping for 60.00 seconds {{(pid=99456) _run_loop /opt/stack/data/venv/lib/python3.12/site-packages/oslo_service/backend/_threading/loopingcall.py:125}}
Aug 06 17:30:38.824263 np0000006677 nova-conductor[99469]: DEBUG dbcounter [-] [99469] Writing DB stats nova_cell0:SELECT=5,nova_cell0:INSERT=1,nova_cell0:UPDATE=1 {{(pid=99469) stat_writer /opt/stack/data/venv/lib/python3.12/site-packages/dbcounter.py:115}}
Aug 06 17:30:38.825812 np0000006677 nova-conductor[99456]: DEBUG dbcounter [-] [99456] Writing DB stats nova_cell0:SELECT=4,nova_cell0:INSERT=1,nova_cell0:UPDATE=1 {{(pid=99456) stat_writer /opt/stack/data/venv/lib/python3.12/site-packages/dbcounter.py:115}}
Aug 06 17:30:38.828797 np0000006677 nova-conductor[99475]: DEBUG dbcounter [-] [99475] Writing DB stats nova_cell0:SELECT=4,nova_cell0:INSERT=1,nova_cell0:UPDATE=1 {{(pid=99475) stat_writer /opt/stack/data/venv/lib/python3.12/site-packages/dbcounter.py:115}}
Aug 06 17:30:38.840425 np0000006677 nova-conductor[99481]: DEBUG dbcounter [-] [99481] Writing DB stats nova_cell0:SELECT=3 {{(pid=99481) stat_writer /opt/stack/data/venv/lib/python3.12/site-packages/dbcounter.py:115}}
Aug 06 17:30:43.821515 np0000006677 nova-conductor[99475]: DEBUG oslo.service.backend._threading.loopingcall [None req-5a570d5d-f1b2-4c82-a9f3-1c83f9b61832 None None] Dynamic interval looping call 'nova.service.Service.periodic_tasks' sleeping for 60.00 seconds {{(pid=99475) _run_loop /opt/stack/data/venv/lib/python3.12/site-packages/oslo_service/backend/_threading/loopingcall.py:125}}
Aug 06 17:31:25.816201 np0000006677 nova-conductor[99469]: DEBUG oslo.service.backend._threading.loopingcall [None req-f76f2117-7afa-4625-9f7a-eb3f5e914533 None None] Dynamic interval looping call 'nova.service.Service.periodic_tasks' sleeping for 60.00 seconds {{(pid=99469) _run_loop /opt/stack/data/venv/lib/python3.12/site-packages/oslo_service/backend/_threading/loopingcall.py:125}}
Aug 06 17:31:25.834435 np0000006677 nova-conductor[99481]: DEBUG oslo.service.backend._threading.loopingcall [None req-aadda16c-9456-498a-aff2-c3b4415de0ee None None] Dynamic interval looping call 'nova.service.Service.periodic_tasks' sleeping for 60.00 seconds {{(pid=99481) _run_loop /opt/stack/data/venv/lib/python3.12/site-packages/oslo_service/backend/_threading/loopingcall.py:125}}
Aug 06 17:31:33.818447 np0000006677 nova-conductor[99456]: DEBUG oslo.service.backend._threading.loopingcall [None req-cbd269b6-ac45-4c33-ba3c-3a68c7843b62 None None] Dynamic interval looping call 'nova.service.Service.periodic_tasks' sleeping for 60.00 seconds {{(pid=99456) _run_loop /opt/stack/data/venv/lib/python3.12/site-packages/oslo_service/backend/_threading/loopingcall.py:125}}
Aug 06 17:31:43.822026 np0000006677 nova-conductor[99475]: DEBUG oslo.service.backend._threading.loopingcall [None req-5a570d5d-f1b2-4c82-a9f3-1c83f9b61832 None None] Dynamic interval looping call 'nova.service.Service.periodic_tasks' sleeping for 60.00 seconds {{(pid=99475) _run_loop /opt/stack/data/venv/lib/python3.12/site-packages/oslo_service/backend/_threading/loopingcall.py:125}}
Aug 06 17:32:25.816829 np0000006677 nova-conductor[99469]: DEBUG oslo.service.backend._threading.loopingcall [None req-f76f2117-7afa-4625-9f7a-eb3f5e914533 None None] Dynamic interval looping call 'nova.service.Service.periodic_tasks' sleeping for 60.00 seconds {{(pid=99469) _run_loop /opt/stack/data/venv/lib/python3.12/site-packages/oslo_service/backend/_threading/loopingcall.py:125}}
Aug 06 17:32:25.836474 np0000006677 nova-conductor[99481]: DEBUG oslo.service.backend._threading.loopingcall [None req-aadda16c-9456-498a-aff2-c3b4415de0ee None None] Dynamic interval looping call 'nova.service.Service.periodic_tasks' sleeping for 60.00 seconds {{(pid=99481) _run_loop /opt/stack/data/venv/lib/python3.12/site-packages/oslo_service/backend/_threading/loopingcall.py:125}}
Aug 06 17:32:27.237490 np0000006677 nova-conductor[99469]: DEBUG oslo_db.sqlalchemy.engines [None req-155e20a2-2440-4642-91cb-6123740cc335 tempest-ServerRescueNegativeTestJSON-970148106 tempest-ServerRescueNegativeTestJSON-970148106-project-member] Parent process 97974 forked (99469) with an open database connection, which is being discarded and recreated. {{(pid=99469) checkout /opt/stack/data/venv/lib/python3.12/site-packages/oslo_db/sqlalchemy/engines.py:402}}
Aug 06 17:32:27.284740 np0000006677 nova-conductor[99469]: DEBUG dbcounter [-] [99469] Writer thread running {{(pid=99469) stat_writer /opt/stack/data/venv/lib/python3.12/site-packages/dbcounter.py:102}}
Aug 06 17:32:28.148077 np0000006677 nova-conductor[99469]: DEBUG nova.conductor.manager [None req-155e20a2-2440-4642-91cb-6123740cc335 tempest-ServerRescueNegativeTestJSON-970148106 tempest-ServerRescueNegativeTestJSON-970148106-project-member] Took 0.86 seconds to select destinations for 1 instance(s). {{(pid=99469) _schedule_instances /opt/stack/nova/nova/conductor/manager.py:968}}
Aug 06 17:32:28.177976 np0000006677 nova-conductor[99469]: DEBUG oslo_concurrency.lockutils [None req-155e20a2-2440-4642-91cb-6123740cc335 tempest-ServerRescueNegativeTestJSON-970148106 tempest-ServerRescueNegativeTestJSON-970148106-project-member] Acquiring lock "fe9d43ad-8127-4aad-86b5-23aeb3e0e8db" by "nova.context.set_target_cell..get_or_set_cached_cell_and_set_connections" {{(pid=99469) inner /opt/stack/data/venv/lib/python3.12/site-packages/oslo_concurrency/lockutils.py:512}}
Aug 06 17:32:28.178228 np0000006677 nova-conductor[99469]: DEBUG oslo_concurrency.lockutils [None req-155e20a2-2440-4642-91cb-6123740cc335 tempest-ServerRescueNegativeTestJSON-970148106 tempest-ServerRescueNegativeTestJSON-970148106-project-member] Lock "fe9d43ad-8127-4aad-86b5-23aeb3e0e8db" acquired by "nova.context.set_target_cell..get_or_set_cached_cell_and_set_connections" :: waited 0.000s {{(pid=99469) inner /opt/stack/data/venv/lib/python3.12/site-packages/oslo_concurrency/lockutils.py:525}}
Aug 06 17:32:28.179293 np0000006677 nova-conductor[99469]: DEBUG oslo_concurrency.lockutils [None req-155e20a2-2440-4642-91cb-6123740cc335 tempest-ServerRescueNegativeTestJSON-970148106 tempest-ServerRescueNegativeTestJSON-970148106-project-member] Lock "fe9d43ad-8127-4aad-86b5-23aeb3e0e8db" "released" by "nova.context.set_target_cell..get_or_set_cached_cell_and_set_connections" :: held 0.001s {{(pid=99469) inner /opt/stack/data/venv/lib/python3.12/site-packages/oslo_concurrency/lockutils.py:544}}
Aug 06 17:32:28.180719 np0000006677 nova-conductor[99469]: INFO dbcounter [None req-155e20a2-2440-4642-91cb-6123740cc335 tempest-ServerRescueNegativeTestJSON-970148106 tempest-ServerRescueNegativeTestJSON-970148106-project-member] Registered counter for database nova_cell1
Aug 06 17:32:28.217151 np0000006677 nova-conductor[99469]: DEBUG oslo_db.sqlalchemy.engines [None req-155e20a2-2440-4642-91cb-6123740cc335 tempest-ServerRescueNegativeTestJSON-970148106 tempest-ServerRescueNegativeTestJSON-970148106-project-member] MySQL server mode set to STRICT_TRANS_TABLES,STRICT_ALL_TABLES,NO_ZERO_IN_DATE,NO_ZERO_DATE,ERROR_FOR_DIVISION_BY_ZERO,TRADITIONAL,NO_ENGINE_SUBSTITUTION {{(pid=99469) _check_effective_sql_mode /opt/stack/data/venv/lib/python3.12/site-packages/oslo_db/sqlalchemy/engines.py:325}}
Aug 06 17:32:28.223292 np0000006677 nova-conductor[99469]: DEBUG dbcounter [-] [99469] Writer thread running {{(pid=99469) stat_writer /opt/stack/data/venv/lib/python3.12/site-packages/dbcounter.py:102}}
Aug 06 17:32:28.274414 np0000006677 nova-conductor[99469]: INFO nova.utils [None req-155e20a2-2440-4642-91cb-6123740cc335 tempest-ServerRescueNegativeTestJSON-970148106 tempest-ServerRescueNegativeTestJSON-970148106-project-member] The cell worker thread pool ForkProcess-2.cell_worker is initialized
Aug 06 17:32:28.274841 np0000006677 nova-conductor[99469]: DEBUG oslo_concurrency.lockutils [None req-155e20a2-2440-4642-91cb-6123740cc335 tempest-ServerRescueNegativeTestJSON-970148106 tempest-ServerRescueNegativeTestJSON-970148106-project-member] Acquiring lock "00000000-0000-0000-0000-000000000000" by "nova.context.set_target_cell..get_or_set_cached_cell_and_set_connections" {{(pid=99469) inner /opt/stack/data/venv/lib/python3.12/site-packages/oslo_concurrency/lockutils.py:512}}
Aug 06 17:32:28.274841 np0000006677 nova-conductor[99469]: DEBUG oslo_concurrency.lockutils [None req-155e20a2-2440-4642-91cb-6123740cc335 tempest-ServerRescueNegativeTestJSON-970148106 tempest-ServerRescueNegativeTestJSON-970148106-project-member] Lock "00000000-0000-0000-0000-000000000000" acquired by "nova.context.set_target_cell..get_or_set_cached_cell_and_set_connections" :: waited 0.000s {{(pid=99469) inner /opt/stack/data/venv/lib/python3.12/site-packages/oslo_concurrency/lockutils.py:525}}
Aug 06 17:32:28.275341 np0000006677 nova-conductor[99469]: DEBUG oslo_concurrency.lockutils [None req-155e20a2-2440-4642-91cb-6123740cc335 tempest-ServerRescueNegativeTestJSON-970148106 tempest-ServerRescueNegativeTestJSON-970148106-project-member] Lock "00000000-0000-0000-0000-000000000000" "released" by "nova.context.set_target_cell..get_or_set_cached_cell_and_set_connections" :: held 0.000s {{(pid=99469) inner /opt/stack/data/venv/lib/python3.12/site-packages/oslo_concurrency/lockutils.py:544}}
Aug 06 17:32:28.275898 np0000006677 nova-conductor[99469]: DEBUG oslo_concurrency.lockutils [None req-155e20a2-2440-4642-91cb-6123740cc335 tempest-ServerRescueNegativeTestJSON-970148106 tempest-ServerRescueNegativeTestJSON-970148106-project-member] Acquiring lock "fe9d43ad-8127-4aad-86b5-23aeb3e0e8db" by "nova.context.set_target_cell..get_or_set_cached_cell_and_set_connections" {{(pid=99469) inner /opt/stack/data/venv/lib/python3.12/site-packages/oslo_concurrency/lockutils.py:512}}
Aug 06 17:32:28.276070 np0000006677 nova-conductor[99469]: DEBUG oslo_concurrency.lockutils [None req-155e20a2-2440-4642-91cb-6123740cc335 tempest-ServerRescueNegativeTestJSON-970148106 tempest-ServerRescueNegativeTestJSON-970148106-project-member] Lock "fe9d43ad-8127-4aad-86b5-23aeb3e0e8db" acquired by "nova.context.set_target_cell..get_or_set_cached_cell_and_set_connections" :: waited 0.000s {{(pid=99469) inner /opt/stack/data/venv/lib/python3.12/site-packages/oslo_concurrency/lockutils.py:525}}
Aug 06 17:32:28.277163 np0000006677 nova-conductor[99469]: DEBUG oslo_concurrency.lockutils [None req-155e20a2-2440-4642-91cb-6123740cc335 tempest-ServerRescueNegativeTestJSON-970148106 tempest-ServerRescueNegativeTestJSON-970148106-project-member] Lock "fe9d43ad-8127-4aad-86b5-23aeb3e0e8db" "released" by "nova.context.set_target_cell..get_or_set_cached_cell_and_set_connections" :: held 0.001s {{(pid=99469) inner /opt/stack/data/venv/lib/python3.12/site-packages/oslo_concurrency/lockutils.py:544}}
Aug 06 17:32:28.277538 np0000006677 nova-conductor[99469]: INFO dbcounter [None req-155e20a2-2440-4642-91cb-6123740cc335 tempest-ServerRescueNegativeTestJSON-970148106 tempest-ServerRescueNegativeTestJSON-970148106-project-member] Registered counter for database nova_cell0
Aug 06 17:32:28.332497 np0000006677 nova-conductor[99469]: DEBUG oslo_db.sqlalchemy.engines [None req-155e20a2-2440-4642-91cb-6123740cc335 tempest-ServerRescueNegativeTestJSON-970148106 tempest-ServerRescueNegativeTestJSON-970148106-project-member] MySQL server mode set to STRICT_TRANS_TABLES,STRICT_ALL_TABLES,NO_ZERO_IN_DATE,NO_ZERO_DATE,ERROR_FOR_DIVISION_BY_ZERO,TRADITIONAL,NO_ENGINE_SUBSTITUTION {{(pid=99469) _check_effective_sql_mode /opt/stack/data/venv/lib/python3.12/site-packages/oslo_db/sqlalchemy/engines.py:325}}
Aug 06 17:32:28.339108 np0000006677 nova-conductor[99469]: DEBUG dbcounter [-] [99469] Writer thread running {{(pid=99469) stat_writer /opt/stack/data/venv/lib/python3.12/site-packages/dbcounter.py:102}}
Aug 06 17:32:28.348545 np0000006677 nova-conductor[99469]: DEBUG nova.quota [None req-155e20a2-2440-4642-91cb-6123740cc335 tempest-ServerRescueNegativeTestJSON-970148106 tempest-ServerRescueNegativeTestJSON-970148106-project-member] Getting quotas for project ef1a3b9ddcc74171a48502c0587bc95e. Resources: {'cores', 'instances', 'ram'} {{(pid=99469) _get_quotas /opt/stack/nova/nova/quota.py:389}}
Aug 06 17:32:28.355599 np0000006677 nova-conductor[99469]: DEBUG nova.quota [None req-155e20a2-2440-4642-91cb-6123740cc335 tempest-ServerRescueNegativeTestJSON-970148106 tempest-ServerRescueNegativeTestJSON-970148106-project-member] Getting quotas for user 7476068703a64429baada76d8f3eeabf and project ef1a3b9ddcc74171a48502c0587bc95e. Resources: {'cores', 'instances', 'ram'} {{(pid=99469) _get_quotas /opt/stack/nova/nova/quota.py:379}}
