Aug 06 17:29:57.112158 np0000006677 devstack@neutron-api.service[91180]: [pid: 91180|app: 0|req: 2/2] 10.4.3.207 () {64 vars in 1292 bytes} [Thu Aug 6 17:29:56 2026] GET /networking/v2.0/extensions => generated 16171 bytes in 544 msecs (HTTP/1.1 200) 4 headers in 159 bytes (1 switches on core 0)
Aug 06 17:29:57.471759 np0000006677 devstack@neutron-api.service[91182]: DEBUG neutron.api.v2.base [None req-fd73d553-9de2-47ac-94ab-eb6afa6cb6c4 admin admin] Request body: {'subnetpool': {'shared': True, 'default_prefixlen': 26, 'is_default': True, 'prefixes': ['10.1.0.0/20'], 'name': 'shared-default-subnetpool-v4'}} {{(pid=91182) prepare_request_body /opt/stack/neutron/neutron/api/v2/base.py:727}}
Aug 06 17:29:57.648557 np0000006677 devstack@neutron-api.service[91182]: DEBUG neutron.policy [None req-fd73d553-9de2-47ac-94ab-eb6afa6cb6c4 admin admin] Loaded default policies from ['neutron'] under neutron.policies entry points {{(pid=91182) register_rules /opt/stack/neutron/neutron/policy.py:65}}
Aug 06 17:29:57.773568 np0000006677 devstack@neutron-api.service[91182]: DEBUG neutron_lib.callbacks.manager [None req-fd73d553-9de2-47ac-94ab-eb6afa6cb6c4 admin admin] Publish callbacks ['neutron.objects.securitygroup.RbacNeutronDbObjectMixin.validate_rbac_policy_change-2391487706762', 'neutron.objects.address_group.RbacNeutronDbObjectMixin.validate_rbac_policy_change-2391487680001', 'neutron.objects.network.RbacNeutronDbObjectMixin.validate_rbac_policy_change-2391487727917', 'neutron.objects.qos.policy.RbacNeutronDbObjectMixin.validate_rbac_policy_change-2391487730728', 'neutron.objects.subnetpool.RbacNeutronDbObjectMixin.validate_rbac_policy_change-2391487640824', 'neutron.objects.address_scope.RbacNeutronDbObjectMixin.validate_rbac_policy_change-2391487627352', 'neutron.plugins.ml2.plugin.External_net_db_mixin._process_ext_policy_create-500626', 'neutron.plugins.ml2.plugin.NeutronDbPluginV2.validate_network_rbac_policy_change-497358'] for rbac-policy (None), before_create {{(pid=91182) _notify_loop /opt/stack/data/venv/lib/python3.12/site-packages/neutron_lib/callbacks/manager.py:184}}
Aug 06 17:29:57.809978 np0000006677 devstack@neutron-api.service[91182]: DEBUG neutron_lib.callbacks.manager [None req-fd73d553-9de2-47ac-94ab-eb6afa6cb6c4 admin admin] Publish callbacks [] for subnetpool (None), before_response {{(pid=91182) _notify_loop /opt/stack/data/venv/lib/python3.12/site-packages/neutron_lib/callbacks/manager.py:184}}
Aug 06 17:29:57.810433 np0000006677 devstack@neutron-api.service[91182]: [pid: 91182|app: 0|req: 1/3] 10.4.3.207 () {68 vars in 1336 bytes} [Thu Aug 6 17:29:57 2026] POST /networking/v2.0/subnetpools => generated 533 bytes in 429 msecs (HTTP/1.1 201) 4 headers in 162 bytes (1 switches on core 0)
Aug 06 17:29:58.118990 np0000006677 devstack@neutron-api.service[91181]: DEBUG neutron.api.v2.base [None req-e75f04ad-9d80-44b5-abd9-2aae484a1800 admin admin] Request body: {'subnetpool': {'shared': True, 'default_prefixlen': 64, 'is_default': True, 'prefixes': ['fdb7:b5a5:6f4e::/56'], 'name': 'shared-default-subnetpool-v6'}} {{(pid=91181) prepare_request_body /opt/stack/neutron/neutron/api/v2/base.py:727}}
Aug 06 17:29:58.279727 np0000006677 devstack@neutron-api.service[91181]: DEBUG neutron.policy [None req-e75f04ad-9d80-44b5-abd9-2aae484a1800 admin admin] Loaded default policies from ['neutron'] under neutron.policies entry points {{(pid=91181) register_rules /opt/stack/neutron/neutron/policy.py:65}}
Aug 06 17:29:58.403769 np0000006677 devstack@neutron-api.service[91181]: DEBUG neutron_lib.callbacks.manager [None req-e75f04ad-9d80-44b5-abd9-2aae484a1800 admin admin] Publish callbacks ['neutron.objects.securitygroup.RbacNeutronDbObjectMixin.validate_rbac_policy_change-2391487695498', 'neutron.objects.address_group.RbacNeutronDbObjectMixin.validate_rbac_policy_change-2391487689217', 'neutron.objects.network.RbacNeutronDbObjectMixin.validate_rbac_policy_change-2391487739181', 'neutron.objects.qos.policy.RbacNeutronDbObjectMixin.validate_rbac_policy_change-2391487735848', 'neutron.objects.subnetpool.RbacNeutronDbObjectMixin.validate_rbac_policy_change-2391487629560', 'neutron.objects.address_scope.RbacNeutronDbObjectMixin.validate_rbac_policy_change-2391487642712', 'neutron.plugins.ml2.plugin.External_net_db_mixin._process_ext_policy_create-84214', 'neutron.plugins.ml2.plugin.NeutronDbPluginV2.validate_network_rbac_policy_change-65842'] for rbac-policy (None), before_create {{(pid=91181) _notify_loop /opt/stack/data/venv/lib/python3.12/site-packages/neutron_lib/callbacks/manager.py:184}}
Aug 06 17:29:58.436658 np0000006677 devstack@neutron-api.service[91181]: DEBUG neutron_lib.callbacks.manager [None req-e75f04ad-9d80-44b5-abd9-2aae484a1800 admin admin] Publish callbacks [] for subnetpool (None), before_response {{(pid=91181) _notify_loop /opt/stack/data/venv/lib/python3.12/site-packages/neutron_lib/callbacks/manager.py:184}}
Aug 06 17:29:58.437180 np0000006677 devstack@neutron-api.service[91181]: [pid: 91181|app: 0|req: 1/4] 10.4.3.207 () {68 vars in 1336 bytes} [Thu Aug 6 17:29:58 2026] POST /networking/v2.0/subnetpools => generated 543 bytes in 408 msecs (HTTP/1.1 201) 4 headers in 162 bytes (1 switches on core 0)
Aug 06 17:29:58.788716 np0000006677 devstack@neutron-api.service[91183]: DEBUG neutron.api.v2.base [None req-c9d618be-9b4b-417a-8605-018be1bd1d70 admin admin] Request body: {'network': {'admin_state_up': True, 'name': 'private'}} {{(pid=91183) prepare_request_body /opt/stack/neutron/neutron/api/v2/base.py:727}}
Aug 06 17:29:58.818330 np0000006677 devstack@neutron-api.service[91183]: DEBUG neutron.pecan_wsgi.hooks.quota_enforcement [None req-c9d618be-9b4b-417a-8605-018be1bd1d70 admin admin] Made reservation on behalf of 5f9f42192a5d4e54aa8be195d4514869 for: {'network': 1} {{(pid=91183) before /opt/stack/neutron/neutron/pecan_wsgi/hooks/quota_enforcement.py:66}}
Aug 06 17:29:58.966415 np0000006677 devstack@neutron-api.service[91183]: DEBUG neutron.policy [None req-c9d618be-9b4b-417a-8605-018be1bd1d70 admin admin] Loaded default policies from ['neutron'] under neutron.policies entry points {{(pid=91183) register_rules /opt/stack/neutron/neutron/policy.py:65}}
Aug 06 17:29:59.048189 np0000006677 devstack@neutron-api.service[91183]: DEBUG neutron_lib.callbacks.manager [None req-c9d618be-9b4b-417a-8605-018be1bd1d70 admin admin] Publish callbacks ['neutron.plugins.ml2.plugin.SecurityGroupDbMixin._ensure_default_security_group_handler-354133'] for network (None), before_create {{(pid=91183) _notify_loop /opt/stack/data/venv/lib/python3.12/site-packages/neutron_lib/callbacks/manager.py:184}}
Aug 06 17:29:59.065811 np0000006677 devstack@neutron-api.service[91183]: DEBUG neutron_lib.callbacks.manager [None req-c9d618be-9b4b-417a-8605-018be1bd1d70 admin admin] Publish callbacks [] for security_group (None), before_create {{(pid=91183) _notify_loop /opt/stack/data/venv/lib/python3.12/site-packages/neutron_lib/callbacks/manager.py:184}}
Aug 06 17:29:59.148891 np0000006677 devstack@neutron-api.service[91183]: DEBUG neutron_lib.callbacks.manager [None req-c9d618be-9b4b-417a-8605-018be1bd1d70 admin admin] Publish callbacks ['neutron.plugins.ml2.drivers.ovn.mech_driver.mech_driver.OVNMechanismDriver._create_security_group_precommit-196266'] for security_group (2d6caeda-2176-4b76-8cf7-815172ab71e3), precommit_create {{(pid=91183) _notify_loop /opt/stack/data/venv/lib/python3.12/site-packages/neutron_lib/callbacks/manager.py:184}}
Aug 06 17:29:59.149078 np0000006677 devstack@neutron-api.service[91183]: DEBUG neutron.db.ovn_revision_numbers_db [None req-c9d618be-9b4b-417a-8605-018be1bd1d70 admin admin] create_initial_revision uuid=2d6caeda-2176-4b76-8cf7-815172ab71e3, type=security_groups, rev=-1 {{(pid=91183) create_initial_revision /opt/stack/neutron/neutron/db/ovn_revision_numbers_db.py:98}}
Aug 06 17:29:59.151304 np0000006677 devstack@neutron-api.service[91183]: DEBUG neutron.db.ovn_revision_numbers_db [None req-c9d618be-9b4b-417a-8605-018be1bd1d70 admin admin] create_initial_revision uuid=9bf6f578-4c8c-477e-8b61-0607b93f64ec, type=security_group_rules, rev=-1 {{(pid=91183) create_initial_revision /opt/stack/neutron/neutron/db/ovn_revision_numbers_db.py:98}}
Aug 06 17:29:59.152212 np0000006677 devstack@neutron-api.service[91183]: DEBUG neutron.db.ovn_revision_numbers_db [None req-c9d618be-9b4b-417a-8605-018be1bd1d70 admin admin] create_initial_revision uuid=c3b62107-4264-4b32-85d8-2e98ed98cc51, type=security_group_rules, rev=-1 {{(pid=91183) create_initial_revision /opt/stack/neutron/neutron/db/ovn_revision_numbers_db.py:98}}
Aug 06 17:29:59.153047 np0000006677 devstack@neutron-api.service[91183]: DEBUG neutron.db.ovn_revision_numbers_db [None req-c9d618be-9b4b-417a-8605-018be1bd1d70 admin admin] create_initial_revision uuid=c81dedbe-79ca-43e1-9475-eade55587e1d, type=security_group_rules, rev=-1 {{(pid=91183) create_initial_revision /opt/stack/neutron/neutron/db/ovn_revision_numbers_db.py:98}}
Aug 06 17:29:59.153832 np0000006677 devstack@neutron-api.service[91183]: DEBUG neutron.db.ovn_revision_numbers_db [None req-c9d618be-9b4b-417a-8605-018be1bd1d70 admin admin] create_initial_revision uuid=fba80e60-29ce-4066-a923-ebf8b1cd7bc2, type=security_group_rules, rev=-1 {{(pid=91183) create_initial_revision /opt/stack/neutron/neutron/db/ovn_revision_numbers_db.py:98}}
Aug 06 17:29:59.156576 np0000006677 devstack@neutron-api.service[91183]: DEBUG neutron_lib.callbacks.manager [None req-c9d618be-9b4b-417a-8605-018be1bd1d70 admin admin] Publish callbacks ['neutron.plugins.ml2.drivers.ovn.mech_driver.mech_driver.OVNMechanismDriver._create_security_group-196272', 'neutron.plugins.ml2.ovo_rpc._ObjectChangeHandler.handle_event-32204143'] for security_group (2d6caeda-2176-4b76-8cf7-815172ab71e3), after_create {{(pid=91183) _notify_loop /opt/stack/data/venv/lib/python3.12/site-packages/neutron_lib/callbacks/manager.py:184}}
Aug 06 17:29:59.156742 np0000006677 devstack@neutron-api.service[91183]: INFO neutron.plugins.ml2.drivers.ovn.mech_driver.ovsdb.extensions.qos [None req-c9d618be-9b4b-417a-8605-018be1bd1d70 admin admin] Starting OVNClientQosExtension
Aug 06 17:29:59.156883 np0000006677 devstack@neutron-api.service[91183]: INFO neutron.plugins.ml2.drivers.ovn.mech_driver.ovsdb.extensions.placement [None req-c9d618be-9b4b-417a-8605-018be1bd1d70 admin admin] Starting OVNClientPlacementExtension
Aug 06 17:29:59.157889 np0000006677 devstack@neutron-api.service[91183]: DEBUG ovsdbapp.backend.ovs_idl.transaction [-] Running txn n=1 command(idx=0): PgAddCommand(_result=None, name=pg_2d6caeda_2176_4b76_8cf7_815172ab71e3, may_exist=False, columns={'acls': [], 'external_ids': {'neutron:security_group_id': '2d6caeda-2176-4b76-8cf7-815172ab71e3'}}) {{(pid=91183) do_commit /opt/stack/data/venv/lib/python3.12/site-packages/ovsdbapp/backend/ovs_idl/transaction.py:89}}
Aug 06 17:29:59.161045 np0000006677 devstack@neutron-api.service[91183]: DEBUG ovsdbapp.backend.ovs_idl.transaction [-] Running txn n=1 command(idx=1): PgAclAddCommand(_result=None, entity=pg_2d6caeda_2176_4b76_8cf7_815172ab71e3, direction=from-lport, priority=1002, match=inport == @pg_2d6caeda_2176_4b76_8cf7_815172ab71e3 && ip4, action=allow-related, log=False, may_exist=True, severity=[], name=[], meter=[], external_ids={'neutron:security_group_rule_id': '9bf6f578-4c8c-477e-8b61-0607b93f64ec'}) {{(pid=91183) do_commit /opt/stack/data/venv/lib/python3.12/site-packages/ovsdbapp/backend/ovs_idl/transaction.py:89}}
Aug 06 17:29:59.161387 np0000006677 devstack@neutron-api.service[91183]: DEBUG ovsdbapp.backend.ovs_idl.transaction [-] Running txn n=1 command(idx=2): PgAclAddCommand(_result=None, entity=pg_2d6caeda_2176_4b76_8cf7_815172ab71e3, direction=to-lport, priority=1002, match=outport == @pg_2d6caeda_2176_4b76_8cf7_815172ab71e3 && ip4 && ip4.src == $pg_2d6caeda_2176_4b76_8cf7_815172ab71e3_ip4, action=allow-related, log=False, may_exist=True, severity=[], name=[], meter=[], external_ids={'neutron:security_group_rule_id': 'c3b62107-4264-4b32-85d8-2e98ed98cc51'}) {{(pid=91183) do_commit /opt/stack/data/venv/lib/python3.12/site-packages/ovsdbapp/backend/ovs_idl/transaction.py:89}}
Aug 06 17:29:59.161649 np0000006677 devstack@neutron-api.service[91183]: DEBUG ovsdbapp.backend.ovs_idl.transaction [-] Running txn n=1 command(idx=3): PgAclAddCommand(_result=None, entity=pg_2d6caeda_2176_4b76_8cf7_815172ab71e3, direction=to-lport, priority=1002, match=outport == @pg_2d6caeda_2176_4b76_8cf7_815172ab71e3 && ip6 && ip6.src == $pg_2d6caeda_2176_4b76_8cf7_815172ab71e3_ip6, action=allow-related, log=False, may_exist=True, severity=[], name=[], meter=[], external_ids={'neutron:security_group_rule_id': 'c81dedbe-79ca-43e1-9475-eade55587e1d'}) {{(pid=91183) do_commit /opt/stack/data/venv/lib/python3.12/site-packages/ovsdbapp/backend/ovs_idl/transaction.py:89}}
Aug 06 17:29:59.161881 np0000006677 devstack@neutron-api.service[91183]: DEBUG ovsdbapp.backend.ovs_idl.transaction [-] Running txn n=1 command(idx=4): PgAclAddCommand(_result=None, entity=pg_2d6caeda_2176_4b76_8cf7_815172ab71e3, direction=from-lport, priority=1002, match=inport == @pg_2d6caeda_2176_4b76_8cf7_815172ab71e3 && ip6, action=allow-related, log=False, may_exist=True, severity=[], name=[], meter=[], external_ids={'neutron:security_group_rule_id': 'fba80e60-29ce-4066-a923-ebf8b1cd7bc2'}) {{(pid=91183) do_commit /opt/stack/data/venv/lib/python3.12/site-packages/ovsdbapp/backend/ovs_idl/transaction.py:89}}
Aug 06 17:29:59.174256 np0000006677 devstack@neutron-api.service[91183]: DEBUG neutron.plugins.ml2.drivers.ovn.mech_driver.ovsdb.ovsdb_monitor [-] Hash Ring: Node fca48b10f9905e13bd0e0b49d5c1c37e (host: np0000006677) handling event "create" for row b3786821-dbf2-4500-b7e1-b22a265ede7e (table: ACL) {{(pid=91183) notify /opt/stack/neutron/neutron/plugins/ml2/drivers/ovn/mech_driver/ovsdb/ovsdb_monitor.py:1099}}
Aug 06 17:29:59.174440 np0000006677 devstack@neutron-api.service[91183]: DEBUG neutron.plugins.ml2.drivers.ovn.mech_driver.ovsdb.ovsdb_monitor [-] Hash Ring: Node fca48b10f9905e13bd0e0b49d5c1c37e (host: np0000006677) handling event "create" for row b7051acc-a674-4fe8-bd5b-b496341475af (table: ACL) {{(pid=91183) notify /opt/stack/neutron/neutron/plugins/ml2/drivers/ovn/mech_driver/ovsdb/ovsdb_monitor.py:1099}}
Aug 06 17:29:59.174799 np0000006677 devstack@neutron-api.service[91183]: DEBUG neutron.plugins.ml2.drivers.ovn.mech_driver.ovsdb.ovsdb_monitor [-] Hash Ring: Node fca48b10f9905e13bd0e0b49d5c1c37e (host: np0000006677) handling event "create" for row ec765350-1525-4319-96bd-a3565a0db042 (table: ACL) {{(pid=91183) notify /opt/stack/neutron/neutron/plugins/ml2/drivers/ovn/mech_driver/ovsdb/ovsdb_monitor.py:1099}}
Aug 06 17:29:59.174799 np0000006677 devstack@neutron-api.service[91183]: DEBUG neutron.plugins.ml2.drivers.ovn.mech_driver.ovsdb.ovsdb_monitor [-] Hash Ring: Node fca48b10f9905e13bd0e0b49d5c1c37e (host: np0000006677) handling event "create" for row 3e3a83eb-f10a-4f6d-8763-61d08c86c47d (table: Port_Group) {{(pid=91183) notify /opt/stack/neutron/neutron/plugins/ml2/drivers/ovn/mech_driver/ovsdb/ovsdb_monitor.py:1099}}
Aug 06 17:29:59.175659 np0000006677 devstack@neutron-api.service[91182]: DEBUG neutron.plugins.ml2.drivers.ovn.mech_driver.ovsdb.ovsdb_monitor [-] Hash Ring: Node b96f3e77047f55aaa1d6ff944fb2b842 (host: np0000006677) handling event "create" for row 3f91b4c8-6026-42aa-87dd-036789b82886 (table: ACL) {{(pid=91182) notify /opt/stack/neutron/neutron/plugins/ml2/drivers/ovn/mech_driver/ovsdb/ovsdb_monitor.py:1099}}
Aug 06 17:29:59.176304 np0000006677 devstack@neutron-api.service[91180]: DEBUG neutron.plugins.ml2.drivers.ovn.mech_driver.ovsdb.ovsdb_monitor [-] Hash Ring: Node aa3fbc7d1e66531a9bd9ab215ddd5448 (host: np0000006677) handling event "create" for row 3f91b4c8-6026-42aa-87dd-036789b82886 (table: ACL) {{(pid=91180) notify /opt/stack/neutron/neutron/plugins/ml2/drivers/ovn/mech_driver/ovsdb/ovsdb_monitor.py:1099}}
Aug 06 17:29:59.176492 np0000006677 devstack@neutron-api.service[91180]: DEBUG neutron.plugins.ml2.drivers.ovn.mech_driver.ovsdb.ovsdb_monitor [-] Hash Ring: Node aa3fbc7d1e66531a9bd9ab215ddd5448 (host: np0000006677) handling event "create" for row b3786821-dbf2-4500-b7e1-b22a265ede7e (table: ACL) {{(pid=91180) notify /opt/stack/neutron/neutron/plugins/ml2/drivers/ovn/mech_driver/ovsdb/ovsdb_monitor.py:1099}}
Aug 06 17:29:59.176630 np0000006677 devstack@neutron-api.service[91180]: DEBUG neutron.plugins.ml2.drivers.ovn.mech_driver.ovsdb.ovsdb_monitor [-] Hash Ring: Node aa3fbc7d1e66531a9bd9ab215ddd5448 (host: np0000006677) handling event "create" for row b7051acc-a674-4fe8-bd5b-b496341475af (table: ACL) {{(pid=91180) notify /opt/stack/neutron/neutron/plugins/ml2/drivers/ovn/mech_driver/ovsdb/ovsdb_monitor.py:1099}}
Aug 06 17:29:59.176841 np0000006677 devstack@neutron-api.service[91180]: DEBUG neutron.plugins.ml2.drivers.ovn.mech_driver.ovsdb.ovsdb_monitor [-] Hash Ring: Node aa3fbc7d1e66531a9bd9ab215ddd5448 (host: np0000006677) handling event "create" for row ec765350-1525-4319-96bd-a3565a0db042 (table: ACL) {{(pid=91180) notify /opt/stack/neutron/neutron/plugins/ml2/drivers/ovn/mech_driver/ovsdb/ovsdb_monitor.py:1099}}
Aug 06 17:29:59.177020 np0000006677 devstack@neutron-api.service[91180]: DEBUG neutron.plugins.ml2.drivers.ovn.mech_driver.ovsdb.ovsdb_monitor [-] Hash Ring: Node aa3fbc7d1e66531a9bd9ab215ddd5448 (host: np0000006677) handling event "create" for row 3e3a83eb-f10a-4f6d-8763-61d08c86c47d (table: Port_Group) {{(pid=91180) notify /opt/stack/neutron/neutron/plugins/ml2/drivers/ovn/mech_driver/ovsdb/ovsdb_monitor.py:1099}}
Aug 06 17:29:59.195641 np0000006677 devstack@neutron-api.service[91183]: INFO neutron.db.ovn_revision_numbers_db [None req-c9d618be-9b4b-417a-8605-018be1bd1d70 admin admin] Successfully bumped revision number for resource 2d6caeda-2176-4b76-8cf7-815172ab71e3 (type: security_groups) to 1
Aug 06 17:29:59.207050 np0000006677 devstack@neutron-api.service[91183]: INFO neutron.db.ovn_revision_numbers_db [None req-c9d618be-9b4b-417a-8605-018be1bd1d70 admin admin] Successfully bumped revision number for resource 9bf6f578-4c8c-477e-8b61-0607b93f64ec (type: security_group_rules) to 0
Aug 06 17:29:59.215861 np0000006677 devstack@neutron-api.service[91183]: INFO neutron.db.ovn_revision_numbers_db [None req-c9d618be-9b4b-417a-8605-018be1bd1d70 admin admin] Successfully bumped revision number for resource c3b62107-4264-4b32-85d8-2e98ed98cc51 (type: security_group_rules) to 0
Aug 06 17:29:59.225069 np0000006677 devstack@neutron-api.service[91183]: INFO neutron.db.ovn_revision_numbers_db [None req-c9d618be-9b4b-417a-8605-018be1bd1d70 admin admin] Successfully bumped revision number for resource c81dedbe-79ca-43e1-9475-eade55587e1d (type: security_group_rules) to 0
Aug 06 17:29:59.233505 np0000006677 devstack@neutron-api.service[91183]: INFO neutron.db.ovn_revision_numbers_db [None req-c9d618be-9b4b-417a-8605-018be1bd1d70 admin admin] Successfully bumped revision number for resource fba80e60-29ce-4066-a923-ebf8b1cd7bc2 (type: security_group_rules) to 0
Aug 06 17:29:59.252281 np0000006677 devstack@neutron-api.service[91183]: DEBUG neutron.api.rpc.handlers.resources_rpc [None req-c9d618be-9b4b-417a-8605-018be1bd1d70 admin admin] Pushing event updated for resources: {'SecurityGroup': ['ID=2d6caeda-2176-4b76-8cf7-815172ab71e3,revision_number=1']} {{(pid=91183) push /opt/stack/neutron/neutron/api/rpc/handlers/resources_rpc.py:237}}
Aug 06 17:29:59.257949 np0000006677 devstack@neutron-api.service[91183]: DEBUG ovsdbapp.backend.ovs_idl.transaction [-] Running txn n=1 command(idx=0): CheckLivenessCommand(_result=None) {{(pid=91183) do_commit /opt/stack/data/venv/lib/python3.12/site-packages/ovsdbapp/backend/ovs_idl/transaction.py:89}}
Aug 06 17:29:59.261401 np0000006677 devstack@neutron-api.service[91180]: DEBUG neutron.plugins.ml2.drivers.ovn.mech_driver.ovsdb.ovsdb_monitor [-] Hash Ring: Node aa3fbc7d1e66531a9bd9ab215ddd5448 (host: np0000006677) handling event "update" for row 216eeb84-b074-461a-bd8d-199096abfa8d (table: NB_Global) {{(pid=91180) notify /opt/stack/neutron/neutron/plugins/ml2/drivers/ovn/mech_driver/ovsdb/ovsdb_monitor.py:1099}}
Aug 06 17:29:59.263345 np0000006677 devstack@neutron-api.service[91180]: DEBUG ovsdbapp.backend.ovs_idl.event [-] Matched UPDATE: ChassisAgentWriteEvent(events=('create', 'update'), table='Chassis_Private', conditions=None, old_conditions=None), priority=20 to row=Chassis_Private(uuid=e705c0f7-2502-4616-9280-b60733be40e2, chassis=e048f265-9f2a-4592-9fd3-0104ddb1f9c8, external_ids={'neutron:ovn-bridge': 'br-int', 'neutron:ovn-neutron-agent-id': 'c1247c2b-36e3-5e4a-89cf-184d9d39f4ec', 'neutron:ovn-neutron-agent-sb-cfg': '0'}, name='1b258a94-7b5f-4b00-9f87-41d2899683c9', nb_cfg=1, nb_cfg_timestamp=1786037399259) old=Chassis_Private(uuid=e705c0f7-2502-4616-9280-b60733be40e2, nb_cfg=0, nb_cfg_timestamp=0) {{(pid=91180) matches /opt/stack/data/venv/lib/python3.12/site-packages/ovsdbapp/backend/ovs_idl/event.py:55}}
Aug 06 17:29:59.264452 np0000006677 devstack@neutron-api.service[91183]: DEBUG neutron.api.rpc.callbacks.version_manager [None req-c9d618be-9b4b-417a-8605-018be1bd1d70 admin admin] Tracked resource versions report:
Aug 06 17:29:59.264452 np0000006677 devstack@neutron-api.service[91183]: pushed versions:
Aug 06 17:29:59.264452 np0000006677 devstack@neutron-api.service[91183]: { 'AddressGroup': {'1.2'},
Aug 06 17:29:59.264452 np0000006677 devstack@neutron-api.service[91183]: 'Agent': {'1.1'},
Aug 06 17:29:59.264452 np0000006677 devstack@neutron-api.service[91183]: 'ConntrackHelper': {'1.0'},
Aug 06 17:29:59.264452 np0000006677 devstack@neutron-api.service[91183]: 'LocalIPAssociation': {'1.0'},
Aug 06 17:29:59.264452 np0000006677 devstack@neutron-api.service[91183]: 'Log': {'1.0'},
Aug 06 17:29:59.264452 np0000006677 devstack@neutron-api.service[91183]: 'NDPProxy': {'1.0'},
Aug 06 17:29:59.264452 np0000006677 devstack@neutron-api.service[91183]: 'Network': {'1.3'},
Aug 06 17:29:59.264452 np0000006677 devstack@neutron-api.service[91183]: 'Port': {'1.11'},
Aug 06 17:29:59.264452 np0000006677 devstack@neutron-api.service[91183]: 'PortForwarding': {'1.3'},
Aug 06 17:29:59.264452 np0000006677 devstack@neutron-api.service[91183]: 'QosPolicy': {'1.10'},
Aug 06 17:29:59.264452 np0000006677 devstack@neutron-api.service[91183]: 'SecurityGroup': {'1.6'},
Aug 06 17:29:59.264452 np0000006677 devstack@neutron-api.service[91183]: 'SecurityGroupRule': {'1.3'},
Aug 06 17:29:59.264452 np0000006677 devstack@neutron-api.service[91183]: 'SubPort': {'1.0'},
Aug 06 17:29:59.264452 np0000006677 devstack@neutron-api.service[91183]: 'Subnet': {'1.2'},
Aug 06 17:29:59.264452 np0000006677 devstack@neutron-api.service[91183]: 'Trunk': {'1.1'}}
Aug 06 17:29:59.264452 np0000006677 devstack@neutron-api.service[91183]: consumer versions:
Aug 06 17:29:59.264452 np0000006677 devstack@neutron-api.service[91183]: {}
Aug 06 17:29:59.264452 np0000006677 devstack@neutron-api.service[91183]: {{(pid=91183) report /opt/stack/neutron/neutron/api/rpc/callbacks/version_manager.py:183}}
Aug 06 17:29:59.265035 np0000006677 devstack@neutron-api.service[91180]: DEBUG neutron.plugins.ml2.drivers.ovn.mech_driver.ovsdb.ovsdb_monitor [-] Hash Ring: Node aa3fbc7d1e66531a9bd9ab215ddd5448 (host: np0000006677) handling event "update" for row 216eeb84-b074-461a-bd8d-199096abfa8d (table: NB_Global) {{(pid=91180) notify /opt/stack/neutron/neutron/plugins/ml2/drivers/ovn/mech_driver/ovsdb/ovsdb_monitor.py:1099}}
Aug 06 17:29:59.265095 np0000006677 devstack@neutron-api.service[91181]: DEBUG ovsdbapp.backend.ovs_idl.event [-] Matched UPDATE: ChassisAgentWriteEvent(events=('create', 'update'), table='Chassis_Private', conditions=None, old_conditions=None), priority=20 to row=Chassis_Private(uuid=e705c0f7-2502-4616-9280-b60733be40e2, chassis=e048f265-9f2a-4592-9fd3-0104ddb1f9c8, external_ids={'neutron:ovn-bridge': 'br-int', 'neutron:ovn-neutron-agent-id': 'c1247c2b-36e3-5e4a-89cf-184d9d39f4ec', 'neutron:ovn-neutron-agent-sb-cfg': '0'}, name='1b258a94-7b5f-4b00-9f87-41d2899683c9', nb_cfg=1, nb_cfg_timestamp=1786037399259) old=Chassis_Private(uuid=e705c0f7-2502-4616-9280-b60733be40e2, nb_cfg=0, nb_cfg_timestamp=0) {{(pid=91181) matches /opt/stack/data/venv/lib/python3.12/site-packages/ovsdbapp/backend/ovs_idl/event.py:55}}
Aug 06 17:29:59.266324 np0000006677 devstack@neutron-api.service[91182]: DEBUG ovsdbapp.backend.ovs_idl.event [-] Matched UPDATE: ChassisAgentWriteEvent(events=('create', 'update'), table='Chassis_Private', conditions=None, old_conditions=None), priority=20 to row=Chassis_Private(uuid=e705c0f7-2502-4616-9280-b60733be40e2, chassis=e048f265-9f2a-4592-9fd3-0104ddb1f9c8, external_ids={'neutron:ovn-bridge': 'br-int', 'neutron:ovn-neutron-agent-id': 'c1247c2b-36e3-5e4a-89cf-184d9d39f4ec', 'neutron:ovn-neutron-agent-sb-cfg': '0'}, name='1b258a94-7b5f-4b00-9f87-41d2899683c9', nb_cfg=1, nb_cfg_timestamp=1786037399259) old=Chassis_Private(uuid=e705c0f7-2502-4616-9280-b60733be40e2, nb_cfg=0, nb_cfg_timestamp=0) {{(pid=91182) matches /opt/stack/data/venv/lib/python3.12/site-packages/ovsdbapp/backend/ovs_idl/event.py:55}}
Aug 06 17:29:59.266457 np0000006677 devstack@neutron-api.service[91180]: DEBUG neutron.plugins.ml2.drivers.ovn.mech_driver.ovsdb.ovsdb_monitor [-] Hash Ring: Node aa3fbc7d1e66531a9bd9ab215ddd5448 (host: np0000006677) handling event "update" for row 216eeb84-b074-461a-bd8d-199096abfa8d (table: NB_Global) {{(pid=91180) notify /opt/stack/neutron/neutron/plugins/ml2/drivers/ovn/mech_driver/ovsdb/ovsdb_monitor.py:1099}}
Aug 06 17:29:59.266559 np0000006677 devstack@neutron-api.service[91182]: DEBUG neutron.plugins.ml2.drivers.ovn.mech_driver.ovsdb.ovsdb_monitor [-] Hash Ring: Node b96f3e77047f55aaa1d6ff944fb2b842 (host: np0000006677) handling event "update" for row e705c0f7-2502-4616-9280-b60733be40e2 (table: Chassis_Private) {{(pid=91182) notify /opt/stack/neutron/neutron/plugins/ml2/drivers/ovn/mech_driver/ovsdb/ovsdb_monitor.py:1099}}
Aug 06 17:29:59.267730 np0000006677 devstack@neutron-api.service[91180]: DEBUG neutron.plugins.ml2.drivers.ovn.mech_driver.ovsdb.ovsdb_monitor [-] Hash Ring: Node aa3fbc7d1e66531a9bd9ab215ddd5448 (host: np0000006677) handling event "update" for row 216eeb84-b074-461a-bd8d-199096abfa8d (table: NB_Global) {{(pid=91180) notify /opt/stack/neutron/neutron/plugins/ml2/drivers/ovn/mech_driver/ovsdb/ovsdb_monitor.py:1099}}
Aug 06 17:29:59.268239 np0000006677 devstack@neutron-api.service[91180]: DEBUG neutron.common.ovn.hash_ring_manager [-] Allow caching, nodes 4>=4 {{(pid=91180) _wait_startup_before_caching /opt/stack/neutron/neutron/common/ovn/hash_ring_manager.py:71}}
Aug 06 17:29:59.268375 np0000006677 devstack@neutron-api.service[91180]: DEBUG neutron.plugins.ml2.drivers.ovn.mech_driver.ovsdb.ovsdb_monitor [-] Hash Ring: Node aa3fbc7d1e66531a9bd9ab215ddd5448 (host: np0000006677) handling event "update" for row e705c0f7-2502-4616-9280-b60733be40e2 (table: Chassis_Private) {{(pid=91180) notify /opt/stack/neutron/neutron/plugins/ml2/drivers/ovn/mech_driver/ovsdb/ovsdb_monitor.py:1099}}
Aug 06 17:29:59.268766 np0000006677 devstack@neutron-api.service[91182]: DEBUG ovsdbapp.backend.ovs_idl.event [-] Matched UPDATE: ChassisOVNAgentWriteEvent(events=('create', 'update'), table='Chassis_Private', conditions=None, old_conditions=None), priority=20 to row=Chassis_Private(uuid=e705c0f7-2502-4616-9280-b60733be40e2, chassis=e048f265-9f2a-4592-9fd3-0104ddb1f9c8, external_ids={'neutron:ovn-bridge': 'br-int', 'neutron:ovn-neutron-agent-id': 'c1247c2b-36e3-5e4a-89cf-184d9d39f4ec', 'neutron:ovn-neutron-agent-sb-cfg': '1'}, name='1b258a94-7b5f-4b00-9f87-41d2899683c9', nb_cfg=1, nb_cfg_timestamp=1786037399259) old=Chassis_Private(uuid=e705c0f7-2502-4616-9280-b60733be40e2, external_ids={'neutron:ovn-bridge': 'br-int', 'neutron:ovn-neutron-agent-id': 'c1247c2b-36e3-5e4a-89cf-184d9d39f4ec', 'neutron:ovn-neutron-agent-sb-cfg': '0'}) {{(pid=91182) matches /opt/stack/data/venv/lib/python3.12/site-packages/ovsdbapp/backend/ovs_idl/event.py:55}}
Aug 06 17:29:59.269098 np0000006677 devstack@neutron-api.service[91182]: DEBUG neutron.plugins.ml2.drivers.ovn.mech_driver.ovsdb.ovsdb_monitor [-] Hash Ring: Node b96f3e77047f55aaa1d6ff944fb2b842 (host: np0000006677) handling event "update" for row e705c0f7-2502-4616-9280-b60733be40e2 (table: Chassis_Private) {{(pid=91182) notify /opt/stack/neutron/neutron/plugins/ml2/drivers/ovn/mech_driver/ovsdb/ovsdb_monitor.py:1099}}
Aug 06 17:29:59.269170 np0000006677 devstack@neutron-api.service[91183]: DEBUG ovsdbapp.backend.ovs_idl.event [-] Matched UPDATE: ChassisAgentWriteEvent(events=('create', 'update'), table='Chassis_Private', conditions=None, old_conditions=None), priority=20 to row=Chassis_Private(uuid=e705c0f7-2502-4616-9280-b60733be40e2, chassis=e048f265-9f2a-4592-9fd3-0104ddb1f9c8, external_ids={'neutron:ovn-bridge': 'br-int', 'neutron:ovn-neutron-agent-id': 'c1247c2b-36e3-5e4a-89cf-184d9d39f4ec', 'neutron:ovn-neutron-agent-sb-cfg': '0'}, name='1b258a94-7b5f-4b00-9f87-41d2899683c9', nb_cfg=1, nb_cfg_timestamp=1786037399259) old=Chassis_Private(uuid=e705c0f7-2502-4616-9280-b60733be40e2, nb_cfg=0, nb_cfg_timestamp=0) {{(pid=91183) matches /opt/stack/data/venv/lib/python3.12/site-packages/ovsdbapp/backend/ovs_idl/event.py:55}}
Aug 06 17:29:59.269289 np0000006677 devstack@neutron-api.service[91181]: DEBUG ovsdbapp.backend.ovs_idl.event [-] Matched UPDATE: ChassisOVNAgentWriteEvent(events=('create', 'update'), table='Chassis_Private', conditions=None, old_conditions=None), priority=20 to row=Chassis_Private(uuid=e705c0f7-2502-4616-9280-b60733be40e2, chassis=e048f265-9f2a-4592-9fd3-0104ddb1f9c8, external_ids={'neutron:ovn-bridge': 'br-int', 'neutron:ovn-neutron-agent-id': 'c1247c2b-36e3-5e4a-89cf-184d9d39f4ec', 'neutron:ovn-neutron-agent-sb-cfg': '1'}, name='1b258a94-7b5f-4b00-9f87-41d2899683c9', nb_cfg=1, nb_cfg_timestamp=1786037399259) old=Chassis_Private(uuid=e705c0f7-2502-4616-9280-b60733be40e2, external_ids={'neutron:ovn-bridge': 'br-int', 'neutron:ovn-neutron-agent-id': 'c1247c2b-36e3-5e4a-89cf-184d9d39f4ec', 'neutron:ovn-neutron-agent-sb-cfg': '0'}) {{(pid=91181) matches /opt/stack/data/venv/lib/python3.12/site-packages/ovsdbapp/backend/ovs_idl/event.py:55}}
Aug 06 17:29:59.269459 np0000006677 devstack@neutron-api.service[91180]: DEBUG ovsdbapp.backend.ovs_idl.event [-] Matched UPDATE: ChassisOVNAgentWriteEvent(events=('create', 'update'), table='Chassis_Private', conditions=None, old_conditions=None), priority=20 to row=Chassis_Private(uuid=e705c0f7-2502-4616-9280-b60733be40e2, chassis=e048f265-9f2a-4592-9fd3-0104ddb1f9c8, external_ids={'neutron:ovn-bridge': 'br-int', 'neutron:ovn-neutron-agent-id': 'c1247c2b-36e3-5e4a-89cf-184d9d39f4ec', 'neutron:ovn-neutron-agent-sb-cfg': '1'}, name='1b258a94-7b5f-4b00-9f87-41d2899683c9', nb_cfg=1, nb_cfg_timestamp=1786037399259) old=Chassis_Private(uuid=e705c0f7-2502-4616-9280-b60733be40e2, external_ids={'neutron:ovn-bridge': 'br-int', 'neutron:ovn-neutron-agent-id': 'c1247c2b-36e3-5e4a-89cf-184d9d39f4ec', 'neutron:ovn-neutron-agent-sb-cfg': '0'}) {{(pid=91180) matches /opt/stack/data/venv/lib/python3.12/site-packages/ovsdbapp/backend/ovs_idl/event.py:55}}
Aug 06 17:29:59.269742 np0000006677 devstack@neutron-api.service[91180]: DEBUG neutron.plugins.ml2.drivers.ovn.mech_driver.ovsdb.ovsdb_monitor [-] Hash Ring: Node aa3fbc7d1e66531a9bd9ab215ddd5448 (host: np0000006677) handling event "update" for row e705c0f7-2502-4616-9280-b60733be40e2 (table: Chassis_Private) {{(pid=91180) notify /opt/stack/neutron/neutron/plugins/ml2/drivers/ovn/mech_driver/ovsdb/ovsdb_monitor.py:1099}}
Aug 06 17:29:59.272457 np0000006677 devstack@neutron-api.service[91183]: DEBUG ovsdbapp.backend.ovs_idl.event [-] Matched UPDATE: ChassisOVNAgentWriteEvent(events=('create', 'update'), table='Chassis_Private', conditions=None, old_conditions=None), priority=20 to row=Chassis_Private(uuid=e705c0f7-2502-4616-9280-b60733be40e2, chassis=e048f265-9f2a-4592-9fd3-0104ddb1f9c8, external_ids={'neutron:ovn-bridge': 'br-int', 'neutron:ovn-neutron-agent-id': 'c1247c2b-36e3-5e4a-89cf-184d9d39f4ec', 'neutron:ovn-neutron-agent-sb-cfg': '1'}, name='1b258a94-7b5f-4b00-9f87-41d2899683c9', nb_cfg=1, nb_cfg_timestamp=1786037399259) old=Chassis_Private(uuid=e705c0f7-2502-4616-9280-b60733be40e2, external_ids={'neutron:ovn-bridge': 'br-int', 'neutron:ovn-neutron-agent-id': 'c1247c2b-36e3-5e4a-89cf-184d9d39f4ec', 'neutron:ovn-neutron-agent-sb-cfg': '0'}) {{(pid=91183) matches /opt/stack/data/venv/lib/python3.12/site-packages/ovsdbapp/backend/ovs_idl/event.py:55}}
Aug 06 17:29:59.307591 np0000006677 devstack@neutron-api.service[91183]: DEBUG neutron.plugins.ml2.drivers.helpers [None req-c9d618be-9b4b-417a-8605-018be1bd1d70 admin admin] geneve segment allocate from pool success with {'geneve_vni': 821} {{(pid=91183) allocate_partially_specified_segment /opt/stack/neutron/neutron/plugins/ml2/drivers/helpers.py:142}}
Aug 06 17:29:59.317151 np0000006677 devstack@neutron-api.service[91183]: DEBUG neutron_lib.callbacks.manager [None req-c9d618be-9b4b-417a-8605-018be1bd1d70 admin admin] Publish callbacks ['neutron.services.segments.db._add_segment_host_mapping_for_segment-8086702227156', 'neutron.plugins.ml2.plugin.Ml2Plugin._handle_segment_change-78339'] for segment (f4ec82d2-4547-4f1c-9252-0952565ee8d2), precommit_create {{(pid=91183) _notify_loop /opt/stack/data/venv/lib/python3.12/site-packages/neutron_lib/callbacks/manager.py:184}}
Aug 06 17:29:59.317329 np0000006677 devstack@neutron-api.service[91183]: INFO neutron.db.segments_db [None req-c9d618be-9b4b-417a-8605-018be1bd1d70 admin admin] Added segment f4ec82d2-4547-4f1c-9252-0952565ee8d2 of type geneve for network af48f715-cf30-4191-8faa-572339692a86
Aug 06 17:29:59.352229 np0000006677 devstack@neutron-api.service[91183]: DEBUG neutron_lib.callbacks.manager [None req-c9d618be-9b4b-417a-8605-018be1bd1d70 admin admin] Publish callbacks ['neutron.services.auto_allocate.db._ensure_external_network_default_value_callback-8086700958924'] for network (af48f715-cf30-4191-8faa-572339692a86), precommit_create {{(pid=91183) _notify_loop /opt/stack/data/venv/lib/python3.12/site-packages/neutron_lib/callbacks/manager.py:184}}
Aug 06 17:29:59.366157 np0000006677 devstack@neutron-api.service[91183]: DEBUG neutron.plugins.ml2.drivers.ovn.mech_driver.mech_driver [None req-c9d618be-9b4b-417a-8605-018be1bd1d70 admin admin] Validating network segment with type geneve, segmentation ID 821, physical network None {{(pid=91183) _validate_network_segments /opt/stack/neutron/neutron/plugins/ml2/drivers/ovn/mech_driver/mech_driver.py:646}}
Aug 06 17:29:59.366280 np0000006677 devstack@neutron-api.service[91183]: DEBUG neutron.db.ovn_revision_numbers_db [None req-c9d618be-9b4b-417a-8605-018be1bd1d70 admin admin] create_initial_revision uuid=af48f715-cf30-4191-8faa-572339692a86, type=networks, rev=-1 {{(pid=91183) create_initial_revision /opt/stack/neutron/neutron/db/ovn_revision_numbers_db.py:98}}
Aug 06 17:29:59.379637 np0000006677 devstack@neutron-api.service[91183]: DEBUG neutron_lib.callbacks.manager [None req-c9d618be-9b4b-417a-8605-018be1bd1d70 admin admin] Publish callbacks ['neutron.plugins.ml2.ovo_rpc._ObjectChangeHandler.handle_event-32204140'] for network (af48f715-cf30-4191-8faa-572339692a86), after_create {{(pid=91183) _notify_loop /opt/stack/data/venv/lib/python3.12/site-packages/neutron_lib/callbacks/manager.py:184}}
Aug 06 17:29:59.425317 np0000006677 devstack@neutron-api.service[91183]: DEBUG neutron.api.rpc.handlers.resources_rpc [None req-c9d618be-9b4b-417a-8605-018be1bd1d70 admin admin] Pushing event updated for resources: {'Network': ['ID=af48f715-cf30-4191-8faa-572339692a86,revision_number=1']} {{(pid=91183) push /opt/stack/neutron/neutron/api/rpc/handlers/resources_rpc.py:237}}
Aug 06 17:29:59.432789 np0000006677 devstack@neutron-api.service[91183]: DEBUG ovsdbapp.backend.ovs_idl.transaction [-] Running txn n=1 command(idx=0): AddNetworkCommand(_result=None, network_uuid=af48f715-cf30-4191-8faa-572339692a86, may_exist=True, columns={'external_ids': {'neutron:network_name': 'private', 'neutron:mtu': '1372', 'neutron:revision_number': '1', 'neutron:availability_zone_hints': '', 'neutron:provnet-network-type': 'geneve'}, 'other_config': {'mcast_snoop': 'false', 'mcast_flood_unregistered': 'false', 'vlan-passthru': 'false'}}) {{(pid=91183) do_commit /opt/stack/data/venv/lib/python3.12/site-packages/ovsdbapp/backend/ovs_idl/transaction.py:89}}
Aug 06 17:29:59.433262 np0000006677 devstack@neutron-api.service[91183]: DEBUG neutron.common.ovn.utils [-] OVS persist_uuid supported=True {{(pid=91183) ovs_persist_uuid_supported /opt/stack/neutron/neutron/common/ovn/utils.py:1565}}
Aug 06 17:29:59.436745 np0000006677 devstack@neutron-api.service[91180]: DEBUG neutron.plugins.ml2.drivers.ovn.mech_driver.ovsdb.ovsdb_monitor [-] Hash Ring: Node aa3fbc7d1e66531a9bd9ab215ddd5448 (host: np0000006677) handling event "create" for row af48f715-cf30-4191-8faa-572339692a86 (table: Logical_Switch) {{(pid=91180) notify /opt/stack/neutron/neutron/plugins/ml2/drivers/ovn/mech_driver/ovsdb/ovsdb_monitor.py:1099}}
Aug 06 17:29:59.439738 np0000006677 devstack@neutron-api.service[91180]: DEBUG neutron.plugins.ml2.drivers.ovn.mech_driver.ovsdb.ovsdb_monitor [-] Hash Ring: Node aa3fbc7d1e66531a9bd9ab215ddd5448 (host: np0000006677) handling event "create" for row d1fc4862-7d25-4200-aaa2-71dbc5034206 (table: Datapath_Binding) {{(pid=91180) notify /opt/stack/neutron/neutron/plugins/ml2/drivers/ovn/mech_driver/ovsdb/ovsdb_monitor.py:1099}}
Aug 06 17:29:59.450373 np0000006677 devstack@neutron-api.service[91183]: DEBUG neutron.plugins.ml2.drivers.ovn.mech_driver.ovsdb.ovsdb_monitor [-] Hash Ring: Node fca48b10f9905e13bd0e0b49d5c1c37e (host: np0000006677) handling event "create" for row d1fc4862-7d25-4200-aaa2-71dbc5034206 (table: Datapath_Binding) {{(pid=91183) notify /opt/stack/neutron/neutron/plugins/ml2/drivers/ovn/mech_driver/ovsdb/ovsdb_monitor.py:1099}}
Aug 06 17:29:59.469430 np0000006677 devstack@neutron-api.service[91183]: INFO neutron.db.ovn_revision_numbers_db [None req-c9d618be-9b4b-417a-8605-018be1bd1d70 admin admin] Successfully bumped revision number for resource af48f715-cf30-4191-8faa-572339692a86 (type: networks) to 1
Aug 06 17:29:59.549631 np0000006677 devstack@neutron-api.service[91183]: DEBUG neutron_lib.callbacks.manager [None req-c9d618be-9b4b-417a-8605-018be1bd1d70 admin admin] Publish callbacks ['neutron.plugins.ml2.plugin.SecurityGroupDbMixin._ensure_default_security_group_handler-354133'] for port (None), before_create {{(pid=91183) _notify_loop /opt/stack/data/venv/lib/python3.12/site-packages/neutron_lib/callbacks/manager.py:184}}
Aug 06 17:29:59.836115 np0000006677 devstack@neutron-api.service[91183]: DEBUG neutron_lib.callbacks.manager [None req-c9d618be-9b4b-417a-8605-018be1bd1d70 admin admin] Publish callbacks ['neutron.plugins.ml2.drivers.ovn.mech_driver.mech_driver.OVNMechanismDriver._validate_allowed_address_pairs-196386'] for allowed_address_pair (dfecfbfb-9c45-4fd7-8f67-44e670cb91d4), before_create {{(pid=91183) _notify_loop /opt/stack/data/venv/lib/python3.12/site-packages/neutron_lib/callbacks/manager.py:184}}
Aug 06 17:29:59.836603 np0000006677 devstack@neutron-api.service[91183]: DEBUG neutron_lib.callbacks.manager [None req-c9d618be-9b4b-417a-8605-018be1bd1d70 admin admin] Publish callbacks [] for port (dfecfbfb-9c45-4fd7-8f67-44e670cb91d4), precommit_create {{(pid=91183) _notify_loop /opt/stack/data/venv/lib/python3.12/site-packages/neutron_lib/callbacks/manager.py:184}}
Aug 06 17:29:59.836797 np0000006677 devstack@neutron-api.service[91183]: DEBUG neutron.plugins.ml2.drivers.ovn.mech_driver.mech_driver [None req-c9d618be-9b4b-417a-8605-018be1bd1d70 admin admin] No provisioning block for port dfecfbfb-9c45-4fd7-8f67-44e670cb91d4 since it does not have a host {{(pid=91183) _is_port_provisioning_required /opt/stack/neutron/neutron/plugins/ml2/drivers/ovn/mech_driver/mech_driver.py:899}}
Aug 06 17:29:59.836904 np0000006677 devstack@neutron-api.service[91183]: DEBUG neutron.db.ovn_revision_numbers_db [None req-c9d618be-9b4b-417a-8605-018be1bd1d70 admin admin] create_initial_revision uuid=dfecfbfb-9c45-4fd7-8f67-44e670cb91d4, type=ports, rev=-1 {{(pid=91183) create_initial_revision /opt/stack/neutron/neutron/db/ovn_revision_numbers_db.py:98}}
Aug 06 17:29:59.892776 np0000006677 devstack@neutron-api.service[91183]: DEBUG neutron_lib.callbacks.manager [None req-c9d618be-9b4b-417a-8605-018be1bd1d70 admin admin] Publish callbacks ['neutron.plugins.ml2.ovo_rpc._ObjectChangeHandler.handle_event-32204155'] for port (dfecfbfb-9c45-4fd7-8f67-44e670cb91d4), after_create {{(pid=91183) _notify_loop /opt/stack/data/venv/lib/python3.12/site-packages/neutron_lib/callbacks/manager.py:184}}
Aug 06 17:29:59.949051 np0000006677 devstack@neutron-api.service[91183]: DEBUG neutron.api.rpc.handlers.resources_rpc [None req-c9d618be-9b4b-417a-8605-018be1bd1d70 admin admin] Pushing event updated for resources: {'Port': ['ID=dfecfbfb-9c45-4fd7-8f67-44e670cb91d4,revision_number=1']} {{(pid=91183) push /opt/stack/neutron/neutron/api/rpc/handlers/resources_rpc.py:237}}
Aug 06 17:29:59.980357 np0000006677 devstack@neutron-api.service[91183]: DEBUG neutron.plugins.ml2.drivers.ovn.mech_driver.ovsdb.commands [None req-c9d618be-9b4b-417a-8605-018be1bd1d70 admin admin] Converting tag [] to a tag_request {{(pid=91183) _tag_column_to_tag_request /opt/stack/neutron/neutron/plugins/ml2/drivers/ovn/mech_driver/ovsdb/commands.py:227}}
Aug 06 17:29:59.981194 np0000006677 devstack@neutron-api.service[91183]: DEBUG ovsdbapp.backend.ovs_idl.transaction [-] Running txn n=1 command(idx=0): AddLSwitchPortCommand(_result=None, lport=dfecfbfb-9c45-4fd7-8f67-44e670cb91d4, lswitch=neutron-af48f715-cf30-4191-8faa-572339692a86, may_exist=True, network_uuid=af48f715-cf30-4191-8faa-572339692a86, columns={'addresses': ['fa:16:3e:38:81:cc'], 'external_ids': {'neutron:port_name': '', 'neutron:device_id': 'ovnmeta-af48f715-cf30-4191-8faa-572339692a86', 'neutron:project_id': '5f9f42192a5d4e54aa8be195d4514869', 'neutron:cidrs': '', 'neutron:device_owner': 'network:distributed', 'neutron:subnet_pool_addr_scope4': '', 'neutron:subnet_pool_addr_scope6': '', 'neutron:network_name': 'neutron-af48f715-cf30-4191-8faa-572339692a86', 'neutron:security_group_ids': '', 'neutron:revision_number': '1', 'neutron:vnic_type': 'normal', 'neutron:port_capabilities': '', 'neutron:mtu': '1372'}, 'parent_name': [], 'enabled': True, 'options': {}, 'type': 'localport', 'port_security': [], 'dhcpv4_options': [], 'dhcpv6_options': [], 'tag_request': []}) {{(pid=91183) do_commit /opt/stack/data/venv/lib/python3.12/site-packages/ovsdbapp/backend/ovs_idl/transaction.py:89}}
Aug 06 17:29:59.981726 np0000006677 devstack@neutron-api.service[91183]: DEBUG ovsdbapp.backend.ovs_idl.transaction [-] Running txn n=1 command(idx=1): QoSDelCommand(_result=None, switch=neutron-af48f715-cf30-4191-8faa-572339692a86, conditions=[('direction', '=', 'to-lport'), ('priority', '=', 2002), ('match', '=', 'outport == "dfecfbfb-9c45-4fd7-8f67-44e670cb91d4"')], if_exists=True) {{(pid=91183) do_commit /opt/stack/data/venv/lib/python3.12/site-packages/ovsdbapp/backend/ovs_idl/transaction.py:89}}
Aug 06 17:29:59.981936 np0000006677 devstack@neutron-api.service[91183]: DEBUG ovsdbapp.backend.ovs_idl.transaction [-] Running txn n=1 command(idx=2): QoSDelCommand(_result=None, switch=neutron-af48f715-cf30-4191-8faa-572339692a86, conditions=[('direction', '=', 'from-lport'), ('priority', '=', 2002), ('match', '=', 'inport == "dfecfbfb-9c45-4fd7-8f67-44e670cb91d4"')], if_exists=True) {{(pid=91183) do_commit /opt/stack/data/venv/lib/python3.12/site-packages/ovsdbapp/backend/ovs_idl/transaction.py:89}}
Aug 06 17:29:59.987430 np0000006677 devstack@neutron-api.service[91181]: DEBUG neutron.plugins.ml2.drivers.ovn.mech_driver.ovsdb.ovsdb_monitor [-] Hash Ring: Node a689809791ac50329b21744edee35370 (host: np0000006677) handling event "create" for row 3d725e06-0fce-4ca2-986d-3a5c689de8f4 (table: Logical_Switch_Port) {{(pid=91181) notify /opt/stack/neutron/neutron/plugins/ml2/drivers/ovn/mech_driver/ovsdb/ovsdb_monitor.py:1099}}
Aug 06 17:29:59.988752 np0000006677 devstack@neutron-api.service[91180]: DEBUG neutron.plugins.ml2.drivers.ovn.mech_driver.ovsdb.ovsdb_monitor [-] Hash Ring: Node aa3fbc7d1e66531a9bd9ab215ddd5448 (host: np0000006677) handling event "create" for row a60b5aa8-3559-4c7d-a174-524b3ba67142 (table: Port_Binding) {{(pid=91180) notify /opt/stack/neutron/neutron/plugins/ml2/drivers/ovn/mech_driver/ovsdb/ovsdb_monitor.py:1099}}
Aug 06 17:29:59.988901 np0000006677 devstack@neutron-api.service[91181]: DEBUG ovsdbapp.backend.ovs_idl.event [-] Matched CREATE: LogicalSwitchPortCreateEvent(events=('create',), table='Logical_Switch_Port', conditions=[], old_conditions=None), priority=20 to row=Logical_Switch_Port(uuid=3d725e06-0fce-4ca2-986d-3a5c689de8f4, addresses=['fa:16:3e:38:81:cc'], dhcpv4_options=[], dhcpv6_options=[], dynamic_addresses=[], enabled=True, external_ids={'neutron:cidrs': '', 'neutron:device_id': 'ovnmeta-af48f715-cf30-4191-8faa-572339692a86', 'neutron:device_owner': 'network:distributed', 'neutron:mtu': '1372', 'neutron:network_name': 'neutron-af48f715-cf30-4191-8faa-572339692a86', 'neutron:port_capabilities': '', 'neutron:port_name': '', 'neutron:project_id': '5f9f42192a5d4e54aa8be195d4514869', 'neutron:revision_number': '1', 'neutron:security_group_ids': '', 'neutron:subnet_pool_addr_scope4': '', 'neutron:subnet_pool_addr_scope6': '', 'neutron:vnic_type': 'normal'}, ha_chassis_group=[], mirror_rules=[], name='dfecfbfb-9c45-4fd7-8f67-44e670cb91d4', options={}, parent_name=[], port_security=[], tag=[], tag_request=[], type='localport', up=[]) old= {{(pid=91181) matches /opt/stack/data/venv/lib/python3.12/site-packages/ovsdbapp/backend/ovs_idl/event.py:55}}
Aug 06 17:29:59.989843 np0000006677 devstack@neutron-api.service[91180]: DEBUG neutron.plugins.ml2.drivers.ovn.mech_driver.ovsdb.ovsdb_monitor [-] Hash Ring: Node aa3fbc7d1e66531a9bd9ab215ddd5448 (host: np0000006677) handling event "update" for row af48f715-cf30-4191-8faa-572339692a86 (table: Logical_Switch) {{(pid=91180) notify /opt/stack/neutron/neutron/plugins/ml2/drivers/ovn/mech_driver/ovsdb/ovsdb_monitor.py:1099}}
Aug 06 17:29:59.990066 np0000006677 devstack@neutron-api.service[91180]: DEBUG neutron.plugins.ml2.drivers.ovn.mech_driver.ovsdb.ovsdb_monitor [-] Hash Ring: Node aa3fbc7d1e66531a9bd9ab215ddd5448 (host: np0000006677) handling event "create" for row 3d725e06-0fce-4ca2-986d-3a5c689de8f4 (table: Logical_Switch_Port) {{(pid=91180) notify /opt/stack/neutron/neutron/plugins/ml2/drivers/ovn/mech_driver/ovsdb/ovsdb_monitor.py:1099}}
Aug 06 17:29:59.990183 np0000006677 devstack@neutron-api.service[91181]: INFO neutron.plugins.ml2.drivers.ovn.mech_driver.mech_driver [-] OVN reports status down for port: dfecfbfb-9c45-4fd7-8f67-44e670cb91d4
Aug 06 17:29:59.991038 np0000006677 devstack@neutron-api.service[91180]: DEBUG ovsdbapp.backend.ovs_idl.event [-] Matched CREATE: LogicalSwitchPortCreateEvent(events=('create',), table='Logical_Switch_Port', conditions=[], old_conditions=None), priority=20 to row=Logical_Switch_Port(uuid=3d725e06-0fce-4ca2-986d-3a5c689de8f4, addresses=['fa:16:3e:38:81:cc'], dhcpv4_options=[], dhcpv6_options=[], dynamic_addresses=[], enabled=True, external_ids={'neutron:cidrs': '', 'neutron:device_id': 'ovnmeta-af48f715-cf30-4191-8faa-572339692a86', 'neutron:device_owner': 'network:distributed', 'neutron:mtu': '1372', 'neutron:network_name': 'neutron-af48f715-cf30-4191-8faa-572339692a86', 'neutron:port_capabilities': '', 'neutron:port_name': '', 'neutron:project_id': '5f9f42192a5d4e54aa8be195d4514869', 'neutron:revision_number': '1', 'neutron:security_group_ids': '', 'neutron:subnet_pool_addr_scope4': '', 'neutron:subnet_pool_addr_scope6': '', 'neutron:vnic_type': 'normal'}, ha_chassis_group=[], mirror_rules=[], name='dfecfbfb-9c45-4fd7-8f67-44e670cb91d4', options={}, parent_name=[], port_security=[], tag=[], tag_request=[], type='localport', up=[]) old= {{(pid=91180) matches /opt/stack/data/venv/lib/python3.12/site-packages/ovsdbapp/backend/ovs_idl/event.py:55}}
Aug 06 17:29:59.991397 np0000006677 devstack@neutron-api.service[91181]: DEBUG neutron.plugins.ml2.drivers.ovn.mech_driver.ovsdb.ovsdb_monitor [-] Hash Ring: Node a689809791ac50329b21744edee35370 (host: np0000006677) handling event "update" for row 3d725e06-0fce-4ca2-986d-3a5c689de8f4 (table: Logical_Switch_Port) {{(pid=91181) notify /opt/stack/neutron/neutron/plugins/ml2/drivers/ovn/mech_driver/ovsdb/ovsdb_monitor.py:1099}}
Aug 06 17:29:59.991805 np0000006677 devstack@neutron-api.service[91180]: INFO neutron.plugins.ml2.drivers.ovn.mech_driver.mech_driver [-] OVN reports status down for port: dfecfbfb-9c45-4fd7-8f67-44e670cb91d4
Aug 06 17:29:59.992517 np0000006677 devstack@neutron-api.service[91180]: DEBUG neutron.plugins.ml2.drivers.ovn.mech_driver.ovsdb.ovsdb_monitor [-] Hash Ring: Node aa3fbc7d1e66531a9bd9ab215ddd5448 (host: np0000006677) handling event "update" for row 3d725e06-0fce-4ca2-986d-3a5c689de8f4 (table: Logical_Switch_Port) {{(pid=91180) notify /opt/stack/neutron/neutron/plugins/ml2/drivers/ovn/mech_driver/ovsdb/ovsdb_monitor.py:1099}}
Aug 06 17:30:00.034001 np0000006677 devstack@neutron-api.service[91183]: INFO neutron.db.ovn_revision_numbers_db [None req-c9d618be-9b4b-417a-8605-018be1bd1d70 admin admin] Successfully bumped revision number for resource dfecfbfb-9c45-4fd7-8f67-44e670cb91d4 (type: ports) to 1
Aug 06 17:30:00.040328 np0000006677 devstack@neutron-api.service[91183]: DEBUG neutron.pecan_wsgi.hooks.policy_enforcement [None req-c9d618be-9b4b-417a-8605-018be1bd1d70 admin admin] Attributes excluded by policy engine: ['standard_attr_id'] {{(pid=91183) _exclude_attributes_by_policy /opt/stack/neutron/neutron/pecan_wsgi/hooks/policy_enforcement.py:259}}
