May 13 04:20:26.631034 np0000000666 devstack@placement-api.service[89027]: DEBUG placement.requestlog [None req-3dce3370-c75d-4220-8dd2-c9ec7c30d2b2 None None] Starting request: 10.4.3.37 "GET /placement/resource_providers/4a748f12-be5e-4310-8a19-aacd09275df4/aggregates" {{(pid=89027) __call__ /opt/stack/placement/placement/requestlog.py:55}}
May 13 04:20:26.636200 np0000000666 devstack@placement-api.service[89027]: INFO placement.requestlog [None req-3dce3370-c75d-4220-8dd2-c9ec7c30d2b2 service placement] 10.4.3.37 "GET /placement/resource_providers/4a748f12-be5e-4310-8a19-aacd09275df4/aggregates" status: 404 len: 235 microversion: 1.1
May 13 04:20:26.636375 np0000000666 devstack@placement-api.service[89027]: [pid: 89027|app: 0|req: 512/1026] 10.4.3.37 () {66 vars in 1467 bytes} [Wed May 13 04:20:26 2026] GET /placement/resource_providers/4a748f12-be5e-4310-8a19-aacd09275df4/aggregates => generated 235 bytes in 6 msecs (HTTP/1.1 404) 5 headers in 202 bytes (1 switches on core 0)
May 13 04:20:26.658528 np0000000666 devstack@placement-api.service[89028]: DEBUG placement.requestlog [req-a488585f-612f-4147-850b-637515fc3c88 req-67b22993-64a7-465f-baea-269aa2e3ed43 None None] Starting request: 10.4.3.37 "GET /placement/allocations/3acd46a9-13ee-4175-8eb3-8b283a20cb4b" {{(pid=89028) __call__ /opt/stack/placement/placement/requestlog.py:55}}
May 13 04:20:26.669209 np0000000666 devstack@placement-api.service[89028]: INFO placement.requestlog [req-a488585f-612f-4147-850b-637515fc3c88 req-67b22993-64a7-465f-baea-269aa2e3ed43 service nova] 10.4.3.37 "GET /placement/allocations/3acd46a9-13ee-4175-8eb3-8b283a20cb4b" status: 200 len: 244 microversion: 1.28
May 13 04:20:26.669477 np0000000666 devstack@placement-api.service[89028]: [pid: 89028|app: 0|req: 515/1027] 10.4.3.37 () {68 vars in 1492 bytes} [Wed May 13 04:20:26 2026] GET /placement/allocations/3acd46a9-13ee-4175-8eb3-8b283a20cb4b => generated 244 bytes in 11 msecs (HTTP/1.1 200) 8 headers in 296 bytes (1 switches on core 0)
May 13 04:20:26.698218 np0000000666 devstack@placement-api.service[89027]: DEBUG placement.requestlog [None req-10d6e135-42c8-47fd-9230-069c45ab63f7 None None] Starting request: 10.4.3.37 "DELETE /placement/resource_providers/4a748f12-be5e-4310-8a19-aacd09275df4" {{(pid=89027) __call__ /opt/stack/placement/placement/requestlog.py:55}}
May 13 04:20:26.711167 np0000000666 devstack@placement-api.service[89027]: DEBUG placement.wsgi_wrapper [None req-10d6e135-42c8-47fd-9230-069c45ab63f7 service placement] Placement API returning an error response: No resource provider with uuid 4a748f12-be5e-4310-8a19-aacd09275df4 found for delete {{(pid=89027) call_func /opt/stack/placement/placement/wsgi_wrapper.py:31}}
May 13 04:20:26.712729 np0000000666 devstack@placement-api.service[89027]: INFO placement.requestlog [None req-10d6e135-42c8-47fd-9230-069c45ab63f7 service placement] 10.4.3.37 "DELETE /placement/resource_providers/4a748f12-be5e-4310-8a19-aacd09275df4" status: 404 len: 246 microversion: 1.1
May 13 04:20:26.712981 np0000000666 devstack@placement-api.service[89027]: [pid: 89027|app: 0|req: 513/1028] 10.4.3.37 () {68 vars in 1456 bytes} [Wed May 13 04:20:26 2026] DELETE /placement/resource_providers/4a748f12-be5e-4310-8a19-aacd09275df4 => generated 246 bytes in 19 msecs (HTTP/1.1 404) 6 headers in 231 bytes (1 switches on core 0)
May 13 04:20:26.732938 np0000000666 devstack@placement-api.service[89028]: DEBUG placement.requestlog [req-a488585f-612f-4147-850b-637515fc3c88 req-8b71b100-fcf2-4476-ad8c-a00169228e9e None None] Starting request: 10.4.3.37 "GET /placement/allocations/a508e8e9-222e-40c7-9236-952bc7e46cc3" {{(pid=89028) __call__ /opt/stack/placement/placement/requestlog.py:55}}
May 13 04:20:26.746308 np0000000666 devstack@placement-api.service[89028]: INFO placement.requestlog [req-a488585f-612f-4147-850b-637515fc3c88 req-8b71b100-fcf2-4476-ad8c-a00169228e9e service nova] 10.4.3.37 "GET /placement/allocations/a508e8e9-222e-40c7-9236-952bc7e46cc3" status: 200 len: 258 microversion: 1.28
May 13 04:20:26.746660 np0000000666 devstack@placement-api.service[89028]: [pid: 89028|app: 0|req: 516/1029] 10.4.3.37 () {68 vars in 1492 bytes} [Wed May 13 04:20:26 2026] GET /placement/allocations/a508e8e9-222e-40c7-9236-952bc7e46cc3 => generated 258 bytes in 14 msecs (HTTP/1.1 200) 8 headers in 296 bytes (1 switches on core 0)
May 13 04:20:26.800890 np0000000666 devstack@placement-api.service[89027]: DEBUG placement.requestlog [req-a488585f-612f-4147-850b-637515fc3c88 req-d2d96342-bf13-4502-b542-042e2c1f0ff4 None None] Starting request: 10.4.3.37 "GET /placement/allocations/4faec2d0-cf87-4832-a575-9146b59378af" {{(pid=89027) __call__ /opt/stack/placement/placement/requestlog.py:55}}
May 13 04:20:26.816136 np0000000666 devstack@placement-api.service[89027]: INFO placement.requestlog [req-a488585f-612f-4147-850b-637515fc3c88 req-d2d96342-bf13-4502-b542-042e2c1f0ff4 service nova] 10.4.3.37 "GET /placement/allocations/4faec2d0-cf87-4832-a575-9146b59378af" status: 200 len: 258 microversion: 1.28
May 13 04:20:26.816376 np0000000666 devstack@placement-api.service[89027]: [pid: 89027|app: 0|req: 514/1030] 10.4.3.37 () {68 vars in 1492 bytes} [Wed May 13 04:20:26 2026] GET /placement/allocations/4faec2d0-cf87-4832-a575-9146b59378af => generated 258 bytes in 16 msecs (HTTP/1.1 200) 8 headers in 296 bytes (1 switches on core 0)
May 13 04:20:26.856084 np0000000666 devstack@placement-api.service[89028]: DEBUG placement.requestlog [req-a488585f-612f-4147-850b-637515fc3c88 req-267898cc-8100-4edd-a372-e6f4fb598f9e None None] Starting request: 10.4.3.37 "GET /placement/allocations/d48f6aa3-dc43-4c9c-9e93-930457d2d5f5" {{(pid=89028) __call__ /opt/stack/placement/placement/requestlog.py:55}}
May 13 04:20:26.868075 np0000000666 devstack@placement-api.service[89028]: INFO placement.requestlog [req-a488585f-612f-4147-850b-637515fc3c88 req-267898cc-8100-4edd-a372-e6f4fb598f9e service nova] 10.4.3.37 "GET /placement/allocations/d48f6aa3-dc43-4c9c-9e93-930457d2d5f5" status: 200 len: 258 microversion: 1.28
May 13 04:20:26.868403 np0000000666 devstack@placement-api.service[89028]: [pid: 89028|app: 0|req: 517/1031] 10.4.3.37 () {68 vars in 1492 bytes} [Wed May 13 04:20:26 2026] GET /placement/allocations/d48f6aa3-dc43-4c9c-9e93-930457d2d5f5 => generated 258 bytes in 12 msecs (HTTP/1.1 200) 8 headers in 296 bytes (1 switches on core 0)
May 13 04:20:27.948225 np0000000666 devstack@placement-api.service[89027]: DEBUG placement.requestlog [req-a488585f-612f-4147-850b-637515fc3c88 req-dc55eb56-e7be-49f3-86dd-9f0ae814e167 None None] Starting request: 10.4.3.37 "DELETE /placement/allocations/4faec2d0-cf87-4832-a575-9146b59378af" {{(pid=89027) __call__ /opt/stack/placement/placement/requestlog.py:55}}
May 13 04:20:27.969786 np0000000666 devstack@placement-api.service[89027]: DEBUG placement.handlers.allocation [req-a488585f-612f-4147-850b-637515fc3c88 req-dc55eb56-e7be-49f3-86dd-9f0ae814e167 service nova] Successfully deleted allocations [, , ] {{(pid=89027) delete_allocations /opt/stack/placement/placement/handlers/allocation.py:627}}
May 13 04:20:27.970045 np0000000666 devstack@placement-api.service[89027]: INFO placement.requestlog [req-a488585f-612f-4147-850b-637515fc3c88 req-dc55eb56-e7be-49f3-86dd-9f0ae814e167 service nova] 10.4.3.37 "DELETE /placement/allocations/4faec2d0-cf87-4832-a575-9146b59378af" status: 204 len: 0 microversion: 1.0
May 13 04:20:27.970311 np0000000666 devstack@placement-api.service[89027]: [pid: 89027|app: 0|req: 515/1032] 10.4.3.37 () {68 vars in 1470 bytes} [Wed May 13 04:20:27 2026] DELETE /placement/allocations/4faec2d0-cf87-4832-a575-9146b59378af => generated 0 bytes in 22 msecs (HTTP/1.1 204) 5 headers in 198 bytes (1 switches on core 0)
May 13 04:20:29.099753 np0000000666 devstack@placement-api.service[89028]: DEBUG placement.requestlog [None req-3662f983-0098-4be7-8ed8-b0af8f4df7ef None None] Starting request: 10.4.3.37 "GET /placement/resource_providers/6f4b38a4-70a1-4acd-9d9c-3256a56bc174/aggregates" {{(pid=89028) __call__ /opt/stack/placement/placement/requestlog.py:55}}
May 13 04:20:29.107190 np0000000666 devstack@placement-api.service[89028]: INFO placement.requestlog [None req-3662f983-0098-4be7-8ed8-b0af8f4df7ef service placement] 10.4.3.37 "GET /placement/resource_providers/6f4b38a4-70a1-4acd-9d9c-3256a56bc174/aggregates" status: 404 len: 235 microversion: 1.1
May 13 04:20:29.107698 np0000000666 devstack@placement-api.service[89028]: [pid: 89028|app: 0|req: 518/1033] 10.4.3.37 () {66 vars in 1467 bytes} [Wed May 13 04:20:29 2026] GET /placement/resource_providers/6f4b38a4-70a1-4acd-9d9c-3256a56bc174/aggregates => generated 235 bytes in 8 msecs (HTTP/1.1 404) 5 headers in 202 bytes (1 switches on core 0)
May 13 04:20:29.166761 np0000000666 devstack@placement-api.service[89027]: DEBUG placement.requestlog [None req-c4f233c6-5100-4ba3-bed8-e5ffb17cb98f None None] Starting request: 10.4.3.37 "DELETE /placement/resource_providers/6f4b38a4-70a1-4acd-9d9c-3256a56bc174" {{(pid=89027) __call__ /opt/stack/placement/placement/requestlog.py:55}}
May 13 04:20:29.178828 np0000000666 devstack@placement-api.service[89027]: DEBUG placement.wsgi_wrapper [None req-c4f233c6-5100-4ba3-bed8-e5ffb17cb98f service placement] Placement API returning an error response: No resource provider with uuid 6f4b38a4-70a1-4acd-9d9c-3256a56bc174 found for delete {{(pid=89027) call_func /opt/stack/placement/placement/wsgi_wrapper.py:31}}
May 13 04:20:29.179399 np0000000666 devstack@placement-api.service[89027]: INFO placement.requestlog [None req-c4f233c6-5100-4ba3-bed8-e5ffb17cb98f service placement] 10.4.3.37 "DELETE /placement/resource_providers/6f4b38a4-70a1-4acd-9d9c-3256a56bc174" status: 404 len: 246 microversion: 1.1
May 13 04:20:29.179702 np0000000666 devstack@placement-api.service[89027]: [pid: 89027|app: 0|req: 516/1034] 10.4.3.37 () {68 vars in 1456 bytes} [Wed May 13 04:20:29 2026] DELETE /placement/resource_providers/6f4b38a4-70a1-4acd-9d9c-3256a56bc174 => generated 246 bytes in 13 msecs (HTTP/1.1 404) 6 headers in 231 bytes (1 switches on core 0)
May 13 04:20:30.804406 np0000000666 devstack@placement-api.service[89028]: DEBUG placement.requestlog [req-d0efb35b-62ab-4959-bdae-ec909e15f9bb req-c293e3f3-b7d8-4109-8703-0c7f4f148ed0 None None] Starting request: 10.4.3.37 "GET /placement/resource_providers/09b396c1-09d1-4f12-9b52-39a3cffec667/allocations" {{(pid=89028) __call__ /opt/stack/placement/placement/requestlog.py:55}}
May 13 04:20:30.815710 np0000000666 devstack@placement-api.service[89028]: INFO placement.requestlog [req-d0efb35b-62ab-4959-bdae-ec909e15f9bb req-c293e3f3-b7d8-4109-8703-0c7f4f148ed0 service nova] 10.4.3.37 "GET /placement/resource_providers/09b396c1-09d1-4f12-9b52-39a3cffec667/allocations" status: 200 len: 339 microversion: 1.0
May 13 04:20:30.815944 np0000000666 devstack@placement-api.service[89028]: [pid: 89028|app: 0|req: 519/1035] 10.4.3.37 () {66 vars in 1505 bytes} [Wed May 13 04:20:30 2026] GET /placement/resource_providers/09b396c1-09d1-4f12-9b52-39a3cffec667/allocations => generated 339 bytes in 12 msecs (HTTP/1.1 200) 6 headers in 224 bytes (1 switches on core 0)
May 13 04:20:30.866491 np0000000666 devstack@placement-api.service[89027]: DEBUG placement.requestlog [req-d0efb35b-62ab-4959-bdae-ec909e15f9bb req-28d13cb8-0d76-4ca6-8c61-9f00c696b995 None None] Starting request: 10.4.3.37 "GET /placement/resource_providers/09b396c1-09d1-4f12-9b52-39a3cffec667/allocations" {{(pid=89027) __call__ /opt/stack/placement/placement/requestlog.py:55}}
May 13 04:20:30.880557 np0000000666 devstack@placement-api.service[89027]: INFO placement.requestlog [req-d0efb35b-62ab-4959-bdae-ec909e15f9bb req-28d13cb8-0d76-4ca6-8c61-9f00c696b995 service nova] 10.4.3.37 "GET /placement/resource_providers/09b396c1-09d1-4f12-9b52-39a3cffec667/allocations" status: 200 len: 339 microversion: 1.0
May 13 04:20:30.880810 np0000000666 devstack@placement-api.service[89027]: [pid: 89027|app: 0|req: 517/1036] 10.4.3.37 () {66 vars in 1505 bytes} [Wed May 13 04:20:30 2026] GET /placement/resource_providers/09b396c1-09d1-4f12-9b52-39a3cffec667/allocations => generated 339 bytes in 15 msecs (HTTP/1.1 200) 6 headers in 224 bytes (1 switches on core 0)
May 13 04:20:30.931145 np0000000666 devstack@placement-api.service[89028]: DEBUG placement.requestlog [req-d0efb35b-62ab-4959-bdae-ec909e15f9bb req-5bfbbd1b-ffb2-44a7-8526-e43f4cd3e3f5 None None] Starting request: 10.4.3.37 "GET /placement/allocations/3acd46a9-13ee-4175-8eb3-8b283a20cb4b" {{(pid=89028) __call__ /opt/stack/placement/placement/requestlog.py:55}}
May 13 04:20:30.939932 np0000000666 devstack@placement-api.service[89028]: INFO placement.requestlog [req-d0efb35b-62ab-4959-bdae-ec909e15f9bb req-5bfbbd1b-ffb2-44a7-8526-e43f4cd3e3f5 service nova] 10.4.3.37 "GET /placement/allocations/3acd46a9-13ee-4175-8eb3-8b283a20cb4b" status: 200 len: 244 microversion: 1.28
May 13 04:20:30.939932 np0000000666 devstack@placement-api.service[89028]: [pid: 89028|app: 0|req: 520/1037] 10.4.3.37 () {68 vars in 1492 bytes} [Wed May 13 04:20:30 2026] GET /placement/allocations/3acd46a9-13ee-4175-8eb3-8b283a20cb4b => generated 244 bytes in 9 msecs (HTTP/1.1 200) 8 headers in 296 bytes (1 switches on core 0)
May 13 04:20:30.984230 np0000000666 devstack@placement-api.service[89027]: DEBUG placement.requestlog [req-d0efb35b-62ab-4959-bdae-ec909e15f9bb req-d37da672-df8a-4fd2-8aa3-d26133ac2545 None None] Starting request: 10.4.3.37 "GET /placement/allocations/a508e8e9-222e-40c7-9236-952bc7e46cc3" {{(pid=89027) __call__ /opt/stack/placement/placement/requestlog.py:55}}
May 13 04:20:30.998850 np0000000666 devstack@placement-api.service[89027]: INFO placement.requestlog [req-d0efb35b-62ab-4959-bdae-ec909e15f9bb req-d37da672-df8a-4fd2-8aa3-d26133ac2545 service nova] 10.4.3.37 "GET /placement/allocations/a508e8e9-222e-40c7-9236-952bc7e46cc3" status: 200 len: 258 microversion: 1.28
May 13 04:20:30.999393 np0000000666 devstack@placement-api.service[89027]: [pid: 89027|app: 0|req: 518/1038] 10.4.3.37 () {68 vars in 1492 bytes} [Wed May 13 04:20:30 2026] GET /placement/allocations/a508e8e9-222e-40c7-9236-952bc7e46cc3 => generated 258 bytes in 16 msecs (HTTP/1.1 200) 8 headers in 296 bytes (1 switches on core 0)
May 13 04:20:31.042116 np0000000666 devstack@placement-api.service[89028]: DEBUG placement.requestlog [req-d0efb35b-62ab-4959-bdae-ec909e15f9bb req-2866326b-71bf-4650-adcc-27114e0ee103 None None] Starting request: 10.4.3.37 "GET /placement/allocations/d48f6aa3-dc43-4c9c-9e93-930457d2d5f5" {{(pid=89028) __call__ /opt/stack/placement/placement/requestlog.py:55}}
May 13 04:20:31.055759 np0000000666 devstack@placement-api.service[89028]: INFO placement.requestlog [req-d0efb35b-62ab-4959-bdae-ec909e15f9bb req-2866326b-71bf-4650-adcc-27114e0ee103 service nova] 10.4.3.37 "GET /placement/allocations/d48f6aa3-dc43-4c9c-9e93-930457d2d5f5" status: 200 len: 258 microversion: 1.28
May 13 04:20:31.056641 np0000000666 devstack@placement-api.service[89028]: [pid: 89028|app: 0|req: 521/1039] 10.4.3.37 () {68 vars in 1492 bytes} [Wed May 13 04:20:31 2026] GET /placement/allocations/d48f6aa3-dc43-4c9c-9e93-930457d2d5f5 => generated 258 bytes in 14 msecs (HTTP/1.1 200) 8 headers in 296 bytes (1 switches on core 0)
May 13 04:20:31.666487 np0000000666 devstack@placement-api.service[89027]: DEBUG placement.requestlog [req-c5486623-6436-4170-8515-1fc7caa19ad9 req-05600efc-95f6-466e-9cc3-f20a20478239 None None] Starting request: 10.4.3.37 "GET /placement/allocation_candidates?limit=1000&resources=DISK_GB%3A1%2CMEMORY_MB%3A192%2CVCPU%3A1&root_required=%21COMPUTE_STATUS_DISABLED" {{(pid=89027) __call__ /opt/stack/placement/placement/requestlog.py:55}}
May 13 04:20:31.703213 np0000000666 devstack@placement-api.service[89027]: DEBUG placement.objects.research_context [req-c5486623-6436-4170-8515-1fc7caa19ad9 req-05600efc-95f6-466e-9cc3-f20a20478239 service nova] getting providers with 1 DISK_GB {{(pid=89027) __init__ /opt/stack/placement/placement/objects/research_context.py:137}}
May 13 04:20:31.709246 np0000000666 devstack@placement-api.service[89027]: DEBUG placement.objects.research_context [req-c5486623-6436-4170-8515-1fc7caa19ad9 req-05600efc-95f6-466e-9cc3-f20a20478239 service nova] getting providers with 192 MEMORY_MB {{(pid=89027) __init__ /opt/stack/placement/placement/objects/research_context.py:137}}
May 13 04:20:31.713494 np0000000666 devstack@placement-api.service[89027]: DEBUG placement.objects.research_context [req-c5486623-6436-4170-8515-1fc7caa19ad9 req-05600efc-95f6-466e-9cc3-f20a20478239 service nova] getting providers with 1 VCPU {{(pid=89027) __init__ /opt/stack/placement/placement/objects/research_context.py:137}}
May 13 04:20:31.720617 np0000000666 devstack@placement-api.service[89027]: DEBUG placement.objects.research_context [req-c5486623-6436-4170-8515-1fc7caa19ad9 req-05600efc-95f6-466e-9cc3-f20a20478239 service nova] found 1 providers with available 1 DISK_GB {{(pid=89027) get_provider_ids_matching /opt/stack/placement/placement/objects/research_context.py:563}}
May 13 04:20:31.720768 np0000000666 devstack@placement-api.service[89027]: DEBUG placement.objects.research_context [req-c5486623-6436-4170-8515-1fc7caa19ad9 req-05600efc-95f6-466e-9cc3-f20a20478239 service nova] found 1 providers with available 192 MEMORY_MB {{(pid=89027) get_provider_ids_matching /opt/stack/placement/placement/objects/research_context.py:563}}
May 13 04:20:31.720911 np0000000666 devstack@placement-api.service[89027]: DEBUG placement.objects.research_context [req-c5486623-6436-4170-8515-1fc7caa19ad9 req-05600efc-95f6-466e-9cc3-f20a20478239 service nova] found 1 providers after filtering by previous result {{(pid=89027) get_provider_ids_matching /opt/stack/placement/placement/objects/research_context.py:594}}
May 13 04:20:31.721008 np0000000666 devstack@placement-api.service[89027]: DEBUG placement.objects.research_context [req-c5486623-6436-4170-8515-1fc7caa19ad9 req-05600efc-95f6-466e-9cc3-f20a20478239 service nova] found 1 providers with available 1 VCPU {{(pid=89027) get_provider_ids_matching /opt/stack/placement/placement/objects/research_context.py:563}}
May 13 04:20:31.721108 np0000000666 devstack@placement-api.service[89027]: DEBUG placement.objects.research_context [req-c5486623-6436-4170-8515-1fc7caa19ad9 req-05600efc-95f6-466e-9cc3-f20a20478239 service nova] found 1 providers after filtering by previous result {{(pid=89027) get_provider_ids_matching /opt/stack/placement/placement/objects/research_context.py:594}}
May 13 04:20:31.731153 np0000000666 devstack@placement-api.service[89027]: DEBUG placement.objects.allocation_candidate [req-c5486623-6436-4170-8515-1fc7caa19ad9 req-05600efc-95f6-466e-9cc3-f20a20478239 service nova] RequestGroup(use_same_provider=False, resources={DISK_GB:1, MEMORY_MB:192, VCPU:1}, traits=(), aggregates=[]) (suffix '') returned 1 matches {{(pid=89027) _get_by_requests /opt/stack/placement/placement/objects/allocation_candidate.py:158}}
May 13 04:20:31.731439 np0000000666 devstack@placement-api.service[89027]: DEBUG placement.objects.allocation_candidate [req-c5486623-6436-4170-8515-1fc7caa19ad9 req-05600efc-95f6-466e-9cc3-f20a20478239 service nova] Merging candidates yields 1 allocation requests and 1 provider summaries {{(pid=89027) _merge_candidates /opt/stack/placement/placement/objects/allocation_candidate.py:908}}
May 13 04:20:31.734179 np0000000666 devstack@placement-api.service[89027]: INFO placement.requestlog [req-c5486623-6436-4170-8515-1fc7caa19ad9 req-05600efc-95f6-466e-9cc3-f20a20478239 service nova] 10.4.3.37 "GET /placement/allocation_candidates?limit=1000&resources=DISK_GB%3A1%2CMEMORY_MB%3A192%2CVCPU%3A1&root_required=%21COMPUTE_STATUS_DISABLED" status: 200 len: 2492 microversion: 1.36
May 13 04:20:31.734179 np0000000666 devstack@placement-api.service[89027]: [pid: 89027|app: 0|req: 519/1040] 10.4.3.37 () {68 vars in 1618 bytes} [Wed May 13 04:20:31 2026] GET /placement/allocation_candidates?limit=1000&resources=DISK_GB%3A1%2CMEMORY_MB%3A192%2CVCPU%3A1&root_required=%21COMPUTE_STATUS_DISABLED => generated 2492 bytes in 67 msecs (HTTP/1.1 200) 8 headers in 297 bytes (1 switches on core 0)
May 13 04:20:31.805908 np0000000666 devstack@placement-api.service[89028]: DEBUG placement.requestlog [req-c5486623-6436-4170-8515-1fc7caa19ad9 req-ea02b0a3-4fa1-4c7d-9c00-5a735d915a4e None None] Starting request: 10.4.3.37 "GET /placement/allocations/c26a5971-1d49-4d55-889d-39a6165dad0f" {{(pid=89028) __call__ /opt/stack/placement/placement/requestlog.py:55}}
May 13 04:20:31.811564 np0000000666 devstack@placement-api.service[89028]: INFO placement.requestlog [req-c5486623-6436-4170-8515-1fc7caa19ad9 req-ea02b0a3-4fa1-4c7d-9c00-5a735d915a4e service nova] 10.4.3.37 "GET /placement/allocations/c26a5971-1d49-4d55-889d-39a6165dad0f" status: 200 len: 19 microversion: 1.28
May 13 04:20:31.811905 np0000000666 devstack@placement-api.service[89028]: [pid: 89028|app: 0|req: 522/1041] 10.4.3.37 () {68 vars in 1494 bytes} [Wed May 13 04:20:31 2026] GET /placement/allocations/c26a5971-1d49-4d55-889d-39a6165dad0f => generated 19 bytes in 6 msecs (HTTP/1.1 200) 8 headers in 295 bytes (1 switches on core 0)
May 13 04:20:31.844285 np0000000666 devstack@placement-api.service[89027]: DEBUG placement.requestlog [req-c5486623-6436-4170-8515-1fc7caa19ad9 req-5b32eee3-ec02-4664-83dd-e21d0b65740a None None] Starting request: 10.4.3.37 "PUT /placement/allocations/c26a5971-1d49-4d55-889d-39a6165dad0f" {{(pid=89027) __call__ /opt/stack/placement/placement/requestlog.py:55}}
May 13 04:20:31.882436 np0000000666 devstack@placement-api.service[89027]: DEBUG placement.handlers.allocation [req-c5486623-6436-4170-8515-1fc7caa19ad9 req-5b32eee3-ec02-4664-83dd-e21d0b65740a service nova] Successfully wrote allocations [, , ] {{(pid=89027) _update_consumers_and_create_allocations /opt/stack/placement/placement/handlers/allocation.py:462}}
May 13 04:20:31.885303 np0000000666 devstack@placement-api.service[89027]: INFO placement.requestlog [req-c5486623-6436-4170-8515-1fc7caa19ad9 req-5b32eee3-ec02-4664-83dd-e21d0b65740a service nova] 10.4.3.37 "PUT /placement/allocations/c26a5971-1d49-4d55-889d-39a6165dad0f" status: 204 len: 0 microversion: 1.36
May 13 04:20:31.885620 np0000000666 devstack@placement-api.service[89027]: [pid: 89027|app: 0|req: 520/1042] 10.4.3.37 () {72 vars in 1547 bytes} [Wed May 13 04:20:31 2026] PUT /placement/allocations/c26a5971-1d49-4d55-889d-39a6165dad0f => generated 0 bytes in 41 msecs (HTTP/1.1 204) 5 headers in 199 bytes (1 switches on core 0)
May 13 04:20:33.306894 np0000000666 devstack@placement-api.service[89028]: DEBUG placement.requestlog [req-c5486623-6436-4170-8515-1fc7caa19ad9 req-a9e1d1ba-c4c7-4845-bbad-1e9ddaaf0612 None None] Starting request: 10.4.3.37 "GET /placement/allocations/c26a5971-1d49-4d55-889d-39a6165dad0f" {{(pid=89028) __call__ /opt/stack/placement/placement/requestlog.py:55}}
May 13 04:20:33.318784 np0000000666 devstack@placement-api.service[89028]: INFO placement.requestlog [req-c5486623-6436-4170-8515-1fc7caa19ad9 req-a9e1d1ba-c4c7-4845-bbad-1e9ddaaf0612 service nova] 10.4.3.37 "GET /placement/allocations/c26a5971-1d49-4d55-889d-39a6165dad0f" status: 200 len: 258 microversion: 1.28
May 13 04:20:33.319020 np0000000666 devstack@placement-api.service[89028]: [pid: 89028|app: 0|req: 523/1043] 10.4.3.37 () {68 vars in 1492 bytes} [Wed May 13 04:20:33 2026] GET /placement/allocations/c26a5971-1d49-4d55-889d-39a6165dad0f => generated 258 bytes in 12 msecs (HTTP/1.1 200) 8 headers in 296 bytes (1 switches on core 0)
May 13 04:20:34.380400 np0000000666 devstack@placement-api.service[89027]: DEBUG placement.requestlog [req-c5486623-6436-4170-8515-1fc7caa19ad9 req-311d06f2-cade-4c9e-9ae9-5a9c49b4eb62 None None] Starting request: 10.4.3.37 "GET /placement/resource_providers/09b396c1-09d1-4f12-9b52-39a3cffec667/allocations" {{(pid=89027) __call__ /opt/stack/placement/placement/requestlog.py:55}}
May 13 04:20:34.409799 np0000000666 devstack@placement-api.service[89027]: INFO placement.requestlog [req-c5486623-6436-4170-8515-1fc7caa19ad9 req-311d06f2-cade-4c9e-9ae9-5a9c49b4eb62 service nova] 10.4.3.37 "GET /placement/resource_providers/09b396c1-09d1-4f12-9b52-39a3cffec667/allocations" status: 200 len: 439 microversion: 1.0
May 13 04:20:34.410081 np0000000666 devstack@placement-api.service[89027]: [pid: 89027|app: 0|req: 521/1044] 10.4.3.37 () {66 vars in 1505 bytes} [Wed May 13 04:20:34 2026] GET /placement/resource_providers/09b396c1-09d1-4f12-9b52-39a3cffec667/allocations => generated 439 bytes in 30 msecs (HTTP/1.1 200) 6 headers in 224 bytes (1 switches on core 0)
May 13 04:20:34.455753 np0000000666 devstack@placement-api.service[89028]: DEBUG placement.requestlog [req-c5486623-6436-4170-8515-1fc7caa19ad9 req-52d18988-fbda-4dd7-9525-fc7938250170 None None] Starting request: 10.4.3.37 "GET /placement/allocations/3acd46a9-13ee-4175-8eb3-8b283a20cb4b" {{(pid=89028) __call__ /opt/stack/placement/placement/requestlog.py:55}}
May 13 04:20:34.464220 np0000000666 devstack@placement-api.service[89028]: INFO placement.requestlog [req-c5486623-6436-4170-8515-1fc7caa19ad9 req-52d18988-fbda-4dd7-9525-fc7938250170 service nova] 10.4.3.37 "GET /placement/allocations/3acd46a9-13ee-4175-8eb3-8b283a20cb4b" status: 200 len: 244 microversion: 1.28
May 13 04:20:34.464535 np0000000666 devstack@placement-api.service[89028]: [pid: 89028|app: 0|req: 524/1045] 10.4.3.37 () {68 vars in 1492 bytes} [Wed May 13 04:20:34 2026] GET /placement/allocations/3acd46a9-13ee-4175-8eb3-8b283a20cb4b => generated 244 bytes in 9 msecs (HTTP/1.1 200) 8 headers in 296 bytes (1 switches on core 0)
May 13 04:20:34.507324 np0000000666 devstack@placement-api.service[89027]: DEBUG placement.requestlog [req-c5486623-6436-4170-8515-1fc7caa19ad9 req-f86c6b11-dcf8-42d1-8ab1-68d703395552 None None] Starting request: 10.4.3.37 "GET /placement/allocations/a508e8e9-222e-40c7-9236-952bc7e46cc3" {{(pid=89027) __call__ /opt/stack/placement/placement/requestlog.py:55}}
May 13 04:20:34.517542 np0000000666 devstack@placement-api.service[89027]: INFO placement.requestlog [req-c5486623-6436-4170-8515-1fc7caa19ad9 req-f86c6b11-dcf8-42d1-8ab1-68d703395552 service nova] 10.4.3.37 "GET /placement/allocations/a508e8e9-222e-40c7-9236-952bc7e46cc3" status: 200 len: 258 microversion: 1.28
May 13 04:20:34.517854 np0000000666 devstack@placement-api.service[89027]: [pid: 89027|app: 0|req: 522/1046] 10.4.3.37 () {68 vars in 1492 bytes} [Wed May 13 04:20:34 2026] GET /placement/allocations/a508e8e9-222e-40c7-9236-952bc7e46cc3 => generated 258 bytes in 11 msecs (HTTP/1.1 200) 8 headers in 296 bytes (1 switches on core 0)
May 13 04:20:34.576560 np0000000666 devstack@placement-api.service[89028]: DEBUG placement.requestlog [req-c5486623-6436-4170-8515-1fc7caa19ad9 req-9431d25c-ea9b-472e-a22c-1abbb337331f None None] Starting request: 10.4.3.37 "GET /placement/allocations/c26a5971-1d49-4d55-889d-39a6165dad0f" {{(pid=89028) __call__ /opt/stack/placement/placement/requestlog.py:55}}
May 13 04:20:34.587052 np0000000666 devstack@placement-api.service[89028]: INFO placement.requestlog [req-c5486623-6436-4170-8515-1fc7caa19ad9 req-9431d25c-ea9b-472e-a22c-1abbb337331f service nova] 10.4.3.37 "GET /placement/allocations/c26a5971-1d49-4d55-889d-39a6165dad0f" status: 200 len: 258 microversion: 1.28
May 13 04:20:34.589206 np0000000666 devstack@placement-api.service[89028]: [pid: 89028|app: 0|req: 525/1047] 10.4.3.37 () {68 vars in 1492 bytes} [Wed May 13 04:20:34 2026] GET /placement/allocations/c26a5971-1d49-4d55-889d-39a6165dad0f => generated 258 bytes in 11 msecs (HTTP/1.1 200) 8 headers in 296 bytes (1 switches on core 0)
May 13 04:20:34.641836 np0000000666 devstack@placement-api.service[89027]: DEBUG placement.requestlog [req-c5486623-6436-4170-8515-1fc7caa19ad9 req-10cc7c50-4d3d-4b96-9942-60a3cfbf4ae4 None None] Starting request: 10.4.3.37 "GET /placement/allocations/d48f6aa3-dc43-4c9c-9e93-930457d2d5f5" {{(pid=89027) __call__ /opt/stack/placement/placement/requestlog.py:55}}
May 13 04:20:34.654825 np0000000666 devstack@placement-api.service[89027]: INFO placement.requestlog [req-c5486623-6436-4170-8515-1fc7caa19ad9 req-10cc7c50-4d3d-4b96-9942-60a3cfbf4ae4 service nova] 10.4.3.37 "GET /placement/allocations/d48f6aa3-dc43-4c9c-9e93-930457d2d5f5" status: 200 len: 258 microversion: 1.28
May 13 04:20:34.655044 np0000000666 devstack@placement-api.service[89027]: [pid: 89027|app: 0|req: 523/1048] 10.4.3.37 () {68 vars in 1492 bytes} [Wed May 13 04:20:34 2026] GET /placement/allocations/d48f6aa3-dc43-4c9c-9e93-930457d2d5f5 => generated 258 bytes in 13 msecs (HTTP/1.1 200) 8 headers in 296 bytes (1 switches on core 0)
May 13 04:20:44.585841 np0000000666 devstack@placement-api.service[89028]: DEBUG dbcounter [-] [89028] Writing DB stats placement:SELECT=88,placement:INSERT=11,placement:DELETE=8,placement:UPDATE=4 {{(pid=89028) stat_writer /opt/stack/data/venv/lib/python3.12/site-packages/dbcounter.py:115}}
May 13 04:20:44.653248 np0000000666 devstack@placement-api.service[89027]: DEBUG dbcounter [-] [89027] Writing DB stats placement:SELECT=74,placement:DELETE=4,placement:INSERT=4,placement:UPDATE=2 {{(pid=89027) stat_writer /opt/stack/data/venv/lib/python3.12/site-packages/dbcounter.py:115}}
May 13 04:20:46.335488 np0000000666 devstack@placement-api.service[89028]: DEBUG placement.requestlog [req-e648b0d1-8e8d-4909-9f88-81546d1b8e16 req-4d108ad8-8230-405f-a322-9788da92309c None None] Starting request: 10.4.3.37 "GET /placement/allocation_candidates?limit=1000&resources=DISK_GB%3A1%2CMEMORY_MB%3A192%2CVCPU%3A1&root_required=%21COMPUTE_STATUS_DISABLED" {{(pid=89028) __call__ /opt/stack/placement/placement/requestlog.py:55}}
May 13 04:20:46.353978 np0000000666 devstack@placement-api.service[89028]: DEBUG placement.objects.research_context [req-e648b0d1-8e8d-4909-9f88-81546d1b8e16 req-4d108ad8-8230-405f-a322-9788da92309c service nova] getting providers with 1 DISK_GB {{(pid=89028) __init__ /opt/stack/placement/placement/objects/research_context.py:137}}
May 13 04:20:46.359222 np0000000666 devstack@placement-api.service[89028]: DEBUG placement.objects.research_context [req-e648b0d1-8e8d-4909-9f88-81546d1b8e16 req-4d108ad8-8230-405f-a322-9788da92309c service nova] getting providers with 192 MEMORY_MB {{(pid=89028) __init__ /opt/stack/placement/placement/objects/research_context.py:137}}
May 13 04:20:46.361941 np0000000666 devstack@placement-api.service[89028]: DEBUG placement.objects.research_context [req-e648b0d1-8e8d-4909-9f88-81546d1b8e16 req-4d108ad8-8230-405f-a322-9788da92309c service nova] getting providers with 1 VCPU {{(pid=89028) __init__ /opt/stack/placement/placement/objects/research_context.py:137}}
May 13 04:20:46.364478 np0000000666 devstack@placement-api.service[89028]: DEBUG placement.objects.research_context [req-e648b0d1-8e8d-4909-9f88-81546d1b8e16 req-4d108ad8-8230-405f-a322-9788da92309c service nova] found 1 providers with available 1 DISK_GB {{(pid=89028) get_provider_ids_matching /opt/stack/placement/placement/objects/research_context.py:563}}
May 13 04:20:46.364696 np0000000666 devstack@placement-api.service[89028]: DEBUG placement.objects.research_context [req-e648b0d1-8e8d-4909-9f88-81546d1b8e16 req-4d108ad8-8230-405f-a322-9788da92309c service nova] found 1 providers with available 192 MEMORY_MB {{(pid=89028) get_provider_ids_matching /opt/stack/placement/placement/objects/research_context.py:563}}
May 13 04:20:46.364864 np0000000666 devstack@placement-api.service[89028]: DEBUG placement.objects.research_context [req-e648b0d1-8e8d-4909-9f88-81546d1b8e16 req-4d108ad8-8230-405f-a322-9788da92309c service nova] found 1 providers after filtering by previous result {{(pid=89028) get_provider_ids_matching /opt/stack/placement/placement/objects/research_context.py:594}}
May 13 04:20:46.365015 np0000000666 devstack@placement-api.service[89028]: DEBUG placement.objects.research_context [req-e648b0d1-8e8d-4909-9f88-81546d1b8e16 req-4d108ad8-8230-405f-a322-9788da92309c service nova] found 1 providers with available 1 VCPU {{(pid=89028) get_provider_ids_matching /opt/stack/placement/placement/objects/research_context.py:563}}
May 13 04:20:46.365167 np0000000666 devstack@placement-api.service[89028]: DEBUG placement.objects.research_context [req-e648b0d1-8e8d-4909-9f88-81546d1b8e16 req-4d108ad8-8230-405f-a322-9788da92309c service nova] found 1 providers after filtering by previous result {{(pid=89028) get_provider_ids_matching /opt/stack/placement/placement/objects/research_context.py:594}}
May 13 04:20:46.370496 np0000000666 devstack@placement-api.service[89028]: DEBUG placement.objects.allocation_candidate [req-e648b0d1-8e8d-4909-9f88-81546d1b8e16 req-4d108ad8-8230-405f-a322-9788da92309c service nova] RequestGroup(use_same_provider=False, resources={DISK_GB:1, MEMORY_MB:192, VCPU:1}, traits=(), aggregates=[]) (suffix '') returned 1 matches {{(pid=89028) _get_by_requests /opt/stack/placement/placement/objects/allocation_candidate.py:158}}
May 13 04:20:46.370759 np0000000666 devstack@placement-api.service[89028]: DEBUG placement.objects.allocation_candidate [req-e648b0d1-8e8d-4909-9f88-81546d1b8e16 req-4d108ad8-8230-405f-a322-9788da92309c service nova] Merging candidates yields 1 allocation requests and 1 provider summaries {{(pid=89028) _merge_candidates /opt/stack/placement/placement/objects/allocation_candidate.py:908}}
May 13 04:20:46.371724 np0000000666 devstack@placement-api.service[89028]: INFO placement.requestlog [req-e648b0d1-8e8d-4909-9f88-81546d1b8e16 req-4d108ad8-8230-405f-a322-9788da92309c service nova] 10.4.3.37 "GET /placement/allocation_candidates?limit=1000&resources=DISK_GB%3A1%2CMEMORY_MB%3A192%2CVCPU%3A1&root_required=%21COMPUTE_STATUS_DISABLED" status: 200 len: 2492 microversion: 1.36
May 13 04:20:46.372010 np0000000666 devstack@placement-api.service[89028]: [pid: 89028|app: 0|req: 526/1049] 10.4.3.37 () {68 vars in 1618 bytes} [Wed May 13 04:20:46 2026] GET /placement/allocation_candidates?limit=1000&resources=DISK_GB%3A1%2CMEMORY_MB%3A192%2CVCPU%3A1&root_required=%21COMPUTE_STATUS_DISABLED => generated 2492 bytes in 37 msecs (HTTP/1.1 200) 8 headers in 297 bytes (1 switches on core 0)
May 13 04:20:46.431366 np0000000666 devstack@placement-api.service[89027]: DEBUG placement.requestlog [req-e648b0d1-8e8d-4909-9f88-81546d1b8e16 req-ad3b9b8f-a43c-41e9-a797-5bfe3c69d37f None None] Starting request: 10.4.3.37 "GET /placement/allocations/7ba8e709-2b73-4ae8-81ce-c167a5fabe49" {{(pid=89027) __call__ /opt/stack/placement/placement/requestlog.py:55}}
May 13 04:20:46.437121 np0000000666 devstack@placement-api.service[89027]: INFO placement.requestlog [req-e648b0d1-8e8d-4909-9f88-81546d1b8e16 req-ad3b9b8f-a43c-41e9-a797-5bfe3c69d37f service nova] 10.4.3.37 "GET /placement/allocations/7ba8e709-2b73-4ae8-81ce-c167a5fabe49" status: 200 len: 19 microversion: 1.28
May 13 04:20:46.437365 np0000000666 devstack@placement-api.service[89027]: [pid: 89027|app: 0|req: 524/1050] 10.4.3.37 () {68 vars in 1494 bytes} [Wed May 13 04:20:46 2026] GET /placement/allocations/7ba8e709-2b73-4ae8-81ce-c167a5fabe49 => generated 19 bytes in 6 msecs (HTTP/1.1 200) 8 headers in 295 bytes (1 switches on core 0)
May 13 04:20:46.472459 np0000000666 devstack@placement-api.service[89028]: DEBUG placement.requestlog [req-e648b0d1-8e8d-4909-9f88-81546d1b8e16 req-fa9d6b63-5587-4a6c-bf69-9bd634ba27c6 None None] Starting request: 10.4.3.37 "PUT /placement/allocations/7ba8e709-2b73-4ae8-81ce-c167a5fabe49" {{(pid=89028) __call__ /opt/stack/placement/placement/requestlog.py:55}}
May 13 04:20:46.521298 np0000000666 devstack@placement-api.service[89028]: DEBUG placement.handlers.allocation [req-e648b0d1-8e8d-4909-9f88-81546d1b8e16 req-fa9d6b63-5587-4a6c-bf69-9bd634ba27c6 service nova] Successfully wrote allocations [, , ] {{(pid=89028) _update_consumers_and_create_allocations /opt/stack/placement/placement/handlers/allocation.py:462}}
May 13 04:20:46.524065 np0000000666 devstack@placement-api.service[89028]: INFO placement.requestlog [req-e648b0d1-8e8d-4909-9f88-81546d1b8e16 req-fa9d6b63-5587-4a6c-bf69-9bd634ba27c6 service nova] 10.4.3.37 "PUT /placement/allocations/7ba8e709-2b73-4ae8-81ce-c167a5fabe49" status: 204 len: 0 microversion: 1.36
May 13 04:20:46.524065 np0000000666 devstack@placement-api.service[89028]: [pid: 89028|app: 0|req: 527/1051] 10.4.3.37 () {72 vars in 1547 bytes} [Wed May 13 04:20:46 2026] PUT /placement/allocations/7ba8e709-2b73-4ae8-81ce-c167a5fabe49 => generated 0 bytes in 52 msecs (HTTP/1.1 204) 5 headers in 199 bytes (1 switches on core 0)
May 13 04:20:47.950666 np0000000666 devstack@placement-api.service[89027]: DEBUG placement.requestlog [req-e648b0d1-8e8d-4909-9f88-81546d1b8e16 req-033e8abc-7226-4296-a1a6-56a8054828f4 None None] Starting request: 10.4.3.37 "GET /placement/allocations/7ba8e709-2b73-4ae8-81ce-c167a5fabe49" {{(pid=89027) __call__ /opt/stack/placement/placement/requestlog.py:55}}
May 13 04:20:47.963886 np0000000666 devstack@placement-api.service[89027]: INFO placement.requestlog [req-e648b0d1-8e8d-4909-9f88-81546d1b8e16 req-033e8abc-7226-4296-a1a6-56a8054828f4 service nova] 10.4.3.37 "GET /placement/allocations/7ba8e709-2b73-4ae8-81ce-c167a5fabe49" status: 200 len: 258 microversion: 1.28
May 13 04:20:47.964149 np0000000666 devstack@placement-api.service[89027]: [pid: 89027|app: 0|req: 525/1052] 10.4.3.37 () {68 vars in 1492 bytes} [Wed May 13 04:20:47 2026] GET /placement/allocations/7ba8e709-2b73-4ae8-81ce-c167a5fabe49 => generated 258 bytes in 14 msecs (HTTP/1.1 200) 8 headers in 296 bytes (1 switches on core 0)
May 13 04:20:49.053003 np0000000666 devstack@placement-api.service[89028]: DEBUG placement.requestlog [req-e648b0d1-8e8d-4909-9f88-81546d1b8e16 req-222de48f-57d4-4e4d-a6a1-c0c582d8b451 None None] Starting request: 10.4.3.37 "GET /placement/resource_providers/09b396c1-09d1-4f12-9b52-39a3cffec667/allocations" {{(pid=89028) __call__ /opt/stack/placement/placement/requestlog.py:55}}
May 13 04:20:49.071871 np0000000666 devstack@placement-api.service[89028]: INFO placement.requestlog [req-e648b0d1-8e8d-4909-9f88-81546d1b8e16 req-222de48f-57d4-4e4d-a6a1-c0c582d8b451 service nova] 10.4.3.37 "GET /placement/resource_providers/09b396c1-09d1-4f12-9b52-39a3cffec667/allocations" status: 200 len: 539 microversion: 1.0
May 13 04:20:49.073707 np0000000666 devstack@placement-api.service[89028]: [pid: 89028|app: 0|req: 528/1053] 10.4.3.37 () {66 vars in 1505 bytes} [Wed May 13 04:20:49 2026] GET /placement/resource_providers/09b396c1-09d1-4f12-9b52-39a3cffec667/allocations => generated 539 bytes in 20 msecs (HTTP/1.1 200) 6 headers in 224 bytes (1 switches on core 0)
May 13 04:20:49.135685 np0000000666 devstack@placement-api.service[89027]: DEBUG placement.requestlog [req-e648b0d1-8e8d-4909-9f88-81546d1b8e16 req-02037657-fd54-4532-aa37-06c866bf04e7 None None] Starting request: 10.4.3.37 "GET /placement/allocations/3acd46a9-13ee-4175-8eb3-8b283a20cb4b" {{(pid=89027) __call__ /opt/stack/placement/placement/requestlog.py:55}}
May 13 04:20:49.145388 np0000000666 devstack@placement-api.service[89027]: INFO placement.requestlog [req-e648b0d1-8e8d-4909-9f88-81546d1b8e16 req-02037657-fd54-4532-aa37-06c866bf04e7 service nova] 10.4.3.37 "GET /placement/allocations/3acd46a9-13ee-4175-8eb3-8b283a20cb4b" status: 200 len: 244 microversion: 1.28
May 13 04:20:49.145671 np0000000666 devstack@placement-api.service[89027]: [pid: 89027|app: 0|req: 526/1054] 10.4.3.37 () {68 vars in 1492 bytes} [Wed May 13 04:20:49 2026] GET /placement/allocations/3acd46a9-13ee-4175-8eb3-8b283a20cb4b => generated 244 bytes in 10 msecs (HTTP/1.1 200) 8 headers in 296 bytes (1 switches on core 0)
May 13 04:20:49.196139 np0000000666 devstack@placement-api.service[89028]: DEBUG placement.requestlog [req-e648b0d1-8e8d-4909-9f88-81546d1b8e16 req-a533733f-0665-4c2b-a3be-eeeb59debd49 None None] Starting request: 10.4.3.37 "GET /placement/allocations/a508e8e9-222e-40c7-9236-952bc7e46cc3" {{(pid=89028) __call__ /opt/stack/placement/placement/requestlog.py:55}}
May 13 04:20:49.203968 np0000000666 devstack@placement-api.service[89028]: INFO placement.requestlog [req-e648b0d1-8e8d-4909-9f88-81546d1b8e16 req-a533733f-0665-4c2b-a3be-eeeb59debd49 service nova] 10.4.3.37 "GET /placement/allocations/a508e8e9-222e-40c7-9236-952bc7e46cc3" status: 200 len: 258 microversion: 1.28
May 13 04:20:49.204208 np0000000666 devstack@placement-api.service[89028]: [pid: 89028|app: 0|req: 529/1055] 10.4.3.37 () {68 vars in 1492 bytes} [Wed May 13 04:20:49 2026] GET /placement/allocations/a508e8e9-222e-40c7-9236-952bc7e46cc3 => generated 258 bytes in 8 msecs (HTTP/1.1 200) 8 headers in 296 bytes (1 switches on core 0)
May 13 04:20:49.257070 np0000000666 devstack@placement-api.service[89027]: DEBUG placement.requestlog [req-e648b0d1-8e8d-4909-9f88-81546d1b8e16 req-06735644-9e60-4f9f-9b97-429f4556450e None None] Starting request: 10.4.3.37 "GET /placement/allocations/c26a5971-1d49-4d55-889d-39a6165dad0f" {{(pid=89027) __call__ /opt/stack/placement/placement/requestlog.py:55}}
May 13 04:20:49.264032 np0000000666 devstack@placement-api.service[89028]: DEBUG placement.requestlog [req-4eed5bb8-5ce6-4cf9-9254-425e2b7885d3 req-a80fdbb3-7c8f-42dd-99c9-bdd428974993 None None] Starting request: 10.4.3.37 "GET /placement/allocation_candidates?limit=1000&resources=MEMORY_MB%3A192%2CVCPU%3A1&root_required=%21COMPUTE_STATUS_DISABLED" {{(pid=89028) __call__ /opt/stack/placement/placement/requestlog.py:55}}
May 13 04:20:49.273052 np0000000666 devstack@placement-api.service[89027]: INFO placement.requestlog [req-e648b0d1-8e8d-4909-9f88-81546d1b8e16 req-06735644-9e60-4f9f-9b97-429f4556450e service nova] 10.4.3.37 "GET /placement/allocations/c26a5971-1d49-4d55-889d-39a6165dad0f" status: 200 len: 258 microversion: 1.28
May 13 04:20:49.273282 np0000000666 devstack@placement-api.service[89027]: [pid: 89027|app: 0|req: 527/1056] 10.4.3.37 () {68 vars in 1492 bytes} [Wed May 13 04:20:49 2026] GET /placement/allocations/c26a5971-1d49-4d55-889d-39a6165dad0f => generated 258 bytes in 16 msecs (HTTP/1.1 200) 8 headers in 296 bytes (1 switches on core 0)
May 13 04:20:49.304938 np0000000666 devstack@placement-api.service[89028]: DEBUG placement.objects.research_context [req-4eed5bb8-5ce6-4cf9-9254-425e2b7885d3 req-a80fdbb3-7c8f-42dd-99c9-bdd428974993 service nova] getting providers with 192 MEMORY_MB {{(pid=89028) __init__ /opt/stack/placement/placement/objects/research_context.py:137}}
May 13 04:20:49.312752 np0000000666 devstack@placement-api.service[89028]: DEBUG placement.objects.research_context [req-4eed5bb8-5ce6-4cf9-9254-425e2b7885d3 req-a80fdbb3-7c8f-42dd-99c9-bdd428974993 service nova] getting providers with 1 VCPU {{(pid=89028) __init__ /opt/stack/placement/placement/objects/research_context.py:137}}
May 13 04:20:49.315274 np0000000666 devstack@placement-api.service[89028]: DEBUG placement.objects.research_context [req-4eed5bb8-5ce6-4cf9-9254-425e2b7885d3 req-a80fdbb3-7c8f-42dd-99c9-bdd428974993 service nova] found 1 providers with available 192 MEMORY_MB {{(pid=89028) get_provider_ids_matching /opt/stack/placement/placement/objects/research_context.py:563}}
May 13 04:20:49.315274 np0000000666 devstack@placement-api.service[89028]: DEBUG placement.objects.research_context [req-4eed5bb8-5ce6-4cf9-9254-425e2b7885d3 req-a80fdbb3-7c8f-42dd-99c9-bdd428974993 service nova] found 1 providers with available 1 VCPU {{(pid=89028) get_provider_ids_matching /opt/stack/placement/placement/objects/research_context.py:563}}
May 13 04:20:49.315274 np0000000666 devstack@placement-api.service[89028]: DEBUG placement.objects.research_context [req-4eed5bb8-5ce6-4cf9-9254-425e2b7885d3 req-a80fdbb3-7c8f-42dd-99c9-bdd428974993 service nova] found 1 providers after filtering by previous result {{(pid=89028) get_provider_ids_matching /opt/stack/placement/placement/objects/research_context.py:594}}
May 13 04:20:49.316061 np0000000666 devstack@placement-api.service[89027]: DEBUG placement.requestlog [req-e648b0d1-8e8d-4909-9f88-81546d1b8e16 req-c6a3a717-dd90-4cff-856c-8fe137ef8a2a None None] Starting request: 10.4.3.37 "GET /placement/allocations/7ba8e709-2b73-4ae8-81ce-c167a5fabe49" {{(pid=89027) __call__ /opt/stack/placement/placement/requestlog.py:55}}
May 13 04:20:49.320863 np0000000666 devstack@placement-api.service[89028]: DEBUG placement.objects.allocation_candidate [req-4eed5bb8-5ce6-4cf9-9254-425e2b7885d3 req-a80fdbb3-7c8f-42dd-99c9-bdd428974993 service nova] RequestGroup(use_same_provider=False, resources={MEMORY_MB:192, VCPU:1}, traits=(), aggregates=[]) (suffix '') returned 1 matches {{(pid=89028) _get_by_requests /opt/stack/placement/placement/objects/allocation_candidate.py:158}}
May 13 04:20:49.320863 np0000000666 devstack@placement-api.service[89028]: DEBUG placement.objects.allocation_candidate [req-4eed5bb8-5ce6-4cf9-9254-425e2b7885d3 req-a80fdbb3-7c8f-42dd-99c9-bdd428974993 service nova] Merging candidates yields 1 allocation requests and 1 provider summaries {{(pid=89028) _merge_candidates /opt/stack/placement/placement/objects/allocation_candidate.py:908}}
May 13 04:20:49.323543 np0000000666 devstack@placement-api.service[89028]: INFO placement.requestlog [req-4eed5bb8-5ce6-4cf9-9254-425e2b7885d3 req-a80fdbb3-7c8f-42dd-99c9-bdd428974993 service nova] 10.4.3.37 "GET /placement/allocation_candidates?limit=1000&resources=MEMORY_MB%3A192%2CVCPU%3A1&root_required=%21COMPUTE_STATUS_DISABLED" status: 200 len: 2478 microversion: 1.36
May 13 04:20:49.323543 np0000000666 devstack@placement-api.service[89028]: [pid: 89028|app: 0|req: 530/1057] 10.4.3.37 () {68 vars in 1590 bytes} [Wed May 13 04:20:49 2026] GET /placement/allocation_candidates?limit=1000&resources=MEMORY_MB%3A192%2CVCPU%3A1&root_required=%21COMPUTE_STATUS_DISABLED => generated 2478 bytes in 60 msecs (HTTP/1.1 200) 8 headers in 297 bytes (1 switches on core 0)
May 13 04:20:49.331881 np0000000666 devstack@placement-api.service[89027]: INFO placement.requestlog [req-e648b0d1-8e8d-4909-9f88-81546d1b8e16 req-c6a3a717-dd90-4cff-856c-8fe137ef8a2a service nova] 10.4.3.37 "GET /placement/allocations/7ba8e709-2b73-4ae8-81ce-c167a5fabe49" status: 200 len: 258 microversion: 1.28
May 13 04:20:49.332108 np0000000666 devstack@placement-api.service[89027]: [pid: 89027|app: 0|req: 528/1058] 10.4.3.37 () {68 vars in 1492 bytes} [Wed May 13 04:20:49 2026] GET /placement/allocations/7ba8e709-2b73-4ae8-81ce-c167a5fabe49 => generated 258 bytes in 16 msecs (HTTP/1.1 200) 8 headers in 296 bytes (1 switches on core 0)
May 13 04:20:49.382147 np0000000666 devstack@placement-api.service[89028]: DEBUG placement.requestlog [req-4eed5bb8-5ce6-4cf9-9254-425e2b7885d3 req-50b345ec-10fa-41a8-bf25-f570c90c5019 None None] Starting request: 10.4.3.37 "GET /placement/allocations/131ad1bb-0cdf-4a39-8c9a-23ca4aad8c2c" {{(pid=89028) __call__ /opt/stack/placement/placement/requestlog.py:55}}
May 13 04:20:49.383159 np0000000666 devstack@placement-api.service[89027]: DEBUG placement.requestlog [req-e648b0d1-8e8d-4909-9f88-81546d1b8e16 req-4a6f14ed-0184-43fa-a5d4-0e9d8060e79c None None] Starting request: 10.4.3.37 "GET /placement/allocations/d48f6aa3-dc43-4c9c-9e93-930457d2d5f5" {{(pid=89027) __call__ /opt/stack/placement/placement/requestlog.py:55}}
May 13 04:20:49.390565 np0000000666 devstack@placement-api.service[89028]: INFO placement.requestlog [req-4eed5bb8-5ce6-4cf9-9254-425e2b7885d3 req-50b345ec-10fa-41a8-bf25-f570c90c5019 service nova] 10.4.3.37 "GET /placement/allocations/131ad1bb-0cdf-4a39-8c9a-23ca4aad8c2c" status: 200 len: 19 microversion: 1.28
May 13 04:20:49.391612 np0000000666 devstack@placement-api.service[89028]: [pid: 89028|app: 0|req: 531/1059] 10.4.3.37 () {68 vars in 1494 bytes} [Wed May 13 04:20:49 2026] GET /placement/allocations/131ad1bb-0cdf-4a39-8c9a-23ca4aad8c2c => generated 19 bytes in 10 msecs (HTTP/1.1 200) 8 headers in 295 bytes (1 switches on core 0)
May 13 04:20:49.407683 np0000000666 devstack@placement-api.service[89027]: INFO placement.requestlog [req-e648b0d1-8e8d-4909-9f88-81546d1b8e16 req-4a6f14ed-0184-43fa-a5d4-0e9d8060e79c service nova] 10.4.3.37 "GET /placement/allocations/d48f6aa3-dc43-4c9c-9e93-930457d2d5f5" status: 200 len: 258 microversion: 1.28
May 13 04:20:49.408806 np0000000666 devstack@placement-api.service[89027]: [pid: 89027|app: 0|req: 529/1060] 10.4.3.37 () {68 vars in 1492 bytes} [Wed May 13 04:20:49 2026] GET /placement/allocations/d48f6aa3-dc43-4c9c-9e93-930457d2d5f5 => generated 258 bytes in 26 msecs (HTTP/1.1 200) 8 headers in 296 bytes (1 switches on core 0)
May 13 04:20:49.429125 np0000000666 devstack@placement-api.service[89028]: DEBUG placement.requestlog [req-4eed5bb8-5ce6-4cf9-9254-425e2b7885d3 req-396ac8dd-4dfa-46e3-98aa-061373bcaafe None None] Starting request: 10.4.3.37 "PUT /placement/allocations/131ad1bb-0cdf-4a39-8c9a-23ca4aad8c2c" {{(pid=89028) __call__ /opt/stack/placement/placement/requestlog.py:55}}
May 13 04:20:49.475986 np0000000666 devstack@placement-api.service[89028]: DEBUG placement.handlers.allocation [req-4eed5bb8-5ce6-4cf9-9254-425e2b7885d3 req-396ac8dd-4dfa-46e3-98aa-061373bcaafe service nova] Successfully wrote allocations [, ] {{(pid=89028) _update_consumers_and_create_allocations /opt/stack/placement/placement/handlers/allocation.py:462}}
May 13 04:20:49.482209 np0000000666 devstack@placement-api.service[89028]: INFO placement.requestlog [req-4eed5bb8-5ce6-4cf9-9254-425e2b7885d3 req-396ac8dd-4dfa-46e3-98aa-061373bcaafe service nova] 10.4.3.37 "PUT /placement/allocations/131ad1bb-0cdf-4a39-8c9a-23ca4aad8c2c" status: 204 len: 0 microversion: 1.36
May 13 04:20:49.482687 np0000000666 devstack@placement-api.service[89028]: [pid: 89028|app: 0|req: 532/1061] 10.4.3.37 () {72 vars in 1547 bytes} [Wed May 13 04:20:49 2026] PUT /placement/allocations/131ad1bb-0cdf-4a39-8c9a-23ca4aad8c2c => generated 0 bytes in 54 msecs (HTTP/1.1 204) 5 headers in 199 bytes (1 switches on core 0)
