Aug 25 04:45:32.777570 np0000008042 devstack@c-api.service[97130]: DEBUG cinder.api.middleware.request_id [req-dfdd6d2f-684b-46c4-bb6c-e81f8cd61269 req-f00cab19-62a6-4ac0-8e64-d587a8cce3be None None] RequestId filter calling following filter/app {{(pid=97130) _context_setter /opt/stack/cinder/cinder/api/middleware/request_id.py:62}}
Aug 25 04:45:32.780574 np0000008042 devstack@c-api.service[97130]: INFO cinder.api.openstack.wsgi [req-dfdd6d2f-684b-46c4-bb6c-e81f8cd61269 req-f00cab19-62a6-4ac0-8e64-d587a8cce3be tempest-ServerActionsV293TestJSON-1732028572 tempest-ServerActionsV293TestJSON-1732028572-project-member] POST https://10.4.3.98/volume/v3/attachments
Aug 25 04:45:32.781055 np0000008042 devstack@c-api.service[97130]: DEBUG cinder.api.openstack.wsgi [req-dfdd6d2f-684b-46c4-bb6c-e81f8cd61269 req-f00cab19-62a6-4ac0-8e64-d587a8cce3be tempest-ServerActionsV293TestJSON-1732028572 tempest-ServerActionsV293TestJSON-1732028572-project-member] Action: 'create', calling method: version_select, body: {"attachment": {"volume_uuid": "e1e98a0b-81a0-42aa-9975-2cd140c45df4", "connector": null, "instance_uuid": "fe434e85-1809-401f-bf2f-c43625b9e14b"}} {{(pid=97130) _process_stack /opt/stack/cinder/cinder/api/openstack/wsgi.py:876}}
Aug 25 04:45:32.806176 np0000008042 devstack@c-api.service[97130]: /opt/stack/data/venv/lib/python3.12/site-packages/oslo_context/context.py:102: DeprecationWarning: Policy enforcement is depending on the value of is_admin. This key is deprecated. Please update your policy file to use the standard policy values.
Aug 25 04:45:32.806176 np0000008042 devstack@c-api.service[97130]: warnings.warn(
Aug 25 04:45:32.883580 np0000008042 devstack@c-api.service[97130]: INFO cinder.api.openstack.wsgi [req-dfdd6d2f-684b-46c4-bb6c-e81f8cd61269 req-f00cab19-62a6-4ac0-8e64-d587a8cce3be tempest-ServerActionsV293TestJSON-1732028572 tempest-ServerActionsV293TestJSON-1732028572-project-member] https://10.4.3.98/volume/v3/attachments returned with HTTP 200
Aug 25 04:45:32.885129 np0000008042 devstack@c-api.service[97130]: [pid: 97130|app: 0|req: 58/170] 10.4.3.98 () {74 vars in 1587 bytes} [Tue Aug 25 04:45:32 2026] POST /volume/v3/attachments => generated 273 bytes in 108 msecs (HTTP/1.1 200) 7 headers in 286 bytes (1 switches on core 0)
Aug 25 04:45:32.971588 np0000008042 devstack@c-api.service[97131]: DEBUG cinder.api.middleware.request_id [req-dfdd6d2f-684b-46c4-bb6c-e81f8cd61269 req-38ec29fb-a2dc-4be1-97bd-84c28e7f85c0 None None] RequestId filter calling following filter/app {{(pid=97131) _context_setter /opt/stack/cinder/cinder/api/middleware/request_id.py:62}}
Aug 25 04:45:32.976414 np0000008042 devstack@c-api.service[97131]: INFO cinder.api.openstack.wsgi [req-dfdd6d2f-684b-46c4-bb6c-e81f8cd61269 req-38ec29fb-a2dc-4be1-97bd-84c28e7f85c0 tempest-ServerActionsV293TestJSON-1732028572 tempest-ServerActionsV293TestJSON-1732028572-project-member] DELETE https://10.4.3.98/volume/v3/attachments/6755b5d8-0d05-4b7f-a276-7979b4f1ce9b
Aug 25 04:45:32.976842 np0000008042 devstack@c-api.service[97131]: DEBUG cinder.api.openstack.wsgi [req-dfdd6d2f-684b-46c4-bb6c-e81f8cd61269 req-38ec29fb-a2dc-4be1-97bd-84c28e7f85c0 tempest-ServerActionsV293TestJSON-1732028572 tempest-ServerActionsV293TestJSON-1732028572-project-member] Empty body provided in request {{(pid=97131) get_body /opt/stack/cinder/cinder/api/openstack/wsgi.py:725}}
Aug 25 04:45:32.977390 np0000008042 devstack@c-api.service[97131]: DEBUG cinder.api.openstack.wsgi [req-dfdd6d2f-684b-46c4-bb6c-e81f8cd61269 req-38ec29fb-a2dc-4be1-97bd-84c28e7f85c0 tempest-ServerActionsV293TestJSON-1732028572 tempest-ServerActionsV293TestJSON-1732028572-project-member] Calling method 'version_select' {{(pid=97131) _process_stack /opt/stack/cinder/cinder/api/openstack/wsgi.py:878}}
Aug 25 04:45:32.998893 np0000008042 devstack@c-api.service[97131]: /opt/stack/data/venv/lib/python3.12/site-packages/oslo_context/context.py:102: DeprecationWarning: Policy enforcement is depending on the value of is_admin. This key is deprecated. Please update your policy file to use the standard policy values.
Aug 25 04:45:32.998893 np0000008042 devstack@c-api.service[97131]: warnings.warn(
Aug 25 04:45:33.091637 np0000008042 devstack@c-api.service[97131]: INFO cinder.api.openstack.wsgi [req-dfdd6d2f-684b-46c4-bb6c-e81f8cd61269 req-38ec29fb-a2dc-4be1-97bd-84c28e7f85c0 tempest-ServerActionsV293TestJSON-1732028572 tempest-ServerActionsV293TestJSON-1732028572-project-member] https://10.4.3.98/volume/v3/attachments/6755b5d8-0d05-4b7f-a276-7979b4f1ce9b returned with HTTP 200
Aug 25 04:45:33.094122 np0000008042 devstack@c-api.service[97131]: [pid: 97131|app: 0|req: 55/171] 10.4.3.98 () {72 vars in 1666 bytes} [Tue Aug 25 04:45:32 2026] DELETE /volume/v3/attachments/6755b5d8-0d05-4b7f-a276-7979b4f1ce9b => generated 192 bytes in 124 msecs (HTTP/1.1 200) 7 headers in 286 bytes (1 switches on core 0)
Aug 25 04:45:33.216490 np0000008042 devstack@c-api.service[97132]: DEBUG cinder.api.middleware.request_id [None req-aeef4961-9466-48d6-bcaa-8c334c7d6bc7 None None] RequestId filter calling following filter/app {{(pid=97132) _context_setter /opt/stack/cinder/cinder/api/middleware/request_id.py:62}}
Aug 25 04:45:33.216976 np0000008042 devstack@c-api.service[97132]: INFO cinder.api.openstack.wsgi [None req-aeef4961-9466-48d6-bcaa-8c334c7d6bc7 None None] GET https://10.4.3.98/volume//
Aug 25 04:45:33.217197 np0000008042 devstack@c-api.service[97132]: DEBUG cinder.api.openstack.wsgi [None req-aeef4961-9466-48d6-bcaa-8c334c7d6bc7 None None] Empty body provided in request {{(pid=97132) get_body /opt/stack/cinder/cinder/api/openstack/wsgi.py:725}}
Aug 25 04:45:33.217513 np0000008042 devstack@c-api.service[97132]: DEBUG cinder.api.openstack.wsgi [None req-aeef4961-9466-48d6-bcaa-8c334c7d6bc7 None None] Calling method 'all' {{(pid=97132) _process_stack /opt/stack/cinder/cinder/api/openstack/wsgi.py:878}}
Aug 25 04:45:33.218138 np0000008042 devstack@c-api.service[97132]: INFO cinder.api.openstack.wsgi [None req-aeef4961-9466-48d6-bcaa-8c334c7d6bc7 None None] https://10.4.3.98/volume// returned with HTTP 300
Aug 25 04:45:33.218202 np0000008042 devstack@c-api.service[97132]: [pid: 97132|app: 0|req: 59/172] 10.4.3.98 () {66 vars in 1419 bytes} [Tue Aug 25 04:45:33 2026] GET /volume/ => generated 385 bytes in 2 msecs (HTTP/1.1 300) 7 headers in 299 bytes (1 switches on core 0)
Aug 25 04:45:33.229066 np0000008042 devstack@c-api.service[97130]: DEBUG cinder.api.middleware.request_id [req-dfdd6d2f-684b-46c4-bb6c-e81f8cd61269 req-de1dfab2-0033-4475-8d7a-2281a3301d62 None None] RequestId filter calling following filter/app {{(pid=97130) _context_setter /opt/stack/cinder/cinder/api/middleware/request_id.py:62}}
Aug 25 04:45:33.231039 np0000008042 devstack@c-api.service[97130]: INFO cinder.api.openstack.wsgi [req-dfdd6d2f-684b-46c4-bb6c-e81f8cd61269 req-de1dfab2-0033-4475-8d7a-2281a3301d62 tempest-ServerActionsV293TestJSON-1732028572 tempest-ServerActionsV293TestJSON-1732028572-project-member] POST https://10.4.3.98/volume/v3/volumes/e1e98a0b-81a0-42aa-9975-2cd140c45df4/action
Aug 25 04:45:33.231584 np0000008042 devstack@c-api.service[97130]: DEBUG cinder.api.openstack.wsgi [req-dfdd6d2f-684b-46c4-bb6c-e81f8cd61269 req-de1dfab2-0033-4475-8d7a-2281a3301d62 tempest-ServerActionsV293TestJSON-1732028572 tempest-ServerActionsV293TestJSON-1732028572-project-member] Action body: b'{"os-reimage": {"image_id": "dad9761e-95df-4658-a4d5-8c7efcfb5a3d", "reimage_reserved": true}}' {{(pid=97130) get_method /opt/stack/cinder/cinder/api/openstack/wsgi.py:993}}
Aug 25 04:45:33.231584 np0000008042 devstack@c-api.service[97130]: DEBUG cinder.api.openstack.wsgi [req-dfdd6d2f-684b-46c4-bb6c-e81f8cd61269 req-de1dfab2-0033-4475-8d7a-2281a3301d62 tempest-ServerActionsV293TestJSON-1732028572 tempest-ServerActionsV293TestJSON-1732028572-project-member] Action: 'action', calling method: version_select, body: {"os-reimage": {"image_id": "dad9761e-95df-4658-a4d5-8c7efcfb5a3d", "reimage_reserved": true}} {{(pid=97130) _process_stack /opt/stack/cinder/cinder/api/openstack/wsgi.py:876}}
Aug 25 04:45:33.249747 np0000008042 devstack@c-api.service[97130]: /opt/stack/data/venv/lib/python3.12/site-packages/oslo_context/context.py:102: DeprecationWarning: Policy enforcement is depending on the value of is_admin. This key is deprecated. Please update your policy file to use the standard policy values.
Aug 25 04:45:33.249747 np0000008042 devstack@c-api.service[97130]: warnings.warn(
Aug 25 04:45:33.250508 np0000008042 devstack@c-api.service[97130]: INFO cinder.volume.api [req-dfdd6d2f-684b-46c4-bb6c-e81f8cd61269 req-de1dfab2-0033-4475-8d7a-2281a3301d62 tempest-ServerActionsV293TestJSON-1732028572 tempest-ServerActionsV293TestJSON-1732028572-project-member] Volume info retrieved successfully.
Aug 25 04:45:33.350351 np0000008042 devstack@c-api.service[97131]: DEBUG cinder.api.middleware.request_id [req-8734e9ed-2d28-40a0-ab58-6235ef2b2287 req-e69eddef-f31c-44c3-b10b-1bcfe4ca7584 None None] RequestId filter calling following filter/app {{(pid=97131) _context_setter /opt/stack/cinder/cinder/api/middleware/request_id.py:62}}
Aug 25 04:45:33.355267 np0000008042 devstack@c-api.service[97131]: INFO cinder.api.openstack.wsgi [req-8734e9ed-2d28-40a0-ab58-6235ef2b2287 req-e69eddef-f31c-44c3-b10b-1bcfe4ca7584 tempest-VolumesAssistedSnapshotsTest-2073508544 tempest-VolumesAssistedSnapshotsTest-2073508544-project-admin] GET https://10.4.3.98/volume/v3/volumes/201e9845-589b-4c08-b591-7e668c4faa35
Aug 25 04:45:33.355267 np0000008042 devstack@c-api.service[97131]: DEBUG cinder.api.openstack.wsgi [req-8734e9ed-2d28-40a0-ab58-6235ef2b2287 req-e69eddef-f31c-44c3-b10b-1bcfe4ca7584 tempest-VolumesAssistedSnapshotsTest-2073508544 tempest-VolumesAssistedSnapshotsTest-2073508544-project-admin] Empty body provided in request {{(pid=97131) get_body /opt/stack/cinder/cinder/api/openstack/wsgi.py:725}}
Aug 25 04:45:33.355267 np0000008042 devstack@c-api.service[97131]: DEBUG cinder.api.openstack.wsgi [req-8734e9ed-2d28-40a0-ab58-6235ef2b2287 req-e69eddef-f31c-44c3-b10b-1bcfe4ca7584 tempest-VolumesAssistedSnapshotsTest-2073508544 tempest-VolumesAssistedSnapshotsTest-2073508544-project-admin] Calling method 'show' {{(pid=97131) _process_stack /opt/stack/cinder/cinder/api/openstack/wsgi.py:878}}
Aug 25 04:45:33.373172 np0000008042 devstack@c-api.service[97131]: /opt/stack/data/venv/lib/python3.12/site-packages/oslo_context/context.py:102: DeprecationWarning: Policy enforcement is depending on the value of is_admin. This key is deprecated. Please update your policy file to use the standard policy values.
Aug 25 04:45:33.373172 np0000008042 devstack@c-api.service[97131]: warnings.warn(
Aug 25 04:45:33.380939 np0000008042 devstack@c-api.service[97131]: INFO cinder.volume.api [req-8734e9ed-2d28-40a0-ab58-6235ef2b2287 req-e69eddef-f31c-44c3-b10b-1bcfe4ca7584 tempest-VolumesAssistedSnapshotsTest-2073508544 tempest-VolumesAssistedSnapshotsTest-2073508544-project-admin] Volume info retrieved successfully.
Aug 25 04:45:33.387472 np0000008042 devstack@c-api.service[97131]: INFO cinder.api.openstack.wsgi [req-8734e9ed-2d28-40a0-ab58-6235ef2b2287 req-e69eddef-f31c-44c3-b10b-1bcfe4ca7584 tempest-VolumesAssistedSnapshotsTest-2073508544 tempest-VolumesAssistedSnapshotsTest-2073508544-project-admin] https://10.4.3.98/volume/v3/volumes/201e9845-589b-4c08-b591-7e668c4faa35 returned with HTTP 200
Aug 25 04:45:33.388060 np0000008042 devstack@c-api.service[97131]: [pid: 97131|app: 0|req: 56/173] 10.4.3.98 () {68 vars in 1591 bytes} [Tue Aug 25 04:45:33 2026] GET /volume/v3/volumes/201e9845-589b-4c08-b591-7e668c4faa35 => generated 1014 bytes in 38 msecs (HTTP/1.1 200) 7 headers in 286 bytes (1 switches on core 0)
Aug 25 04:45:33.421814 np0000008042 devstack@c-api.service[97130]: INFO cinder.api.openstack.wsgi [req-dfdd6d2f-684b-46c4-bb6c-e81f8cd61269 req-de1dfab2-0033-4475-8d7a-2281a3301d62 tempest-ServerActionsV293TestJSON-1732028572 tempest-ServerActionsV293TestJSON-1732028572-project-member] https://10.4.3.98/volume/v3/volumes/e1e98a0b-81a0-42aa-9975-2cd140c45df4/action returned with HTTP 202
Aug 25 04:45:33.422604 np0000008042 devstack@c-api.service[97130]: [pid: 97130|app: 0|req: 59/174] 10.4.3.98 () {74 vars in 1706 bytes} [Tue Aug 25 04:45:33 2026] POST /volume/v3/volumes/e1e98a0b-81a0-42aa-9975-2cd140c45df4/action => generated 0 bytes in 195 msecs (HTTP/1.1 202) 7 headers in 290 bytes (1 switches on core 0)
Aug 25 04:45:33.914941 np0000008042 devstack@c-api.service[97132]: DEBUG cinder.api.middleware.request_id [None req-7cf3d53b-2dbe-46d4-b6c9-4b485c9bc32f None None] RequestId filter calling following filter/app {{(pid=97132) _context_setter /opt/stack/cinder/cinder/api/middleware/request_id.py:62}}
Aug 25 04:45:33.915473 np0000008042 devstack@c-api.service[97132]: INFO cinder.api.openstack.wsgi [None req-7cf3d53b-2dbe-46d4-b6c9-4b485c9bc32f None None] GET https://10.4.3.98/volume//
Aug 25 04:45:33.916686 np0000008042 devstack@c-api.service[97132]: DEBUG cinder.api.openstack.wsgi [None req-7cf3d53b-2dbe-46d4-b6c9-4b485c9bc32f None None] Empty body provided in request {{(pid=97132) get_body /opt/stack/cinder/cinder/api/openstack/wsgi.py:725}}
Aug 25 04:45:33.916686 np0000008042 devstack@c-api.service[97132]: DEBUG cinder.api.openstack.wsgi [None req-7cf3d53b-2dbe-46d4-b6c9-4b485c9bc32f None None] Calling method 'all' {{(pid=97132) _process_stack /opt/stack/cinder/cinder/api/openstack/wsgi.py:878}}
Aug 25 04:45:33.916686 np0000008042 devstack@c-api.service[97132]: INFO cinder.api.openstack.wsgi [None req-7cf3d53b-2dbe-46d4-b6c9-4b485c9bc32f None None] https://10.4.3.98/volume// returned with HTTP 300
Aug 25 04:45:33.917278 np0000008042 devstack@c-api.service[97132]: [pid: 97132|app: 0|req: 60/175] 10.4.3.98 () {66 vars in 1421 bytes} [Tue Aug 25 04:45:33 2026] GET /volume/ => generated 385 bytes in 3 msecs (HTTP/1.1 300) 7 headers in 299 bytes (1 switches on core 0)
Aug 25 04:45:33.949114 np0000008042 devstack@c-api.service[97131]: DEBUG cinder.api.middleware.request_id [req-8734e9ed-2d28-40a0-ab58-6235ef2b2287 req-fd42d79e-a5f8-4392-96b8-902966274d2a None None] RequestId filter calling following filter/app {{(pid=97131) _context_setter /opt/stack/cinder/cinder/api/middleware/request_id.py:62}}
Aug 25 04:45:34.095263 np0000008042 devstack@c-api.service[97130]: DEBUG cinder.api.middleware.request_id [req-8a1f97fc-fd58-4433-9ba4-8f02f4b79241 req-2f7503a8-8dfd-4a1a-9ed1-929df1f76912 None None] RequestId filter calling following filter/app {{(pid=97130) _context_setter /opt/stack/cinder/cinder/api/middleware/request_id.py:62}}
Aug 25 04:45:34.104273 np0000008042 devstack@c-api.service[97130]: INFO cinder.api.openstack.wsgi [req-8a1f97fc-fd58-4433-9ba4-8f02f4b79241 req-2f7503a8-8dfd-4a1a-9ed1-929df1f76912 tempest-ImageDependencyTests-1195348254 tempest-ImageDependencyTests-1195348254-project-member] GET https://10.4.3.98/volume/v3/limits
Aug 25 04:45:34.104604 np0000008042 devstack@c-api.service[97130]: DEBUG cinder.api.openstack.wsgi [req-8a1f97fc-fd58-4433-9ba4-8f02f4b79241 req-2f7503a8-8dfd-4a1a-9ed1-929df1f76912 tempest-ImageDependencyTests-1195348254 tempest-ImageDependencyTests-1195348254-project-member] Empty body provided in request {{(pid=97130) get_body /opt/stack/cinder/cinder/api/openstack/wsgi.py:725}}
Aug 25 04:45:34.104863 np0000008042 devstack@c-api.service[97130]: DEBUG cinder.api.openstack.wsgi [req-8a1f97fc-fd58-4433-9ba4-8f02f4b79241 req-2f7503a8-8dfd-4a1a-9ed1-929df1f76912 tempest-ImageDependencyTests-1195348254 tempest-ImageDependencyTests-1195348254-project-member] Calling method 'index' {{(pid=97130) _process_stack /opt/stack/cinder/cinder/api/openstack/wsgi.py:878}}
Aug 25 04:45:34.122932 np0000008042 devstack@c-api.service[97130]: WARNING cinder.quota [req-8a1f97fc-fd58-4433-9ba4-8f02f4b79241 req-2f7503a8-8dfd-4a1a-9ed1-929df1f76912 tempest-ImageDependencyTests-1195348254 tempest-ImageDependencyTests-1195348254-project-member] Deprecated: Default quota for resource: snapshots_storpool is set by the default quota flag: quota_snapshots_storpool, it is now deprecated. Please use the default quota class for default quota.
Aug 25 04:45:34.123672 np0000008042 devstack@c-api.service[97130]: WARNING cinder.quota [req-8a1f97fc-fd58-4433-9ba4-8f02f4b79241 req-2f7503a8-8dfd-4a1a-9ed1-929df1f76912 tempest-ImageDependencyTests-1195348254 tempest-ImageDependencyTests-1195348254-project-member] Deprecated: Default quota for resource: volumes___DEFAULT__ is set by the default quota flag: quota_volumes___DEFAULT__, it is now deprecated. Please use the default quota class for default quota.
Aug 25 04:45:34.124027 np0000008042 devstack@c-api.service[97130]: WARNING cinder.quota [req-8a1f97fc-fd58-4433-9ba4-8f02f4b79241 req-2f7503a8-8dfd-4a1a-9ed1-929df1f76912 tempest-ImageDependencyTests-1195348254 tempest-ImageDependencyTests-1195348254-project-member] Deprecated: Default quota for resource: gigabytes___DEFAULT__ is set by the default quota flag: quota_gigabytes___DEFAULT__, it is now deprecated. Please use the default quota class for default quota.
Aug 25 04:45:34.124447 np0000008042 devstack@c-api.service[97130]: WARNING cinder.quota [req-8a1f97fc-fd58-4433-9ba4-8f02f4b79241 req-2f7503a8-8dfd-4a1a-9ed1-929df1f76912 tempest-ImageDependencyTests-1195348254 tempest-ImageDependencyTests-1195348254-project-member] Deprecated: Default quota for resource: snapshots___DEFAULT__ is set by the default quota flag: quota_snapshots___DEFAULT__, it is now deprecated. Please use the default quota class for default quota.
Aug 25 04:45:34.126387 np0000008042 devstack@c-api.service[97130]: /opt/stack/data/venv/lib/python3.12/site-packages/oslo_context/context.py:102: DeprecationWarning: Policy enforcement is depending on the value of is_admin. This key is deprecated. Please update your policy file to use the standard policy values.
Aug 25 04:45:34.126387 np0000008042 devstack@c-api.service[97130]: warnings.warn(
Aug 25 04:45:34.148363 np0000008042 devstack@c-api.service[97130]: INFO cinder.api.openstack.wsgi [req-8a1f97fc-fd58-4433-9ba4-8f02f4b79241 req-2f7503a8-8dfd-4a1a-9ed1-929df1f76912 tempest-ImageDependencyTests-1195348254 tempest-ImageDependencyTests-1195348254-project-member] https://10.4.3.98/volume/v3/limits returned with HTTP 200
Aug 25 04:45:34.148482 np0000008042 devstack@c-api.service[97130]: [pid: 97130|app: 0|req: 60/176] 10.4.3.98 () {68 vars in 1477 bytes} [Tue Aug 25 04:45:34 2026] GET /volume/v3/limits => generated 302 bytes in 64 msecs (HTTP/1.1 200) 7 headers in 285 bytes (1 switches on core 0)
Aug 25 04:45:34.228837 np0000008042 devstack@c-api.service[97132]: DEBUG cinder.api.middleware.request_id [req-8a1f97fc-fd58-4433-9ba4-8f02f4b79241 req-2d32ee46-84bd-4850-920d-6993923a912a None None] RequestId filter calling following filter/app {{(pid=97132) _context_setter /opt/stack/cinder/cinder/api/middleware/request_id.py:62}}
Aug 25 04:45:34.231716 np0000008042 devstack@c-api.service[97132]: INFO cinder.api.openstack.wsgi [req-8a1f97fc-fd58-4433-9ba4-8f02f4b79241 req-2d32ee46-84bd-4850-920d-6993923a912a tempest-ImageDependencyTests-1195348254 tempest-ImageDependencyTests-1195348254-project-member] GET https://10.4.3.98/volume/v3/volumes/1a2efdf7-fdbf-4aa4-8dbf-2a647d28ca60
Aug 25 04:45:34.232010 np0000008042 devstack@c-api.service[97132]: DEBUG cinder.api.openstack.wsgi [req-8a1f97fc-fd58-4433-9ba4-8f02f4b79241 req-2d32ee46-84bd-4850-920d-6993923a912a tempest-ImageDependencyTests-1195348254 tempest-ImageDependencyTests-1195348254-project-member] Empty body provided in request {{(pid=97132) get_body /opt/stack/cinder/cinder/api/openstack/wsgi.py:725}}
Aug 25 04:45:34.232310 np0000008042 devstack@c-api.service[97132]: DEBUG cinder.api.openstack.wsgi [req-8a1f97fc-fd58-4433-9ba4-8f02f4b79241 req-2d32ee46-84bd-4850-920d-6993923a912a tempest-ImageDependencyTests-1195348254 tempest-ImageDependencyTests-1195348254-project-member] Calling method 'show' {{(pid=97132) _process_stack /opt/stack/cinder/cinder/api/openstack/wsgi.py:878}}
Aug 25 04:45:34.235109 np0000008042 devstack@c-api.service[97132]: DEBUG dbcounter [-] [97132] Writing DB stats cinder:SELECT=364,cinder:INSERT=63,cinder:UPDATE=113 {{(pid=97132) stat_writer /opt/stack/data/venv/lib/python3.12/site-packages/dbcounter.py:115}}
Aug 25 04:45:34.247441 np0000008042 devstack@c-api.service[97132]: /opt/stack/data/venv/lib/python3.12/site-packages/oslo_context/context.py:102: DeprecationWarning: Policy enforcement is depending on the value of is_admin. This key is deprecated. Please update your policy file to use the standard policy values.
Aug 25 04:45:34.247441 np0000008042 devstack@c-api.service[97132]: warnings.warn(
Aug 25 04:45:34.252161 np0000008042 devstack@c-api.service[97132]: INFO cinder.volume.api [req-8a1f97fc-fd58-4433-9ba4-8f02f4b79241 req-2d32ee46-84bd-4850-920d-6993923a912a tempest-ImageDependencyTests-1195348254 tempest-ImageDependencyTests-1195348254-project-member] Volume info retrieved successfully.
Aug 25 04:45:34.261044 np0000008042 devstack@c-api.service[97132]: INFO cinder.api.openstack.wsgi [req-8a1f97fc-fd58-4433-9ba4-8f02f4b79241 req-2d32ee46-84bd-4850-920d-6993923a912a tempest-ImageDependencyTests-1195348254 tempest-ImageDependencyTests-1195348254-project-member] https://10.4.3.98/volume/v3/volumes/1a2efdf7-fdbf-4aa4-8dbf-2a647d28ca60 returned with HTTP 200
Aug 25 04:45:34.261508 np0000008042 devstack@c-api.service[97132]: [pid: 97132|app: 0|req: 61/177] 10.4.3.98 () {68 vars in 1591 bytes} [Tue Aug 25 04:45:34 2026] GET /volume/v3/volumes/1a2efdf7-fdbf-4aa4-8dbf-2a647d28ca60 => generated 1450 bytes in 33 msecs (HTTP/1.1 200) 7 headers in 286 bytes (1 switches on core 0)
Aug 25 04:45:34.277161 np0000008042 devstack@c-api.service[97130]: DEBUG cinder.api.middleware.request_id [req-8a1f97fc-fd58-4433-9ba4-8f02f4b79241 req-f0f30574-a2d2-4405-96ee-7a2ecb32d6d8 None None] RequestId filter calling following filter/app {{(pid=97130) _context_setter /opt/stack/cinder/cinder/api/middleware/request_id.py:62}}
Aug 25 04:45:34.281585 np0000008042 devstack@c-api.service[97130]: INFO cinder.api.openstack.wsgi [req-8a1f97fc-fd58-4433-9ba4-8f02f4b79241 req-f0f30574-a2d2-4405-96ee-7a2ecb32d6d8 tempest-ImageDependencyTests-1195348254 tempest-ImageDependencyTests-1195348254-project-member] POST https://10.4.3.98/volume/v3/snapshots
Aug 25 04:45:34.282310 np0000008042 devstack@c-api.service[97130]: DEBUG cinder.api.openstack.wsgi [req-8a1f97fc-fd58-4433-9ba4-8f02f4b79241 req-f0f30574-a2d2-4405-96ee-7a2ecb32d6d8 tempest-ImageDependencyTests-1195348254 tempest-ImageDependencyTests-1195348254-project-member] Action: 'create', calling method: create, body: {"snapshot": {"volume_id": "1a2efdf7-fdbf-4aa4-8dbf-2a647d28ca60", "force": true, "name": "snapshot for tempest-ImageDependencyTestssnapshot-1943011024", "description": null, "metadata": {}}} {{(pid=97130) _process_stack /opt/stack/cinder/cinder/api/openstack/wsgi.py:876}}
Aug 25 04:45:34.288047 np0000008042 devstack@c-api.service[97131]: INFO cinder.api.openstack.wsgi [req-8734e9ed-2d28-40a0-ab58-6235ef2b2287 req-fd42d79e-a5f8-4392-96b8-902966274d2a tempest-VolumesAssistedSnapshotsTest-2073508544 tempest-VolumesAssistedSnapshotsTest-2073508544-project-admin] POST https://10.4.3.98/volume/v3/attachments
Aug 25 04:45:34.288465 np0000008042 devstack@c-api.service[97131]: DEBUG cinder.api.openstack.wsgi [req-8734e9ed-2d28-40a0-ab58-6235ef2b2287 req-fd42d79e-a5f8-4392-96b8-902966274d2a tempest-VolumesAssistedSnapshotsTest-2073508544 tempest-VolumesAssistedSnapshotsTest-2073508544-project-admin] Action: 'create', calling method: version_select, body: {"attachment": {"volume_uuid": "201e9845-589b-4c08-b591-7e668c4faa35", "connector": null, "instance_uuid": "4dd5df00-5862-48ee-a24c-9d9547db60db"}} {{(pid=97131) _process_stack /opt/stack/cinder/cinder/api/openstack/wsgi.py:876}}
Aug 25 04:45:34.298399 np0000008042 devstack@c-api.service[97130]: /opt/stack/data/venv/lib/python3.12/site-packages/oslo_context/context.py:102: DeprecationWarning: Policy enforcement is depending on the value of is_admin. This key is deprecated. Please update your policy file to use the standard policy values.
Aug 25 04:45:34.298399 np0000008042 devstack@c-api.service[97130]: warnings.warn(
Aug 25 04:45:34.299896 np0000008042 devstack@c-api.service[97130]: INFO cinder.volume.api [req-8a1f97fc-fd58-4433-9ba4-8f02f4b79241 req-f0f30574-a2d2-4405-96ee-7a2ecb32d6d8 tempest-ImageDependencyTests-1195348254 tempest-ImageDependencyTests-1195348254-project-member] Volume info retrieved successfully.
Aug 25 04:45:34.302257 np0000008042 devstack@c-api.service[97130]: INFO cinder.api.v3.snapshots [req-8a1f97fc-fd58-4433-9ba4-8f02f4b79241 req-f0f30574-a2d2-4405-96ee-7a2ecb32d6d8 tempest-ImageDependencyTests-1195348254 tempest-ImageDependencyTests-1195348254-project-member] Create snapshot from volume 1a2efdf7-fdbf-4aa4-8dbf-2a647d28ca60
Aug 25 04:45:34.302362 np0000008042 devstack@c-api.service[97131]: /opt/stack/data/venv/lib/python3.12/site-packages/oslo_context/context.py:102: DeprecationWarning: Policy enforcement is depending on the value of is_admin. This key is deprecated. Please update your policy file to use the standard policy values.
Aug 25 04:45:34.302362 np0000008042 devstack@c-api.service[97131]: warnings.warn(
Aug 25 04:45:34.341632 np0000008042 devstack@c-api.service[97131]: INFO cinder.api.openstack.wsgi [req-8734e9ed-2d28-40a0-ab58-6235ef2b2287 req-fd42d79e-a5f8-4392-96b8-902966274d2a tempest-VolumesAssistedSnapshotsTest-2073508544 tempest-VolumesAssistedSnapshotsTest-2073508544-project-admin] https://10.4.3.98/volume/v3/attachments returned with HTTP 200
Aug 25 04:45:34.342758 np0000008042 devstack@c-api.service[97131]: [pid: 97131|app: 0|req: 57/178] 10.4.3.98 () {74 vars in 1587 bytes} [Tue Aug 25 04:45:33 2026] POST /volume/v3/attachments => generated 273 bytes in 396 msecs (HTTP/1.1 200) 7 headers in 286 bytes (1 switches on core 0)
Aug 25 04:45:34.360264 np0000008042 devstack@c-api.service[97130]: DEBUG cinder.quota [req-8a1f97fc-fd58-4433-9ba4-8f02f4b79241 req-f0f30574-a2d2-4405-96ee-7a2ecb32d6d8 tempest-ImageDependencyTests-1195348254 tempest-ImageDependencyTests-1195348254-project-member] Created reservations ['a41815d7-66a7-4de4-a420-5fec3a615f19', 'fddd71b7-faa3-4fe7-8c0e-4158ff7b173a', '68bfc410-dc1d-4b27-9efc-6d6e6a37a8e9', '7d0c17c1-24a4-43b3-b4dd-c69a6869d646'] {{(pid=97130) reserve /opt/stack/cinder/cinder/quota.py:752}}
Aug 25 04:45:34.389663 np0000008042 devstack@c-api.service[97132]: DEBUG cinder.api.middleware.request_id [None req-e0e0c2ec-e33d-41d9-9f29-7b00dc961ee8 None None] RequestId filter calling following filter/app {{(pid=97132) _context_setter /opt/stack/cinder/cinder/api/middleware/request_id.py:62}}
Aug 25 04:45:34.392844 np0000008042 devstack@c-api.service[97132]: INFO cinder.api.openstack.wsgi [None req-e0e0c2ec-e33d-41d9-9f29-7b00dc961ee8 tempest-VolumesAssistedSnapshotsTest-2073508544 tempest-VolumesAssistedSnapshotsTest-2073508544-project-admin] GET https://10.4.3.98/volume/v3/volumes/201e9845-589b-4c08-b591-7e668c4faa35
Aug 25 04:45:34.393045 np0000008042 devstack@c-api.service[97132]: DEBUG cinder.api.openstack.wsgi [None req-e0e0c2ec-e33d-41d9-9f29-7b00dc961ee8 tempest-VolumesAssistedSnapshotsTest-2073508544 tempest-VolumesAssistedSnapshotsTest-2073508544-project-admin] Empty body provided in request {{(pid=97132) get_body /opt/stack/cinder/cinder/api/openstack/wsgi.py:725}}
Aug 25 04:45:34.393281 np0000008042 devstack@c-api.service[97132]: DEBUG cinder.api.openstack.wsgi [None req-e0e0c2ec-e33d-41d9-9f29-7b00dc961ee8 tempest-VolumesAssistedSnapshotsTest-2073508544 tempest-VolumesAssistedSnapshotsTest-2073508544-project-admin] Calling method 'show' {{(pid=97132) _process_stack /opt/stack/cinder/cinder/api/openstack/wsgi.py:878}}
Aug 25 04:45:34.403924 np0000008042 devstack@c-api.service[97131]: DEBUG cinder.api.middleware.request_id [None req-cbc325d2-ae94-4197-b64c-17da5b310e03 None None] RequestId filter calling following filter/app {{(pid=97131) _context_setter /opt/stack/cinder/cinder/api/middleware/request_id.py:62}}
Aug 25 04:45:34.405582 np0000008042 devstack@c-api.service[97131]: INFO cinder.api.openstack.wsgi [None req-cbc325d2-ae94-4197-b64c-17da5b310e03 None None] GET https://10.4.3.98/volume//
Aug 25 04:45:34.405582 np0000008042 devstack@c-api.service[97131]: DEBUG cinder.api.openstack.wsgi [None req-cbc325d2-ae94-4197-b64c-17da5b310e03 None None] Empty body provided in request {{(pid=97131) get_body /opt/stack/cinder/cinder/api/openstack/wsgi.py:725}}
Aug 25 04:45:34.405582 np0000008042 devstack@c-api.service[97131]: DEBUG cinder.api.openstack.wsgi [None req-cbc325d2-ae94-4197-b64c-17da5b310e03 None None] Calling method 'all' {{(pid=97131) _process_stack /opt/stack/cinder/cinder/api/openstack/wsgi.py:878}}
Aug 25 04:45:34.405582 np0000008042 devstack@c-api.service[97131]: INFO cinder.api.openstack.wsgi [None req-cbc325d2-ae94-4197-b64c-17da5b310e03 None None] https://10.4.3.98/volume// returned with HTTP 300
Aug 25 04:45:34.405582 np0000008042 devstack@c-api.service[97131]: [pid: 97131|app: 0|req: 58/179] 10.4.3.98 () {66 vars in 1419 bytes} [Tue Aug 25 04:45:34 2026] GET /volume/ => generated 385 bytes in 2 msecs (HTTP/1.1 300) 7 headers in 299 bytes (1 switches on core 0)
Aug 25 04:45:34.411115 np0000008042 devstack@c-api.service[97132]: /opt/stack/data/venv/lib/python3.12/site-packages/oslo_context/context.py:102: DeprecationWarning: Policy enforcement is depending on the value of is_admin. This key is deprecated. Please update your policy file to use the standard policy values.
Aug 25 04:45:34.411115 np0000008042 devstack@c-api.service[97132]: warnings.warn(
Aug 25 04:45:34.417326 np0000008042 devstack@c-api.service[97132]: INFO cinder.volume.api [None req-e0e0c2ec-e33d-41d9-9f29-7b00dc961ee8 tempest-VolumesAssistedSnapshotsTest-2073508544 tempest-VolumesAssistedSnapshotsTest-2073508544-project-admin] Volume info retrieved successfully.
Aug 25 04:45:34.419882 np0000008042 devstack@c-api.service[97131]: DEBUG cinder.api.middleware.request_id [req-8734e9ed-2d28-40a0-ab58-6235ef2b2287 req-95f01328-de97-4e15-89dd-764dbaeb343c None None] RequestId filter calling following filter/app {{(pid=97131) _context_setter /opt/stack/cinder/cinder/api/middleware/request_id.py:62}}
Aug 25 04:45:34.425268 np0000008042 devstack@c-api.service[97132]: INFO cinder.api.openstack.wsgi [None req-e0e0c2ec-e33d-41d9-9f29-7b00dc961ee8 tempest-VolumesAssistedSnapshotsTest-2073508544 tempest-VolumesAssistedSnapshotsTest-2073508544-project-admin] https://10.4.3.98/volume/v3/volumes/201e9845-589b-4c08-b591-7e668c4faa35 returned with HTTP 200
Aug 25 04:45:34.425394 np0000008042 devstack@c-api.service[97131]: INFO cinder.api.openstack.wsgi [req-8734e9ed-2d28-40a0-ab58-6235ef2b2287 req-95f01328-de97-4e15-89dd-764dbaeb343c tempest-VolumesAssistedSnapshotsTest-2073508544 tempest-VolumesAssistedSnapshotsTest-2073508544-project-admin] GET https://10.4.3.98/volume/v3/volumes/201e9845-589b-4c08-b591-7e668c4faa35
Aug 25 04:45:34.425431 np0000008042 devstack@c-api.service[97132]: [pid: 97132|app: 0|req: 62/180] 10.4.3.98 () {66 vars in 1341 bytes} [Tue Aug 25 04:45:34 2026] GET /volume/v3/volumes/201e9845-589b-4c08-b591-7e668c4faa35 => generated 1013 bytes in 35 msecs (HTTP/1.1 200) 7 headers in 286 bytes (1 switches on core 0)
Aug 25 04:45:34.425456 np0000008042 devstack@c-api.service[97131]: DEBUG cinder.api.openstack.wsgi [req-8734e9ed-2d28-40a0-ab58-6235ef2b2287 req-95f01328-de97-4e15-89dd-764dbaeb343c tempest-VolumesAssistedSnapshotsTest-2073508544 tempest-VolumesAssistedSnapshotsTest-2073508544-project-admin] Empty body provided in request {{(pid=97131) get_body /opt/stack/cinder/cinder/api/openstack/wsgi.py:725}}
Aug 25 04:45:34.425456 np0000008042 devstack@c-api.service[97131]: DEBUG cinder.api.openstack.wsgi [req-8734e9ed-2d28-40a0-ab58-6235ef2b2287 req-95f01328-de97-4e15-89dd-764dbaeb343c tempest-VolumesAssistedSnapshotsTest-2073508544 tempest-VolumesAssistedSnapshotsTest-2073508544-project-admin] Calling method 'show' {{(pid=97131) _process_stack /opt/stack/cinder/cinder/api/openstack/wsgi.py:878}}
Aug 25 04:45:34.439152 np0000008042 devstack@c-api.service[97131]: /opt/stack/data/venv/lib/python3.12/site-packages/oslo_context/context.py:102: DeprecationWarning: Policy enforcement is depending on the value of is_admin. This key is deprecated. Please update your policy file to use the standard policy values.
Aug 25 04:45:34.439152 np0000008042 devstack@c-api.service[97131]: warnings.warn(
Aug 25 04:45:34.444562 np0000008042 devstack@c-api.service[97130]: INFO cinder.volume.api [req-8a1f97fc-fd58-4433-9ba4-8f02f4b79241 req-f0f30574-a2d2-4405-96ee-7a2ecb32d6d8 tempest-ImageDependencyTests-1195348254 tempest-ImageDependencyTests-1195348254-project-member] Snapshot force create request issued successfully.
Aug 25 04:45:34.444930 np0000008042 devstack@c-api.service[97130]: INFO cinder.api.openstack.wsgi [req-8a1f97fc-fd58-4433-9ba4-8f02f4b79241 req-f0f30574-a2d2-4405-96ee-7a2ecb32d6d8 tempest-ImageDependencyTests-1195348254 tempest-ImageDependencyTests-1195348254-project-member] https://10.4.3.98/volume/v3/snapshots returned with HTTP 202
Aug 25 04:45:34.445398 np0000008042 devstack@c-api.service[97130]: [pid: 97130|app: 0|req: 61/181] 10.4.3.98 () {72 vars in 1540 bytes} [Tue Aug 25 04:45:34 2026] POST /volume/v3/snapshots => generated 319 bytes in 169 msecs (HTTP/1.1 202) 7 headers in 291 bytes (1 switches on core 0)
Aug 25 04:45:34.449961 np0000008042 devstack@c-api.service[97131]: INFO cinder.volume.api [req-8734e9ed-2d28-40a0-ab58-6235ef2b2287 req-95f01328-de97-4e15-89dd-764dbaeb343c tempest-VolumesAssistedSnapshotsTest-2073508544 tempest-VolumesAssistedSnapshotsTest-2073508544-project-admin] Volume info retrieved successfully.
Aug 25 04:45:34.454428 np0000008042 devstack@c-api.service[97132]: DEBUG cinder.api.middleware.request_id [None req-eb40f5f5-0224-470e-845f-61291d3755c8 None None] RequestId filter calling following filter/app {{(pid=97132) _context_setter /opt/stack/cinder/cinder/api/middleware/request_id.py:62}}
Aug 25 04:45:34.456616 np0000008042 devstack@c-api.service[97132]: INFO cinder.api.openstack.wsgi [None req-eb40f5f5-0224-470e-845f-61291d3755c8 tempest-AttachSCSIVolumeTestJSON-198509476 tempest-AttachSCSIVolumeTestJSON-198509476-project-member] POST https://10.4.3.98/volume/v3/volumes
Aug 25 04:45:34.457034 np0000008042 devstack@c-api.service[97132]: DEBUG cinder.api.openstack.wsgi [None req-eb40f5f5-0224-470e-845f-61291d3755c8 tempest-AttachSCSIVolumeTestJSON-198509476 tempest-AttachSCSIVolumeTestJSON-198509476-project-member] Action: 'create', calling method: create, body: {"volume": {"size": 1, "display_name": "tempest-AttachSCSIVolumeTestJSON-volume-1023477147"}} {{(pid=97132) _process_stack /opt/stack/cinder/cinder/api/openstack/wsgi.py:876}}
Aug 25 04:45:34.458596 np0000008042 devstack@c-api.service[97132]: DEBUG cinder.api.v3.volumes [None req-eb40f5f5-0224-470e-845f-61291d3755c8 tempest-AttachSCSIVolumeTestJSON-198509476 tempest-AttachSCSIVolumeTestJSON-198509476-project-member] Create volume request body: {'volume': {'size': 1, 'display_name': 'tempest-AttachSCSIVolumeTestJSON-volume-1023477147'}} {{(pid=97132) create /opt/stack/cinder/cinder/api/v3/volumes.py:368}}
Aug 25 04:45:34.458695 np0000008042 devstack@c-api.service[97132]: INFO cinder.api.v3.volumes [None req-eb40f5f5-0224-470e-845f-61291d3755c8 tempest-AttachSCSIVolumeTestJSON-198509476 tempest-AttachSCSIVolumeTestJSON-198509476-project-member] Create volume of 1 GB
Aug 25 04:45:34.460305 np0000008042 devstack@c-api.service[97131]: INFO cinder.api.openstack.wsgi [req-8734e9ed-2d28-40a0-ab58-6235ef2b2287 req-95f01328-de97-4e15-89dd-764dbaeb343c tempest-VolumesAssistedSnapshotsTest-2073508544 tempest-VolumesAssistedSnapshotsTest-2073508544-project-admin] https://10.4.3.98/volume/v3/volumes/201e9845-589b-4c08-b591-7e668c4faa35 returned with HTTP 200
Aug 25 04:45:34.463335 np0000008042 devstack@c-api.service[97131]: [pid: 97131|app: 0|req: 59/182] 10.4.3.98 () {70 vars in 1632 bytes} [Tue Aug 25 04:45:34 2026] GET /volume/v3/volumes/201e9845-589b-4c08-b591-7e668c4faa35 => generated 1237 bytes in 44 msecs (HTTP/1.1 200) 7 headers in 287 bytes (1 switches on core 0)
Aug 25 04:45:34.466950 np0000008042 devstack@c-api.service[97132]: INFO cinder.volume.api [None req-eb40f5f5-0224-470e-845f-61291d3755c8 tempest-AttachSCSIVolumeTestJSON-198509476 tempest-AttachSCSIVolumeTestJSON-198509476-project-member] Availability Zones retrieved successfully.
Aug 25 04:45:34.475054 np0000008042 devstack@c-api.service[97132]: DEBUG cinder.volume.api [None req-eb40f5f5-0224-470e-845f-61291d3755c8 tempest-AttachSCSIVolumeTestJSON-198509476 tempest-AttachSCSIVolumeTestJSON-198509476-project-member] Flow 'volume_create_api' (32350108-e9e8-4044-a71d-96a596ab177b) transitioned into state 'RUNNING' from state 'PENDING' {{(pid=97132) _flow_receiver /opt/stack/data/venv/lib/python3.12/site-packages/taskflow/listeners/logging.py:160}}
Aug 25 04:45:34.476522 np0000008042 devstack@c-api.service[97132]: DEBUG cinder.volume.api [None req-eb40f5f5-0224-470e-845f-61291d3755c8 tempest-AttachSCSIVolumeTestJSON-198509476 tempest-AttachSCSIVolumeTestJSON-198509476-project-member] Task 'cinder.volume.flows.api.create_volume.ExtractVolumeRequestTask;volume:create' (c16cc8c7-5ba3-4b2d-8256-7b679f2a5811) transitioned into state 'RUNNING' from state 'PENDING' {{(pid=97132) _task_receiver /opt/stack/data/venv/lib/python3.12/site-packages/taskflow/listeners/logging.py:242}}
Aug 25 04:45:34.477839 np0000008042 devstack@c-api.service[97132]: DEBUG cinder.volume.flows.api.create_volume [None req-eb40f5f5-0224-470e-845f-61291d3755c8 tempest-AttachSCSIVolumeTestJSON-198509476 tempest-AttachSCSIVolumeTestJSON-198509476-project-member] Validating volume size '1' using validate_int {{(pid=97132) _extract_size /opt/stack/cinder/cinder/volume/flows/api/create_volume.py:226}}
Aug 25 04:45:34.521890 np0000008042 devstack@c-api.service[97132]: DEBUG cinder.volume.api [None req-eb40f5f5-0224-470e-845f-61291d3755c8 tempest-AttachSCSIVolumeTestJSON-198509476 tempest-AttachSCSIVolumeTestJSON-198509476-project-member] Task 'cinder.volume.flows.api.create_volume.ExtractVolumeRequestTask;volume:create' (c16cc8c7-5ba3-4b2d-8256-7b679f2a5811) transitioned into state 'SUCCESS' from state 'RUNNING' with result '{'size': 1, 'snapshot_id': None, 'source_volid': None, 'volume_type': VolumeType(created_at=2026-08-25T04:42:20Z,deleted=False,deleted_at=None,description=None,extra_specs={volume_backend_name='storpool'},id=c4ac9975-a606-43b2-abe2-4250729541b3,is_public=True,name='storpool',projects=[],qos_specs=,qos_specs_id=None,updated_at=None), 'volume_type_id': 'c4ac9975-a606-43b2-abe2-4250729541b3', 'encryption_key_id': None, 'qos_specs': None, 'consistencygroup_id': None, 'cgsnapshot_id': None, 'group_id': None, 'replication_status': 'disabled', 'refresh_az': False, 'backup_id': None, 'multiattach': False, 'availability_zones': ['nova']}' {{(pid=97132) _task_receiver /opt/stack/data/venv/lib/python3.12/site-packages/taskflow/listeners/logging.py:218}}
Aug 25 04:45:34.523378 np0000008042 devstack@c-api.service[97132]: DEBUG cinder.volume.api [None req-eb40f5f5-0224-470e-845f-61291d3755c8 tempest-AttachSCSIVolumeTestJSON-198509476 tempest-AttachSCSIVolumeTestJSON-198509476-project-member] Task 'cinder.volume.flows.api.create_volume.QuotaReserveTask;volume:create' (f71cbc39-22da-41cf-9a4d-146ee590430e) transitioned into state 'RUNNING' from state 'PENDING' {{(pid=97132) _task_receiver /opt/stack/data/venv/lib/python3.12/site-packages/taskflow/listeners/logging.py:242}}
Aug 25 04:45:34.604636 np0000008042 devstack@c-api.service[97130]: DEBUG cinder.api.middleware.request_id [req-8734e9ed-2d28-40a0-ab58-6235ef2b2287 req-53437ca4-9269-4de4-bf58-80b9053e436f None None] RequestId filter calling following filter/app {{(pid=97130) _context_setter /opt/stack/cinder/cinder/api/middleware/request_id.py:62}}
Aug 25 04:45:34.609265 np0000008042 devstack@c-api.service[97130]: INFO cinder.api.openstack.wsgi [req-8734e9ed-2d28-40a0-ab58-6235ef2b2287 req-53437ca4-9269-4de4-bf58-80b9053e436f tempest-VolumesAssistedSnapshotsTest-2073508544 tempest-VolumesAssistedSnapshotsTest-2073508544-project-admin] PUT https://10.4.3.98/volume/v3/attachments/bc32d773-0923-484d-ad3a-d4be76eb50ed
Aug 25 04:45:34.609831 np0000008042 devstack@c-api.service[97130]: DEBUG cinder.api.openstack.wsgi [req-8734e9ed-2d28-40a0-ab58-6235ef2b2287 req-53437ca4-9269-4de4-bf58-80b9053e436f tempest-VolumesAssistedSnapshotsTest-2073508544 tempest-VolumesAssistedSnapshotsTest-2073508544-project-admin] Action: 'update', calling method: version_select, body: {"attachment": {"connector": {"platform": "x86_64", "os_type": "linux", "ip": "10.4.3.98", "host": "np0000008042", "multipath": false, "enforce_multipath": true, "initiator": "iqn.2016-04.com.open-iscsi:8a1e11a5a8c7", "do_local_attach": false, "nvme_hostid": "ce62ed60-8c72-4541-b4e8-3cf0b35433b4", "uuid": "8515de1c-ba7e-467b-adde-6d9f8a8dbc1f", "system uuid": "1be0b70c-ca5e-48d9-88cd-9d6323f5d449", "nqn": "nqn.2014-08.org.nvmexpress:uuid:1be0b70c-ca5e-48d9-88cd-9d6323f5d449", "nvme_native_multipath": true, "found_dsc": "", "host_ips": ["10.4.3.98", "fe80::f816:3eff:fe80:4d0c", "192.168.10.6", "fe80::f816:3eff:fe6b:7b62", "192.168.20.6", "fe80::f816:3eff:fe59:3682", "192.168.30.6", "fe80::f816:3eff:febf:f2cf", "192.168.122.1", "172.24.5.1", "2001:db8::2", "fe80::a852:8dff:fef1:2840", "fe80::f816:3eff:fef4:ecae", "fe80::3853:7aff:fe43:b7ec", "fe80::f816:3eff:fe46:bf4c", "fe80::68bc:42ff:fe80:4cf0", "fe80::f816:3eff:fea9:90ee", "fe80::e453:bcff:fee6:4028", "fe80::f816:3eff:fea8:6e93", "fe80::f816:3eff:fe70:eecf", "fe80::f816:3eff:febd:bf17", "fe80::90e5:8eff:fe84:7ea", "fe80::f816:3eff:fead:eb98", "fe80::f816:3eff:fe1e:2487", "fe80::f816:3eff:fe7c:87ed", "fe80::f816:3eff:fe5d:7f50", "fe80::a0ce:c4ff:fe23:15f5", "fe80::901a:bff:fe78:4eb5", "fe80::f816:3eff:fefa:39b8", "fe80::855:9eff:feed:9dc2", "fe80::f816:3eff:fef0:3b8", "fe80::783e:6aff:fead:400"], "mountpoint": "/dev/vdb"}}} {{(pid=97130) _process_stack /opt/stack/cinder/cinder/api/openstack/wsgi.py:876}}
Aug 25 04:45:34.622116 np0000008042 devstack@c-api.service[97130]: DEBUG cinder.coordination [req-8734e9ed-2d28-40a0-ab58-6235ef2b2287 req-53437ca4-9269-4de4-bf58-80b9053e436f tempest-VolumesAssistedSnapshotsTest-2073508544 tempest-VolumesAssistedSnapshotsTest-2073508544-project-admin] Acquiring lock "cinder-attachment_update-201e9845-589b-4c08-b591-7e668c4faa35-np0000008042" by "attachment_update" {{(pid=97130) __acquire /opt/stack/cinder/cinder/coordination.py:138}}
Aug 25 04:45:34.629444 np0000008042 devstack@c-api.service[97132]: DEBUG cinder.quota [None req-eb40f5f5-0224-470e-845f-61291d3755c8 tempest-AttachSCSIVolumeTestJSON-198509476 tempest-AttachSCSIVolumeTestJSON-198509476-project-member] Created reservations ['aef38135-001a-4e25-b730-5e2f9eb73758', 'c505d078-6a72-4111-add3-60572407ba30', 'ebd1a8e9-70c9-4ae9-b889-4c75a234c347', '9854c636-305a-43b6-bec9-d370be89c837'] {{(pid=97132) reserve /opt/stack/cinder/cinder/quota.py:752}}
Aug 25 04:45:34.630599 np0000008042 devstack@c-api.service[97132]: DEBUG cinder.volume.api [None req-eb40f5f5-0224-470e-845f-61291d3755c8 tempest-AttachSCSIVolumeTestJSON-198509476 tempest-AttachSCSIVolumeTestJSON-198509476-project-member] Task 'cinder.volume.flows.api.create_volume.QuotaReserveTask;volume:create' (f71cbc39-22da-41cf-9a4d-146ee590430e) transitioned into state 'SUCCESS' from state 'RUNNING' with result '{'reservations': ['aef38135-001a-4e25-b730-5e2f9eb73758', 'c505d078-6a72-4111-add3-60572407ba30', 'ebd1a8e9-70c9-4ae9-b889-4c75a234c347', '9854c636-305a-43b6-bec9-d370be89c837']}' {{(pid=97132) _task_receiver /opt/stack/data/venv/lib/python3.12/site-packages/taskflow/listeners/logging.py:218}}
Aug 25 04:45:34.631711 np0000008042 devstack@c-api.service[97132]: DEBUG cinder.volume.api [None req-eb40f5f5-0224-470e-845f-61291d3755c8 tempest-AttachSCSIVolumeTestJSON-198509476 tempest-AttachSCSIVolumeTestJSON-198509476-project-member] Task 'cinder.volume.flows.api.create_volume.EntryCreateTask;volume:create' (988543c3-64be-4d88-abc9-623c45ad0744) transitioned into state 'RUNNING' from state 'PENDING' {{(pid=97132) _task_receiver /opt/stack/data/venv/lib/python3.12/site-packages/taskflow/listeners/logging.py:242}}
Aug 25 04:45:34.632137 np0000008042 devstack@c-api.service[97130]: DEBUG cinder.coordination [req-8734e9ed-2d28-40a0-ab58-6235ef2b2287 req-53437ca4-9269-4de4-bf58-80b9053e436f tempest-VolumesAssistedSnapshotsTest-2073508544 tempest-VolumesAssistedSnapshotsTest-2073508544-project-admin] Lock "cinder-attachment_update-201e9845-589b-4c08-b591-7e668c4faa35-np0000008042" acquired by "attachment_update" :: waited 0.011s {{(pid=97130) __acquire /opt/stack/cinder/cinder/coordination.py:141}}
Aug 25 04:45:34.633438 np0000008042 devstack@c-api.service[97130]: /opt/stack/data/venv/lib/python3.12/site-packages/oslo_context/context.py:102: DeprecationWarning: Policy enforcement is depending on the value of is_admin. This key is deprecated. Please update your policy file to use the standard policy values.
Aug 25 04:45:34.633438 np0000008042 devstack@c-api.service[97130]: warnings.warn(
Aug 25 04:45:34.665394 np0000008042 devstack@c-api.service[97132]: DEBUG cinder.volume.api [None req-eb40f5f5-0224-470e-845f-61291d3755c8 tempest-AttachSCSIVolumeTestJSON-198509476 tempest-AttachSCSIVolumeTestJSON-198509476-project-member] Task 'cinder.volume.flows.api.create_volume.EntryCreateTask;volume:create' (988543c3-64be-4d88-abc9-623c45ad0744) transitioned into state 'SUCCESS' from state 'RUNNING' with result '{'volume_id': 'b7dff1ba-aab2-4969-9a26-f6c5a3673548', 'volume_properties': VolumeProperties(attach_status='detached',availability_zone='nova',cgsnapshot_id=None,consistencygroup_id=None,display_description=None,display_name='tempest-AttachSCSIVolumeTestJSON-volume-1023477147',encryption_key_id=None,group_id=None,group_type_id=,metadata={},multiattach=False,project_id='0cec116160284b819dbc62fc986e0357',qos_specs=None,replication_status=,reservations=['aef38135-001a-4e25-b730-5e2f9eb73758','c505d078-6a72-4111-add3-60572407ba30','ebd1a8e9-70c9-4ae9-b889-4c75a234c347','9854c636-305a-43b6-bec9-d370be89c837'],size=1,snapshot_id=None,source_replicaid=,source_volid=None,status='creating',user_id='903e3b412cc04e27b69cf150b11c9b78',volume_type_id=c4ac9975-a606-43b2-abe2-4250729541b3), 'volume': Volume(_name_id=None,admin_metadata=,attach_status='detached',availability_zone='nova',bootable=False,cluster=,cluster_name=None,consistencygroup=,consistencygroup_id=None,created_at=2026-08-25T04:45:34Z,deleted=False,deleted_at=None,display_description=None,display_name='tempest-AttachSCSIVolumeTestJSON-volume-1023477147',ec2_id=None,encryption_key_id=None,glance_metadata=,group=,group_id=None,host=None,id=b7dff1ba-aab2-4969-9a26-f6c5a3673548,launched_at=None,metadata={},migration_status=None,multiattach=False,previous_status=None,project_id='0cec116160284b819dbc62fc986e0357',provider_auth=None,provider_geometry=None,provider_id=None,provider_location=None,replication_driver_data=None,replication_extended_status=None,replication_status=None,scheduled_at=None,service_uuid=None,shared_targets=True,size=1,snapshot_id=None,snapshots=,source_volid=None,status='creating',terminated_at=None,updated_at=None,use_quota=True,user_id='903e3b412cc04e27b69cf150b11c9b78',volume_attachment=VolumeAttachmentList,volume_type=VolumeType(c4ac9975-a606-43b2-abe2-4250729541b3),volume_type_id=c4ac9975-a606-43b2-abe2-4250729541b3)}' {{(pid=97132) _task_receiver /opt/stack/data/venv/lib/python3.12/site-packages/taskflow/listeners/logging.py:218}}
Aug 25 04:45:34.666519 np0000008042 devstack@c-api.service[97132]: DEBUG cinder.volume.api [None req-eb40f5f5-0224-470e-845f-61291d3755c8 tempest-AttachSCSIVolumeTestJSON-198509476 tempest-AttachSCSIVolumeTestJSON-198509476-project-member] Task 'cinder.volume.flows.api.create_volume.QuotaCommitTask;volume:create' (a8b66061-0874-4ca7-96a6-6ae9d3f6a069) transitioned into state 'RUNNING' from state 'PENDING' {{(pid=97132) _task_receiver /opt/stack/data/venv/lib/python3.12/site-packages/taskflow/listeners/logging.py:242}}
Aug 25 04:45:34.678098 np0000008042 devstack@c-api.service[97131]: DEBUG cinder.api.middleware.request_id [None req-de61bf4a-26fc-4787-811a-d24dc1ea469f None None] RequestId filter calling following filter/app {{(pid=97131) _context_setter /opt/stack/cinder/cinder/api/middleware/request_id.py:62}}
Aug 25 04:45:34.714085 np0000008042 devstack@c-api.service[97132]: DEBUG cinder.volume.api [None req-eb40f5f5-0224-470e-845f-61291d3755c8 tempest-AttachSCSIVolumeTestJSON-198509476 tempest-AttachSCSIVolumeTestJSON-198509476-project-member] Task 'cinder.volume.flows.api.create_volume.QuotaCommitTask;volume:create' (a8b66061-0874-4ca7-96a6-6ae9d3f6a069) transitioned into state 'SUCCESS' from state 'RUNNING' with result '{'volume_properties': VolumeProperties(attach_status='detached',availability_zone='nova',cgsnapshot_id=None,consistencygroup_id=None,display_description=None,display_name='tempest-AttachSCSIVolumeTestJSON-volume-1023477147',encryption_key_id=None,group_id=None,group_type_id=,metadata={},multiattach=False,project_id='0cec116160284b819dbc62fc986e0357',qos_specs=None,replication_status=,reservations=['aef38135-001a-4e25-b730-5e2f9eb73758','c505d078-6a72-4111-add3-60572407ba30','ebd1a8e9-70c9-4ae9-b889-4c75a234c347','9854c636-305a-43b6-bec9-d370be89c837'],size=1,snapshot_id=None,source_replicaid=,source_volid=None,status='creating',user_id='903e3b412cc04e27b69cf150b11c9b78',volume_type_id=c4ac9975-a606-43b2-abe2-4250729541b3)}' {{(pid=97132) _task_receiver /opt/stack/data/venv/lib/python3.12/site-packages/taskflow/listeners/logging.py:218}}
