Aug 25 04:45:03.634565 np0000008042 devstack@n-api.service[84415]: DEBUG oslo_concurrency.lockutils [None req-76635849-a35d-4251-8238-56ff4167c321 tempest-ServersNegativeTestJSON-2081439937 tempest-ServersNegativeTestJSON-2081439937-project-member] Acquiring lock "e3f39c1f-3521-486a-bae7-752b9d8ec1e4" by "nova.context.set_target_cell..get_or_set_cached_cell_and_set_connections" {{(pid=84415) inner /opt/stack/data/venv/lib/python3.12/site-packages/oslo_concurrency/lockutils.py:512}}
Aug 25 04:45:03.634909 np0000008042 devstack@n-api.service[84415]: DEBUG oslo_concurrency.lockutils [None req-76635849-a35d-4251-8238-56ff4167c321 tempest-ServersNegativeTestJSON-2081439937 tempest-ServersNegativeTestJSON-2081439937-project-member] Lock "e3f39c1f-3521-486a-bae7-752b9d8ec1e4" acquired by "nova.context.set_target_cell..get_or_set_cached_cell_and_set_connections" :: waited 0.000s {{(pid=84415) inner /opt/stack/data/venv/lib/python3.12/site-packages/oslo_concurrency/lockutils.py:525}}
Aug 25 04:45:03.635179 np0000008042 devstack@n-api.service[84415]: DEBUG oslo_concurrency.lockutils [None req-76635849-a35d-4251-8238-56ff4167c321 tempest-ServersNegativeTestJSON-2081439937 tempest-ServersNegativeTestJSON-2081439937-project-member] Lock "e3f39c1f-3521-486a-bae7-752b9d8ec1e4" "released" by "nova.context.set_target_cell..get_or_set_cached_cell_and_set_connections" :: held 0.000s {{(pid=84415) inner /opt/stack/data/venv/lib/python3.12/site-packages/oslo_concurrency/lockutils.py:544}}
Aug 25 04:45:03.635766 np0000008042 devstack@n-api.service[84415]: DEBUG oslo_concurrency.lockutils [None req-76635849-a35d-4251-8238-56ff4167c321 tempest-ServersNegativeTestJSON-2081439937 tempest-ServersNegativeTestJSON-2081439937-project-member] Acquiring lock "e3f39c1f-3521-486a-bae7-752b9d8ec1e4" by "nova.context.set_target_cell..get_or_set_cached_cell_and_set_connections" {{(pid=84415) inner /opt/stack/data/venv/lib/python3.12/site-packages/oslo_concurrency/lockutils.py:512}}
Aug 25 04:45:03.636198 np0000008042 devstack@n-api.service[84415]: DEBUG oslo_concurrency.lockutils [None req-76635849-a35d-4251-8238-56ff4167c321 tempest-ServersNegativeTestJSON-2081439937 tempest-ServersNegativeTestJSON-2081439937-project-member] Lock "e3f39c1f-3521-486a-bae7-752b9d8ec1e4" acquired by "nova.context.set_target_cell..get_or_set_cached_cell_and_set_connections" :: waited 0.000s {{(pid=84415) inner /opt/stack/data/venv/lib/python3.12/site-packages/oslo_concurrency/lockutils.py:525}}
Aug 25 04:45:03.636591 np0000008042 devstack@n-api.service[84415]: DEBUG oslo_concurrency.lockutils [None req-76635849-a35d-4251-8238-56ff4167c321 tempest-ServersNegativeTestJSON-2081439937 tempest-ServersNegativeTestJSON-2081439937-project-member] Lock "e3f39c1f-3521-486a-bae7-752b9d8ec1e4" "released" by "nova.context.set_target_cell..get_or_set_cached_cell_and_set_connections" :: held 0.000s {{(pid=84415) inner /opt/stack/data/venv/lib/python3.12/site-packages/oslo_concurrency/lockutils.py:544}}
Aug 25 04:45:03.658181 np0000008042 devstack@n-api.service[84415]: WARNING neutronclient.v2_0.client [None req-76635849-a35d-4251-8238-56ff4167c321 tempest-ServersNegativeTestJSON-2081439937 tempest-ServersNegativeTestJSON-2081439937-project-member] The python binding code in neutronclient is deprecated in favor of OpenstackSDK, please use that as this will be removed in a future release.
Aug 25 04:45:03.678799 np0000008042 devstack@n-api.service[84416]: INFO nova.api.openstack.requestlog [None req-b8f83c60-d3f5-4205-b66b-394cf259ad63 tempest-VolumesTestJSON-916837087 tempest-VolumesTestJSON-916837087-project-reader] 10.4.3.98 "GET /compute/v2.1/os-volumes" status: 200 len: 1025 microversion: 2.1 time: 0.640460
Aug 25 04:45:03.681299 np0000008042 devstack@n-api.service[84416]: [pid: 84416|app: 0|req: 59/146] 10.4.3.98 () {66 vars in 1245 bytes} [Tue Aug 25 04:45:03 2026] GET /compute/v2.1/os-volumes => generated 1025 bytes in 642 msecs (HTTP/1.1 200) 9 headers in 358 bytes (1 switches on core 0)
Aug 25 04:45:03.693371 np0000008042 devstack@n-api.service[84414]: DEBUG nova.api.openstack.wsgi [None req-f2e203bf-0ed7-43e7-981d-4d78e257c9b7 tempest-VolumesTestJSON-916837087 tempest-VolumesTestJSON-916837087-project-reader] Calling method '>' {{(pid=84414) _process_stack /opt/stack/nova/nova/api/openstack/wsgi.py:551}}
Aug 25 04:45:03.788502 np0000008042 devstack@n-api.service[84414]: INFO nova.api.openstack.requestlog [None req-f2e203bf-0ed7-43e7-981d-4d78e257c9b7 tempest-VolumesTestJSON-916837087 tempest-VolumesTestJSON-916837087-project-reader] 10.4.3.98 "GET /compute/v2.1/os-volumes?limit=2" status: 200 len: 687 microversion: 2.1 time: 0.097742
Aug 25 04:45:03.789013 np0000008042 devstack@n-api.service[84414]: [pid: 84414|app: 0|req: 42/147] 10.4.3.98 () {66 vars in 1260 bytes} [Tue Aug 25 04:45:03 2026] GET /compute/v2.1/os-volumes?limit=2 => generated 687 bytes in 98 msecs (HTTP/1.1 200) 9 headers in 357 bytes (1 switches on core 0)
Aug 25 04:45:03.808350 np0000008042 devstack@n-api.service[84416]: DEBUG nova.api.openstack.wsgi [None req-944f9115-d548-428c-9f43-3a7a4c896a4a tempest-VolumesTestJSON-916837087 tempest-VolumesTestJSON-916837087-project-reader] Calling method '>' {{(pid=84416) _process_stack /opt/stack/nova/nova/api/openstack/wsgi.py:551}}
Aug 25 04:45:03.842399 np0000008042 devstack@n-api.service[84415]: DEBUG nova.policy [None req-76635849-a35d-4251-8238-56ff4167c321 tempest-ServersNegativeTestJSON-2081439937 tempest-ServersNegativeTestJSON-2081439937-project-member] Policy check for os_compute_api:os-extended-server-attributes failed with credentials {'is_admin': False, 'user_id': '959e8639ac0f4211846645d616cf87d7', 'user_domain_id': 'default', 'system_scope': None, 'domain_id': None, 'project_id': '35fb65a2d6414751bbd9c395e4f3dae8', 'project_domain_id': 'default', 'roles': ['reader', 'member'], 'is_admin_project': True, 'service_user_id': None, 'service_user_domain_id': None, 'service_project_id': None, 'service_project_domain_id': None, 'service_roles': []} {{(pid=84415) authorize /opt/stack/nova/nova/policy.py:202}}
Aug 25 04:45:03.854494 np0000008042 devstack@n-api.service[84415]: INFO nova.api.openstack.requestlog [None req-76635849-a35d-4251-8238-56ff4167c321 tempest-ServersNegativeTestJSON-2081439937 tempest-ServersNegativeTestJSON-2081439937-project-member] 10.4.3.98 "GET /compute/v2.1/servers/fd6eb130-34db-4aaf-82e1-4dff7c443d6a" status: 200 len: 1496 microversion: 2.1 time: 0.233133
Aug 25 04:45:03.857719 np0000008042 devstack@n-api.service[84415]: [pid: 84415|app: 0|req: 47/148] 10.4.3.98 () {66 vars in 1347 bytes} [Tue Aug 25 04:45:03 2026] GET /compute/v2.1/servers/fd6eb130-34db-4aaf-82e1-4dff7c443d6a => generated 1496 bytes in 234 msecs (HTTP/1.1 200) 9 headers in 358 bytes (1 switches on core 0)
Aug 25 04:45:03.899203 np0000008042 devstack@n-api.service[84416]: INFO nova.api.openstack.requestlog [None req-944f9115-d548-428c-9f43-3a7a4c896a4a tempest-VolumesTestJSON-916837087 tempest-VolumesTestJSON-916837087-project-reader] 10.4.3.98 "GET /compute/v2.1/os-volumes" status: 200 len: 1025 microversion: 2.1 time: 0.094671
Aug 25 04:45:03.899685 np0000008042 devstack@n-api.service[84416]: [pid: 84416|app: 0|req: 60/149] 10.4.3.98 () {66 vars in 1245 bytes} [Tue Aug 25 04:45:03 2026] GET /compute/v2.1/os-volumes => generated 1025 bytes in 95 msecs (HTTP/1.1 200) 9 headers in 358 bytes (1 switches on core 0)
Aug 25 04:45:03.905000 np0000008042 devstack@n-api.service[84414]: DEBUG nova.api.openstack.wsgi [None req-092a305f-9cf5-4701-9f8f-3b98441e48fc tempest-TaggedBootDevicesTest-468436245 tempest-TaggedBootDevicesTest-468436245-project-member] Calling method '>' {{(pid=84414) _process_stack /opt/stack/nova/nova/api/openstack/wsgi.py:551}}
Aug 25 04:45:03.907114 np0000008042 devstack@n-api.service[84414]: DEBUG nova.compute.api [None req-092a305f-9cf5-4701-9f8f-3b98441e48fc tempest-TaggedBootDevicesTest-468436245 tempest-TaggedBootDevicesTest-468436245-project-member] [instance: a020916c-a353-498b-832f-53d957faf08c] Fetching instance by UUID {{(pid=84414) get /opt/stack/nova/nova/compute/api.py:3068}}
Aug 25 04:45:03.911076 np0000008042 devstack@n-api.service[84415]: DEBUG nova.api.openstack.wsgi [None req-2b012988-6ed9-434c-affd-a3c3ecac4d89 tempest-VolumesTestJSON-916837087 tempest-VolumesTestJSON-916837087-project-reader] Calling method '>' {{(pid=84415) _process_stack /opt/stack/nova/nova/api/openstack/wsgi.py:551}}
Aug 25 04:45:03.912753 np0000008042 devstack@n-api.service[84414]: DEBUG oslo_concurrency.lockutils [None req-092a305f-9cf5-4701-9f8f-3b98441e48fc tempest-TaggedBootDevicesTest-468436245 tempest-TaggedBootDevicesTest-468436245-project-member] Acquiring lock "e3f39c1f-3521-486a-bae7-752b9d8ec1e4" by "nova.context.set_target_cell..get_or_set_cached_cell_and_set_connections" {{(pid=84414) inner /opt/stack/data/venv/lib/python3.12/site-packages/oslo_concurrency/lockutils.py:512}}
Aug 25 04:45:03.913291 np0000008042 devstack@n-api.service[84414]: DEBUG oslo_concurrency.lockutils [None req-092a305f-9cf5-4701-9f8f-3b98441e48fc tempest-TaggedBootDevicesTest-468436245 tempest-TaggedBootDevicesTest-468436245-project-member] Lock "e3f39c1f-3521-486a-bae7-752b9d8ec1e4" acquired by "nova.context.set_target_cell..get_or_set_cached_cell_and_set_connections" :: waited 0.001s {{(pid=84414) inner /opt/stack/data/venv/lib/python3.12/site-packages/oslo_concurrency/lockutils.py:525}}
Aug 25 04:45:03.913688 np0000008042 devstack@n-api.service[84414]: DEBUG oslo_concurrency.lockutils [None req-092a305f-9cf5-4701-9f8f-3b98441e48fc tempest-TaggedBootDevicesTest-468436245 tempest-TaggedBootDevicesTest-468436245-project-member] Lock "e3f39c1f-3521-486a-bae7-752b9d8ec1e4" "released" by "nova.context.set_target_cell..get_or_set_cached_cell_and_set_connections" :: held 0.000s {{(pid=84414) inner /opt/stack/data/venv/lib/python3.12/site-packages/oslo_concurrency/lockutils.py:544}}
Aug 25 04:45:03.914840 np0000008042 devstack@n-api.service[84414]: DEBUG oslo_concurrency.lockutils [None req-092a305f-9cf5-4701-9f8f-3b98441e48fc tempest-TaggedBootDevicesTest-468436245 tempest-TaggedBootDevicesTest-468436245-project-member] Acquiring lock "e3f39c1f-3521-486a-bae7-752b9d8ec1e4" by "nova.context.set_target_cell..get_or_set_cached_cell_and_set_connections" {{(pid=84414) inner /opt/stack/data/venv/lib/python3.12/site-packages/oslo_concurrency/lockutils.py:512}}
Aug 25 04:45:03.915411 np0000008042 devstack@n-api.service[84414]: DEBUG oslo_concurrency.lockutils [None req-092a305f-9cf5-4701-9f8f-3b98441e48fc tempest-TaggedBootDevicesTest-468436245 tempest-TaggedBootDevicesTest-468436245-project-member] Lock "e3f39c1f-3521-486a-bae7-752b9d8ec1e4" acquired by "nova.context.set_target_cell..get_or_set_cached_cell_and_set_connections" :: waited 0.000s {{(pid=84414) inner /opt/stack/data/venv/lib/python3.12/site-packages/oslo_concurrency/lockutils.py:525}}
Aug 25 04:45:03.915909 np0000008042 devstack@n-api.service[84414]: DEBUG oslo_concurrency.lockutils [None req-092a305f-9cf5-4701-9f8f-3b98441e48fc tempest-TaggedBootDevicesTest-468436245 tempest-TaggedBootDevicesTest-468436245-project-member] Lock "e3f39c1f-3521-486a-bae7-752b9d8ec1e4" "released" by "nova.context.set_target_cell..get_or_set_cached_cell_and_set_connections" :: held 0.001s {{(pid=84414) inner /opt/stack/data/venv/lib/python3.12/site-packages/oslo_concurrency/lockutils.py:544}}
Aug 25 04:45:03.953273 np0000008042 devstack@n-api.service[84414]: WARNING neutronclient.v2_0.client [None req-092a305f-9cf5-4701-9f8f-3b98441e48fc tempest-TaggedBootDevicesTest-468436245 tempest-TaggedBootDevicesTest-468436245-project-member] The python binding code in neutronclient is deprecated in favor of OpenstackSDK, please use that as this will be removed in a future release.
Aug 25 04:45:03.953897 np0000008042 devstack@n-api.service[84415]: INFO nova.api.openstack.requestlog [None req-2b012988-6ed9-434c-affd-a3c3ecac4d89 tempest-VolumesTestJSON-916837087 tempest-VolumesTestJSON-916837087-project-reader] 10.4.3.98 "GET /compute/v2.1/os-volumes?offset=1&limit=1" status: 200 len: 349 microversion: 2.1 time: 0.043672
Aug 25 04:45:03.953897 np0000008042 devstack@n-api.service[84415]: [pid: 84415|app: 0|req: 48/150] 10.4.3.98 () {66 vars in 1278 bytes} [Tue Aug 25 04:45:03 2026] GET /compute/v2.1/os-volumes?offset=1&limit=1 => generated 349 bytes in 44 msecs (HTTP/1.1 200) 9 headers in 357 bytes (1 switches on core 0)
Aug 25 04:45:03.969459 np0000008042 devstack@n-api.service[84416]: DEBUG nova.api.openstack.wsgi [None req-0e1d48c5-ada4-4cf4-bd58-a6fe6be85ec8 tempest-VolumesTestJSON-916837087 tempest-VolumesTestJSON-916837087-project-reader] Calling method '>' {{(pid=84416) _process_stack /opt/stack/nova/nova/api/openstack/wsgi.py:551}}
Aug 25 04:45:04.016786 np0000008042 devstack@n-api.service[84416]: INFO nova.api.openstack.requestlog [None req-0e1d48c5-ada4-4cf4-bd58-a6fe6be85ec8 tempest-VolumesTestJSON-916837087 tempest-VolumesTestJSON-916837087-project-reader] 10.4.3.98 "GET /compute/v2.1/os-volumes/detail?limit=2" status: 200 len: 687 microversion: 2.1 time: 0.047701
Aug 25 04:45:04.016786 np0000008042 devstack@n-api.service[84416]: [pid: 84416|app: 0|req: 61/151] 10.4.3.98 () {66 vars in 1281 bytes} [Tue Aug 25 04:45:03 2026] GET /compute/v2.1/os-volumes/detail?limit=2 => generated 687 bytes in 49 msecs (HTTP/1.1 200) 9 headers in 357 bytes (1 switches on core 0)
Aug 25 04:45:04.034203 np0000008042 devstack@n-api.service[84415]: DEBUG nova.api.openstack.wsgi [None req-d8783fd2-355d-4b36-99af-752a266505c9 tempest-VolumesTestJSON-916837087 tempest-VolumesTestJSON-916837087-project-reader] Calling method '>' {{(pid=84415) _process_stack /opt/stack/nova/nova/api/openstack/wsgi.py:551}}
Aug 25 04:45:04.085393 np0000008042 devstack@n-api.service[84415]: INFO nova.api.openstack.requestlog [None req-d8783fd2-355d-4b36-99af-752a266505c9 tempest-VolumesTestJSON-916837087 tempest-VolumesTestJSON-916837087-project-reader] 10.4.3.98 "GET /compute/v2.1/os-volumes/detail" status: 200 len: 1025 microversion: 2.1 time: 0.054710
Aug 25 04:45:04.086017 np0000008042 devstack@n-api.service[84415]: [pid: 84415|app: 0|req: 49/152] 10.4.3.98 () {66 vars in 1266 bytes} [Tue Aug 25 04:45:04 2026] GET /compute/v2.1/os-volumes/detail => generated 1025 bytes in 56 msecs (HTTP/1.1 200) 9 headers in 358 bytes (1 switches on core 0)
Aug 25 04:45:04.106102 np0000008042 devstack@n-api.service[84416]: DEBUG nova.api.openstack.wsgi [None req-d438f2ea-3614-4440-9d48-9e55283568a6 tempest-VolumesTestJSON-916837087 tempest-VolumesTestJSON-916837087-project-reader] Calling method '>' {{(pid=84416) _process_stack /opt/stack/nova/nova/api/openstack/wsgi.py:551}}
Aug 25 04:45:04.137219 np0000008042 devstack@n-api.service[84415]: DEBUG nova.api.openstack.wsgi [req-62f78a1f-4155-48a9-a465-bff0d9039a4c req-dfb15077-22d4-4d78-9b74-9eaa5ca38cb0 service nova] Action: 'create', calling method: >, body: {"events": [{"name": "network-changed", "server_uuid": "a020916c-a353-498b-832f-53d957faf08c", "tag": "b23960d9-a80e-4a31-b370-8b993cc2e843"}, {"name": "network-changed", "server_uuid": "a020916c-a353-498b-832f-53d957faf08c", "tag": "656bf4c3-5d1b-4512-8439-f8f035b3cd1f"}]} {{(pid=84415) _process_stack /opt/stack/nova/nova/api/openstack/wsgi.py:549}}
Aug 25 04:45:04.148888 np0000008042 devstack@n-api.service[84415]: DEBUG oslo_concurrency.lockutils [req-62f78a1f-4155-48a9-a465-bff0d9039a4c req-dfb15077-22d4-4d78-9b74-9eaa5ca38cb0 service nova] Acquiring lock "e3f39c1f-3521-486a-bae7-752b9d8ec1e4" by "nova.context.set_target_cell..get_or_set_cached_cell_and_set_connections" {{(pid=84415) inner /opt/stack/data/venv/lib/python3.12/site-packages/oslo_concurrency/lockutils.py:512}}
Aug 25 04:45:04.149138 np0000008042 devstack@n-api.service[84415]: DEBUG oslo_concurrency.lockutils [req-62f78a1f-4155-48a9-a465-bff0d9039a4c req-dfb15077-22d4-4d78-9b74-9eaa5ca38cb0 service nova] Lock "e3f39c1f-3521-486a-bae7-752b9d8ec1e4" acquired by "nova.context.set_target_cell..get_or_set_cached_cell_and_set_connections" :: waited 0.000s {{(pid=84415) inner /opt/stack/data/venv/lib/python3.12/site-packages/oslo_concurrency/lockutils.py:525}}
Aug 25 04:45:04.149985 np0000008042 devstack@n-api.service[84415]: DEBUG oslo_concurrency.lockutils [req-62f78a1f-4155-48a9-a465-bff0d9039a4c req-dfb15077-22d4-4d78-9b74-9eaa5ca38cb0 service nova] Lock "e3f39c1f-3521-486a-bae7-752b9d8ec1e4" "released" by "nova.context.set_target_cell..get_or_set_cached_cell_and_set_connections" :: held 0.000s {{(pid=84415) inner /opt/stack/data/venv/lib/python3.12/site-packages/oslo_concurrency/lockutils.py:544}}
Aug 25 04:45:04.160654 np0000008042 devstack@n-api.service[84415]: INFO nova.api.openstack.compute.server_external_events [req-62f78a1f-4155-48a9-a465-bff0d9039a4c req-dfb15077-22d4-4d78-9b74-9eaa5ca38cb0 service nova] Creating event network-changed:b23960d9-a80e-4a31-b370-8b993cc2e843 for instance a020916c-a353-498b-832f-53d957faf08c on np0000008042
Aug 25 04:45:04.160983 np0000008042 devstack@n-api.service[84415]: INFO nova.api.openstack.compute.server_external_events [req-62f78a1f-4155-48a9-a465-bff0d9039a4c req-dfb15077-22d4-4d78-9b74-9eaa5ca38cb0 service nova] Creating event network-changed:656bf4c3-5d1b-4512-8439-f8f035b3cd1f for instance a020916c-a353-498b-832f-53d957faf08c on np0000008042
Aug 25 04:45:04.161657 np0000008042 devstack@n-api.service[84415]: DEBUG nova.compute.rpcapi [req-62f78a1f-4155-48a9-a465-bff0d9039a4c req-dfb15077-22d4-4d78-9b74-9eaa5ca38cb0 service nova] RPC: Sending the message to topic: compute-alt {{(pid=84415) prepare_for_alt_rpcserver /opt/stack/nova/nova/compute/rpcapi.py:595}}
Aug 25 04:45:04.170121 np0000008042 devstack@n-api.service[84415]: INFO nova.api.openstack.requestlog [req-62f78a1f-4155-48a9-a465-bff0d9039a4c req-dfb15077-22d4-4d78-9b74-9eaa5ca38cb0 service nova] 10.4.3.98 "POST /compute/v2.1/os-server-external-events" status: 200 len: 346 microversion: 2.1 time: 0.038357
Aug 25 04:45:04.170751 np0000008042 devstack@n-api.service[84415]: [pid: 84415|app: 0|req: 50/153] 10.4.3.98 () {72 vars in 1425 bytes} [Tue Aug 25 04:45:04 2026] POST /compute/v2.1/os-server-external-events => generated 346 bytes in 44 msecs (HTTP/1.1 200) 9 headers in 357 bytes (1 switches on core 0)
Aug 25 04:45:04.324122 np0000008042 devstack@n-api.service[84416]: INFO nova.api.openstack.requestlog [None req-d438f2ea-3614-4440-9d48-9e55283568a6 tempest-VolumesTestJSON-916837087 tempest-VolumesTestJSON-916837087-project-reader] 10.4.3.98 "GET /compute/v2.1/os-volumes/detail?offset=1&limit=1" status: 200 len: 349 microversion: 2.1 time: 0.220743
Aug 25 04:45:04.324945 np0000008042 devstack@n-api.service[84416]: [pid: 84416|app: 0|req: 62/154] 10.4.3.98 () {66 vars in 1299 bytes} [Tue Aug 25 04:45:04 2026] GET /compute/v2.1/os-volumes/detail?offset=1&limit=1 => generated 349 bytes in 222 msecs (HTTP/1.1 200) 9 headers in 357 bytes (1 switches on core 0)
Aug 25 04:45:04.342177 np0000008042 devstack@n-api.service[84415]: DEBUG nova.api.openstack.wsgi [None req-a7c227bf-ebeb-4ce9-8ba7-481f878ba0c7 tempest-VolumesTestJSON-916837087 tempest-VolumesTestJSON-916837087-project-reader] Calling method '>' {{(pid=84415) _process_stack /opt/stack/nova/nova/api/openstack/wsgi.py:551}}
Aug 25 04:45:04.398347 np0000008042 devstack@n-api.service[84415]: INFO nova.api.openstack.requestlog [None req-a7c227bf-ebeb-4ce9-8ba7-481f878ba0c7 tempest-VolumesTestJSON-916837087 tempest-VolumesTestJSON-916837087-project-reader] 10.4.3.98 "GET /compute/v2.1/os-volumes/detail" status: 200 len: 1025 microversion: 2.1 time: 0.056832
Aug 25 04:45:04.398347 np0000008042 devstack@n-api.service[84415]: [pid: 84415|app: 0|req: 51/155] 10.4.3.98 () {66 vars in 1266 bytes} [Tue Aug 25 04:45:04 2026] GET /compute/v2.1/os-volumes/detail => generated 1025 bytes in 58 msecs (HTTP/1.1 200) 9 headers in 358 bytes (1 switches on core 0)
Aug 25 04:45:04.456014 np0000008042 devstack@n-api.service[84415]: DEBUG dbcounter [-] [84415] Writing DB stats nova_cell0:SELECT=16 {{(pid=84415) stat_writer /opt/stack/data/venv/lib/python3.12/site-packages/dbcounter.py:115}}
Aug 25 04:45:04.481253 np0000008042 devstack@n-api.service[84414]: DEBUG nova.policy [None req-092a305f-9cf5-4701-9f8f-3b98441e48fc tempest-TaggedBootDevicesTest-468436245 tempest-TaggedBootDevicesTest-468436245-project-member] Policy check for os_compute_api:os-extended-server-attributes failed with credentials {'is_admin': False, 'user_id': '45b2f0980cd8418b8d8c085526b2a902', 'user_domain_id': 'default', 'system_scope': None, 'domain_id': None, 'project_id': '8ad79a2f1f884f27959f4a7f3c21479e', 'project_domain_id': 'default', 'roles': ['reader', 'member'], 'is_admin_project': True, 'service_user_id': None, 'service_user_domain_id': None, 'service_project_id': None, 'service_project_domain_id': None, 'service_roles': []} {{(pid=84414) authorize /opt/stack/nova/nova/policy.py:202}}
Aug 25 04:45:04.491011 np0000008042 devstack@n-api.service[84414]: DEBUG nova.policy [None req-092a305f-9cf5-4701-9f8f-3b98441e48fc tempest-TaggedBootDevicesTest-468436245 tempest-TaggedBootDevicesTest-468436245-project-member] Policy check for os_compute_api:servers:show:host_status failed with credentials {'is_admin': False, 'user_id': '45b2f0980cd8418b8d8c085526b2a902', 'user_domain_id': 'default', 'system_scope': None, 'domain_id': None, 'project_id': '8ad79a2f1f884f27959f4a7f3c21479e', 'project_domain_id': 'default', 'roles': ['reader', 'member'], 'is_admin_project': True, 'service_user_id': None, 'service_user_domain_id': None, 'service_project_id': None, 'service_project_domain_id': None, 'service_roles': []} {{(pid=84414) authorize /opt/stack/nova/nova/policy.py:202}}
Aug 25 04:45:04.492000 np0000008042 devstack@n-api.service[84414]: DEBUG nova.policy [None req-092a305f-9cf5-4701-9f8f-3b98441e48fc tempest-TaggedBootDevicesTest-468436245 tempest-TaggedBootDevicesTest-468436245-project-member] Policy check for os_compute_api:servers:show:host_status:unknown-only failed with credentials {'is_admin': False, 'user_id': '45b2f0980cd8418b8d8c085526b2a902', 'user_domain_id': 'default', 'system_scope': None, 'domain_id': None, 'project_id': '8ad79a2f1f884f27959f4a7f3c21479e', 'project_domain_id': 'default', 'roles': ['reader', 'member'], 'is_admin_project': True, 'service_user_id': None, 'service_user_domain_id': None, 'service_project_id': None, 'service_project_domain_id': None, 'service_roles': []} {{(pid=84414) authorize /opt/stack/nova/nova/policy.py:202}}
Aug 25 04:45:04.496517 np0000008042 devstack@n-api.service[84414]: INFO nova.api.openstack.requestlog [None req-092a305f-9cf5-4701-9f8f-3b98441e48fc tempest-TaggedBootDevicesTest-468436245 tempest-TaggedBootDevicesTest-468436245-project-member] 10.4.3.98 "GET /compute/v2.1/servers/a020916c-a353-498b-832f-53d957faf08c" status: 200 len: 1868 microversion: 2.32 time: 0.594492
Aug 25 04:45:04.496994 np0000008042 devstack@n-api.service[84414]: [pid: 84414|app: 0|req: 43/156] 10.4.3.98 () {68 vars in 1388 bytes} [Tue Aug 25 04:45:03 2026] GET /compute/v2.1/servers/a020916c-a353-498b-832f-53d957faf08c => generated 1868 bytes in 595 msecs (HTTP/1.1 200) 9 headers in 360 bytes (1 switches on core 0)
Aug 25 04:45:05.443070 np0000008042 devstack@n-api.service[84416]: DEBUG nova.api.openstack.wsgi [None req-f8b1705c-fa83-40d6-be2c-cce772605e89 tempest-ServersNegativeTestJSON-2081439937 tempest-ServersNegativeTestJSON-2081439937-project-member] Action: 'create', calling method: >, body: {"server": {"name": "tempest-ServersNegativeTestJSON-server-1344143752", "imageRef": "5f260349-f2dc-4c88-b7b3-ce6257044d59", "flavorRef": "42", "block_device_mapping_v2": [{"source_type": "image", "delete_on_termination": true, "boot_index": 0, "uuid": "5f260349-f2dc-4c88-b7b3-ce6257044d59", "destination_type": "local"}, {"source_type": "volume", "uuid": "4a6e5213-8954-495e-ab5c-efb5239ce90d", "destination_type": "invalid"}], "networks": [{"uuid": "48567724-942e-4bb3-983c-87c542379aa7"}]}} {{(pid=84416) _process_stack /opt/stack/nova/nova/api/openstack/wsgi.py:549}}
Aug 25 04:45:05.446291 np0000008042 devstack@n-api.service[84416]: DEBUG nova.api.openstack.wsgi [None req-f8b1705c-fa83-40d6-be2c-cce772605e89 tempest-ServersNegativeTestJSON-2081439937 tempest-ServersNegativeTestJSON-2081439937-project-member] Returning 400 to user: Invalid input for field/attribute destination_type. Value: invalid. 'invalid' is not one of ['local', 'volume'] {{(pid=84416) __call__ /opt/stack/nova/nova/api/openstack/wsgi.py:908}}
Aug 25 04:45:05.446906 np0000008042 devstack@n-api.service[84416]: INFO nova.api.openstack.requestlog [None req-f8b1705c-fa83-40d6-be2c-cce772605e89 tempest-ServersNegativeTestJSON-2081439937 tempest-ServersNegativeTestJSON-2081439937-project-member] 10.4.3.98 "POST /compute/v2.1/servers" status: 400 len: 155 microversion: 2.1 time: 0.005973
Aug 25 04:45:05.447408 np0000008042 devstack@n-api.service[84416]: [pid: 84416|app: 0|req: 63/157] 10.4.3.98 () {68 vars in 1258 bytes} [Tue Aug 25 04:45:05 2026] POST /compute/v2.1/servers => generated 155 bytes in 7 msecs (HTTP/1.1 400) 9 headers in 381 bytes (1 switches on core 0)
Aug 25 04:45:05.460320 np0000008042 devstack@n-api.service[84415]: DEBUG nova.api.openstack.wsgi [None req-55f125cc-1d34-4a6e-b490-cafc96d9bd63 tempest-ServersNegativeTestJSON-2081439937 tempest-ServersNegativeTestJSON-2081439937-project-member] Calling method '>' {{(pid=84415) _process_stack /opt/stack/nova/nova/api/openstack/wsgi.py:551}}
Aug 25 04:45:05.463355 np0000008042 devstack@n-api.service[84415]: DEBUG nova.compute.api [None req-55f125cc-1d34-4a6e-b490-cafc96d9bd63 tempest-ServersNegativeTestJSON-2081439937 tempest-ServersNegativeTestJSON-2081439937-project-member] [instance: fd6eb130-34db-4aaf-82e1-4dff7c443d6a] Fetching instance by UUID {{(pid=84415) get /opt/stack/nova/nova/compute/api.py:3068}}
Aug 25 04:45:05.469928 np0000008042 devstack@n-api.service[84415]: DEBUG oslo_concurrency.lockutils [None req-55f125cc-1d34-4a6e-b490-cafc96d9bd63 tempest-ServersNegativeTestJSON-2081439937 tempest-ServersNegativeTestJSON-2081439937-project-member] Acquiring lock "e3f39c1f-3521-486a-bae7-752b9d8ec1e4" by "nova.context.set_target_cell..get_or_set_cached_cell_and_set_connections" {{(pid=84415) inner /opt/stack/data/venv/lib/python3.12/site-packages/oslo_concurrency/lockutils.py:512}}
Aug 25 04:45:05.470276 np0000008042 devstack@n-api.service[84415]: DEBUG oslo_concurrency.lockutils [None req-55f125cc-1d34-4a6e-b490-cafc96d9bd63 tempest-ServersNegativeTestJSON-2081439937 tempest-ServersNegativeTestJSON-2081439937-project-member] Lock "e3f39c1f-3521-486a-bae7-752b9d8ec1e4" acquired by "nova.context.set_target_cell..get_or_set_cached_cell_and_set_connections" :: waited 0.000s {{(pid=84415) inner /opt/stack/data/venv/lib/python3.12/site-packages/oslo_concurrency/lockutils.py:525}}
Aug 25 04:45:05.471016 np0000008042 devstack@n-api.service[84415]: DEBUG oslo_concurrency.lockutils [None req-55f125cc-1d34-4a6e-b490-cafc96d9bd63 tempest-ServersNegativeTestJSON-2081439937 tempest-ServersNegativeTestJSON-2081439937-project-member] Lock "e3f39c1f-3521-486a-bae7-752b9d8ec1e4" "released" by "nova.context.set_target_cell..get_or_set_cached_cell_and_set_connections" :: held 0.000s {{(pid=84415) inner /opt/stack/data/venv/lib/python3.12/site-packages/oslo_concurrency/lockutils.py:544}}
Aug 25 04:45:05.471662 np0000008042 devstack@n-api.service[84415]: DEBUG oslo_concurrency.lockutils [None req-55f125cc-1d34-4a6e-b490-cafc96d9bd63 tempest-ServersNegativeTestJSON-2081439937 tempest-ServersNegativeTestJSON-2081439937-project-member] Acquiring lock "e3f39c1f-3521-486a-bae7-752b9d8ec1e4" by "nova.context.set_target_cell..get_or_set_cached_cell_and_set_connections" {{(pid=84415) inner /opt/stack/data/venv/lib/python3.12/site-packages/oslo_concurrency/lockutils.py:512}}
Aug 25 04:45:05.472114 np0000008042 devstack@n-api.service[84415]: DEBUG oslo_concurrency.lockutils [None req-55f125cc-1d34-4a6e-b490-cafc96d9bd63 tempest-ServersNegativeTestJSON-2081439937 tempest-ServersNegativeTestJSON-2081439937-project-member] Lock "e3f39c1f-3521-486a-bae7-752b9d8ec1e4" acquired by "nova.context.set_target_cell..get_or_set_cached_cell_and_set_connections" :: waited 0.000s {{(pid=84415) inner /opt/stack/data/venv/lib/python3.12/site-packages/oslo_concurrency/lockutils.py:525}}
Aug 25 04:45:05.472850 np0000008042 devstack@n-api.service[84415]: DEBUG oslo_concurrency.lockutils [None req-55f125cc-1d34-4a6e-b490-cafc96d9bd63 tempest-ServersNegativeTestJSON-2081439937 tempest-ServersNegativeTestJSON-2081439937-project-member] Lock "e3f39c1f-3521-486a-bae7-752b9d8ec1e4" "released" by "nova.context.set_target_cell..get_or_set_cached_cell_and_set_connections" :: held 0.000s {{(pid=84415) inner /opt/stack/data/venv/lib/python3.12/site-packages/oslo_concurrency/lockutils.py:544}}
Aug 25 04:45:05.495298 np0000008042 devstack@n-api.service[84415]: WARNING neutronclient.v2_0.client [None req-55f125cc-1d34-4a6e-b490-cafc96d9bd63 tempest-ServersNegativeTestJSON-2081439937 tempest-ServersNegativeTestJSON-2081439937-project-member] The python binding code in neutronclient is deprecated in favor of OpenstackSDK, please use that as this will be removed in a future release.
Aug 25 04:45:05.519961 np0000008042 devstack@n-api.service[84414]: DEBUG nova.api.openstack.wsgi [None req-08a1c898-d182-4938-84ac-a6b9edbf6c55 tempest-TaggedBootDevicesTest-468436245 tempest-TaggedBootDevicesTest-468436245-project-member] Calling method '>' {{(pid=84414) _process_stack /opt/stack/nova/nova/api/openstack/wsgi.py:551}}
Aug 25 04:45:05.522078 np0000008042 devstack@n-api.service[84414]: DEBUG nova.compute.api [None req-08a1c898-d182-4938-84ac-a6b9edbf6c55 tempest-TaggedBootDevicesTest-468436245 tempest-TaggedBootDevicesTest-468436245-project-member] [instance: a020916c-a353-498b-832f-53d957faf08c] Fetching instance by UUID {{(pid=84414) get /opt/stack/nova/nova/compute/api.py:3068}}
Aug 25 04:45:05.528006 np0000008042 devstack@n-api.service[84414]: DEBUG oslo_concurrency.lockutils [None req-08a1c898-d182-4938-84ac-a6b9edbf6c55 tempest-TaggedBootDevicesTest-468436245 tempest-TaggedBootDevicesTest-468436245-project-member] Acquiring lock "e3f39c1f-3521-486a-bae7-752b9d8ec1e4" by "nova.context.set_target_cell..get_or_set_cached_cell_and_set_connections" {{(pid=84414) inner /opt/stack/data/venv/lib/python3.12/site-packages/oslo_concurrency/lockutils.py:512}}
Aug 25 04:45:05.528510 np0000008042 devstack@n-api.service[84414]: DEBUG oslo_concurrency.lockutils [None req-08a1c898-d182-4938-84ac-a6b9edbf6c55 tempest-TaggedBootDevicesTest-468436245 tempest-TaggedBootDevicesTest-468436245-project-member] Lock "e3f39c1f-3521-486a-bae7-752b9d8ec1e4" acquired by "nova.context.set_target_cell..get_or_set_cached_cell_and_set_connections" :: waited 0.000s {{(pid=84414) inner /opt/stack/data/venv/lib/python3.12/site-packages/oslo_concurrency/lockutils.py:525}}
Aug 25 04:45:05.528893 np0000008042 devstack@n-api.service[84414]: DEBUG oslo_concurrency.lockutils [None req-08a1c898-d182-4938-84ac-a6b9edbf6c55 tempest-TaggedBootDevicesTest-468436245 tempest-TaggedBootDevicesTest-468436245-project-member] Lock "e3f39c1f-3521-486a-bae7-752b9d8ec1e4" "released" by "nova.context.set_target_cell..get_or_set_cached_cell_and_set_connections" :: held 0.000s {{(pid=84414) inner /opt/stack/data/venv/lib/python3.12/site-packages/oslo_concurrency/lockutils.py:544}}
Aug 25 04:45:05.529628 np0000008042 devstack@n-api.service[84414]: DEBUG oslo_concurrency.lockutils [None req-08a1c898-d182-4938-84ac-a6b9edbf6c55 tempest-TaggedBootDevicesTest-468436245 tempest-TaggedBootDevicesTest-468436245-project-member] Acquiring lock "e3f39c1f-3521-486a-bae7-752b9d8ec1e4" by "nova.context.set_target_cell..get_or_set_cached_cell_and_set_connections" {{(pid=84414) inner /opt/stack/data/venv/lib/python3.12/site-packages/oslo_concurrency/lockutils.py:512}}
Aug 25 04:45:05.530197 np0000008042 devstack@n-api.service[84414]: DEBUG oslo_concurrency.lockutils [None req-08a1c898-d182-4938-84ac-a6b9edbf6c55 tempest-TaggedBootDevicesTest-468436245 tempest-TaggedBootDevicesTest-468436245-project-member] Lock "e3f39c1f-3521-486a-bae7-752b9d8ec1e4" acquired by "nova.context.set_target_cell..get_or_set_cached_cell_and_set_connections" :: waited 0.001s {{(pid=84414) inner /opt/stack/data/venv/lib/python3.12/site-packages/oslo_concurrency/lockutils.py:525}}
Aug 25 04:45:05.530887 np0000008042 devstack@n-api.service[84414]: DEBUG oslo_concurrency.lockutils [None req-08a1c898-d182-4938-84ac-a6b9edbf6c55 tempest-TaggedBootDevicesTest-468436245 tempest-TaggedBootDevicesTest-468436245-project-member] Lock "e3f39c1f-3521-486a-bae7-752b9d8ec1e4" "released" by "nova.context.set_target_cell..get_or_set_cached_cell_and_set_connections" :: held 0.001s {{(pid=84414) inner /opt/stack/data/venv/lib/python3.12/site-packages/oslo_concurrency/lockutils.py:544}}
Aug 25 04:45:05.550228 np0000008042 devstack@n-api.service[84414]: WARNING neutronclient.v2_0.client [None req-08a1c898-d182-4938-84ac-a6b9edbf6c55 tempest-TaggedBootDevicesTest-468436245 tempest-TaggedBootDevicesTest-468436245-project-member] The python binding code in neutronclient is deprecated in favor of OpenstackSDK, please use that as this will be removed in a future release.
Aug 25 04:45:05.711130 np0000008042 devstack@n-api.service[84415]: DEBUG nova.policy [None req-55f125cc-1d34-4a6e-b490-cafc96d9bd63 tempest-ServersNegativeTestJSON-2081439937 tempest-ServersNegativeTestJSON-2081439937-project-member] Policy check for os_compute_api:os-extended-server-attributes failed with credentials {'is_admin': False, 'user_id': '959e8639ac0f4211846645d616cf87d7', 'user_domain_id': 'default', 'system_scope': None, 'domain_id': None, 'project_id': '35fb65a2d6414751bbd9c395e4f3dae8', 'project_domain_id': 'default', 'roles': ['reader', 'member'], 'is_admin_project': True, 'service_user_id': None, 'service_user_domain_id': None, 'service_project_id': None, 'service_project_domain_id': None, 'service_roles': []} {{(pid=84415) authorize /opt/stack/nova/nova/policy.py:202}}
Aug 25 04:45:05.728019 np0000008042 devstack@n-api.service[84415]: INFO nova.api.openstack.requestlog [None req-55f125cc-1d34-4a6e-b490-cafc96d9bd63 tempest-ServersNegativeTestJSON-2081439937 tempest-ServersNegativeTestJSON-2081439937-project-member] 10.4.3.98 "GET /compute/v2.1/servers/fd6eb130-34db-4aaf-82e1-4dff7c443d6a" status: 200 len: 1496 microversion: 2.1 time: 0.270058
Aug 25 04:45:05.728436 np0000008042 devstack@n-api.service[84415]: [pid: 84415|app: 0|req: 52/158] 10.4.3.98 () {66 vars in 1347 bytes} [Tue Aug 25 04:45:05 2026] GET /compute/v2.1/servers/fd6eb130-34db-4aaf-82e1-4dff7c443d6a => generated 1496 bytes in 271 msecs (HTTP/1.1 200) 9 headers in 358 bytes (1 switches on core 0)
Aug 25 04:45:06.274262 np0000008042 devstack@n-api.service[84416]: DEBUG nova.api.openstack.wsgi [req-4ad5bef2-0f04-4a9d-b268-573b4f2f11d6 req-359db436-cf7c-49ff-a658-00aab24c1a92 service nova] Action: 'create', calling method: >, body: {"events": [{"name": "network-changed", "server_uuid": "a020916c-a353-498b-832f-53d957faf08c", "tag": "fa2fac81-2930-4fb3-b4bd-8f82c73fd38c"}]} {{(pid=84416) _process_stack /opt/stack/nova/nova/api/openstack/wsgi.py:549}}
Aug 25 04:45:06.280603 np0000008042 devstack@n-api.service[84416]: DEBUG oslo_concurrency.lockutils [req-4ad5bef2-0f04-4a9d-b268-573b4f2f11d6 req-359db436-cf7c-49ff-a658-00aab24c1a92 service nova] Acquiring lock "e3f39c1f-3521-486a-bae7-752b9d8ec1e4" by "nova.context.set_target_cell..get_or_set_cached_cell_and_set_connections" {{(pid=84416) inner /opt/stack/data/venv/lib/python3.12/site-packages/oslo_concurrency/lockutils.py:512}}
Aug 25 04:45:06.281227 np0000008042 devstack@n-api.service[84416]: DEBUG oslo_concurrency.lockutils [req-4ad5bef2-0f04-4a9d-b268-573b4f2f11d6 req-359db436-cf7c-49ff-a658-00aab24c1a92 service nova] Lock "e3f39c1f-3521-486a-bae7-752b9d8ec1e4" acquired by "nova.context.set_target_cell..get_or_set_cached_cell_and_set_connections" :: waited 0.001s {{(pid=84416) inner /opt/stack/data/venv/lib/python3.12/site-packages/oslo_concurrency/lockutils.py:525}}
Aug 25 04:45:06.281587 np0000008042 devstack@n-api.service[84416]: DEBUG oslo_concurrency.lockutils [req-4ad5bef2-0f04-4a9d-b268-573b4f2f11d6 req-359db436-cf7c-49ff-a658-00aab24c1a92 service nova] Lock "e3f39c1f-3521-486a-bae7-752b9d8ec1e4" "released" by "nova.context.set_target_cell..get_or_set_cached_cell_and_set_connections" :: held 0.000s {{(pid=84416) inner /opt/stack/data/venv/lib/python3.12/site-packages/oslo_concurrency/lockutils.py:544}}
Aug 25 04:45:06.294379 np0000008042 devstack@n-api.service[84416]: INFO nova.api.openstack.compute.server_external_events [req-4ad5bef2-0f04-4a9d-b268-573b4f2f11d6 req-359db436-cf7c-49ff-a658-00aab24c1a92 service nova] Creating event network-changed:fa2fac81-2930-4fb3-b4bd-8f82c73fd38c for instance a020916c-a353-498b-832f-53d957faf08c on np0000008042
Aug 25 04:45:06.295464 np0000008042 devstack@n-api.service[84416]: DEBUG nova.compute.rpcapi [req-4ad5bef2-0f04-4a9d-b268-573b4f2f11d6 req-359db436-cf7c-49ff-a658-00aab24c1a92 service nova] RPC: Sending the message to topic: compute-alt {{(pid=84416) prepare_for_alt_rpcserver /opt/stack/nova/nova/compute/rpcapi.py:595}}
Aug 25 04:45:06.302046 np0000008042 devstack@n-api.service[84416]: INFO nova.api.openstack.requestlog [req-4ad5bef2-0f04-4a9d-b268-573b4f2f11d6 req-359db436-cf7c-49ff-a658-00aab24c1a92 service nova] 10.4.3.98 "POST /compute/v2.1/os-server-external-events" status: 200 len: 179 microversion: 2.1 time: 0.031225
Aug 25 04:45:06.302046 np0000008042 devstack@n-api.service[84416]: [pid: 84416|app: 0|req: 64/159] 10.4.3.98 () {72 vars in 1425 bytes} [Tue Aug 25 04:45:06 2026] POST /compute/v2.1/os-server-external-events => generated 179 bytes in 32 msecs (HTTP/1.1 200) 9 headers in 357 bytes (1 switches on core 0)
Aug 25 04:45:06.341601 np0000008042 devstack@n-api.service[84414]: DEBUG nova.policy [None req-08a1c898-d182-4938-84ac-a6b9edbf6c55 tempest-TaggedBootDevicesTest-468436245 tempest-TaggedBootDevicesTest-468436245-project-member] Policy check for os_compute_api:os-extended-server-attributes failed with credentials {'is_admin': False, 'user_id': '45b2f0980cd8418b8d8c085526b2a902', 'user_domain_id': 'default', 'system_scope': None, 'domain_id': None, 'project_id': '8ad79a2f1f884f27959f4a7f3c21479e', 'project_domain_id': 'default', 'roles': ['reader', 'member'], 'is_admin_project': True, 'service_user_id': None, 'service_user_domain_id': None, 'service_project_id': None, 'service_project_domain_id': None, 'service_roles': []} {{(pid=84414) authorize /opt/stack/nova/nova/policy.py:202}}
Aug 25 04:45:06.351541 np0000008042 devstack@n-api.service[84414]: DEBUG nova.policy [None req-08a1c898-d182-4938-84ac-a6b9edbf6c55 tempest-TaggedBootDevicesTest-468436245 tempest-TaggedBootDevicesTest-468436245-project-member] Policy check for os_compute_api:servers:show:host_status failed with credentials {'is_admin': False, 'user_id': '45b2f0980cd8418b8d8c085526b2a902', 'user_domain_id': 'default', 'system_scope': None, 'domain_id': None, 'project_id': '8ad79a2f1f884f27959f4a7f3c21479e', 'project_domain_id': 'default', 'roles': ['reader', 'member'], 'is_admin_project': True, 'service_user_id': None, 'service_user_domain_id': None, 'service_project_id': None, 'service_project_domain_id': None, 'service_roles': []} {{(pid=84414) authorize /opt/stack/nova/nova/policy.py:202}}
Aug 25 04:45:06.351541 np0000008042 devstack@n-api.service[84414]: DEBUG nova.policy [None req-08a1c898-d182-4938-84ac-a6b9edbf6c55 tempest-TaggedBootDevicesTest-468436245 tempest-TaggedBootDevicesTest-468436245-project-member] Policy check for os_compute_api:servers:show:host_status:unknown-only failed with credentials {'is_admin': False, 'user_id': '45b2f0980cd8418b8d8c085526b2a902', 'user_domain_id': 'default', 'system_scope': None, 'domain_id': None, 'project_id': '8ad79a2f1f884f27959f4a7f3c21479e', 'project_domain_id': 'default', 'roles': ['reader', 'member'], 'is_admin_project': True, 'service_user_id': None, 'service_user_domain_id': None, 'service_project_id': None, 'service_project_domain_id': None, 'service_roles': []} {{(pid=84414) authorize /opt/stack/nova/nova/policy.py:202}}
Aug 25 04:45:06.357169 np0000008042 devstack@n-api.service[84414]: INFO nova.api.openstack.requestlog [None req-08a1c898-d182-4938-84ac-a6b9edbf6c55 tempest-TaggedBootDevicesTest-468436245 tempest-TaggedBootDevicesTest-468436245-project-member] 10.4.3.98 "GET /compute/v2.1/servers/a020916c-a353-498b-832f-53d957faf08c" status: 200 len: 1868 microversion: 2.32 time: 0.839065
Aug 25 04:45:06.357593 np0000008042 devstack@n-api.service[84414]: [pid: 84414|app: 0|req: 44/160] 10.4.3.98 () {68 vars in 1388 bytes} [Tue Aug 25 04:45:05 2026] GET /compute/v2.1/servers/a020916c-a353-498b-832f-53d957faf08c => generated 1868 bytes in 840 msecs (HTTP/1.1 200) 9 headers in 360 bytes (1 switches on core 0)
Aug 25 04:45:07.378215 np0000008042 devstack@n-api.service[84415]: DEBUG nova.api.openstack.wsgi [None req-95232399-5768-4b0a-9170-981a87e18833 tempest-TaggedBootDevicesTest-468436245 tempest-TaggedBootDevicesTest-468436245-project-member] Calling method '>' {{(pid=84415) _process_stack /opt/stack/nova/nova/api/openstack/wsgi.py:551}}
Aug 25 04:45:07.381174 np0000008042 devstack@n-api.service[84415]: DEBUG nova.compute.api [None req-95232399-5768-4b0a-9170-981a87e18833 tempest-TaggedBootDevicesTest-468436245 tempest-TaggedBootDevicesTest-468436245-project-member] [instance: a020916c-a353-498b-832f-53d957faf08c] Fetching instance by UUID {{(pid=84415) get /opt/stack/nova/nova/compute/api.py:3068}}
Aug 25 04:45:07.393653 np0000008042 devstack@n-api.service[84415]: DEBUG oslo_concurrency.lockutils [None req-95232399-5768-4b0a-9170-981a87e18833 tempest-TaggedBootDevicesTest-468436245 tempest-TaggedBootDevicesTest-468436245-project-member] Acquiring lock "e3f39c1f-3521-486a-bae7-752b9d8ec1e4" by "nova.context.set_target_cell..get_or_set_cached_cell_and_set_connections" {{(pid=84415) inner /opt/stack/data/venv/lib/python3.12/site-packages/oslo_concurrency/lockutils.py:512}}
Aug 25 04:45:07.394601 np0000008042 devstack@n-api.service[84415]: DEBUG oslo_concurrency.lockutils [None req-95232399-5768-4b0a-9170-981a87e18833 tempest-TaggedBootDevicesTest-468436245 tempest-TaggedBootDevicesTest-468436245-project-member] Lock "e3f39c1f-3521-486a-bae7-752b9d8ec1e4" acquired by "nova.context.set_target_cell..get_or_set_cached_cell_and_set_connections" :: waited 0.001s {{(pid=84415) inner /opt/stack/data/venv/lib/python3.12/site-packages/oslo_concurrency/lockutils.py:525}}
Aug 25 04:45:07.394601 np0000008042 devstack@n-api.service[84415]: DEBUG oslo_concurrency.lockutils [None req-95232399-5768-4b0a-9170-981a87e18833 tempest-TaggedBootDevicesTest-468436245 tempest-TaggedBootDevicesTest-468436245-project-member] Lock "e3f39c1f-3521-486a-bae7-752b9d8ec1e4" "released" by "nova.context.set_target_cell..get_or_set_cached_cell_and_set_connections" :: held 0.001s {{(pid=84415) inner /opt/stack/data/venv/lib/python3.12/site-packages/oslo_concurrency/lockutils.py:544}}
Aug 25 04:45:07.395119 np0000008042 devstack@n-api.service[84415]: DEBUG oslo_concurrency.lockutils [None req-95232399-5768-4b0a-9170-981a87e18833 tempest-TaggedBootDevicesTest-468436245 tempest-TaggedBootDevicesTest-468436245-project-member] Acquiring lock "e3f39c1f-3521-486a-bae7-752b9d8ec1e4" by "nova.context.set_target_cell..get_or_set_cached_cell_and_set_connections" {{(pid=84415) inner /opt/stack/data/venv/lib/python3.12/site-packages/oslo_concurrency/lockutils.py:512}}
Aug 25 04:45:07.396389 np0000008042 devstack@n-api.service[84415]: DEBUG oslo_concurrency.lockutils [None req-95232399-5768-4b0a-9170-981a87e18833 tempest-TaggedBootDevicesTest-468436245 tempest-TaggedBootDevicesTest-468436245-project-member] Lock "e3f39c1f-3521-486a-bae7-752b9d8ec1e4" acquired by "nova.context.set_target_cell..get_or_set_cached_cell_and_set_connections" :: waited 0.001s {{(pid=84415) inner /opt/stack/data/venv/lib/python3.12/site-packages/oslo_concurrency/lockutils.py:525}}
Aug 25 04:45:07.396495 np0000008042 devstack@n-api.service[84415]: DEBUG oslo_concurrency.lockutils [None req-95232399-5768-4b0a-9170-981a87e18833 tempest-TaggedBootDevicesTest-468436245 tempest-TaggedBootDevicesTest-468436245-project-member] Lock "e3f39c1f-3521-486a-bae7-752b9d8ec1e4" "released" by "nova.context.set_target_cell..get_or_set_cached_cell_and_set_connections" :: held 0.001s {{(pid=84415) inner /opt/stack/data/venv/lib/python3.12/site-packages/oslo_concurrency/lockutils.py:544}}
Aug 25 04:45:07.420902 np0000008042 devstack@n-api.service[84415]: WARNING neutronclient.v2_0.client [None req-95232399-5768-4b0a-9170-981a87e18833 tempest-TaggedBootDevicesTest-468436245 tempest-TaggedBootDevicesTest-468436245-project-member] The python binding code in neutronclient is deprecated in favor of OpenstackSDK, please use that as this will be removed in a future release.
Aug 25 04:45:07.622425 np0000008042 devstack@n-api.service[84415]: DEBUG nova.policy [None req-95232399-5768-4b0a-9170-981a87e18833 tempest-TaggedBootDevicesTest-468436245 tempest-TaggedBootDevicesTest-468436245-project-member] Policy check for os_compute_api:os-extended-server-attributes failed with credentials {'is_admin': False, 'user_id': '45b2f0980cd8418b8d8c085526b2a902', 'user_domain_id': 'default', 'system_scope': None, 'domain_id': None, 'project_id': '8ad79a2f1f884f27959f4a7f3c21479e', 'project_domain_id': 'default', 'roles': ['reader', 'member'], 'is_admin_project': True, 'service_user_id': None, 'service_user_domain_id': None, 'service_project_id': None, 'service_project_domain_id': None, 'service_roles': []} {{(pid=84415) authorize /opt/stack/nova/nova/policy.py:202}}
Aug 25 04:45:07.631225 np0000008042 devstack@n-api.service[84415]: DEBUG nova.policy [None req-95232399-5768-4b0a-9170-981a87e18833 tempest-TaggedBootDevicesTest-468436245 tempest-TaggedBootDevicesTest-468436245-project-member] Policy check for os_compute_api:servers:show:host_status failed with credentials {'is_admin': False, 'user_id': '45b2f0980cd8418b8d8c085526b2a902', 'user_domain_id': 'default', 'system_scope': None, 'domain_id': None, 'project_id': '8ad79a2f1f884f27959f4a7f3c21479e', 'project_domain_id': 'default', 'roles': ['reader', 'member'], 'is_admin_project': True, 'service_user_id': None, 'service_user_domain_id': None, 'service_project_id': None, 'service_project_domain_id': None, 'service_roles': []} {{(pid=84415) authorize /opt/stack/nova/nova/policy.py:202}}
Aug 25 04:45:07.632031 np0000008042 devstack@n-api.service[84415]: DEBUG nova.policy [None req-95232399-5768-4b0a-9170-981a87e18833 tempest-TaggedBootDevicesTest-468436245 tempest-TaggedBootDevicesTest-468436245-project-member] Policy check for os_compute_api:servers:show:host_status:unknown-only failed with credentials {'is_admin': False, 'user_id': '45b2f0980cd8418b8d8c085526b2a902', 'user_domain_id': 'default', 'system_scope': None, 'domain_id': None, 'project_id': '8ad79a2f1f884f27959f4a7f3c21479e', 'project_domain_id': 'default', 'roles': ['reader', 'member'], 'is_admin_project': True, 'service_user_id': None, 'service_user_domain_id': None, 'service_project_id': None, 'service_project_domain_id': None, 'service_roles': []} {{(pid=84415) authorize /opt/stack/nova/nova/policy.py:202}}
Aug 25 04:45:07.637921 np0000008042 devstack@n-api.service[84415]: INFO nova.api.openstack.requestlog [None req-95232399-5768-4b0a-9170-981a87e18833 tempest-TaggedBootDevicesTest-468436245 tempest-TaggedBootDevicesTest-468436245-project-member] 10.4.3.98 "GET /compute/v2.1/servers/a020916c-a353-498b-832f-53d957faf08c" status: 200 len: 1868 microversion: 2.32 time: 0.262115
Aug 25 04:45:07.638323 np0000008042 devstack@n-api.service[84415]: [pid: 84415|app: 0|req: 53/161] 10.4.3.98 () {68 vars in 1388 bytes} [Tue Aug 25 04:45:07 2026] GET /compute/v2.1/servers/a020916c-a353-498b-832f-53d957faf08c => generated 1868 bytes in 263 msecs (HTTP/1.1 200) 9 headers in 360 bytes (1 switches on core 0)
Aug 25 04:45:08.059068 np0000008042 devstack@n-api.service[84416]: DEBUG nova.api.openstack.wsgi [None req-15c26863-95a8-42c8-be84-15e04cb23918 tempest-ServersNegativeTestJSON-2081439937 tempest-ServersNegativeTestJSON-2081439937-project-member] Calling method '>' {{(pid=84416) _process_stack /opt/stack/nova/nova/api/openstack/wsgi.py:551}}
Aug 25 04:45:08.059763 np0000008042 devstack@n-api.service[84416]: DEBUG nova.compute.api [None req-15c26863-95a8-42c8-be84-15e04cb23918 tempest-ServersNegativeTestJSON-2081439937 tempest-ServersNegativeTestJSON-2081439937-project-member] [instance: 495e1a7c-e8a5-48de-83d9-b8db74d479ea] Fetching instance by UUID {{(pid=84416) get /opt/stack/nova/nova/compute/api.py:3068}}
Aug 25 04:45:08.065631 np0000008042 devstack@n-api.service[84416]: DEBUG oslo_concurrency.lockutils [None req-15c26863-95a8-42c8-be84-15e04cb23918 tempest-ServersNegativeTestJSON-2081439937 tempest-ServersNegativeTestJSON-2081439937-project-member] Acquiring lock "e3f39c1f-3521-486a-bae7-752b9d8ec1e4" by "nova.context.set_target_cell..get_or_set_cached_cell_and_set_connections" {{(pid=84416) inner /opt/stack/data/venv/lib/python3.12/site-packages/oslo_concurrency/lockutils.py:512}}
Aug 25 04:45:08.065950 np0000008042 devstack@n-api.service[84416]: DEBUG oslo_concurrency.lockutils [None req-15c26863-95a8-42c8-be84-15e04cb23918 tempest-ServersNegativeTestJSON-2081439937 tempest-ServersNegativeTestJSON-2081439937-project-member] Lock "e3f39c1f-3521-486a-bae7-752b9d8ec1e4" acquired by "nova.context.set_target_cell..get_or_set_cached_cell_and_set_connections" :: waited 0.001s {{(pid=84416) inner /opt/stack/data/venv/lib/python3.12/site-packages/oslo_concurrency/lockutils.py:525}}
