Aug 25 04:42:07.380527 np0000008042 nova-conductor[95937]: DEBUG cotyledon.oslo_config_glue [-] oslo_messaging_rabbit.rabbit_ha_queues = False {{(pid=95937) log_opt_values /opt/stack/data/venv/lib/python3.12/site-packages/oslo_config/cfg.py:3560}}
Aug 25 04:42:07.380527 np0000008042 nova-conductor[95937]: DEBUG cotyledon.oslo_config_glue [-] oslo_messaging_rabbit.rabbit_interval_max = 30 {{(pid=95937) log_opt_values /opt/stack/data/venv/lib/python3.12/site-packages/oslo_config/cfg.py:3560}}
Aug 25 04:42:07.380527 np0000008042 nova-conductor[95937]: DEBUG cotyledon.oslo_config_glue [-] oslo_messaging_rabbit.rabbit_login_method = AMQPLAIN {{(pid=95937) log_opt_values /opt/stack/data/venv/lib/python3.12/site-packages/oslo_config/cfg.py:3560}}
Aug 25 04:42:07.380527 np0000008042 nova-conductor[95937]: DEBUG cotyledon.oslo_config_glue [-] oslo_messaging_rabbit.rabbit_qos_prefetch_count = 0 {{(pid=95937) log_opt_values /opt/stack/data/venv/lib/python3.12/site-packages/oslo_config/cfg.py:3560}}
Aug 25 04:42:07.380527 np0000008042 nova-conductor[95937]: DEBUG cotyledon.oslo_config_glue [-] oslo_messaging_rabbit.rabbit_quorum_delivery_limit = 0 {{(pid=95937) log_opt_values /opt/stack/data/venv/lib/python3.12/site-packages/oslo_config/cfg.py:3560}}
Aug 25 04:42:07.380908 np0000008042 nova-conductor[95937]: DEBUG cotyledon.oslo_config_glue [-] oslo_messaging_rabbit.rabbit_quorum_max_memory_bytes = 0 {{(pid=95937) log_opt_values /opt/stack/data/venv/lib/python3.12/site-packages/oslo_config/cfg.py:3560}}
Aug 25 04:42:07.380908 np0000008042 nova-conductor[95937]: DEBUG cotyledon.oslo_config_glue [-] oslo_messaging_rabbit.rabbit_quorum_max_memory_length = 0 {{(pid=95937) log_opt_values /opt/stack/data/venv/lib/python3.12/site-packages/oslo_config/cfg.py:3560}}
Aug 25 04:42:07.380908 np0000008042 nova-conductor[95937]: DEBUG cotyledon.oslo_config_glue [-] oslo_messaging_rabbit.rabbit_quorum_queue = False {{(pid=95937) log_opt_values /opt/stack/data/venv/lib/python3.12/site-packages/oslo_config/cfg.py:3560}}
Aug 25 04:42:07.380908 np0000008042 nova-conductor[95937]: DEBUG cotyledon.oslo_config_glue [-] oslo_messaging_rabbit.rabbit_retry_backoff = 2 {{(pid=95937) log_opt_values /opt/stack/data/venv/lib/python3.12/site-packages/oslo_config/cfg.py:3560}}
Aug 25 04:42:07.381034 np0000008042 nova-conductor[95924]: INFO dbcounter [None req-6c460c1f-0cc6-4aef-9acf-e52afee0bdfd None None] Registered counter for database nova_cell0
Aug 25 04:42:07.381070 np0000008042 nova-conductor[95937]: DEBUG cotyledon.oslo_config_glue [-] oslo_messaging_rabbit.rabbit_retry_interval = 1 {{(pid=95937) log_opt_values /opt/stack/data/venv/lib/python3.12/site-packages/oslo_config/cfg.py:3560}}
Aug 25 04:42:07.381070 np0000008042 nova-conductor[95937]: DEBUG cotyledon.oslo_config_glue [-] oslo_messaging_rabbit.rabbit_stream_fanout = False {{(pid=95937) log_opt_values /opt/stack/data/venv/lib/python3.12/site-packages/oslo_config/cfg.py:3560}}
Aug 25 04:42:07.381070 np0000008042 nova-conductor[95937]: DEBUG cotyledon.oslo_config_glue [-] oslo_messaging_rabbit.rabbit_transient_queues_ttl = 1800 {{(pid=95937) log_opt_values /opt/stack/data/venv/lib/python3.12/site-packages/oslo_config/cfg.py:3560}}
Aug 25 04:42:07.381070 np0000008042 nova-conductor[95937]: DEBUG cotyledon.oslo_config_glue [-] oslo_messaging_rabbit.rabbit_transient_quorum_queue = False {{(pid=95937) log_opt_values /opt/stack/data/venv/lib/python3.12/site-packages/oslo_config/cfg.py:3560}}
Aug 25 04:42:07.381070 np0000008042 nova-conductor[95937]: DEBUG cotyledon.oslo_config_glue [-] oslo_messaging_rabbit.rpc_conn_pool_size = 30 {{(pid=95937) log_opt_values /opt/stack/data/venv/lib/python3.12/site-packages/oslo_config/cfg.py:3560}}
Aug 25 04:42:07.381070 np0000008042 nova-conductor[95937]: DEBUG cotyledon.oslo_config_glue [-] oslo_messaging_rabbit.ssl = False {{(pid=95937) log_opt_values /opt/stack/data/venv/lib/python3.12/site-packages/oslo_config/cfg.py:3560}}
Aug 25 04:42:07.381070 np0000008042 nova-conductor[95937]: DEBUG cotyledon.oslo_config_glue [-] oslo_messaging_rabbit.ssl_ca_file = {{(pid=95937) log_opt_values /opt/stack/data/venv/lib/python3.12/site-packages/oslo_config/cfg.py:3560}}
Aug 25 04:42:07.381070 np0000008042 nova-conductor[95937]: DEBUG cotyledon.oslo_config_glue [-] oslo_messaging_rabbit.ssl_cert_file = {{(pid=95937) log_opt_values /opt/stack/data/venv/lib/python3.12/site-packages/oslo_config/cfg.py:3560}}
Aug 25 04:42:07.381070 np0000008042 nova-conductor[95937]: DEBUG cotyledon.oslo_config_glue [-] oslo_messaging_rabbit.ssl_enforce_fips_mode = False {{(pid=95937) log_opt_values /opt/stack/data/venv/lib/python3.12/site-packages/oslo_config/cfg.py:3560}}
Aug 25 04:42:07.381344 np0000008042 nova-conductor[95937]: DEBUG cotyledon.oslo_config_glue [-] oslo_messaging_rabbit.ssl_enforce_hostname_verification = True {{(pid=95937) log_opt_values /opt/stack/data/venv/lib/python3.12/site-packages/oslo_config/cfg.py:3560}}
Aug 25 04:42:07.381344 np0000008042 nova-conductor[95937]: DEBUG cotyledon.oslo_config_glue [-] oslo_messaging_rabbit.ssl_key_file = {{(pid=95937) log_opt_values /opt/stack/data/venv/lib/python3.12/site-packages/oslo_config/cfg.py:3560}}
Aug 25 04:42:07.381344 np0000008042 nova-conductor[95937]: DEBUG cotyledon.oslo_config_glue [-] oslo_messaging_rabbit.ssl_version = {{(pid=95937) log_opt_values /opt/stack/data/venv/lib/python3.12/site-packages/oslo_config/cfg.py:3560}}
Aug 25 04:42:07.381344 np0000008042 nova-conductor[95937]: DEBUG cotyledon.oslo_config_glue [-] oslo_messaging_rabbit.use_queue_manager = False {{(pid=95937) log_opt_values /opt/stack/data/venv/lib/python3.12/site-packages/oslo_config/cfg.py:3560}}
Aug 25 04:42:07.381344 np0000008042 nova-conductor[95937]: DEBUG cotyledon.oslo_config_glue [-] oslo_messaging_notifications.driver = ['messagingv2'] {{(pid=95937) log_opt_values /opt/stack/data/venv/lib/python3.12/site-packages/oslo_config/cfg.py:3560}}
Aug 25 04:42:07.381344 np0000008042 nova-conductor[95937]: DEBUG cotyledon.oslo_config_glue [-] oslo_messaging_notifications.retry = -1 {{(pid=95937) log_opt_values /opt/stack/data/venv/lib/python3.12/site-packages/oslo_config/cfg.py:3560}}
Aug 25 04:42:07.381344 np0000008042 nova-conductor[95937]: DEBUG cotyledon.oslo_config_glue [-] oslo_messaging_notifications.topics = ['notifications'] {{(pid=95937) log_opt_values /opt/stack/data/venv/lib/python3.12/site-packages/oslo_config/cfg.py:3560}}
Aug 25 04:42:07.381344 np0000008042 nova-conductor[95937]: DEBUG cotyledon.oslo_config_glue [-] oslo_messaging_notifications.transport_url = **** {{(pid=95937) log_opt_values /opt/stack/data/venv/lib/python3.12/site-packages/oslo_config/cfg.py:3560}}
Aug 25 04:42:07.381344 np0000008042 nova-conductor[95937]: DEBUG cotyledon.oslo_config_glue [-] oslo_limit.auth_section = None {{(pid=95937) log_opt_values /opt/stack/data/venv/lib/python3.12/site-packages/oslo_config/cfg.py:3560}}
Aug 25 04:42:07.381613 np0000008042 nova-conductor[95937]: DEBUG cotyledon.oslo_config_glue [-] oslo_limit.auth_type = None {{(pid=95937) log_opt_values /opt/stack/data/venv/lib/python3.12/site-packages/oslo_config/cfg.py:3560}}
Aug 25 04:42:07.381613 np0000008042 nova-conductor[95937]: DEBUG cotyledon.oslo_config_glue [-] oslo_limit.cafile = None {{(pid=95937) log_opt_values /opt/stack/data/venv/lib/python3.12/site-packages/oslo_config/cfg.py:3560}}
Aug 25 04:42:07.381613 np0000008042 nova-conductor[95937]: DEBUG cotyledon.oslo_config_glue [-] oslo_limit.certfile = None {{(pid=95937) log_opt_values /opt/stack/data/venv/lib/python3.12/site-packages/oslo_config/cfg.py:3560}}
Aug 25 04:42:07.381613 np0000008042 nova-conductor[95937]: DEBUG cotyledon.oslo_config_glue [-] oslo_limit.collect_timing = False {{(pid=95937) log_opt_values /opt/stack/data/venv/lib/python3.12/site-packages/oslo_config/cfg.py:3560}}
Aug 25 04:42:07.381613 np0000008042 nova-conductor[95937]: DEBUG cotyledon.oslo_config_glue [-] oslo_limit.connect_retries = None {{(pid=95937) log_opt_values /opt/stack/data/venv/lib/python3.12/site-packages/oslo_config/cfg.py:3560}}
Aug 25 04:42:07.381613 np0000008042 nova-conductor[95937]: DEBUG cotyledon.oslo_config_glue [-] oslo_limit.connect_retry_delay = None {{(pid=95937) log_opt_values /opt/stack/data/venv/lib/python3.12/site-packages/oslo_config/cfg.py:3560}}
Aug 25 04:42:07.381613 np0000008042 nova-conductor[95937]: DEBUG cotyledon.oslo_config_glue [-] oslo_limit.endpoint_id = None {{(pid=95937) log_opt_values /opt/stack/data/venv/lib/python3.12/site-packages/oslo_config/cfg.py:3560}}
Aug 25 04:42:07.381613 np0000008042 nova-conductor[95937]: DEBUG cotyledon.oslo_config_glue [-] oslo_limit.endpoint_interface = public {{(pid=95937) log_opt_values /opt/stack/data/venv/lib/python3.12/site-packages/oslo_config/cfg.py:3560}}
Aug 25 04:42:07.381613 np0000008042 nova-conductor[95937]: DEBUG cotyledon.oslo_config_glue [-] oslo_limit.endpoint_override = None {{(pid=95937) log_opt_values /opt/stack/data/venv/lib/python3.12/site-packages/oslo_config/cfg.py:3560}}
Aug 25 04:42:07.381887 np0000008042 nova-conductor[95937]: DEBUG cotyledon.oslo_config_glue [-] oslo_limit.endpoint_region_name = None {{(pid=95937) log_opt_values /opt/stack/data/venv/lib/python3.12/site-packages/oslo_config/cfg.py:3560}}
Aug 25 04:42:07.381887 np0000008042 nova-conductor[95937]: DEBUG cotyledon.oslo_config_glue [-] oslo_limit.endpoint_service_name = None {{(pid=95937) log_opt_values /opt/stack/data/venv/lib/python3.12/site-packages/oslo_config/cfg.py:3560}}
Aug 25 04:42:07.381887 np0000008042 nova-conductor[95937]: DEBUG cotyledon.oslo_config_glue [-] oslo_limit.endpoint_service_type = None {{(pid=95937) log_opt_values /opt/stack/data/venv/lib/python3.12/site-packages/oslo_config/cfg.py:3560}}
Aug 25 04:42:07.381887 np0000008042 nova-conductor[95937]: DEBUG cotyledon.oslo_config_glue [-] oslo_limit.insecure = False {{(pid=95937) log_opt_values /opt/stack/data/venv/lib/python3.12/site-packages/oslo_config/cfg.py:3560}}
Aug 25 04:42:07.381887 np0000008042 nova-conductor[95937]: DEBUG cotyledon.oslo_config_glue [-] oslo_limit.keyfile = None {{(pid=95937) log_opt_values /opt/stack/data/venv/lib/python3.12/site-packages/oslo_config/cfg.py:3560}}
Aug 25 04:42:07.381887 np0000008042 nova-conductor[95937]: DEBUG cotyledon.oslo_config_glue [-] oslo_limit.max_version = None {{(pid=95937) log_opt_values /opt/stack/data/venv/lib/python3.12/site-packages/oslo_config/cfg.py:3560}}
Aug 25 04:42:07.381887 np0000008042 nova-conductor[95937]: DEBUG cotyledon.oslo_config_glue [-] oslo_limit.min_version = None {{(pid=95937) log_opt_values /opt/stack/data/venv/lib/python3.12/site-packages/oslo_config/cfg.py:3560}}
Aug 25 04:42:07.381887 np0000008042 nova-conductor[95937]: DEBUG cotyledon.oslo_config_glue [-] oslo_limit.region_name = None {{(pid=95937) log_opt_values /opt/stack/data/venv/lib/python3.12/site-packages/oslo_config/cfg.py:3560}}
Aug 25 04:42:07.381887 np0000008042 nova-conductor[95937]: DEBUG cotyledon.oslo_config_glue [-] oslo_limit.retriable_status_codes = None {{(pid=95937) log_opt_values /opt/stack/data/venv/lib/python3.12/site-packages/oslo_config/cfg.py:3560}}
Aug 25 04:42:07.382195 np0000008042 nova-conductor[95937]: DEBUG cotyledon.oslo_config_glue [-] oslo_limit.service_name = None {{(pid=95937) log_opt_values /opt/stack/data/venv/lib/python3.12/site-packages/oslo_config/cfg.py:3560}}
Aug 25 04:42:07.382195 np0000008042 nova-conductor[95937]: DEBUG cotyledon.oslo_config_glue [-] oslo_limit.service_type = None {{(pid=95937) log_opt_values /opt/stack/data/venv/lib/python3.12/site-packages/oslo_config/cfg.py:3560}}
Aug 25 04:42:07.382195 np0000008042 nova-conductor[95937]: DEBUG cotyledon.oslo_config_glue [-] oslo_limit.split_loggers = False {{(pid=95937) log_opt_values /opt/stack/data/venv/lib/python3.12/site-packages/oslo_config/cfg.py:3560}}
Aug 25 04:42:07.382195 np0000008042 nova-conductor[95937]: DEBUG cotyledon.oslo_config_glue [-] oslo_limit.status_code_retries = None {{(pid=95937) log_opt_values /opt/stack/data/venv/lib/python3.12/site-packages/oslo_config/cfg.py:3560}}
Aug 25 04:42:07.382195 np0000008042 nova-conductor[95937]: DEBUG cotyledon.oslo_config_glue [-] oslo_limit.status_code_retry_delay = None {{(pid=95937) log_opt_values /opt/stack/data/venv/lib/python3.12/site-packages/oslo_config/cfg.py:3560}}
Aug 25 04:42:07.382195 np0000008042 nova-conductor[95937]: DEBUG cotyledon.oslo_config_glue [-] oslo_limit.timeout = None {{(pid=95937) log_opt_values /opt/stack/data/venv/lib/python3.12/site-packages/oslo_config/cfg.py:3560}}
Aug 25 04:42:07.382195 np0000008042 nova-conductor[95937]: DEBUG cotyledon.oslo_config_glue [-] oslo_limit.valid_interfaces = None {{(pid=95937) log_opt_values /opt/stack/data/venv/lib/python3.12/site-packages/oslo_config/cfg.py:3560}}
Aug 25 04:42:07.382195 np0000008042 nova-conductor[95937]: DEBUG cotyledon.oslo_config_glue [-] oslo_limit.version = None {{(pid=95937) log_opt_values /opt/stack/data/venv/lib/python3.12/site-packages/oslo_config/cfg.py:3560}}
Aug 25 04:42:07.382195 np0000008042 nova-conductor[95937]: DEBUG cotyledon.oslo_config_glue [-] oslo_reports.file_event_handler = None {{(pid=95937) log_opt_values /opt/stack/data/venv/lib/python3.12/site-packages/oslo_config/cfg.py:3560}}
Aug 25 04:42:07.382510 np0000008042 nova-conductor[95937]: DEBUG cotyledon.oslo_config_glue [-] oslo_reports.file_event_handler_interval = 1 {{(pid=95937) log_opt_values /opt/stack/data/venv/lib/python3.12/site-packages/oslo_config/cfg.py:3560}}
Aug 25 04:42:07.382510 np0000008042 nova-conductor[95937]: DEBUG cotyledon.oslo_config_glue [-] oslo_reports.log_dir = None {{(pid=95937) log_opt_values /opt/stack/data/venv/lib/python3.12/site-packages/oslo_config/cfg.py:3560}}
Aug 25 04:42:07.382510 np0000008042 nova-conductor[95937]: DEBUG cotyledon.oslo_config_glue [-] ******************************************************************************** {{(pid=95937) log_opt_values /opt/stack/data/venv/lib/python3.12/site-packages/oslo_config/cfg.py:3567}}
Aug 25 04:42:07.382510 np0000008042 nova-conductor[95937]: DEBUG cotyledon._service_worker [-] Run service ServiceWrapper(2) [95937] {{(pid=95937) wait_forever /opt/stack/data/venv/lib/python3.12/site-packages/cotyledon/_service_worker.py:218}}
Aug 25 04:42:07.382510 np0000008042 nova-conductor[95937]: INFO nova.service [-] Starting conductor node (version 33.1.0)
Aug 25 04:42:07.382510 np0000008042 nova-conductor[95937]: INFO dbcounter [None req-4ff94cfb-e6f0-4df1-882e-295a101b2e0b None None] Registered counter for database nova_cell0
Aug 25 04:42:07.383159 np0000008042 nova-conductor[95917]: DEBUG oslo_db.sqlalchemy.engines [None req-3b53e0c2-bd27-47e6-9ee9-3573d195f129 None None] MySQL server mode set to STRICT_TRANS_TABLES,STRICT_ALL_TABLES,NO_ZERO_IN_DATE,NO_ZERO_DATE,ERROR_FOR_DIVISION_BY_ZERO,TRADITIONAL,NO_ENGINE_SUBSTITUTION {{(pid=95917) _check_effective_sql_mode /opt/stack/data/venv/lib/python3.12/site-packages/oslo_db/sqlalchemy/engines.py:325}}
Aug 25 04:42:07.383219 np0000008042 nova-conductor[95924]: DEBUG oslo_db.sqlalchemy.engines [None req-6c460c1f-0cc6-4aef-9acf-e52afee0bdfd None None] MySQL server mode set to STRICT_TRANS_TABLES,STRICT_ALL_TABLES,NO_ZERO_IN_DATE,NO_ZERO_DATE,ERROR_FOR_DIVISION_BY_ZERO,TRADITIONAL,NO_ENGINE_SUBSTITUTION {{(pid=95924) _check_effective_sql_mode /opt/stack/data/venv/lib/python3.12/site-packages/oslo_db/sqlalchemy/engines.py:325}}
Aug 25 04:42:07.385125 np0000008042 nova-conductor[95917]: DEBUG dbcounter [-] [95917] Writer thread running {{(pid=95917) stat_writer /opt/stack/data/venv/lib/python3.12/site-packages/dbcounter.py:102}}
Aug 25 04:42:07.388943 np0000008042 nova-conductor[95924]: DEBUG dbcounter [-] [95924] Writer thread running {{(pid=95924) stat_writer /opt/stack/data/venv/lib/python3.12/site-packages/dbcounter.py:102}}
Aug 25 04:42:07.394670 np0000008042 nova-conductor[95937]: DEBUG oslo_db.sqlalchemy.engines [None req-4ff94cfb-e6f0-4df1-882e-295a101b2e0b None None] MySQL server mode set to STRICT_TRANS_TABLES,STRICT_ALL_TABLES,NO_ZERO_IN_DATE,NO_ZERO_DATE,ERROR_FOR_DIVISION_BY_ZERO,TRADITIONAL,NO_ENGINE_SUBSTITUTION {{(pid=95937) _check_effective_sql_mode /opt/stack/data/venv/lib/python3.12/site-packages/oslo_db/sqlalchemy/engines.py:325}}
Aug 25 04:42:07.404047 np0000008042 nova-conductor[95937]: DEBUG dbcounter [-] [95937] Writer thread running {{(pid=95937) stat_writer /opt/stack/data/venv/lib/python3.12/site-packages/dbcounter.py:102}}
Aug 25 04:42:07.405275 np0000008042 nova-conductor[95917]: DEBUG nova.service [None req-3b53e0c2-bd27-47e6-9ee9-3573d195f129 None None] Creating RPC server for service: nova-conductor on topic: conductor {{(pid=95917) start /opt/stack/nova/nova/service.py:262}}
Aug 25 04:42:07.407155 np0000008042 nova-conductor[95937]: DEBUG nova.service [None req-4ff94cfb-e6f0-4df1-882e-295a101b2e0b None None] Creating RPC server for service: nova-conductor on topic: conductor {{(pid=95937) start /opt/stack/nova/nova/service.py:262}}
Aug 25 04:42:07.412314 np0000008042 nova-conductor[95924]: DEBUG nova.service [None req-6c460c1f-0cc6-4aef-9acf-e52afee0bdfd None None] Creating RPC server for service: nova-conductor on topic: conductor {{(pid=95924) start /opt/stack/nova/nova/service.py:262}}
Aug 25 04:42:07.430085 np0000008042 nova-conductor[95937]: DEBUG nova.service [None req-4ff94cfb-e6f0-4df1-882e-295a101b2e0b None None] Join ServiceGroup membership for this service conductor {{(pid=95937) start /opt/stack/nova/nova/service.py:288}}
Aug 25 04:42:07.430300 np0000008042 nova-conductor[95937]: DEBUG nova.servicegroup.drivers.db [None req-4ff94cfb-e6f0-4df1-882e-295a101b2e0b None None] DB_Driver: join new ServiceGroup member np0000008042 to the conductor group, service = {{(pid=95937) join /opt/stack/nova/nova/servicegroup/drivers/db.py:44}}
Aug 25 04:42:07.431143 np0000008042 nova-conductor[95924]: DEBUG nova.service [None req-6c460c1f-0cc6-4aef-9acf-e52afee0bdfd None None] Join ServiceGroup membership for this service conductor {{(pid=95924) start /opt/stack/nova/nova/service.py:288}}
Aug 25 04:42:07.431614 np0000008042 nova-conductor[95924]: DEBUG nova.servicegroup.drivers.db [None req-6c460c1f-0cc6-4aef-9acf-e52afee0bdfd None None] DB_Driver: join new ServiceGroup member np0000008042 to the conductor group, service = {{(pid=95924) join /opt/stack/nova/nova/servicegroup/drivers/db.py:44}}
Aug 25 04:42:07.440854 np0000008042 nova-conductor[95917]: DEBUG nova.service [None req-3b53e0c2-bd27-47e6-9ee9-3573d195f129 None None] Join ServiceGroup membership for this service conductor {{(pid=95917) start /opt/stack/nova/nova/service.py:288}}
Aug 25 04:42:07.441310 np0000008042 nova-conductor[95917]: DEBUG nova.servicegroup.drivers.db [None req-3b53e0c2-bd27-47e6-9ee9-3573d195f129 None None] DB_Driver: join new ServiceGroup member np0000008042 to the conductor group, service = {{(pid=95917) join /opt/stack/nova/nova/servicegroup/drivers/db.py:44}}
Aug 25 04:42:12.445074 np0000008042 nova-conductor[95924]: DEBUG oslo.service.backend._threading.loopingcall [-] Fixed interval looping call 'nova.servicegroup.drivers.db.DbDriver._report_state' sleeping for 119.99 seconds {{(pid=95924) _run_loop /opt/stack/data/venv/lib/python3.12/site-packages/oslo_service/backend/_threading/loopingcall.py:125}}
Aug 25 04:42:12.446122 np0000008042 nova-conductor[95937]: DEBUG oslo.service.backend._threading.loopingcall [-] Fixed interval looping call 'nova.servicegroup.drivers.db.DbDriver._report_state' sleeping for 119.99 seconds {{(pid=95937) _run_loop /opt/stack/data/venv/lib/python3.12/site-packages/oslo_service/backend/_threading/loopingcall.py:125}}
Aug 25 04:42:12.456103 np0000008042 nova-conductor[95917]: DEBUG oslo.service.backend._threading.loopingcall [-] Fixed interval looping call 'nova.servicegroup.drivers.db.DbDriver._report_state' sleeping for 119.99 seconds {{(pid=95917) _run_loop /opt/stack/data/venv/lib/python3.12/site-packages/oslo_service/backend/_threading/loopingcall.py:125}}
Aug 25 04:42:15.993316 np0000008042 nova-conductor[94471]: DEBUG dbcounter [-] [94471] Writing DB stats nova_api:SELECT=1 {{(pid=94471) stat_writer /opt/stack/data/venv/lib/python3.12/site-packages/dbcounter.py:115}}
Aug 25 04:42:16.128053 np0000008042 nova-conductor[94471]: DEBUG dbcounter [-] [94471] Writing DB stats nova_cell1:SELECT=1 {{(pid=94471) stat_writer /opt/stack/data/venv/lib/python3.12/site-packages/dbcounter.py:115}}
Aug 25 04:42:16.133898 np0000008042 nova-conductor[94471]: DEBUG dbcounter [-] [94471] Writing DB stats nova_cell0:SELECT=1 {{(pid=94471) stat_writer /opt/stack/data/venv/lib/python3.12/site-packages/dbcounter.py:115}}
Aug 25 04:42:22.443264 np0000008042 nova-conductor[95924]: DEBUG dbcounter [-] [95924] Writing DB stats nova_cell0:SELECT=5,nova_cell0:INSERT=1,nova_cell0:UPDATE=1 {{(pid=95924) stat_writer /opt/stack/data/venv/lib/python3.12/site-packages/dbcounter.py:115}}
Aug 25 04:42:22.443658 np0000008042 nova-conductor[95937]: DEBUG dbcounter [-] [95937] Writing DB stats nova_cell0:SELECT=3,nova_cell0:UPDATE=1 {{(pid=95937) stat_writer /opt/stack/data/venv/lib/python3.12/site-packages/dbcounter.py:115}}
Aug 25 04:42:22.454126 np0000008042 nova-conductor[95917]: DEBUG dbcounter [-] [95917] Writing DB stats nova_cell0:SELECT=4,nova_cell0:INSERT=1 {{(pid=95917) stat_writer /opt/stack/data/venv/lib/python3.12/site-packages/dbcounter.py:115}}
Aug 25 04:42:28.433702 np0000008042 nova-conductor[95924]: DEBUG oslo.service.backend._threading.loopingcall [None req-e7425bf2-7a9f-4305-ae92-452a7407e5e1 None None] Dynamic interval looping call 'nova.service.Service.periodic_tasks' sleeping for 60.00 seconds {{(pid=95924) _run_loop /opt/stack/data/venv/lib/python3.12/site-packages/oslo_service/backend/_threading/loopingcall.py:125}}
Aug 25 04:42:32.443956 np0000008042 nova-conductor[95917]: DEBUG oslo.service.backend._threading.loopingcall [None req-d4e59f36-b273-4c5f-b775-e75578ed8e90 None None] Dynamic interval looping call 'nova.service.Service.periodic_tasks' sleeping for 60.00 seconds {{(pid=95917) _run_loop /opt/stack/data/venv/lib/python3.12/site-packages/oslo_service/backend/_threading/loopingcall.py:125}}
Aug 25 04:42:36.432211 np0000008042 nova-conductor[95937]: DEBUG oslo.service.backend._threading.loopingcall [None req-2e9c74dd-b448-454f-86e0-a0336ca70303 None None] Dynamic interval looping call 'nova.service.Service.periodic_tasks' sleeping for 60.00 seconds {{(pid=95937) _run_loop /opt/stack/data/venv/lib/python3.12/site-packages/oslo_service/backend/_threading/loopingcall.py:125}}
Aug 25 04:43:28.434221 np0000008042 nova-conductor[95924]: DEBUG oslo.service.backend._threading.loopingcall [None req-e7425bf2-7a9f-4305-ae92-452a7407e5e1 None None] Dynamic interval looping call 'nova.service.Service.periodic_tasks' sleeping for 60.00 seconds {{(pid=95924) _run_loop /opt/stack/data/venv/lib/python3.12/site-packages/oslo_service/backend/_threading/loopingcall.py:125}}
Aug 25 04:43:32.444435 np0000008042 nova-conductor[95917]: DEBUG oslo.service.backend._threading.loopingcall [None req-d4e59f36-b273-4c5f-b775-e75578ed8e90 None None] Dynamic interval looping call 'nova.service.Service.periodic_tasks' sleeping for 60.00 seconds {{(pid=95917) _run_loop /opt/stack/data/venv/lib/python3.12/site-packages/oslo_service/backend/_threading/loopingcall.py:125}}
Aug 25 04:43:36.432751 np0000008042 nova-conductor[95937]: DEBUG oslo.service.backend._threading.loopingcall [None req-2e9c74dd-b448-454f-86e0-a0336ca70303 None None] Dynamic interval looping call 'nova.service.Service.periodic_tasks' sleeping for 60.00 seconds {{(pid=95937) _run_loop /opt/stack/data/venv/lib/python3.12/site-packages/oslo_service/backend/_threading/loopingcall.py:125}}
Aug 25 04:44:12.444426 np0000008042 nova-conductor[95924]: DEBUG oslo.service.backend._threading.loopingcall [-] Fixed interval looping call 'nova.servicegroup.drivers.db.DbDriver._report_state' sleeping for 119.99 seconds {{(pid=95924) _run_loop /opt/stack/data/venv/lib/python3.12/site-packages/oslo_service/backend/_threading/loopingcall.py:125}}
Aug 25 04:44:12.445007 np0000008042 nova-conductor[95937]: DEBUG oslo.service.backend._threading.loopingcall [-] Fixed interval looping call 'nova.servicegroup.drivers.db.DbDriver._report_state' sleeping for 119.99 seconds {{(pid=95937) _run_loop /opt/stack/data/venv/lib/python3.12/site-packages/oslo_service/backend/_threading/loopingcall.py:125}}
Aug 25 04:44:12.449152 np0000008042 nova-conductor[95917]: DEBUG oslo.service.backend._threading.loopingcall [-] Fixed interval looping call 'nova.servicegroup.drivers.db.DbDriver._report_state' sleeping for 120.00 seconds {{(pid=95917) _run_loop /opt/stack/data/venv/lib/python3.12/site-packages/oslo_service/backend/_threading/loopingcall.py:125}}
Aug 25 04:44:22.438122 np0000008042 nova-conductor[95924]: DEBUG dbcounter [-] [95924] Writing DB stats nova_cell0:SELECT=1,nova_cell0:UPDATE=1 {{(pid=95924) stat_writer /opt/stack/data/venv/lib/python3.12/site-packages/dbcounter.py:115}}
Aug 25 04:44:22.439659 np0000008042 nova-conductor[95937]: DEBUG dbcounter [-] [95937] Writing DB stats nova_cell0:SELECT=1,nova_cell0:UPDATE=1 {{(pid=95937) stat_writer /opt/stack/data/venv/lib/python3.12/site-packages/dbcounter.py:115}}
Aug 25 04:44:22.450566 np0000008042 nova-conductor[95917]: DEBUG dbcounter [-] [95917] Writing DB stats nova_cell0:SELECT=1 {{(pid=95917) stat_writer /opt/stack/data/venv/lib/python3.12/site-packages/dbcounter.py:115}}
Aug 25 04:44:28.434799 np0000008042 nova-conductor[95924]: DEBUG oslo.service.backend._threading.loopingcall [None req-e7425bf2-7a9f-4305-ae92-452a7407e5e1 None None] Dynamic interval looping call 'nova.service.Service.periodic_tasks' sleeping for 60.00 seconds {{(pid=95924) _run_loop /opt/stack/data/venv/lib/python3.12/site-packages/oslo_service/backend/_threading/loopingcall.py:125}}
Aug 25 04:44:32.057868 np0000008042 nova-conductor[95937]: DEBUG oslo_db.sqlalchemy.engines [None req-7dabe6c7-673a-48bb-85e6-3c85c8176dc4 tempest-ServersNegativeTestJSON-2081439937 tempest-ServersNegativeTestJSON-2081439937-project-member] Parent process 94471 forked (95937) with an open database connection, which is being discarded and recreated. {{(pid=95937) checkout /opt/stack/data/venv/lib/python3.12/site-packages/oslo_db/sqlalchemy/engines.py:402}}
Aug 25 04:44:32.108688 np0000008042 nova-conductor[95937]: DEBUG dbcounter [-] [95937] Writer thread running {{(pid=95937) stat_writer /opt/stack/data/venv/lib/python3.12/site-packages/dbcounter.py:102}}
Aug 25 04:44:32.445090 np0000008042 nova-conductor[95917]: DEBUG oslo.service.backend._threading.loopingcall [None req-d4e59f36-b273-4c5f-b775-e75578ed8e90 None None] Dynamic interval looping call 'nova.service.Service.periodic_tasks' sleeping for 60.00 seconds {{(pid=95917) _run_loop /opt/stack/data/venv/lib/python3.12/site-packages/oslo_service/backend/_threading/loopingcall.py:125}}
Aug 25 04:44:32.940362 np0000008042 nova-conductor[95937]: DEBUG nova.conductor.manager [None req-7dabe6c7-673a-48bb-85e6-3c85c8176dc4 tempest-ServersNegativeTestJSON-2081439937 tempest-ServersNegativeTestJSON-2081439937-project-member] Took 0.83 seconds to select destinations for 1 instance(s). {{(pid=95937) _schedule_instances /opt/stack/nova/nova/conductor/manager.py:957}}
Aug 25 04:44:32.973683 np0000008042 nova-conductor[95937]: DEBUG oslo_concurrency.lockutils [None req-7dabe6c7-673a-48bb-85e6-3c85c8176dc4 tempest-ServersNegativeTestJSON-2081439937 tempest-ServersNegativeTestJSON-2081439937-project-member] Acquiring lock "e3f39c1f-3521-486a-bae7-752b9d8ec1e4" by "nova.context.set_target_cell..get_or_set_cached_cell_and_set_connections" {{(pid=95937) inner /opt/stack/data/venv/lib/python3.12/site-packages/oslo_concurrency/lockutils.py:512}}
Aug 25 04:44:32.974594 np0000008042 nova-conductor[95937]: DEBUG oslo_concurrency.lockutils [None req-7dabe6c7-673a-48bb-85e6-3c85c8176dc4 tempest-ServersNegativeTestJSON-2081439937 tempest-ServersNegativeTestJSON-2081439937-project-member] Lock "e3f39c1f-3521-486a-bae7-752b9d8ec1e4" acquired by "nova.context.set_target_cell..get_or_set_cached_cell_and_set_connections" :: waited 0.000s {{(pid=95937) inner /opt/stack/data/venv/lib/python3.12/site-packages/oslo_concurrency/lockutils.py:525}}
Aug 25 04:44:32.976012 np0000008042 nova-conductor[95937]: DEBUG oslo_concurrency.lockutils [None req-7dabe6c7-673a-48bb-85e6-3c85c8176dc4 tempest-ServersNegativeTestJSON-2081439937 tempest-ServersNegativeTestJSON-2081439937-project-member] Lock "e3f39c1f-3521-486a-bae7-752b9d8ec1e4" "released" by "nova.context.set_target_cell..get_or_set_cached_cell_and_set_connections" :: held 0.001s {{(pid=95937) inner /opt/stack/data/venv/lib/python3.12/site-packages/oslo_concurrency/lockutils.py:544}}
Aug 25 04:44:32.976934 np0000008042 nova-conductor[95937]: INFO dbcounter [None req-7dabe6c7-673a-48bb-85e6-3c85c8176dc4 tempest-ServersNegativeTestJSON-2081439937 tempest-ServersNegativeTestJSON-2081439937-project-member] Registered counter for database nova_cell1
Aug 25 04:44:33.009219 np0000008042 nova-conductor[95937]: DEBUG oslo_db.sqlalchemy.engines [None req-7dabe6c7-673a-48bb-85e6-3c85c8176dc4 tempest-ServersNegativeTestJSON-2081439937 tempest-ServersNegativeTestJSON-2081439937-project-member] MySQL server mode set to STRICT_TRANS_TABLES,STRICT_ALL_TABLES,NO_ZERO_IN_DATE,NO_ZERO_DATE,ERROR_FOR_DIVISION_BY_ZERO,TRADITIONAL,NO_ENGINE_SUBSTITUTION {{(pid=95937) _check_effective_sql_mode /opt/stack/data/venv/lib/python3.12/site-packages/oslo_db/sqlalchemy/engines.py:325}}
Aug 25 04:44:33.014147 np0000008042 nova-conductor[95937]: DEBUG dbcounter [-] [95937] Writer thread running {{(pid=95937) stat_writer /opt/stack/data/venv/lib/python3.12/site-packages/dbcounter.py:102}}
Aug 25 04:44:33.105615 np0000008042 nova-conductor[95937]: DEBUG oslo_concurrency.lockutils [None req-7dabe6c7-673a-48bb-85e6-3c85c8176dc4 tempest-ServersNegativeTestJSON-2081439937 tempest-ServersNegativeTestJSON-2081439937-project-member] Acquiring lock "00000000-0000-0000-0000-000000000000" by "nova.context.set_target_cell..get_or_set_cached_cell_and_set_connections" {{(pid=95937) inner /opt/stack/data/venv/lib/python3.12/site-packages/oslo_concurrency/lockutils.py:512}}
Aug 25 04:44:33.106133 np0000008042 nova-conductor[95937]: DEBUG oslo_concurrency.lockutils [None req-7dabe6c7-673a-48bb-85e6-3c85c8176dc4 tempest-ServersNegativeTestJSON-2081439937 tempest-ServersNegativeTestJSON-2081439937-project-member] Lock "00000000-0000-0000-0000-000000000000" acquired by "nova.context.set_target_cell..get_or_set_cached_cell_and_set_connections" :: waited 0.000s {{(pid=95937) inner /opt/stack/data/venv/lib/python3.12/site-packages/oslo_concurrency/lockutils.py:525}}
Aug 25 04:44:33.106292 np0000008042 nova-conductor[95937]: DEBUG oslo_concurrency.lockutils [None req-7dabe6c7-673a-48bb-85e6-3c85c8176dc4 tempest-ServersNegativeTestJSON-2081439937 tempest-ServersNegativeTestJSON-2081439937-project-member] Lock "00000000-0000-0000-0000-000000000000" "released" by "nova.context.set_target_cell..get_or_set_cached_cell_and_set_connections" :: held 0.000s {{(pid=95937) inner /opt/stack/data/venv/lib/python3.12/site-packages/oslo_concurrency/lockutils.py:544}}
Aug 25 04:44:33.106592 np0000008042 nova-conductor[95937]: INFO nova.thread_pool_factory [None req-7dabe6c7-673a-48bb-85e6-3c85c8176dc4 tempest-ServersNegativeTestJSON-2081439937 tempest-ServersNegativeTestJSON-2081439937-project-member] The cell_worker thread pool ForkProcess-3.cell_worker is initialized
Aug 25 04:44:33.108545 np0000008042 nova-conductor[95937]: DEBUG oslo_concurrency.lockutils [None req-7dabe6c7-673a-48bb-85e6-3c85c8176dc4 tempest-ServersNegativeTestJSON-2081439937 tempest-ServersNegativeTestJSON-2081439937-project-member] Acquiring lock "e3f39c1f-3521-486a-bae7-752b9d8ec1e4" by "nova.context.set_target_cell..get_or_set_cached_cell_and_set_connections" {{(pid=95937) inner /opt/stack/data/venv/lib/python3.12/site-packages/oslo_concurrency/lockutils.py:512}}
Aug 25 04:44:33.108634 np0000008042 nova-conductor[95937]: INFO dbcounter [None req-7dabe6c7-673a-48bb-85e6-3c85c8176dc4 tempest-ServersNegativeTestJSON-2081439937 tempest-ServersNegativeTestJSON-2081439937-project-member] Registered counter for database nova_cell0
Aug 25 04:44:33.110045 np0000008042 nova-conductor[95937]: DEBUG oslo_concurrency.lockutils [None req-7dabe6c7-673a-48bb-85e6-3c85c8176dc4 tempest-ServersNegativeTestJSON-2081439937 tempest-ServersNegativeTestJSON-2081439937-project-member] Lock "e3f39c1f-3521-486a-bae7-752b9d8ec1e4" acquired by "nova.context.set_target_cell..get_or_set_cached_cell_and_set_connections" :: waited 0.001s {{(pid=95937) inner /opt/stack/data/venv/lib/python3.12/site-packages/oslo_concurrency/lockutils.py:525}}
Aug 25 04:44:33.110219 np0000008042 nova-conductor[95937]: DEBUG oslo_concurrency.lockutils [None req-7dabe6c7-673a-48bb-85e6-3c85c8176dc4 tempest-ServersNegativeTestJSON-2081439937 tempest-ServersNegativeTestJSON-2081439937-project-member] Lock "e3f39c1f-3521-486a-bae7-752b9d8ec1e4" "released" by "nova.context.set_target_cell..get_or_set_cached_cell_and_set_connections" :: held 0.002s {{(pid=95937) inner /opt/stack/data/venv/lib/python3.12/site-packages/oslo_concurrency/lockutils.py:544}}
Aug 25 04:44:33.137212 np0000008042 nova-conductor[95937]: DEBUG oslo_db.sqlalchemy.engines [None req-7dabe6c7-673a-48bb-85e6-3c85c8176dc4 tempest-ServersNegativeTestJSON-2081439937 tempest-ServersNegativeTestJSON-2081439937-project-member] MySQL server mode set to STRICT_TRANS_TABLES,STRICT_ALL_TABLES,NO_ZERO_IN_DATE,NO_ZERO_DATE,ERROR_FOR_DIVISION_BY_ZERO,TRADITIONAL,NO_ENGINE_SUBSTITUTION {{(pid=95937) _check_effective_sql_mode /opt/stack/data/venv/lib/python3.12/site-packages/oslo_db/sqlalchemy/engines.py:325}}
Aug 25 04:44:33.142194 np0000008042 nova-conductor[95937]: DEBUG dbcounter [-] [95937] Writer thread running {{(pid=95937) stat_writer /opt/stack/data/venv/lib/python3.12/site-packages/dbcounter.py:102}}
Aug 25 04:44:33.161163 np0000008042 nova-conductor[95937]: DEBUG nova.quota [None req-7dabe6c7-673a-48bb-85e6-3c85c8176dc4 tempest-ServersNegativeTestJSON-2081439937 tempest-ServersNegativeTestJSON-2081439937-project-member] Getting quotas for project 35fb65a2d6414751bbd9c395e4f3dae8. Resources: {'cores', 'instances', 'ram'} {{(pid=95937) _get_quotas /opt/stack/nova/nova/quota.py:389}}
Aug 25 04:44:33.169045 np0000008042 nova-conductor[95937]: DEBUG nova.quota [None req-7dabe6c7-673a-48bb-85e6-3c85c8176dc4 tempest-ServersNegativeTestJSON-2081439937 tempest-ServersNegativeTestJSON-2081439937-project-member] Getting quotas for user 959e8639ac0f4211846645d616cf87d7 and project 35fb65a2d6414751bbd9c395e4f3dae8. Resources: {'cores', 'instances', 'ram'} {{(pid=95937) _get_quotas /opt/stack/nova/nova/quota.py:379}}
Aug 25 04:44:33.176389 np0000008042 nova-conductor[95937]: DEBUG nova.conductor.manager [None req-7dabe6c7-673a-48bb-85e6-3c85c8176dc4 tempest-ServersNegativeTestJSON-2081439937 tempest-ServersNegativeTestJSON-2081439937-project-member] [instance: fd6eb130-34db-4aaf-82e1-4dff7c443d6a] Selected host: np0000008042; Selected node: np0000008042; Alternates: [] {{(pid=95937) schedule_and_build_instances /opt/stack/nova/nova/conductor/manager.py:1773}}
Aug 25 04:44:33.176851 np0000008042 nova-conductor[95937]: DEBUG oslo_concurrency.lockutils [None req-7dabe6c7-673a-48bb-85e6-3c85c8176dc4 tempest-ServersNegativeTestJSON-2081439937 tempest-ServersNegativeTestJSON-2081439937-project-member] Acquiring lock "e3f39c1f-3521-486a-bae7-752b9d8ec1e4" by "nova.context.set_target_cell..get_or_set_cached_cell_and_set_connections" {{(pid=95937) inner /opt/stack/data/venv/lib/python3.12/site-packages/oslo_concurrency/lockutils.py:512}}
Aug 25 04:44:33.176851 np0000008042 nova-conductor[95937]: DEBUG oslo_concurrency.lockutils [None req-7dabe6c7-673a-48bb-85e6-3c85c8176dc4 tempest-ServersNegativeTestJSON-2081439937 tempest-ServersNegativeTestJSON-2081439937-project-member] Lock "e3f39c1f-3521-486a-bae7-752b9d8ec1e4" acquired by "nova.context.set_target_cell..get_or_set_cached_cell_and_set_connections" :: waited 0.000s {{(pid=95937) inner /opt/stack/data/venv/lib/python3.12/site-packages/oslo_concurrency/lockutils.py:525}}
Aug 25 04:44:33.176970 np0000008042 nova-conductor[95937]: DEBUG oslo_concurrency.lockutils [None req-7dabe6c7-673a-48bb-85e6-3c85c8176dc4 tempest-ServersNegativeTestJSON-2081439937 tempest-ServersNegativeTestJSON-2081439937-project-member] Lock "e3f39c1f-3521-486a-bae7-752b9d8ec1e4" "released" by "nova.context.set_target_cell..get_or_set_cached_cell_and_set_connections" :: held 0.000s {{(pid=95937) inner /opt/stack/data/venv/lib/python3.12/site-packages/oslo_concurrency/lockutils.py:544}}
Aug 25 04:44:33.194348 np0000008042 nova-conductor[95937]: DEBUG nova.conductor.manager [None req-7dabe6c7-673a-48bb-85e6-3c85c8176dc4 tempest-ServersNegativeTestJSON-2081439937 tempest-ServersNegativeTestJSON-2081439937-project-member] [instance: fd6eb130-34db-4aaf-82e1-4dff7c443d6a] block_device_mapping [BlockDeviceMapping(attachment_id=,boot_index=0,connection_info=None,created_at=,delete_on_termination=True,deleted=,deleted_at=,destination_type='local',device_name=None,device_type='disk',disk_bus=None,encrypted=False,encryption_format=None,encryption_options=None,encryption_secret_uuid=None,guest_format=None,id=,image_id='5f260349-f2dc-4c88-b7b3-ce6257044d59',instance=,instance_uuid=,no_device=False,snapshot_id=None,source_type='image',tag=None,updated_at=,uuid=,volume_id=None,volume_size=None,volume_type=None)] {{(pid=95937) _create_block_device_mapping /opt/stack/nova/nova/conductor/manager.py:1518}}
Aug 25 04:44:33.196333 np0000008042 nova-conductor[95937]: DEBUG oslo_concurrency.lockutils [None req-7dabe6c7-673a-48bb-85e6-3c85c8176dc4 tempest-ServersNegativeTestJSON-2081439937 tempest-ServersNegativeTestJSON-2081439937-project-member] Acquiring lock "e3f39c1f-3521-486a-bae7-752b9d8ec1e4" by "nova.context.set_target_cell..get_or_set_cached_cell_and_set_connections" {{(pid=95937) inner /opt/stack/data/venv/lib/python3.12/site-packages/oslo_concurrency/lockutils.py:512}}
Aug 25 04:44:33.196486 np0000008042 nova-conductor[95937]: DEBUG oslo_concurrency.lockutils [None req-7dabe6c7-673a-48bb-85e6-3c85c8176dc4 tempest-ServersNegativeTestJSON-2081439937 tempest-ServersNegativeTestJSON-2081439937-project-member] Lock "e3f39c1f-3521-486a-bae7-752b9d8ec1e4" acquired by "nova.context.set_target_cell..get_or_set_cached_cell_and_set_connections" :: waited 0.000s {{(pid=95937) inner /opt/stack/data/venv/lib/python3.12/site-packages/oslo_concurrency/lockutils.py:525}}
Aug 25 04:44:33.196594 np0000008042 nova-conductor[95937]: DEBUG oslo_concurrency.lockutils [None req-7dabe6c7-673a-48bb-85e6-3c85c8176dc4 tempest-ServersNegativeTestJSON-2081439937 tempest-ServersNegativeTestJSON-2081439937-project-member] Lock "e3f39c1f-3521-486a-bae7-752b9d8ec1e4" "released" by "nova.context.set_target_cell..get_or_set_cached_cell_and_set_connections" :: held 0.000s {{(pid=95937) inner /opt/stack/data/venv/lib/python3.12/site-packages/oslo_concurrency/lockutils.py:544}}
Aug 25 04:44:33.255043 np0000008042 nova-conductor[95937]: DEBUG oslo_concurrency.lockutils [None req-7dabe6c7-673a-48bb-85e6-3c85c8176dc4 tempest-ServersNegativeTestJSON-2081439937 tempest-ServersNegativeTestJSON-2081439937-project-member] Acquiring lock "e3f39c1f-3521-486a-bae7-752b9d8ec1e4" by "nova.context.set_target_cell..get_or_set_cached_cell_and_set_connections" {{(pid=95937) inner /opt/stack/data/venv/lib/python3.12/site-packages/oslo_concurrency/lockutils.py:512}}
Aug 25 04:44:33.255176 np0000008042 nova-conductor[95937]: DEBUG oslo_concurrency.lockutils [None req-7dabe6c7-673a-48bb-85e6-3c85c8176dc4 tempest-ServersNegativeTestJSON-2081439937 tempest-ServersNegativeTestJSON-2081439937-project-member] Lock "e3f39c1f-3521-486a-bae7-752b9d8ec1e4" acquired by "nova.context.set_target_cell..get_or_set_cached_cell_and_set_connections" :: waited 0.001s {{(pid=95937) inner /opt/stack/data/venv/lib/python3.12/site-packages/oslo_concurrency/lockutils.py:525}}
Aug 25 04:44:33.255336 np0000008042 nova-conductor[95937]: DEBUG oslo_concurrency.lockutils [None req-7dabe6c7-673a-48bb-85e6-3c85c8176dc4 tempest-ServersNegativeTestJSON-2081439937 tempest-ServersNegativeTestJSON-2081439937-project-member] Lock "e3f39c1f-3521-486a-bae7-752b9d8ec1e4" "released" by "nova.context.set_target_cell..get_or_set_cached_cell_and_set_connections" :: held 0.000s {{(pid=95937) inner /opt/stack/data/venv/lib/python3.12/site-packages/oslo_concurrency/lockutils.py:544}}
Aug 25 04:44:33.255578 np0000008042 nova-conductor[95937]: DEBUG oslo_concurrency.lockutils [None req-7dabe6c7-673a-48bb-85e6-3c85c8176dc4 tempest-ServersNegativeTestJSON-2081439937 tempest-ServersNegativeTestJSON-2081439937-project-member] Acquiring lock "compute-rpcapi-router" {{(pid=95937) lock /opt/stack/data/venv/lib/python3.12/site-packages/oslo_concurrency/lockutils.py:396}}
Aug 25 04:44:33.255726 np0000008042 nova-conductor[95937]: DEBUG oslo_concurrency.lockutils [None req-7dabe6c7-673a-48bb-85e6-3c85c8176dc4 tempest-ServersNegativeTestJSON-2081439937 tempest-ServersNegativeTestJSON-2081439937-project-member] Acquired lock "compute-rpcapi-router" {{(pid=95937) lock /opt/stack/data/venv/lib/python3.12/site-packages/oslo_concurrency/lockutils.py:399}}
Aug 25 04:44:33.256687 np0000008042 nova-conductor[95937]: DEBUG oslo_concurrency.lockutils [None req-9d160580-b5bc-4040-ae12-df99908740cc None None] Acquiring lock "00000000-0000-0000-0000-000000000000" by "nova.context.set_target_cell..get_or_set_cached_cell_and_set_connections" {{(pid=95937) inner /opt/stack/data/venv/lib/python3.12/site-packages/oslo_concurrency/lockutils.py:512}}
Aug 25 04:44:33.256687 np0000008042 nova-conductor[95937]: DEBUG oslo_concurrency.lockutils [None req-9d160580-b5bc-4040-ae12-df99908740cc None None] Lock "00000000-0000-0000-0000-000000000000" acquired by "nova.context.set_target_cell..get_or_set_cached_cell_and_set_connections" :: waited 0.000s {{(pid=95937) inner /opt/stack/data/venv/lib/python3.12/site-packages/oslo_concurrency/lockutils.py:525}}
Aug 25 04:44:33.256687 np0000008042 nova-conductor[95937]: DEBUG oslo_concurrency.lockutils [None req-9d160580-b5bc-4040-ae12-df99908740cc None None] Lock "00000000-0000-0000-0000-000000000000" "released" by "nova.context.set_target_cell..get_or_set_cached_cell_and_set_connections" :: held 0.000s {{(pid=95937) inner /opt/stack/data/venv/lib/python3.12/site-packages/oslo_concurrency/lockutils.py:544}}
Aug 25 04:44:33.257029 np0000008042 nova-conductor[95937]: DEBUG oslo_concurrency.lockutils [None req-9d160580-b5bc-4040-ae12-df99908740cc None None] Acquiring lock "e3f39c1f-3521-486a-bae7-752b9d8ec1e4" by "nova.context.set_target_cell..get_or_set_cached_cell_and_set_connections" {{(pid=95937) inner /opt/stack/data/venv/lib/python3.12/site-packages/oslo_concurrency/lockutils.py:512}}
Aug 25 04:44:33.257187 np0000008042 nova-conductor[95937]: DEBUG oslo_concurrency.lockutils [None req-9d160580-b5bc-4040-ae12-df99908740cc None None] Lock "e3f39c1f-3521-486a-bae7-752b9d8ec1e4" acquired by "nova.context.set_target_cell..get_or_set_cached_cell_and_set_connections" :: waited 0.000s {{(pid=95937) inner /opt/stack/data/venv/lib/python3.12/site-packages/oslo_concurrency/lockutils.py:525}}
Aug 25 04:44:33.257288 np0000008042 nova-conductor[95937]: DEBUG oslo_concurrency.lockutils [None req-9d160580-b5bc-4040-ae12-df99908740cc None None] Lock "e3f39c1f-3521-486a-bae7-752b9d8ec1e4" "released" by "nova.context.set_target_cell..get_or_set_cached_cell_and_set_connections" :: held 0.000s {{(pid=95937) inner /opt/stack/data/venv/lib/python3.12/site-packages/oslo_concurrency/lockutils.py:544}}
Aug 25 04:44:33.277194 np0000008042 nova-conductor[95937]: INFO nova.compute.rpcapi [None req-9d160580-b5bc-4040-ae12-df99908740cc None None] Automatically selected compute RPC version 6.5 from minimum service version 73
Aug 25 04:44:33.277659 np0000008042 nova-conductor[95937]: DEBUG oslo_concurrency.lockutils [None req-9d160580-b5bc-4040-ae12-df99908740cc None None] Releasing lock "compute-rpcapi-router" {{(pid=95937) lock /opt/stack/data/venv/lib/python3.12/site-packages/oslo_concurrency/lockutils.py:419}}
Aug 25 04:44:33.967141 np0000008042 nova-conductor[95924]: DEBUG dbcounter [-] [95924] Writer thread running {{(pid=95924) stat_writer /opt/stack/data/venv/lib/python3.12/site-packages/dbcounter.py:102}}
Aug 25 04:44:34.465901 np0000008042 nova-conductor[95924]: DEBUG nova.conductor.manager [None req-ce6178eb-fb58-4bb6-9c8d-c7e6e38b6648 tempest-DeleteServersTestJSON-1923449353 tempest-DeleteServersTestJSON-1923449353-project-member] Took 0.50 seconds to select destinations for 1 instance(s). {{(pid=95924) _schedule_instances /opt/stack/nova/nova/conductor/manager.py:957}}
Aug 25 04:44:34.502059 np0000008042 nova-conductor[95924]: DEBUG oslo_concurrency.lockutils [None req-ce6178eb-fb58-4bb6-9c8d-c7e6e38b6648 tempest-DeleteServersTestJSON-1923449353 tempest-DeleteServersTestJSON-1923449353-project-member] Acquiring lock "e3f39c1f-3521-486a-bae7-752b9d8ec1e4" by "nova.context.set_target_cell..get_or_set_cached_cell_and_set_connections" {{(pid=95924) inner /opt/stack/data/venv/lib/python3.12/site-packages/oslo_concurrency/lockutils.py:512}}
Aug 25 04:44:34.502659 np0000008042 nova-conductor[95924]: DEBUG oslo_concurrency.lockutils [None req-ce6178eb-fb58-4bb6-9c8d-c7e6e38b6648 tempest-DeleteServersTestJSON-1923449353 tempest-DeleteServersTestJSON-1923449353-project-member] Lock "e3f39c1f-3521-486a-bae7-752b9d8ec1e4" acquired by "nova.context.set_target_cell..get_or_set_cached_cell_and_set_connections" :: waited 0.000s {{(pid=95924) inner /opt/stack/data/venv/lib/python3.12/site-packages/oslo_concurrency/lockutils.py:525}}
Aug 25 04:44:34.504849 np0000008042 nova-conductor[95924]: DEBUG oslo_concurrency.lockutils [None req-ce6178eb-fb58-4bb6-9c8d-c7e6e38b6648 tempest-DeleteServersTestJSON-1923449353 tempest-DeleteServersTestJSON-1923449353-project-member] Lock "e3f39c1f-3521-486a-bae7-752b9d8ec1e4" "released" by "nova.context.set_target_cell..get_or_set_cached_cell_and_set_connections" :: held 0.002s {{(pid=95924) inner /opt/stack/data/venv/lib/python3.12/site-packages/oslo_concurrency/lockutils.py:544}}
Aug 25 04:44:34.507363 np0000008042 nova-conductor[95924]: INFO dbcounter [None req-ce6178eb-fb58-4bb6-9c8d-c7e6e38b6648 tempest-DeleteServersTestJSON-1923449353 tempest-DeleteServersTestJSON-1923449353-project-member] Registered counter for database nova_cell1
Aug 25 04:44:34.550837 np0000008042 nova-conductor[95924]: DEBUG oslo_db.sqlalchemy.engines [None req-ce6178eb-fb58-4bb6-9c8d-c7e6e38b6648 tempest-DeleteServersTestJSON-1923449353 tempest-DeleteServersTestJSON-1923449353-project-member] MySQL server mode set to STRICT_TRANS_TABLES,STRICT_ALL_TABLES,NO_ZERO_IN_DATE,NO_ZERO_DATE,ERROR_FOR_DIVISION_BY_ZERO,TRADITIONAL,NO_ENGINE_SUBSTITUTION {{(pid=95924) _check_effective_sql_mode /opt/stack/data/venv/lib/python3.12/site-packages/oslo_db/sqlalchemy/engines.py:325}}
Aug 25 04:44:34.560587 np0000008042 nova-conductor[95924]: DEBUG dbcounter [-] [95924] Writer thread running {{(pid=95924) stat_writer /opt/stack/data/venv/lib/python3.12/site-packages/dbcounter.py:102}}
Aug 25 04:44:34.571537 np0000008042 nova-conductor[95917]: DEBUG dbcounter [-] [95917] Writer thread running {{(pid=95917) stat_writer /opt/stack/data/venv/lib/python3.12/site-packages/dbcounter.py:102}}
Aug 25 04:44:34.625104 np0000008042 nova-conductor[95924]: DEBUG oslo_concurrency.lockutils [None req-ce6178eb-fb58-4bb6-9c8d-c7e6e38b6648 tempest-DeleteServersTestJSON-1923449353 tempest-DeleteServersTestJSON-1923449353-project-member] Acquiring lock "00000000-0000-0000-0000-000000000000" by "nova.context.set_target_cell..get_or_set_cached_cell_and_set_connections" {{(pid=95924) inner /opt/stack/data/venv/lib/python3.12/site-packages/oslo_concurrency/lockutils.py:512}}
Aug 25 04:44:34.625289 np0000008042 nova-conductor[95924]: DEBUG oslo_concurrency.lockutils [None req-ce6178eb-fb58-4bb6-9c8d-c7e6e38b6648 tempest-DeleteServersTestJSON-1923449353 tempest-DeleteServersTestJSON-1923449353-project-member] Lock "00000000-0000-0000-0000-000000000000" acquired by "nova.context.set_target_cell..get_or_set_cached_cell_and_set_connections" :: waited 0.000s {{(pid=95924) inner /opt/stack/data/venv/lib/python3.12/site-packages/oslo_concurrency/lockutils.py:525}}
Aug 25 04:44:34.625709 np0000008042 nova-conductor[95924]: DEBUG oslo_concurrency.lockutils [None req-ce6178eb-fb58-4bb6-9c8d-c7e6e38b6648 tempest-DeleteServersTestJSON-1923449353 tempest-DeleteServersTestJSON-1923449353-project-member] Lock "00000000-0000-0000-0000-000000000000" "released" by "nova.context.set_target_cell..get_or_set_cached_cell_and_set_connections" :: held 0.000s {{(pid=95924) inner /opt/stack/data/venv/lib/python3.12/site-packages/oslo_concurrency/lockutils.py:544}}
Aug 25 04:44:34.626048 np0000008042 nova-conductor[95924]: INFO nova.thread_pool_factory [None req-ce6178eb-fb58-4bb6-9c8d-c7e6e38b6648 tempest-DeleteServersTestJSON-1923449353 tempest-DeleteServersTestJSON-1923449353-project-member] The cell_worker thread pool ForkProcess-2.cell_worker is initialized
Aug 25 04:44:34.626770 np0000008042 nova-conductor[95924]: DEBUG oslo_concurrency.lockutils [None req-ce6178eb-fb58-4bb6-9c8d-c7e6e38b6648 tempest-DeleteServersTestJSON-1923449353 tempest-DeleteServersTestJSON-1923449353-project-member] Acquiring lock "e3f39c1f-3521-486a-bae7-752b9d8ec1e4" by "nova.context.set_target_cell..get_or_set_cached_cell_and_set_connections" {{(pid=95924) inner /opt/stack/data/venv/lib/python3.12/site-packages/oslo_concurrency/lockutils.py:512}}
