Aug 06 18:21:07.595471 np0000006683 systemd[1]: Starting devstack@n-api-meta.service - Devstack devstack@n-api-meta.service...
Aug 06 18:21:07.600710 np0000006683 devstack@n-api-meta.service[96012]: [uWSGI] getting INI configuration from /etc/nova/nova-metadata-uwsgi.ini
Aug 06 18:21:07.602918 np0000006683 devstack@n-api-meta.service[96012]: *** Starting uWSGI 2.0.24-debian (64bit) on [Thu Aug 6 18:21:07 2026] ***
Aug 06 18:21:07.602918 np0000006683 devstack@n-api-meta.service[96012]: compiled with version: 13.2.0 on 17 April 2024 16:23:48
Aug 06 18:21:07.602918 np0000006683 devstack@n-api-meta.service[96012]: os: Linux-6.8.0-100-generic #100-Ubuntu SMP PREEMPT_DYNAMIC Tue Jan 13 16:40:06 UTC 2026
Aug 06 18:21:07.602918 np0000006683 devstack@n-api-meta.service[96012]: nodename: np0000006683
Aug 06 18:21:07.602918 np0000006683 devstack@n-api-meta.service[96012]: machine: x86_64
Aug 06 18:21:07.602918 np0000006683 devstack@n-api-meta.service[96012]: clock source: unix
Aug 06 18:21:07.602918 np0000006683 devstack@n-api-meta.service[96012]: pcre jit disabled
Aug 06 18:21:07.602918 np0000006683 devstack@n-api-meta.service[96012]: detected number of CPU cores: 16
Aug 06 18:21:07.602918 np0000006683 devstack@n-api-meta.service[96012]: current working directory: /
Aug 06 18:21:07.602918 np0000006683 devstack@n-api-meta.service[96012]: detected binary path: /usr/bin/uwsgi-core
Aug 06 18:21:07.602918 np0000006683 devstack@n-api-meta.service[96012]: your processes number limit is 257052
Aug 06 18:21:07.602918 np0000006683 devstack@n-api-meta.service[96012]: your memory page size is 4096 bytes
Aug 06 18:21:07.602918 np0000006683 devstack@n-api-meta.service[96012]: detected max file descriptor number: 2048
Aug 06 18:21:07.602918 np0000006683 devstack@n-api-meta.service[96012]: lock engine: pthread robust mutexes
Aug 06 18:21:07.603230 np0000006683 devstack@n-api-meta.service[96012]: thunder lock: enabled
Aug 06 18:21:07.603350 np0000006683 devstack@n-api-meta.service[96012]: uWSGI http bound on 0.0.0.0:8775 fd 5
Aug 06 18:21:07.603404 np0000006683 devstack@n-api-meta.service[96012]: uwsgi socket 0 bound to TCP address 127.0.0.1:43755 (port auto-assigned) fd 4
Aug 06 18:21:07.603404 np0000006683 devstack@n-api-meta.service[96012]: Python version: 3.12.3 (main, Jun 19 2026, 12:46:00) [GCC 13.3.0]
Aug 06 18:21:07.603404 np0000006683 devstack@n-api-meta.service[96012]: PEP 405 virtualenv detected: /opt/stack/data/venv
Aug 06 18:21:07.603404 np0000006683 devstack@n-api-meta.service[96012]: Set PythonHome to /opt/stack/data/venv
Aug 06 18:21:07.635987 np0000006683 devstack@n-api-meta.service[96012]: Python main interpreter initialized at 0x78295b4a4668
Aug 06 18:21:07.635987 np0000006683 devstack@n-api-meta.service[96012]: python threads support enabled
Aug 06 18:21:07.635987 np0000006683 devstack@n-api-meta.service[96012]: your server socket listen backlog is limited to 100 connections
Aug 06 18:21:07.635987 np0000006683 devstack@n-api-meta.service[96012]: your mercy for graceful operations on workers is 80 seconds
Aug 06 18:21:07.636495 np0000006683 devstack@n-api-meta.service[96012]: mapped 671795 bytes (656 KB) for 4 cores
Aug 06 18:21:07.636649 np0000006683 devstack@n-api-meta.service[96012]: *** Operational MODE: preforking ***
Aug 06 18:21:07.636821 np0000006683 devstack@n-api-meta.service[96012]: *** uWSGI is running in multiple interpreter mode ***
Aug 06 18:21:07.636821 np0000006683 devstack@n-api-meta.service[96012]: spawned uWSGI master process (pid: 96012)
Aug 06 18:21:07.636975 np0000006683 systemd[1]: Started devstack@n-api-meta.service - Devstack devstack@n-api-meta.service.
Aug 06 18:21:07.637339 np0000006683 devstack@n-api-meta.service[96012]: spawned uWSGI worker 1 (pid: 96013, cores: 1)
Aug 06 18:21:07.637882 np0000006683 devstack@n-api-meta.service[96012]: spawned uWSGI worker 2 (pid: 96014, cores: 1)
Aug 06 18:21:07.638433 np0000006683 devstack@n-api-meta.service[96012]: spawned uWSGI worker 3 (pid: 96015, cores: 1)
Aug 06 18:21:07.638889 np0000006683 devstack@n-api-meta.service[96012]: spawned uWSGI worker 4 (pid: 96016, cores: 1)
Aug 06 18:21:07.639347 np0000006683 devstack@n-api-meta.service[96012]: spawned uWSGI http 1 (pid: 96017)
Aug 06 18:21:07.639347 np0000006683 devstack@n-api-meta.service[96012]: running "unix_signal:15 gracefully_kill_them_all" (master-start)...
Aug 06 18:21:09.300997 np0000006683 devstack@n-api-meta.service[96015]: INFO dbcounter [None req-cd3e3f86-cdb9-44f3-a2fb-b7b95b2fd1fc None None] Registered counter for database nova_api
Aug 06 18:21:09.344820 np0000006683 devstack@n-api-meta.service[96015]: DEBUG oslo_db.sqlalchemy.engines [None req-cd3e3f86-cdb9-44f3-a2fb-b7b95b2fd1fc None None] MySQL server mode set to STRICT_TRANS_TABLES,STRICT_ALL_TABLES,NO_ZERO_IN_DATE,NO_ZERO_DATE,ERROR_FOR_DIVISION_BY_ZERO,TRADITIONAL,NO_ENGINE_SUBSTITUTION {{(pid=96015) _check_effective_sql_mode /opt/stack/data/venv/lib/python3.12/site-packages/oslo_db/sqlalchemy/engines.py:325}}
Aug 06 18:21:09.373867 np0000006683 devstack@n-api-meta.service[96015]: DEBUG dbcounter [-] [96015] Writer thread running {{(pid=96015) stat_writer /opt/stack/data/venv/lib/python3.12/site-packages/dbcounter.py:102}}
Aug 06 18:21:09.376319 np0000006683 devstack@n-api-meta.service[96015]: DEBUG nova.context [None req-cd3e3f86-cdb9-44f3-a2fb-b7b95b2fd1fc None None] Found 2 cells: 00000000-0000-0000-0000-000000000000(cell0),30003850-93f6-4583-ad9a-fe22b9a62edb(cell1) {{(pid=96015) load_cells /opt/stack/nova/nova/context.py:509}}
Aug 06 18:21:09.376558 np0000006683 devstack@n-api-meta.service[96015]: INFO nova.utils [None req-cd3e3f86-cdb9-44f3-a2fb-b7b95b2fd1fc None None] The cell worker thread pool MainProcess.cell_worker is initialized
Aug 06 18:21:09.378220 np0000006683 devstack@n-api-meta.service[96015]: DEBUG oslo_concurrency.lockutils [None req-cd3e3f86-cdb9-44f3-a2fb-b7b95b2fd1fc None None] Acquiring lock "00000000-0000-0000-0000-000000000000" by "nova.context.set_target_cell..get_or_set_cached_cell_and_set_connections" {{(pid=96015) inner /opt/stack/data/venv/lib/python3.12/site-packages/oslo_concurrency/lockutils.py:512}}
Aug 06 18:21:09.378422 np0000006683 devstack@n-api-meta.service[96015]: DEBUG oslo_concurrency.lockutils [None req-cd3e3f86-cdb9-44f3-a2fb-b7b95b2fd1fc None None] Lock "00000000-0000-0000-0000-000000000000" acquired by "nova.context.set_target_cell..get_or_set_cached_cell_and_set_connections" :: waited 0.000s {{(pid=96015) inner /opt/stack/data/venv/lib/python3.12/site-packages/oslo_concurrency/lockutils.py:525}}
Aug 06 18:21:09.378801 np0000006683 devstack@n-api-meta.service[96015]: DEBUG oslo_concurrency.lockutils [None req-cd3e3f86-cdb9-44f3-a2fb-b7b95b2fd1fc None None] Lock "00000000-0000-0000-0000-000000000000" "released" by "nova.context.set_target_cell..get_or_set_cached_cell_and_set_connections" :: held 0.000s {{(pid=96015) inner /opt/stack/data/venv/lib/python3.12/site-packages/oslo_concurrency/lockutils.py:544}}
Aug 06 18:21:09.379484 np0000006683 devstack@n-api-meta.service[96015]: DEBUG oslo_concurrency.lockutils [None req-cd3e3f86-cdb9-44f3-a2fb-b7b95b2fd1fc None None] Acquiring lock "30003850-93f6-4583-ad9a-fe22b9a62edb" by "nova.context.set_target_cell..get_or_set_cached_cell_and_set_connections" {{(pid=96015) inner /opt/stack/data/venv/lib/python3.12/site-packages/oslo_concurrency/lockutils.py:512}}
Aug 06 18:21:09.379625 np0000006683 devstack@n-api-meta.service[96015]: DEBUG oslo_concurrency.lockutils [None req-cd3e3f86-cdb9-44f3-a2fb-b7b95b2fd1fc None None] Lock "30003850-93f6-4583-ad9a-fe22b9a62edb" acquired by "nova.context.set_target_cell..get_or_set_cached_cell_and_set_connections" :: waited 0.000s {{(pid=96015) inner /opt/stack/data/venv/lib/python3.12/site-packages/oslo_concurrency/lockutils.py:525}}
Aug 06 18:21:09.380417 np0000006683 devstack@n-api-meta.service[96015]: DEBUG oslo_concurrency.lockutils [None req-cd3e3f86-cdb9-44f3-a2fb-b7b95b2fd1fc None None] Lock "30003850-93f6-4583-ad9a-fe22b9a62edb" "released" by "nova.context.set_target_cell..get_or_set_cached_cell_and_set_connections" :: held 0.001s {{(pid=96015) inner /opt/stack/data/venv/lib/python3.12/site-packages/oslo_concurrency/lockutils.py:544}}
Aug 06 18:21:09.382334 np0000006683 devstack@n-api-meta.service[96015]: INFO dbcounter [None req-cd3e3f86-cdb9-44f3-a2fb-b7b95b2fd1fc None None] Registered counter for database nova_cell0
Aug 06 18:21:09.385196 np0000006683 devstack@n-api-meta.service[96015]: INFO dbcounter [None req-cd3e3f86-cdb9-44f3-a2fb-b7b95b2fd1fc None None] Registered counter for database nova_cell1
Aug 06 18:21:09.396495 np0000006683 devstack@n-api-meta.service[96016]: INFO dbcounter [None req-36a1149c-0f11-47d5-acb3-aefb4ee97db7 None None] Registered counter for database nova_api
Aug 06 18:21:09.398400 np0000006683 devstack@n-api-meta.service[96013]: INFO dbcounter [None req-01b60966-2ea9-4c65-9a02-a9e75981605d None None] Registered counter for database nova_api
Aug 06 18:21:09.425846 np0000006683 devstack@n-api-meta.service[96015]: DEBUG oslo_db.sqlalchemy.engines [None req-cd3e3f86-cdb9-44f3-a2fb-b7b95b2fd1fc None None] MySQL server mode set to STRICT_TRANS_TABLES,STRICT_ALL_TABLES,NO_ZERO_IN_DATE,NO_ZERO_DATE,ERROR_FOR_DIVISION_BY_ZERO,TRADITIONAL,NO_ENGINE_SUBSTITUTION {{(pid=96015) _check_effective_sql_mode /opt/stack/data/venv/lib/python3.12/site-packages/oslo_db/sqlalchemy/engines.py:325}}
Aug 06 18:21:09.439163 np0000006683 devstack@n-api-meta.service[96016]: DEBUG oslo_db.sqlalchemy.engines [None req-36a1149c-0f11-47d5-acb3-aefb4ee97db7 None None] MySQL server mode set to STRICT_TRANS_TABLES,STRICT_ALL_TABLES,NO_ZERO_IN_DATE,NO_ZERO_DATE,ERROR_FOR_DIVISION_BY_ZERO,TRADITIONAL,NO_ENGINE_SUBSTITUTION {{(pid=96016) _check_effective_sql_mode /opt/stack/data/venv/lib/python3.12/site-packages/oslo_db/sqlalchemy/engines.py:325}}
Aug 06 18:21:09.441852 np0000006683 devstack@n-api-meta.service[96013]: DEBUG oslo_db.sqlalchemy.engines [None req-01b60966-2ea9-4c65-9a02-a9e75981605d None None] MySQL server mode set to STRICT_TRANS_TABLES,STRICT_ALL_TABLES,NO_ZERO_IN_DATE,NO_ZERO_DATE,ERROR_FOR_DIVISION_BY_ZERO,TRADITIONAL,NO_ENGINE_SUBSTITUTION {{(pid=96013) _check_effective_sql_mode /opt/stack/data/venv/lib/python3.12/site-packages/oslo_db/sqlalchemy/engines.py:325}}
Aug 06 18:21:09.445128 np0000006683 devstack@n-api-meta.service[96014]: INFO dbcounter [None req-6f865cd8-ece3-471c-9dd5-d7b9c90e5e6d None None] Registered counter for database nova_api
Aug 06 18:21:09.469435 np0000006683 devstack@n-api-meta.service[96016]: DEBUG dbcounter [-] [96016] Writer thread running {{(pid=96016) stat_writer /opt/stack/data/venv/lib/python3.12/site-packages/dbcounter.py:102}}
Aug 06 18:21:09.469977 np0000006683 devstack@n-api-meta.service[96013]: DEBUG dbcounter [-] [96013] Writer thread running {{(pid=96013) stat_writer /opt/stack/data/venv/lib/python3.12/site-packages/dbcounter.py:102}}
Aug 06 18:21:09.471876 np0000006683 devstack@n-api-meta.service[96016]: DEBUG nova.context [None req-36a1149c-0f11-47d5-acb3-aefb4ee97db7 None None] Found 2 cells: 00000000-0000-0000-0000-000000000000(cell0),30003850-93f6-4583-ad9a-fe22b9a62edb(cell1) {{(pid=96016) load_cells /opt/stack/nova/nova/context.py:509}}
Aug 06 18:21:09.472092 np0000006683 devstack@n-api-meta.service[96016]: INFO nova.utils [None req-36a1149c-0f11-47d5-acb3-aefb4ee97db7 None None] The cell worker thread pool MainProcess.cell_worker is initialized
Aug 06 18:21:09.472569 np0000006683 devstack@n-api-meta.service[96013]: DEBUG nova.context [None req-01b60966-2ea9-4c65-9a02-a9e75981605d None None] Found 2 cells: 00000000-0000-0000-0000-000000000000(cell0),30003850-93f6-4583-ad9a-fe22b9a62edb(cell1) {{(pid=96013) load_cells /opt/stack/nova/nova/context.py:509}}
Aug 06 18:21:09.472852 np0000006683 devstack@n-api-meta.service[96013]: INFO nova.utils [None req-01b60966-2ea9-4c65-9a02-a9e75981605d None None] The cell worker thread pool MainProcess.cell_worker is initialized
Aug 06 18:21:09.473847 np0000006683 devstack@n-api-meta.service[96016]: DEBUG oslo_concurrency.lockutils [None req-36a1149c-0f11-47d5-acb3-aefb4ee97db7 None None] Acquiring lock "00000000-0000-0000-0000-000000000000" by "nova.context.set_target_cell..get_or_set_cached_cell_and_set_connections" {{(pid=96016) inner /opt/stack/data/venv/lib/python3.12/site-packages/oslo_concurrency/lockutils.py:512}}
Aug 06 18:21:09.473993 np0000006683 devstack@n-api-meta.service[96016]: DEBUG oslo_concurrency.lockutils [None req-36a1149c-0f11-47d5-acb3-aefb4ee97db7 None None] Lock "00000000-0000-0000-0000-000000000000" acquired by "nova.context.set_target_cell..get_or_set_cached_cell_and_set_connections" :: waited 0.000s {{(pid=96016) inner /opt/stack/data/venv/lib/python3.12/site-packages/oslo_concurrency/lockutils.py:525}}
Aug 06 18:21:09.474362 np0000006683 devstack@n-api-meta.service[96016]: DEBUG oslo_concurrency.lockutils [None req-36a1149c-0f11-47d5-acb3-aefb4ee97db7 None None] Lock "00000000-0000-0000-0000-000000000000" "released" by "nova.context.set_target_cell..get_or_set_cached_cell_and_set_connections" :: held 0.000s {{(pid=96016) inner /opt/stack/data/venv/lib/python3.12/site-packages/oslo_concurrency/lockutils.py:544}}
Aug 06 18:21:09.474673 np0000006683 devstack@n-api-meta.service[96013]: DEBUG oslo_concurrency.lockutils [None req-01b60966-2ea9-4c65-9a02-a9e75981605d None None] Acquiring lock "00000000-0000-0000-0000-000000000000" by "nova.context.set_target_cell..get_or_set_cached_cell_and_set_connections" {{(pid=96013) inner /opt/stack/data/venv/lib/python3.12/site-packages/oslo_concurrency/lockutils.py:512}}
Aug 06 18:21:09.474871 np0000006683 devstack@n-api-meta.service[96013]: DEBUG oslo_concurrency.lockutils [None req-01b60966-2ea9-4c65-9a02-a9e75981605d None None] Lock "00000000-0000-0000-0000-000000000000" acquired by "nova.context.set_target_cell..get_or_set_cached_cell_and_set_connections" :: waited 0.000s {{(pid=96013) inner /opt/stack/data/venv/lib/python3.12/site-packages/oslo_concurrency/lockutils.py:525}}
Aug 06 18:21:09.475015 np0000006683 devstack@n-api-meta.service[96016]: DEBUG oslo_concurrency.lockutils [None req-36a1149c-0f11-47d5-acb3-aefb4ee97db7 None None] Acquiring lock "30003850-93f6-4583-ad9a-fe22b9a62edb" by "nova.context.set_target_cell..get_or_set_cached_cell_and_set_connections" {{(pid=96016) inner /opt/stack/data/venv/lib/python3.12/site-packages/oslo_concurrency/lockutils.py:512}}
Aug 06 18:21:09.475168 np0000006683 devstack@n-api-meta.service[96016]: DEBUG oslo_concurrency.lockutils [None req-36a1149c-0f11-47d5-acb3-aefb4ee97db7 None None] Lock "30003850-93f6-4583-ad9a-fe22b9a62edb" acquired by "nova.context.set_target_cell..get_or_set_cached_cell_and_set_connections" :: waited 0.000s {{(pid=96016) inner /opt/stack/data/venv/lib/python3.12/site-packages/oslo_concurrency/lockutils.py:525}}
Aug 06 18:21:09.475358 np0000006683 devstack@n-api-meta.service[96013]: DEBUG oslo_concurrency.lockutils [None req-01b60966-2ea9-4c65-9a02-a9e75981605d None None] Lock "00000000-0000-0000-0000-000000000000" "released" by "nova.context.set_target_cell..get_or_set_cached_cell_and_set_connections" :: held 0.000s {{(pid=96013) inner /opt/stack/data/venv/lib/python3.12/site-packages/oslo_concurrency/lockutils.py:544}}
Aug 06 18:21:09.475987 np0000006683 devstack@n-api-meta.service[96013]: DEBUG oslo_concurrency.lockutils [None req-01b60966-2ea9-4c65-9a02-a9e75981605d None None] Acquiring lock "30003850-93f6-4583-ad9a-fe22b9a62edb" by "nova.context.set_target_cell..get_or_set_cached_cell_and_set_connections" {{(pid=96013) inner /opt/stack/data/venv/lib/python3.12/site-packages/oslo_concurrency/lockutils.py:512}}
Aug 06 18:21:09.477265 np0000006683 devstack@n-api-meta.service[96013]: INFO dbcounter [None req-01b60966-2ea9-4c65-9a02-a9e75981605d None None] Registered counter for database nova_cell0
Aug 06 18:21:09.477636 np0000006683 devstack@n-api-meta.service[96016]: INFO dbcounter [None req-36a1149c-0f11-47d5-acb3-aefb4ee97db7 None None] Registered counter for database nova_cell0
Aug 06 18:21:09.478248 np0000006683 devstack@n-api-meta.service[96013]: DEBUG oslo_concurrency.lockutils [None req-01b60966-2ea9-4c65-9a02-a9e75981605d None None] Lock "30003850-93f6-4583-ad9a-fe22b9a62edb" acquired by "nova.context.set_target_cell..get_or_set_cached_cell_and_set_connections" :: waited 0.001s {{(pid=96013) inner /opt/stack/data/venv/lib/python3.12/site-packages/oslo_concurrency/lockutils.py:525}}
Aug 06 18:21:09.479086 np0000006683 devstack@n-api-meta.service[96016]: DEBUG oslo_concurrency.lockutils [None req-36a1149c-0f11-47d5-acb3-aefb4ee97db7 None None] Lock "30003850-93f6-4583-ad9a-fe22b9a62edb" "released" by "nova.context.set_target_cell..get_or_set_cached_cell_and_set_connections" :: held 0.002s {{(pid=96016) inner /opt/stack/data/venv/lib/python3.12/site-packages/oslo_concurrency/lockutils.py:544}}
Aug 06 18:21:09.479337 np0000006683 devstack@n-api-meta.service[96013]: DEBUG oslo_concurrency.lockutils [None req-01b60966-2ea9-4c65-9a02-a9e75981605d None None] Lock "30003850-93f6-4583-ad9a-fe22b9a62edb" "released" by "nova.context.set_target_cell..get_or_set_cached_cell_and_set_connections" :: held 0.002s {{(pid=96013) inner /opt/stack/data/venv/lib/python3.12/site-packages/oslo_concurrency/lockutils.py:544}}
Aug 06 18:21:09.483134 np0000006683 devstack@n-api-meta.service[96013]: INFO dbcounter [None req-01b60966-2ea9-4c65-9a02-a9e75981605d None None] Registered counter for database nova_cell1
Aug 06 18:21:09.483223 np0000006683 devstack@n-api-meta.service[96016]: INFO dbcounter [None req-36a1149c-0f11-47d5-acb3-aefb4ee97db7 None None] Registered counter for database nova_cell1
Aug 06 18:21:09.488582 np0000006683 devstack@n-api-meta.service[96014]: DEBUG oslo_db.sqlalchemy.engines [None req-6f865cd8-ece3-471c-9dd5-d7b9c90e5e6d None None] MySQL server mode set to STRICT_TRANS_TABLES,STRICT_ALL_TABLES,NO_ZERO_IN_DATE,NO_ZERO_DATE,ERROR_FOR_DIVISION_BY_ZERO,TRADITIONAL,NO_ENGINE_SUBSTITUTION {{(pid=96014) _check_effective_sql_mode /opt/stack/data/venv/lib/python3.12/site-packages/oslo_db/sqlalchemy/engines.py:325}}
Aug 06 18:21:09.517702 np0000006683 devstack@n-api-meta.service[96015]: DEBUG oslo_db.sqlalchemy.engines [None req-cd3e3f86-cdb9-44f3-a2fb-b7b95b2fd1fc None None] MySQL server mode set to STRICT_TRANS_TABLES,STRICT_ALL_TABLES,NO_ZERO_IN_DATE,NO_ZERO_DATE,ERROR_FOR_DIVISION_BY_ZERO,TRADITIONAL,NO_ENGINE_SUBSTITUTION {{(pid=96015) _check_effective_sql_mode /opt/stack/data/venv/lib/python3.12/site-packages/oslo_db/sqlalchemy/engines.py:325}}
Aug 06 18:21:09.518555 np0000006683 devstack@n-api-meta.service[96013]: DEBUG oslo_db.sqlalchemy.engines [None req-01b60966-2ea9-4c65-9a02-a9e75981605d None None] MySQL server mode set to STRICT_TRANS_TABLES,STRICT_ALL_TABLES,NO_ZERO_IN_DATE,NO_ZERO_DATE,ERROR_FOR_DIVISION_BY_ZERO,TRADITIONAL,NO_ENGINE_SUBSTITUTION {{(pid=96013) _check_effective_sql_mode /opt/stack/data/venv/lib/python3.12/site-packages/oslo_db/sqlalchemy/engines.py:325}}
Aug 06 18:21:09.521667 np0000006683 devstack@n-api-meta.service[96015]: DEBUG dbcounter [-] [96015] Writer thread running {{(pid=96015) stat_writer /opt/stack/data/venv/lib/python3.12/site-packages/dbcounter.py:102}}
Aug 06 18:21:09.521987 np0000006683 devstack@n-api-meta.service[96014]: DEBUG dbcounter [-] [96014] Writer thread running {{(pid=96014) stat_writer /opt/stack/data/venv/lib/python3.12/site-packages/dbcounter.py:102}}
Aug 06 18:21:09.522456 np0000006683 devstack@n-api-meta.service[96013]: DEBUG oslo_db.sqlalchemy.engines [None req-01b60966-2ea9-4c65-9a02-a9e75981605d None None] MySQL server mode set to STRICT_TRANS_TABLES,STRICT_ALL_TABLES,NO_ZERO_IN_DATE,NO_ZERO_DATE,ERROR_FOR_DIVISION_BY_ZERO,TRADITIONAL,NO_ENGINE_SUBSTITUTION {{(pid=96013) _check_effective_sql_mode /opt/stack/data/venv/lib/python3.12/site-packages/oslo_db/sqlalchemy/engines.py:325}}
Aug 06 18:21:09.524501 np0000006683 devstack@n-api-meta.service[96014]: DEBUG nova.context [None req-6f865cd8-ece3-471c-9dd5-d7b9c90e5e6d None None] Found 2 cells: 00000000-0000-0000-0000-000000000000(cell0),30003850-93f6-4583-ad9a-fe22b9a62edb(cell1) {{(pid=96014) load_cells /opt/stack/nova/nova/context.py:509}}
Aug 06 18:21:09.524777 np0000006683 devstack@n-api-meta.service[96014]: INFO nova.utils [None req-6f865cd8-ece3-471c-9dd5-d7b9c90e5e6d None None] The cell worker thread pool MainProcess.cell_worker is initialized
Aug 06 18:21:09.526817 np0000006683 devstack@n-api-meta.service[96014]: DEBUG oslo_concurrency.lockutils [None req-6f865cd8-ece3-471c-9dd5-d7b9c90e5e6d None None] Acquiring lock "00000000-0000-0000-0000-000000000000" by "nova.context.set_target_cell..get_or_set_cached_cell_and_set_connections" {{(pid=96014) inner /opt/stack/data/venv/lib/python3.12/site-packages/oslo_concurrency/lockutils.py:512}}
Aug 06 18:21:09.527015 np0000006683 devstack@n-api-meta.service[96014]: DEBUG oslo_concurrency.lockutils [None req-6f865cd8-ece3-471c-9dd5-d7b9c90e5e6d None None] Lock "00000000-0000-0000-0000-000000000000" acquired by "nova.context.set_target_cell..get_or_set_cached_cell_and_set_connections" :: waited 0.000s {{(pid=96014) inner /opt/stack/data/venv/lib/python3.12/site-packages/oslo_concurrency/lockutils.py:525}}
Aug 06 18:21:09.527480 np0000006683 devstack@n-api-meta.service[96014]: DEBUG oslo_concurrency.lockutils [None req-6f865cd8-ece3-471c-9dd5-d7b9c90e5e6d None None] Lock "00000000-0000-0000-0000-000000000000" "released" by "nova.context.set_target_cell..get_or_set_cached_cell_and_set_connections" :: held 0.000s {{(pid=96014) inner /opt/stack/data/venv/lib/python3.12/site-packages/oslo_concurrency/lockutils.py:544}}
Aug 06 18:21:09.528158 np0000006683 devstack@n-api-meta.service[96014]: DEBUG oslo_concurrency.lockutils [None req-6f865cd8-ece3-471c-9dd5-d7b9c90e5e6d None None] Acquiring lock "30003850-93f6-4583-ad9a-fe22b9a62edb" by "nova.context.set_target_cell..get_or_set_cached_cell_and_set_connections" {{(pid=96014) inner /opt/stack/data/venv/lib/python3.12/site-packages/oslo_concurrency/lockutils.py:512}}
Aug 06 18:21:09.528928 np0000006683 devstack@n-api-meta.service[96015]: DEBUG dbcounter [-] [96015] Writer thread running {{(pid=96015) stat_writer /opt/stack/data/venv/lib/python3.12/site-packages/dbcounter.py:102}}
Aug 06 18:21:09.529734 np0000006683 devstack@n-api-meta.service[96014]: DEBUG oslo_concurrency.lockutils [None req-6f865cd8-ece3-471c-9dd5-d7b9c90e5e6d None None] Lock "30003850-93f6-4583-ad9a-fe22b9a62edb" acquired by "nova.context.set_target_cell..get_or_set_cached_cell_and_set_connections" :: waited 0.001s {{(pid=96014) inner /opt/stack/data/venv/lib/python3.12/site-packages/oslo_concurrency/lockutils.py:525}}
Aug 06 18:21:09.530765 np0000006683 devstack@n-api-meta.service[96014]: INFO dbcounter [None req-6f865cd8-ece3-471c-9dd5-d7b9c90e5e6d None None] Registered counter for database nova_cell0
Aug 06 18:21:09.532313 np0000006683 devstack@n-api-meta.service[96014]: DEBUG oslo_concurrency.lockutils [None req-6f865cd8-ece3-471c-9dd5-d7b9c90e5e6d None None] Lock "30003850-93f6-4583-ad9a-fe22b9a62edb" "released" by "nova.context.set_target_cell..get_or_set_cached_cell_and_set_connections" :: held 0.001s {{(pid=96014) inner /opt/stack/data/venv/lib/python3.12/site-packages/oslo_concurrency/lockutils.py:544}}
Aug 06 18:21:09.534421 np0000006683 devstack@n-api-meta.service[96014]: INFO dbcounter [None req-6f865cd8-ece3-471c-9dd5-d7b9c90e5e6d None None] Registered counter for database nova_cell1
Aug 06 18:21:09.535049 np0000006683 devstack@n-api-meta.service[96016]: DEBUG oslo_db.sqlalchemy.engines [None req-36a1149c-0f11-47d5-acb3-aefb4ee97db7 None None] MySQL server mode set to STRICT_TRANS_TABLES,STRICT_ALL_TABLES,NO_ZERO_IN_DATE,NO_ZERO_DATE,ERROR_FOR_DIVISION_BY_ZERO,TRADITIONAL,NO_ENGINE_SUBSTITUTION {{(pid=96016) _check_effective_sql_mode /opt/stack/data/venv/lib/python3.12/site-packages/oslo_db/sqlalchemy/engines.py:325}}
Aug 06 18:21:09.535144 np0000006683 devstack@n-api-meta.service[96015]: INFO dbcounter [None req-cd3e3f86-cdb9-44f3-a2fb-b7b95b2fd1fc None None] Registered counter for database nova_cell0
Aug 06 18:21:09.537611 np0000006683 devstack@n-api-meta.service[96016]: DEBUG oslo_db.sqlalchemy.engines [None req-36a1149c-0f11-47d5-acb3-aefb4ee97db7 None None] MySQL server mode set to STRICT_TRANS_TABLES,STRICT_ALL_TABLES,NO_ZERO_IN_DATE,NO_ZERO_DATE,ERROR_FOR_DIVISION_BY_ZERO,TRADITIONAL,NO_ENGINE_SUBSTITUTION {{(pid=96016) _check_effective_sql_mode /opt/stack/data/venv/lib/python3.12/site-packages/oslo_db/sqlalchemy/engines.py:325}}
Aug 06 18:21:09.585611 np0000006683 devstack@n-api-meta.service[96014]: DEBUG oslo_db.sqlalchemy.engines [None req-6f865cd8-ece3-471c-9dd5-d7b9c90e5e6d None None] MySQL server mode set to STRICT_TRANS_TABLES,STRICT_ALL_TABLES,NO_ZERO_IN_DATE,NO_ZERO_DATE,ERROR_FOR_DIVISION_BY_ZERO,TRADITIONAL,NO_ENGINE_SUBSTITUTION {{(pid=96014) _check_effective_sql_mode /opt/stack/data/venv/lib/python3.12/site-packages/oslo_db/sqlalchemy/engines.py:325}}
Aug 06 18:21:09.589228 np0000006683 devstack@n-api-meta.service[96015]: DEBUG oslo_db.sqlalchemy.engines [None req-cd3e3f86-cdb9-44f3-a2fb-b7b95b2fd1fc None None] MySQL server mode set to STRICT_TRANS_TABLES,STRICT_ALL_TABLES,NO_ZERO_IN_DATE,NO_ZERO_DATE,ERROR_FOR_DIVISION_BY_ZERO,TRADITIONAL,NO_ENGINE_SUBSTITUTION {{(pid=96015) _check_effective_sql_mode /opt/stack/data/venv/lib/python3.12/site-packages/oslo_db/sqlalchemy/engines.py:325}}
Aug 06 18:21:09.594858 np0000006683 devstack@n-api-meta.service[96015]: DEBUG dbcounter [-] [96015] Writer thread running {{(pid=96015) stat_writer /opt/stack/data/venv/lib/python3.12/site-packages/dbcounter.py:102}}
Aug 06 18:21:09.621438 np0000006683 devstack@n-api-meta.service[96013]: DEBUG dbcounter [-] [96013] Writer thread running {{(pid=96013) stat_writer /opt/stack/data/venv/lib/python3.12/site-packages/dbcounter.py:102}}
Aug 06 18:21:09.626042 np0000006683 devstack@n-api-meta.service[96013]: DEBUG dbcounter [-] [96013] Writer thread running {{(pid=96013) stat_writer /opt/stack/data/venv/lib/python3.12/site-packages/dbcounter.py:102}}
Aug 06 18:21:09.629802 np0000006683 devstack@n-api-meta.service[96013]: INFO dbcounter [None req-01b60966-2ea9-4c65-9a02-a9e75981605d None None] Registered counter for database nova_cell0
Aug 06 18:21:09.642501 np0000006683 devstack@n-api-meta.service[96015]: WARNING nova.api.metadata.handler [None req-cd3e3f86-cdb9-44f3-a2fb-b7b95b2fd1fc None None] metadata_proxy_shared_secret is not configured, the metadata information returned by the proxy cannot be trusted
Aug 06 18:21:09.645587 np0000006683 devstack@n-api-meta.service[96015]: DEBUG nova.api.openstack.wsgi_app [None req-cd3e3f86-cdb9-44f3-a2fb-b7b95b2fd1fc None None] ******************************************************************************** {{(pid=96015) log_opt_values /opt/stack/data/venv/lib/python3.12/site-packages/oslo_config/cfg.py:3518}}
Aug 06 18:21:09.645762 np0000006683 devstack@n-api-meta.service[96015]: DEBUG nova.api.openstack.wsgi_app [None req-cd3e3f86-cdb9-44f3-a2fb-b7b95b2fd1fc None None] Configuration options gathered from: {{(pid=96015) log_opt_values /opt/stack/data/venv/lib/python3.12/site-packages/oslo_config/cfg.py:3519}}
Aug 06 18:21:09.645923 np0000006683 devstack@n-api-meta.service[96015]: DEBUG nova.api.openstack.wsgi_app [None req-cd3e3f86-cdb9-44f3-a2fb-b7b95b2fd1fc None None] command line args: [] {{(pid=96015) log_opt_values /opt/stack/data/venv/lib/python3.12/site-packages/oslo_config/cfg.py:3520}}
Aug 06 18:21:09.646179 np0000006683 devstack@n-api-meta.service[96015]: DEBUG nova.api.openstack.wsgi_app [None req-cd3e3f86-cdb9-44f3-a2fb-b7b95b2fd1fc None None] config files: ['/etc/nova/api-paste.ini', '/etc/nova/nova.conf'] {{(pid=96015) log_opt_values /opt/stack/data/venv/lib/python3.12/site-packages/oslo_config/cfg.py:3521}}
Aug 06 18:21:09.646343 np0000006683 devstack@n-api-meta.service[96015]: DEBUG nova.api.openstack.wsgi_app [None req-cd3e3f86-cdb9-44f3-a2fb-b7b95b2fd1fc None None] ================================================================================ {{(pid=96015) log_opt_values /opt/stack/data/venv/lib/python3.12/site-packages/oslo_config/cfg.py:3526}}
Aug 06 18:21:09.646593 np0000006683 devstack@n-api-meta.service[96015]: DEBUG nova.api.openstack.wsgi_app [None req-cd3e3f86-cdb9-44f3-a2fb-b7b95b2fd1fc None None] allow_resize_to_same_host = True {{(pid=96015) log_opt_values /opt/stack/data/venv/lib/python3.12/site-packages/oslo_config/cfg.py:3534}}
Aug 06 18:21:09.646792 np0000006683 devstack@n-api-meta.service[96015]: DEBUG nova.api.openstack.wsgi_app [None req-cd3e3f86-cdb9-44f3-a2fb-b7b95b2fd1fc None None] arq_binding_timeout = 300 {{(pid=96015) log_opt_values /opt/stack/data/venv/lib/python3.12/site-packages/oslo_config/cfg.py:3534}}
Aug 06 18:21:09.646973 np0000006683 devstack@n-api-meta.service[96015]: DEBUG nova.api.openstack.wsgi_app [None req-cd3e3f86-cdb9-44f3-a2fb-b7b95b2fd1fc None None] block_device_allocate_retries = 60 {{(pid=96015) log_opt_values /opt/stack/data/venv/lib/python3.12/site-packages/oslo_config/cfg.py:3534}}
Aug 06 18:21:09.647174 np0000006683 devstack@n-api-meta.service[96015]: DEBUG nova.api.openstack.wsgi_app [None req-cd3e3f86-cdb9-44f3-a2fb-b7b95b2fd1fc None None] block_device_allocate_retries_interval = 3 {{(pid=96015) log_opt_values /opt/stack/data/venv/lib/python3.12/site-packages/oslo_config/cfg.py:3534}}
Aug 06 18:21:09.647382 np0000006683 devstack@n-api-meta.service[96015]: DEBUG nova.api.openstack.wsgi_app [None req-cd3e3f86-cdb9-44f3-a2fb-b7b95b2fd1fc None None] cell_worker_thread_pool_size = 5 {{(pid=96015) log_opt_values /opt/stack/data/venv/lib/python3.12/site-packages/oslo_config/cfg.py:3534}}
Aug 06 18:21:09.647589 np0000006683 devstack@n-api-meta.service[96015]: DEBUG nova.api.openstack.wsgi_app [None req-cd3e3f86-cdb9-44f3-a2fb-b7b95b2fd1fc None None] cert = self.pem {{(pid=96015) log_opt_values /opt/stack/data/venv/lib/python3.12/site-packages/oslo_config/cfg.py:3534}}
Aug 06 18:21:09.647796 np0000006683 devstack@n-api-meta.service[96015]: DEBUG nova.api.openstack.wsgi_app [None req-cd3e3f86-cdb9-44f3-a2fb-b7b95b2fd1fc None None] compute_driver = libvirt.LibvirtDriver {{(pid=96015) log_opt_values /opt/stack/data/venv/lib/python3.12/site-packages/oslo_config/cfg.py:3534}}
Aug 06 18:21:09.647982 np0000006683 devstack@n-api-meta.service[96015]: DEBUG nova.api.openstack.wsgi_app [None req-cd3e3f86-cdb9-44f3-a2fb-b7b95b2fd1fc None None] compute_monitors = [] {{(pid=96015) log_opt_values /opt/stack/data/venv/lib/python3.12/site-packages/oslo_config/cfg.py:3534}}
Aug 06 18:21:09.648193 np0000006683 devstack@n-api-meta.service[96015]: DEBUG nova.api.openstack.wsgi_app [None req-cd3e3f86-cdb9-44f3-a2fb-b7b95b2fd1fc None None] concurrency_backend = auto {{(pid=96015) log_opt_values /opt/stack/data/venv/lib/python3.12/site-packages/oslo_config/cfg.py:3534}}
Aug 06 18:21:09.648384 np0000006683 devstack@n-api-meta.service[96015]: DEBUG nova.api.openstack.wsgi_app [None req-cd3e3f86-cdb9-44f3-a2fb-b7b95b2fd1fc None None] config_dir = [] {{(pid=96015) log_opt_values /opt/stack/data/venv/lib/python3.12/site-packages/oslo_config/cfg.py:3534}}
Aug 06 18:21:09.648581 np0000006683 devstack@n-api-meta.service[96015]: DEBUG nova.api.openstack.wsgi_app [None req-cd3e3f86-cdb9-44f3-a2fb-b7b95b2fd1fc None None] config_drive_format = iso9660 {{(pid=96015) log_opt_values /opt/stack/data/venv/lib/python3.12/site-packages/oslo_config/cfg.py:3534}}
Aug 06 18:21:09.648765 np0000006683 devstack@n-api-meta.service[96015]: DEBUG nova.api.openstack.wsgi_app [None req-cd3e3f86-cdb9-44f3-a2fb-b7b95b2fd1fc None None] config_file = ['/etc/nova/api-paste.ini', '/etc/nova/nova.conf'] {{(pid=96015) log_opt_values /opt/stack/data/venv/lib/python3.12/site-packages/oslo_config/cfg.py:3534}}
Aug 06 18:21:09.648943 np0000006683 devstack@n-api-meta.service[96015]: DEBUG nova.api.openstack.wsgi_app [None req-cd3e3f86-cdb9-44f3-a2fb-b7b95b2fd1fc None None] config_source = [] {{(pid=96015) log_opt_values /opt/stack/data/venv/lib/python3.12/site-packages/oslo_config/cfg.py:3534}}
Aug 06 18:21:09.649127 np0000006683 devstack@n-api-meta.service[96015]: DEBUG nova.api.openstack.wsgi_app [None req-cd3e3f86-cdb9-44f3-a2fb-b7b95b2fd1fc None None] console_host = np0000006683 {{(pid=96015) log_opt_values /opt/stack/data/venv/lib/python3.12/site-packages/oslo_config/cfg.py:3534}}
Aug 06 18:21:09.649281 np0000006683 devstack@n-api-meta.service[96015]: DEBUG nova.api.openstack.wsgi_app [None req-cd3e3f86-cdb9-44f3-a2fb-b7b95b2fd1fc None None] control_exchange = nova {{(pid=96015) log_opt_values /opt/stack/data/venv/lib/python3.12/site-packages/oslo_config/cfg.py:3534}}
Aug 06 18:21:09.649403 np0000006683 devstack@n-api-meta.service[96015]: DEBUG nova.api.openstack.wsgi_app [None req-cd3e3f86-cdb9-44f3-a2fb-b7b95b2fd1fc None None] cpu_allocation_ratio = None {{(pid=96015) log_opt_values /opt/stack/data/venv/lib/python3.12/site-packages/oslo_config/cfg.py:3534}}
Aug 06 18:21:09.649520 np0000006683 devstack@n-api-meta.service[96015]: DEBUG nova.api.openstack.wsgi_app [None req-cd3e3f86-cdb9-44f3-a2fb-b7b95b2fd1fc None None] daemon = False {{(pid=96015) log_opt_values /opt/stack/data/venv/lib/python3.12/site-packages/oslo_config/cfg.py:3534}}
Aug 06 18:21:09.649643 np0000006683 devstack@n-api-meta.service[96015]: DEBUG nova.api.openstack.wsgi_app [None req-cd3e3f86-cdb9-44f3-a2fb-b7b95b2fd1fc None None] debug = True {{(pid=96015) log_opt_values /opt/stack/data/venv/lib/python3.12/site-packages/oslo_config/cfg.py:3534}}
Aug 06 18:21:09.649797 np0000006683 devstack@n-api-meta.service[96015]: DEBUG nova.api.openstack.wsgi_app [None req-cd3e3f86-cdb9-44f3-a2fb-b7b95b2fd1fc None None] default_access_ip_network_name = None {{(pid=96015) log_opt_values /opt/stack/data/venv/lib/python3.12/site-packages/oslo_config/cfg.py:3534}}
Aug 06 18:21:09.649929 np0000006683 devstack@n-api-meta.service[96015]: DEBUG nova.api.openstack.wsgi_app [None req-cd3e3f86-cdb9-44f3-a2fb-b7b95b2fd1fc None None] default_availability_zone = nova {{(pid=96015) log_opt_values /opt/stack/data/venv/lib/python3.12/site-packages/oslo_config/cfg.py:3534}}
Aug 06 18:21:09.650051 np0000006683 devstack@n-api-meta.service[96015]: DEBUG nova.api.openstack.wsgi_app [None req-cd3e3f86-cdb9-44f3-a2fb-b7b95b2fd1fc None None] default_ephemeral_format = ext4 {{(pid=96015) log_opt_values /opt/stack/data/venv/lib/python3.12/site-packages/oslo_config/cfg.py:3534}}
Aug 06 18:21:09.650219 np0000006683 devstack@n-api-meta.service[96015]: DEBUG nova.api.openstack.wsgi_app [None req-cd3e3f86-cdb9-44f3-a2fb-b7b95b2fd1fc None None] default_green_pool_size = 1000 {{(pid=96015) log_opt_values /opt/stack/data/venv/lib/python3.12/site-packages/oslo_config/cfg.py:3534}}
Aug 06 18:21:09.650409 np0000006683 devstack@n-api-meta.service[96015]: DEBUG nova.api.openstack.wsgi_app [None req-cd3e3f86-cdb9-44f3-a2fb-b7b95b2fd1fc None None] default_log_levels = ['amqp=WARN', 'boto=WARN', 'sqlalchemy=WARN', 'suds=INFO', 'oslo.messaging=INFO', 'oslo_messaging=INFO', 'iso8601=WARN', 'requests.packages.urllib3.connectionpool=WARN', 'urllib3.connectionpool=WARN', 'websocket=WARN', 'requests.packages.urllib3.util.retry=WARN', 'urllib3.util.retry=WARN', 'keystonemiddleware=WARN', 'routes.middleware=WARN', 'stevedore=WARN', 'taskflow=WARN', 'keystoneauth=WARN', 'oslo.cache=INFO', 'oslo_policy=INFO', 'dogpile.core.dogpile=INFO', 'glanceclient=WARN', 'oslo.privsep.daemon=INFO'] {{(pid=96015) log_opt_values /opt/stack/data/venv/lib/python3.12/site-packages/oslo_config/cfg.py:3534}}
Aug 06 18:21:09.650523 np0000006683 devstack@n-api-meta.service[96015]: DEBUG nova.api.openstack.wsgi_app [None req-cd3e3f86-cdb9-44f3-a2fb-b7b95b2fd1fc None None] default_schedule_zone = None {{(pid=96015) log_opt_values /opt/stack/data/venv/lib/python3.12/site-packages/oslo_config/cfg.py:3534}}
Aug 06 18:21:09.650637 np0000006683 devstack@n-api-meta.service[96015]: DEBUG nova.api.openstack.wsgi_app [None req-cd3e3f86-cdb9-44f3-a2fb-b7b95b2fd1fc None None] default_thread_pool_size = 10 {{(pid=96015) log_opt_values /opt/stack/data/venv/lib/python3.12/site-packages/oslo_config/cfg.py:3534}}
Aug 06 18:21:09.650760 np0000006683 devstack@n-api-meta.service[96015]: DEBUG nova.api.openstack.wsgi_app [None req-cd3e3f86-cdb9-44f3-a2fb-b7b95b2fd1fc None None] disk_allocation_ratio = None {{(pid=96015) log_opt_values /opt/stack/data/venv/lib/python3.12/site-packages/oslo_config/cfg.py:3534}}
Aug 06 18:21:09.650872 np0000006683 devstack@n-api-meta.service[96015]: DEBUG nova.api.openstack.wsgi_app [None req-cd3e3f86-cdb9-44f3-a2fb-b7b95b2fd1fc None None] enable_new_services = True {{(pid=96015) log_opt_values /opt/stack/data/venv/lib/python3.12/site-packages/oslo_config/cfg.py:3534}}
Aug 06 18:21:09.650989 np0000006683 devstack@n-api-meta.service[96015]: DEBUG nova.api.openstack.wsgi_app [None req-cd3e3f86-cdb9-44f3-a2fb-b7b95b2fd1fc None None] flat_injected = False {{(pid=96015) log_opt_values /opt/stack/data/venv/lib/python3.12/site-packages/oslo_config/cfg.py:3534}}
Aug 06 18:21:09.651107 np0000006683 devstack@n-api-meta.service[96015]: DEBUG nova.api.openstack.wsgi_app [None req-cd3e3f86-cdb9-44f3-a2fb-b7b95b2fd1fc None None] force_config_drive = True {{(pid=96015) log_opt_values /opt/stack/data/venv/lib/python3.12/site-packages/oslo_config/cfg.py:3534}}
Aug 06 18:21:09.651238 np0000006683 devstack@n-api-meta.service[96015]: DEBUG nova.api.openstack.wsgi_app [None req-cd3e3f86-cdb9-44f3-a2fb-b7b95b2fd1fc None None] force_raw_images = True {{(pid=96015) log_opt_values /opt/stack/data/venv/lib/python3.12/site-packages/oslo_config/cfg.py:3534}}
Aug 06 18:21:09.651356 np0000006683 devstack@n-api-meta.service[96016]: DEBUG dbcounter [-] [96016] Writer thread running {{(pid=96016) stat_writer /opt/stack/data/venv/lib/python3.12/site-packages/dbcounter.py:102}}
Aug 06 18:21:09.651407 np0000006683 devstack@n-api-meta.service[96015]: DEBUG nova.api.openstack.wsgi_app [None req-cd3e3f86-cdb9-44f3-a2fb-b7b95b2fd1fc None None] graceful_shutdown_timeout = 5 {{(pid=96015) log_opt_values /opt/stack/data/venv/lib/python3.12/site-packages/oslo_config/cfg.py:3534}}
Aug 06 18:21:09.651482 np0000006683 devstack@n-api-meta.service[96015]: DEBUG nova.api.openstack.wsgi_app [None req-cd3e3f86-cdb9-44f3-a2fb-b7b95b2fd1fc None None] heal_instance_info_cache_interval = -1 {{(pid=96015) log_opt_values /opt/stack/data/venv/lib/python3.12/site-packages/oslo_config/cfg.py:3534}}
Aug 06 18:21:09.651633 np0000006683 devstack@n-api-meta.service[96015]: DEBUG nova.api.openstack.wsgi_app [None req-cd3e3f86-cdb9-44f3-a2fb-b7b95b2fd1fc None None] host = np0000006683 {{(pid=96015) log_opt_values /opt/stack/data/venv/lib/python3.12/site-packages/oslo_config/cfg.py:3534}}
Aug 06 18:21:09.651765 np0000006683 devstack@n-api-meta.service[96015]: DEBUG nova.api.openstack.wsgi_app [None req-cd3e3f86-cdb9-44f3-a2fb-b7b95b2fd1fc None None] initial_cpu_allocation_ratio = 4.0 {{(pid=96015) log_opt_values /opt/stack/data/venv/lib/python3.12/site-packages/oslo_config/cfg.py:3534}}
Aug 06 18:21:09.651879 np0000006683 devstack@n-api-meta.service[96015]: DEBUG nova.api.openstack.wsgi_app [None req-cd3e3f86-cdb9-44f3-a2fb-b7b95b2fd1fc None None] initial_disk_allocation_ratio = 1.0 {{(pid=96015) log_opt_values /opt/stack/data/venv/lib/python3.12/site-packages/oslo_config/cfg.py:3534}}
Aug 06 18:21:09.651997 np0000006683 devstack@n-api-meta.service[96015]: DEBUG nova.api.openstack.wsgi_app [None req-cd3e3f86-cdb9-44f3-a2fb-b7b95b2fd1fc None None] initial_ram_allocation_ratio = 1.0 {{(pid=96015) log_opt_values /opt/stack/data/venv/lib/python3.12/site-packages/oslo_config/cfg.py:3534}}
Aug 06 18:21:09.652044 np0000006683 devstack@n-api-meta.service[96016]: DEBUG dbcounter [-] [96016] Writer thread running {{(pid=96016) stat_writer /opt/stack/data/venv/lib/python3.12/site-packages/dbcounter.py:102}}
Aug 06 18:21:09.652199 np0000006683 devstack@n-api-meta.service[96015]: DEBUG nova.api.openstack.wsgi_app [None req-cd3e3f86-cdb9-44f3-a2fb-b7b95b2fd1fc None None] injected_network_template = /opt/stack/nova/nova/virt/interfaces.template {{(pid=96015) log_opt_values /opt/stack/data/venv/lib/python3.12/site-packages/oslo_config/cfg.py:3534}}
Aug 06 18:21:09.652325 np0000006683 devstack@n-api-meta.service[96015]: DEBUG nova.api.openstack.wsgi_app [None req-cd3e3f86-cdb9-44f3-a2fb-b7b95b2fd1fc None None] instance_build_timeout = 0 {{(pid=96015) log_opt_values /opt/stack/data/venv/lib/python3.12/site-packages/oslo_config/cfg.py:3534}}
Aug 06 18:21:09.652441 np0000006683 devstack@n-api-meta.service[96015]: DEBUG nova.api.openstack.wsgi_app [None req-cd3e3f86-cdb9-44f3-a2fb-b7b95b2fd1fc None None] instance_delete_interval = 300 {{(pid=96015) log_opt_values /opt/stack/data/venv/lib/python3.12/site-packages/oslo_config/cfg.py:3534}}
Aug 06 18:21:09.652558 np0000006683 devstack@n-api-meta.service[96015]: DEBUG nova.api.openstack.wsgi_app [None req-cd3e3f86-cdb9-44f3-a2fb-b7b95b2fd1fc None None] instance_format = [instance: %(uuid)s] {{(pid=96015) log_opt_values /opt/stack/data/venv/lib/python3.12/site-packages/oslo_config/cfg.py:3534}}
Aug 06 18:21:09.652687 np0000006683 devstack@n-api-meta.service[96015]: DEBUG nova.api.openstack.wsgi_app [None req-cd3e3f86-cdb9-44f3-a2fb-b7b95b2fd1fc None None] instance_name_template = instance-%08x {{(pid=96015) log_opt_values /opt/stack/data/venv/lib/python3.12/site-packages/oslo_config/cfg.py:3534}}
Aug 06 18:21:09.652801 np0000006683 devstack@n-api-meta.service[96015]: DEBUG nova.api.openstack.wsgi_app [None req-cd3e3f86-cdb9-44f3-a2fb-b7b95b2fd1fc None None] instance_usage_audit = False {{(pid=96015) log_opt_values /opt/stack/data/venv/lib/python3.12/site-packages/oslo_config/cfg.py:3534}}
Aug 06 18:21:09.652922 np0000006683 devstack@n-api-meta.service[96015]: DEBUG nova.api.openstack.wsgi_app [None req-cd3e3f86-cdb9-44f3-a2fb-b7b95b2fd1fc None None] instance_usage_audit_period = month {{(pid=96015) log_opt_values /opt/stack/data/venv/lib/python3.12/site-packages/oslo_config/cfg.py:3534}}
Aug 06 18:21:09.653038 np0000006683 devstack@n-api-meta.service[96015]: DEBUG nova.api.openstack.wsgi_app [None req-cd3e3f86-cdb9-44f3-a2fb-b7b95b2fd1fc None None] instance_uuid_format = [instance: %(uuid)s] {{(pid=96015) log_opt_values /opt/stack/data/venv/lib/python3.12/site-packages/oslo_config/cfg.py:3534}}
Aug 06 18:21:09.653173 np0000006683 devstack@n-api-meta.service[96015]: DEBUG nova.api.openstack.wsgi_app [None req-cd3e3f86-cdb9-44f3-a2fb-b7b95b2fd1fc None None] instances_path = /opt/stack/data/nova/instances {{(pid=96015) log_opt_values /opt/stack/data/venv/lib/python3.12/site-packages/oslo_config/cfg.py:3534}}
Aug 06 18:21:09.653290 np0000006683 devstack@n-api-meta.service[96015]: DEBUG nova.api.openstack.wsgi_app [None req-cd3e3f86-cdb9-44f3-a2fb-b7b95b2fd1fc None None] internal_service_availability_zone = internal {{(pid=96015) log_opt_values /opt/stack/data/venv/lib/python3.12/site-packages/oslo_config/cfg.py:3534}}
Aug 06 18:21:09.653399 np0000006683 devstack@n-api-meta.service[96015]: DEBUG nova.api.openstack.wsgi_app [None req-cd3e3f86-cdb9-44f3-a2fb-b7b95b2fd1fc None None] key = None {{(pid=96015) log_opt_values /opt/stack/data/venv/lib/python3.12/site-packages/oslo_config/cfg.py:3534}}
Aug 06 18:21:09.653508 np0000006683 devstack@n-api-meta.service[96015]: DEBUG nova.api.openstack.wsgi_app [None req-cd3e3f86-cdb9-44f3-a2fb-b7b95b2fd1fc None None] live_migration_retry_count = 30 {{(pid=96015) log_opt_values /opt/stack/data/venv/lib/python3.12/site-packages/oslo_config/cfg.py:3534}}
Aug 06 18:21:09.653626 np0000006683 devstack@n-api-meta.service[96015]: DEBUG nova.api.openstack.wsgi_app [None req-cd3e3f86-cdb9-44f3-a2fb-b7b95b2fd1fc None None] log_color = False {{(pid=96015) log_opt_values /opt/stack/data/venv/lib/python3.12/site-packages/oslo_config/cfg.py:3534}}
Aug 06 18:21:09.653757 np0000006683 devstack@n-api-meta.service[96015]: DEBUG nova.api.openstack.wsgi_app [None req-cd3e3f86-cdb9-44f3-a2fb-b7b95b2fd1fc None None] log_config_append = None {{(pid=96015) log_opt_values /opt/stack/data/venv/lib/python3.12/site-packages/oslo_config/cfg.py:3534}}
Aug 06 18:21:09.653872 np0000006683 devstack@n-api-meta.service[96015]: DEBUG nova.api.openstack.wsgi_app [None req-cd3e3f86-cdb9-44f3-a2fb-b7b95b2fd1fc None None] log_date_format = %Y-%m-%d %H:%M:%S {{(pid=96015) log_opt_values /opt/stack/data/venv/lib/python3.12/site-packages/oslo_config/cfg.py:3534}}
Aug 06 18:21:09.653985 np0000006683 devstack@n-api-meta.service[96015]: DEBUG nova.api.openstack.wsgi_app [None req-cd3e3f86-cdb9-44f3-a2fb-b7b95b2fd1fc None None] log_dir = None {{(pid=96015) log_opt_values /opt/stack/data/venv/lib/python3.12/site-packages/oslo_config/cfg.py:3534}}
Aug 06 18:21:09.654098 np0000006683 devstack@n-api-meta.service[96015]: DEBUG nova.api.openstack.wsgi_app [None req-cd3e3f86-cdb9-44f3-a2fb-b7b95b2fd1fc None None] log_file = None {{(pid=96015) log_opt_values /opt/stack/data/venv/lib/python3.12/site-packages/oslo_config/cfg.py:3534}}
Aug 06 18:21:09.654228 np0000006683 devstack@n-api-meta.service[96015]: DEBUG nova.api.openstack.wsgi_app [None req-cd3e3f86-cdb9-44f3-a2fb-b7b95b2fd1fc None None] log_options = True {{(pid=96015) log_opt_values /opt/stack/data/venv/lib/python3.12/site-packages/oslo_config/cfg.py:3534}}
Aug 06 18:21:09.657137 np0000006683 devstack@n-api-meta.service[96015]: DEBUG nova.api.openstack.wsgi_app [None req-cd3e3f86-cdb9-44f3-a2fb-b7b95b2fd1fc None None] log_rotate_interval = 1 {{(pid=96015) log_opt_values /opt/stack/data/venv/lib/python3.12/site-packages/oslo_config/cfg.py:3534}}
Aug 06 18:21:09.657137 np0000006683 devstack@n-api-meta.service[96015]: DEBUG nova.api.openstack.wsgi_app [None req-cd3e3f86-cdb9-44f3-a2fb-b7b95b2fd1fc None None] log_rotate_interval_type = days {{(pid=96015) log_opt_values /opt/stack/data/venv/lib/python3.12/site-packages/oslo_config/cfg.py:3534}}
Aug 06 18:21:09.657137 np0000006683 devstack@n-api-meta.service[96015]: DEBUG nova.api.openstack.wsgi_app [None req-cd3e3f86-cdb9-44f3-a2fb-b7b95b2fd1fc None None] log_rotation_type = none {{(pid=96015) log_opt_values /opt/stack/data/venv/lib/python3.12/site-packages/oslo_config/cfg.py:3534}}
Aug 06 18:21:09.657137 np0000006683 devstack@n-api-meta.service[96015]: DEBUG nova.api.openstack.wsgi_app [None req-cd3e3f86-cdb9-44f3-a2fb-b7b95b2fd1fc None None] logging_context_format_string = %(color)s%(levelname)s %(name)s [%(global_request_id)s %(request_id)s %(project_name)s %(user_name)s%(color)s] %(instance)s%(color)s%(message)s {{(pid=96015) log_opt_values /opt/stack/data/venv/lib/python3.12/site-packages/oslo_config/cfg.py:3534}}
Aug 06 18:21:09.657137 np0000006683 devstack@n-api-meta.service[96015]: DEBUG nova.api.openstack.wsgi_app [None req-cd3e3f86-cdb9-44f3-a2fb-b7b95b2fd1fc None None] logging_debug_format_suffix = {{(pid=%(process)d) %(funcName)s %(pathname)s:%(lineno)d}} {{(pid=96015) log_opt_values /opt/stack/data/venv/lib/python3.12/site-packages/oslo_config/cfg.py:3534}}
Aug 06 18:21:09.657137 np0000006683 devstack@n-api-meta.service[96015]: DEBUG nova.api.openstack.wsgi_app [None req-cd3e3f86-cdb9-44f3-a2fb-b7b95b2fd1fc None None] logging_default_format_string = %(color)s%(levelname)s %(name)s [-%(color)s] %(instance)s%(color)s%(message)s {{(pid=96015) log_opt_values /opt/stack/data/venv/lib/python3.12/site-packages/oslo_config/cfg.py:3534}}
Aug 06 18:21:09.657341 np0000006683 devstack@n-api-meta.service[96015]: DEBUG nova.api.openstack.wsgi_app [None req-cd3e3f86-cdb9-44f3-a2fb-b7b95b2fd1fc None None] logging_exception_prefix = ERROR %(name)s %(instance)s {{(pid=96015) log_opt_values /opt/stack/data/venv/lib/python3.12/site-packages/oslo_config/cfg.py:3534}}
Aug 06 18:21:09.657341 np0000006683 devstack@n-api-meta.service[96015]: DEBUG nova.api.openstack.wsgi_app [None req-cd3e3f86-cdb9-44f3-a2fb-b7b95b2fd1fc None None] logging_user_identity_format = %(user)s %(project)s %(domain)s %(system_scope)s %(user_domain)s %(project_domain)s {{(pid=96015) log_opt_values /opt/stack/data/venv/lib/python3.12/site-packages/oslo_config/cfg.py:3534}}
Aug 06 18:21:09.657341 np0000006683 devstack@n-api-meta.service[96015]: DEBUG nova.api.openstack.wsgi_app [None req-cd3e3f86-cdb9-44f3-a2fb-b7b95b2fd1fc None None] long_rpc_timeout = 1800 {{(pid=96015) log_opt_values /opt/stack/data/venv/lib/python3.12/site-packages/oslo_config/cfg.py:3534}}
Aug 06 18:21:09.657341 np0000006683 devstack@n-api-meta.service[96015]: DEBUG nova.api.openstack.wsgi_app [None req-cd3e3f86-cdb9-44f3-a2fb-b7b95b2fd1fc None None] manager_shutdown_timeout = 160 {{(pid=96015) log_opt_values /opt/stack/data/venv/lib/python3.12/site-packages/oslo_config/cfg.py:3534}}
Aug 06 18:21:09.657341 np0000006683 devstack@n-api-meta.service[96015]: DEBUG nova.api.openstack.wsgi_app [None req-cd3e3f86-cdb9-44f3-a2fb-b7b95b2fd1fc None None] max_concurrent_builds = 10 {{(pid=96015) log_opt_values /opt/stack/data/venv/lib/python3.12/site-packages/oslo_config/cfg.py:3534}}
Aug 06 18:21:09.657454 np0000006683 devstack@n-api-meta.service[96016]: INFO dbcounter [None req-36a1149c-0f11-47d5-acb3-aefb4ee97db7 None None] Registered counter for database nova_cell0
Aug 06 18:21:09.657485 np0000006683 devstack@n-api-meta.service[96015]: DEBUG nova.api.openstack.wsgi_app [None req-cd3e3f86-cdb9-44f3-a2fb-b7b95b2fd1fc None None] max_concurrent_live_migrations = 1 {{(pid=96015) log_opt_values /opt/stack/data/venv/lib/python3.12/site-packages/oslo_config/cfg.py:3534}}
Aug 06 18:21:09.657485 np0000006683 devstack@n-api-meta.service[96015]: DEBUG nova.api.openstack.wsgi_app [None req-cd3e3f86-cdb9-44f3-a2fb-b7b95b2fd1fc None None] max_concurrent_snapshots = 5 {{(pid=96015) log_opt_values /opt/stack/data/venv/lib/python3.12/site-packages/oslo_config/cfg.py:3534}}
