Aug 06 18:21:09.064462 np0000006683 nova-scheduler[96591]: DEBUG cotyledon.oslo_config_glue [-] workarounds.libvirt_disable_apic = False {{(pid=96591) log_opt_values /opt/stack/data/venv/lib/python3.12/site-packages/oslo_config/cfg.py:3545}}
Aug 06 18:21:09.064462 np0000006683 nova-scheduler[96591]: DEBUG cotyledon.oslo_config_glue [-] workarounds.never_download_image_if_on_rbd = False {{(pid=96591) log_opt_values /opt/stack/data/venv/lib/python3.12/site-packages/oslo_config/cfg.py:3545}}
Aug 06 18:21:09.064462 np0000006683 nova-scheduler[96591]: DEBUG cotyledon.oslo_config_glue [-] workarounds.qemu_monitor_announce_self_count = 3 {{(pid=96591) log_opt_values /opt/stack/data/venv/lib/python3.12/site-packages/oslo_config/cfg.py:3545}}
Aug 06 18:21:09.064462 np0000006683 nova-scheduler[96591]: DEBUG cotyledon.oslo_config_glue [-] workarounds.qemu_monitor_announce_self_interval = 1 {{(pid=96591) log_opt_values /opt/stack/data/venv/lib/python3.12/site-packages/oslo_config/cfg.py:3545}}
Aug 06 18:21:09.064462 np0000006683 nova-scheduler[96591]: DEBUG cotyledon.oslo_config_glue [-] workarounds.reserve_disk_resource_for_image_cache = False {{(pid=96591) log_opt_values /opt/stack/data/venv/lib/python3.12/site-packages/oslo_config/cfg.py:3545}}
Aug 06 18:21:09.064462 np0000006683 nova-scheduler[96591]: DEBUG cotyledon.oslo_config_glue [-] workarounds.skip_cpu_compare_at_startup = False {{(pid=96591) log_opt_values /opt/stack/data/venv/lib/python3.12/site-packages/oslo_config/cfg.py:3545}}
Aug 06 18:21:09.064462 np0000006683 nova-scheduler[96591]: DEBUG cotyledon.oslo_config_glue [-] workarounds.skip_cpu_compare_on_dest = False {{(pid=96591) log_opt_values /opt/stack/data/venv/lib/python3.12/site-packages/oslo_config/cfg.py:3545}}
Aug 06 18:21:09.064462 np0000006683 nova-scheduler[96591]: DEBUG cotyledon.oslo_config_glue [-] workarounds.skip_hypervisor_version_check_on_lm = False {{(pid=96591) log_opt_values /opt/stack/data/venv/lib/python3.12/site-packages/oslo_config/cfg.py:3545}}
Aug 06 18:21:09.064462 np0000006683 nova-scheduler[96591]: DEBUG cotyledon.oslo_config_glue [-] workarounds.skip_reserve_in_use_ironic_nodes = False {{(pid=96591) log_opt_values /opt/stack/data/venv/lib/python3.12/site-packages/oslo_config/cfg.py:3545}}
Aug 06 18:21:09.064738 np0000006683 nova-scheduler[96591]: DEBUG cotyledon.oslo_config_glue [-] workarounds.unified_limits_count_pcpu_as_vcpu = False {{(pid=96591) log_opt_values /opt/stack/data/venv/lib/python3.12/site-packages/oslo_config/cfg.py:3545}}
Aug 06 18:21:09.064738 np0000006683 nova-scheduler[96591]: DEBUG cotyledon.oslo_config_glue [-] workarounds.wait_for_vif_plugged_event_during_hard_reboot = [] {{(pid=96591) log_opt_values /opt/stack/data/venv/lib/python3.12/site-packages/oslo_config/cfg.py:3545}}
Aug 06 18:21:09.064738 np0000006683 nova-scheduler[96591]: DEBUG cotyledon.oslo_config_glue [-] wsgi.api_paste_config = /etc/nova/api-paste.ini {{(pid=96591) log_opt_values /opt/stack/data/venv/lib/python3.12/site-packages/oslo_config/cfg.py:3545}}
Aug 06 18:21:09.064738 np0000006683 nova-scheduler[96591]: DEBUG cotyledon.oslo_config_glue [-] wsgi.secure_proxy_ssl_header = None {{(pid=96591) log_opt_values /opt/stack/data/venv/lib/python3.12/site-packages/oslo_config/cfg.py:3545}}
Aug 06 18:21:09.064738 np0000006683 nova-scheduler[96591]: DEBUG cotyledon.oslo_config_glue [-] zvm.ca_file = None {{(pid=96591) log_opt_values /opt/stack/data/venv/lib/python3.12/site-packages/oslo_config/cfg.py:3545}}
Aug 06 18:21:09.064738 np0000006683 nova-scheduler[96591]: DEBUG cotyledon.oslo_config_glue [-] zvm.cloud_connector_url = None {{(pid=96591) log_opt_values /opt/stack/data/venv/lib/python3.12/site-packages/oslo_config/cfg.py:3545}}
Aug 06 18:21:09.064738 np0000006683 nova-scheduler[96591]: DEBUG cotyledon.oslo_config_glue [-] zvm.image_tmp_path = /opt/stack/data/nova/images {{(pid=96591) log_opt_values /opt/stack/data/venv/lib/python3.12/site-packages/oslo_config/cfg.py:3545}}
Aug 06 18:21:09.064738 np0000006683 nova-scheduler[96591]: DEBUG cotyledon.oslo_config_glue [-] zvm.reachable_timeout = 300 {{(pid=96591) log_opt_values /opt/stack/data/venv/lib/python3.12/site-packages/oslo_config/cfg.py:3545}}
Aug 06 18:21:09.064738 np0000006683 nova-scheduler[96591]: DEBUG cotyledon.oslo_config_glue [-] oslo_versionedobjects.fatal_exception_format_errors = False {{(pid=96591) log_opt_values /opt/stack/data/venv/lib/python3.12/site-packages/oslo_config/cfg.py:3545}}
Aug 06 18:21:09.065001 np0000006683 nova-scheduler[96591]: DEBUG cotyledon.oslo_config_glue [-] oslo_middleware.http_basic_auth_user_file = /etc/htpasswd {{(pid=96591) log_opt_values /opt/stack/data/venv/lib/python3.12/site-packages/oslo_config/cfg.py:3545}}
Aug 06 18:21:09.065001 np0000006683 nova-scheduler[96591]: DEBUG cotyledon.oslo_config_glue [-] oslo_messaging_metrics.metrics_buffer_size = 1000 {{(pid=96591) log_opt_values /opt/stack/data/venv/lib/python3.12/site-packages/oslo_config/cfg.py:3545}}
Aug 06 18:21:09.065001 np0000006683 nova-scheduler[96591]: DEBUG cotyledon.oslo_config_glue [-] oslo_messaging_metrics.metrics_enabled = False {{(pid=96591) log_opt_values /opt/stack/data/venv/lib/python3.12/site-packages/oslo_config/cfg.py:3545}}
Aug 06 18:21:09.065001 np0000006683 nova-scheduler[96591]: DEBUG cotyledon.oslo_config_glue [-] oslo_messaging_metrics.metrics_process_name = {{(pid=96591) log_opt_values /opt/stack/data/venv/lib/python3.12/site-packages/oslo_config/cfg.py:3545}}
Aug 06 18:21:09.065001 np0000006683 nova-scheduler[96591]: DEBUG cotyledon.oslo_config_glue [-] oslo_messaging_metrics.metrics_socket_file = /var/tmp/metrics_collector.sock {{(pid=96591) log_opt_values /opt/stack/data/venv/lib/python3.12/site-packages/oslo_config/cfg.py:3545}}
Aug 06 18:21:09.065001 np0000006683 nova-scheduler[96591]: DEBUG cotyledon.oslo_config_glue [-] oslo_messaging_metrics.metrics_thread_stop_timeout = 10 {{(pid=96591) log_opt_values /opt/stack/data/venv/lib/python3.12/site-packages/oslo_config/cfg.py:3545}}
Aug 06 18:21:09.065001 np0000006683 nova-scheduler[96591]: DEBUG cotyledon.oslo_config_glue [-] profiler.connection_string = messaging:// {{(pid=96591) log_opt_values /opt/stack/data/venv/lib/python3.12/site-packages/oslo_config/cfg.py:3545}}
Aug 06 18:21:09.065001 np0000006683 nova-scheduler[96591]: DEBUG cotyledon.oslo_config_glue [-] profiler.enabled = False {{(pid=96591) log_opt_values /opt/stack/data/venv/lib/python3.12/site-packages/oslo_config/cfg.py:3545}}
Aug 06 18:21:09.065001 np0000006683 nova-scheduler[96591]: DEBUG cotyledon.oslo_config_glue [-] profiler.es_doc_type = notification {{(pid=96591) log_opt_values /opt/stack/data/venv/lib/python3.12/site-packages/oslo_config/cfg.py:3545}}
Aug 06 18:21:09.065280 np0000006683 nova-scheduler[96591]: DEBUG cotyledon.oslo_config_glue [-] profiler.es_scroll_size = 10000 {{(pid=96591) log_opt_values /opt/stack/data/venv/lib/python3.12/site-packages/oslo_config/cfg.py:3545}}
Aug 06 18:21:09.065280 np0000006683 nova-scheduler[96591]: DEBUG cotyledon.oslo_config_glue [-] profiler.es_scroll_time = 2m {{(pid=96591) log_opt_values /opt/stack/data/venv/lib/python3.12/site-packages/oslo_config/cfg.py:3545}}
Aug 06 18:21:09.065280 np0000006683 nova-scheduler[96591]: DEBUG cotyledon.oslo_config_glue [-] profiler.filter_error_trace = False {{(pid=96591) log_opt_values /opt/stack/data/venv/lib/python3.12/site-packages/oslo_config/cfg.py:3545}}
Aug 06 18:21:09.065280 np0000006683 nova-scheduler[96591]: DEBUG cotyledon.oslo_config_glue [-] profiler.hmac_keys = **** {{(pid=96591) log_opt_values /opt/stack/data/venv/lib/python3.12/site-packages/oslo_config/cfg.py:3545}}
Aug 06 18:21:09.065280 np0000006683 nova-scheduler[96591]: DEBUG cotyledon.oslo_config_glue [-] profiler.sentinel_service_name = mymaster {{(pid=96591) log_opt_values /opt/stack/data/venv/lib/python3.12/site-packages/oslo_config/cfg.py:3545}}
Aug 06 18:21:09.065280 np0000006683 nova-scheduler[96591]: DEBUG cotyledon.oslo_config_glue [-] profiler.socket_timeout = 0.1 {{(pid=96591) log_opt_values /opt/stack/data/venv/lib/python3.12/site-packages/oslo_config/cfg.py:3545}}
Aug 06 18:21:09.065280 np0000006683 nova-scheduler[96591]: DEBUG cotyledon.oslo_config_glue [-] profiler.trace_requests = False {{(pid=96591) log_opt_values /opt/stack/data/venv/lib/python3.12/site-packages/oslo_config/cfg.py:3545}}
Aug 06 18:21:09.065280 np0000006683 nova-scheduler[96591]: DEBUG cotyledon.oslo_config_glue [-] profiler.trace_sqlalchemy = False {{(pid=96591) log_opt_values /opt/stack/data/venv/lib/python3.12/site-packages/oslo_config/cfg.py:3545}}
Aug 06 18:21:09.065280 np0000006683 nova-scheduler[96591]: DEBUG cotyledon.oslo_config_glue [-] profiler_jaeger.process_tags = {} {{(pid=96591) log_opt_values /opt/stack/data/venv/lib/python3.12/site-packages/oslo_config/cfg.py:3545}}
Aug 06 18:21:09.065532 np0000006683 nova-scheduler[96591]: DEBUG cotyledon.oslo_config_glue [-] profiler_jaeger.service_name_prefix = None {{(pid=96591) log_opt_values /opt/stack/data/venv/lib/python3.12/site-packages/oslo_config/cfg.py:3545}}
Aug 06 18:21:09.065532 np0000006683 nova-scheduler[96591]: DEBUG cotyledon.oslo_config_glue [-] profiler_otlp.service_name_prefix = None {{(pid=96591) log_opt_values /opt/stack/data/venv/lib/python3.12/site-packages/oslo_config/cfg.py:3545}}
Aug 06 18:21:09.065532 np0000006683 nova-scheduler[96591]: DEBUG cotyledon.oslo_config_glue [-] oslo_messaging_rabbit.amqp_auto_delete = False {{(pid=96591) log_opt_values /opt/stack/data/venv/lib/python3.12/site-packages/oslo_config/cfg.py:3545}}
Aug 06 18:21:09.065532 np0000006683 nova-scheduler[96591]: DEBUG cotyledon.oslo_config_glue [-] oslo_messaging_rabbit.amqp_durable_queues = False {{(pid=96591) log_opt_values /opt/stack/data/venv/lib/python3.12/site-packages/oslo_config/cfg.py:3545}}
Aug 06 18:21:09.065532 np0000006683 nova-scheduler[96591]: DEBUG cotyledon.oslo_config_glue [-] oslo_messaging_rabbit.conn_pool_min_size = 2 {{(pid=96591) log_opt_values /opt/stack/data/venv/lib/python3.12/site-packages/oslo_config/cfg.py:3545}}
Aug 06 18:21:09.065532 np0000006683 nova-scheduler[96591]: DEBUG cotyledon.oslo_config_glue [-] oslo_messaging_rabbit.conn_pool_ttl = 1200 {{(pid=96591) log_opt_values /opt/stack/data/venv/lib/python3.12/site-packages/oslo_config/cfg.py:3545}}
Aug 06 18:21:09.065532 np0000006683 nova-scheduler[96591]: DEBUG cotyledon.oslo_config_glue [-] oslo_messaging_rabbit.direct_mandatory_flag = True {{(pid=96591) log_opt_values /opt/stack/data/venv/lib/python3.12/site-packages/oslo_config/cfg.py:3545}}
Aug 06 18:21:09.065532 np0000006683 nova-scheduler[96591]: DEBUG cotyledon.oslo_config_glue [-] oslo_messaging_rabbit.enable_cancel_on_failover = False {{(pid=96591) log_opt_values /opt/stack/data/venv/lib/python3.12/site-packages/oslo_config/cfg.py:3545}}
Aug 06 18:21:09.065532 np0000006683 nova-scheduler[96591]: DEBUG cotyledon.oslo_config_glue [-] oslo_messaging_rabbit.heartbeat_rate = 3 {{(pid=96591) log_opt_values /opt/stack/data/venv/lib/python3.12/site-packages/oslo_config/cfg.py:3545}}
Aug 06 18:21:09.065818 np0000006683 nova-scheduler[96591]: DEBUG cotyledon.oslo_config_glue [-] oslo_messaging_rabbit.heartbeat_timeout_threshold = 60 {{(pid=96591) log_opt_values /opt/stack/data/venv/lib/python3.12/site-packages/oslo_config/cfg.py:3545}}
Aug 06 18:21:09.065818 np0000006683 nova-scheduler[96591]: DEBUG cotyledon.oslo_config_glue [-] oslo_messaging_rabbit.hostname = np0000006683 {{(pid=96591) log_opt_values /opt/stack/data/venv/lib/python3.12/site-packages/oslo_config/cfg.py:3545}}
Aug 06 18:21:09.065818 np0000006683 nova-scheduler[96591]: DEBUG cotyledon.oslo_config_glue [-] oslo_messaging_rabbit.kombu_compression = None {{(pid=96591) log_opt_values /opt/stack/data/venv/lib/python3.12/site-packages/oslo_config/cfg.py:3545}}
Aug 06 18:21:09.065818 np0000006683 nova-scheduler[96591]: DEBUG cotyledon.oslo_config_glue [-] oslo_messaging_rabbit.kombu_failover_strategy = round-robin {{(pid=96591) log_opt_values /opt/stack/data/venv/lib/python3.12/site-packages/oslo_config/cfg.py:3545}}
Aug 06 18:21:09.065818 np0000006683 nova-scheduler[96591]: DEBUG cotyledon.oslo_config_glue [-] oslo_messaging_rabbit.kombu_missing_consumer_retry_timeout = 60 {{(pid=96591) log_opt_values /opt/stack/data/venv/lib/python3.12/site-packages/oslo_config/cfg.py:3545}}
Aug 06 18:21:09.065818 np0000006683 nova-scheduler[96591]: DEBUG cotyledon.oslo_config_glue [-] oslo_messaging_rabbit.kombu_reconnect_delay = 1.0 {{(pid=96591) log_opt_values /opt/stack/data/venv/lib/python3.12/site-packages/oslo_config/cfg.py:3545}}
Aug 06 18:21:09.065818 np0000006683 nova-scheduler[96591]: DEBUG cotyledon.oslo_config_glue [-] oslo_messaging_rabbit.kombu_reconnect_splay = 0.0 {{(pid=96591) log_opt_values /opt/stack/data/venv/lib/python3.12/site-packages/oslo_config/cfg.py:3545}}
Aug 06 18:21:09.065818 np0000006683 nova-scheduler[96591]: DEBUG cotyledon.oslo_config_glue [-] oslo_messaging_rabbit.processname = nova-scheduler {{(pid=96591) log_opt_values /opt/stack/data/venv/lib/python3.12/site-packages/oslo_config/cfg.py:3545}}
Aug 06 18:21:09.065818 np0000006683 nova-scheduler[96591]: DEBUG cotyledon.oslo_config_glue [-] oslo_messaging_rabbit.rabbit_ha_queues = False {{(pid=96591) log_opt_values /opt/stack/data/venv/lib/python3.12/site-packages/oslo_config/cfg.py:3545}}
Aug 06 18:21:09.066064 np0000006683 nova-scheduler[96591]: DEBUG cotyledon.oslo_config_glue [-] oslo_messaging_rabbit.rabbit_interval_max = 30 {{(pid=96591) log_opt_values /opt/stack/data/venv/lib/python3.12/site-packages/oslo_config/cfg.py:3545}}
Aug 06 18:21:09.066064 np0000006683 nova-scheduler[96591]: DEBUG cotyledon.oslo_config_glue [-] oslo_messaging_rabbit.rabbit_login_method = AMQPLAIN {{(pid=96591) log_opt_values /opt/stack/data/venv/lib/python3.12/site-packages/oslo_config/cfg.py:3545}}
Aug 06 18:21:09.066064 np0000006683 nova-scheduler[96591]: DEBUG cotyledon.oslo_config_glue [-] oslo_messaging_rabbit.rabbit_qos_prefetch_count = 0 {{(pid=96591) log_opt_values /opt/stack/data/venv/lib/python3.12/site-packages/oslo_config/cfg.py:3545}}
Aug 06 18:21:09.066064 np0000006683 nova-scheduler[96591]: DEBUG cotyledon.oslo_config_glue [-] oslo_messaging_rabbit.rabbit_quorum_delivery_limit = 0 {{(pid=96591) log_opt_values /opt/stack/data/venv/lib/python3.12/site-packages/oslo_config/cfg.py:3545}}
Aug 06 18:21:09.066064 np0000006683 nova-scheduler[96591]: DEBUG cotyledon.oslo_config_glue [-] oslo_messaging_rabbit.rabbit_quorum_max_memory_bytes = 0 {{(pid=96591) log_opt_values /opt/stack/data/venv/lib/python3.12/site-packages/oslo_config/cfg.py:3545}}
Aug 06 18:21:09.066064 np0000006683 nova-scheduler[96591]: DEBUG cotyledon.oslo_config_glue [-] oslo_messaging_rabbit.rabbit_quorum_max_memory_length = 0 {{(pid=96591) log_opt_values /opt/stack/data/venv/lib/python3.12/site-packages/oslo_config/cfg.py:3545}}
Aug 06 18:21:09.066064 np0000006683 nova-scheduler[96591]: DEBUG cotyledon.oslo_config_glue [-] oslo_messaging_rabbit.rabbit_quorum_queue = False {{(pid=96591) log_opt_values /opt/stack/data/venv/lib/python3.12/site-packages/oslo_config/cfg.py:3545}}
Aug 06 18:21:09.066064 np0000006683 nova-scheduler[96591]: DEBUG cotyledon.oslo_config_glue [-] oslo_messaging_rabbit.rabbit_retry_backoff = 2 {{(pid=96591) log_opt_values /opt/stack/data/venv/lib/python3.12/site-packages/oslo_config/cfg.py:3545}}
Aug 06 18:21:09.066064 np0000006683 nova-scheduler[96591]: DEBUG cotyledon.oslo_config_glue [-] oslo_messaging_rabbit.rabbit_retry_interval = 1 {{(pid=96591) log_opt_values /opt/stack/data/venv/lib/python3.12/site-packages/oslo_config/cfg.py:3545}}
Aug 06 18:21:09.066344 np0000006683 nova-scheduler[96591]: DEBUG cotyledon.oslo_config_glue [-] oslo_messaging_rabbit.rabbit_stream_fanout = False {{(pid=96591) log_opt_values /opt/stack/data/venv/lib/python3.12/site-packages/oslo_config/cfg.py:3545}}
Aug 06 18:21:09.066344 np0000006683 nova-scheduler[96591]: DEBUG cotyledon.oslo_config_glue [-] oslo_messaging_rabbit.rabbit_transient_queues_ttl = 1800 {{(pid=96591) log_opt_values /opt/stack/data/venv/lib/python3.12/site-packages/oslo_config/cfg.py:3545}}
Aug 06 18:21:09.066344 np0000006683 nova-scheduler[96591]: DEBUG cotyledon.oslo_config_glue [-] oslo_messaging_rabbit.rabbit_transient_quorum_queue = False {{(pid=96591) log_opt_values /opt/stack/data/venv/lib/python3.12/site-packages/oslo_config/cfg.py:3545}}
Aug 06 18:21:09.066344 np0000006683 nova-scheduler[96591]: DEBUG cotyledon.oslo_config_glue [-] oslo_messaging_rabbit.rpc_conn_pool_size = 30 {{(pid=96591) log_opt_values /opt/stack/data/venv/lib/python3.12/site-packages/oslo_config/cfg.py:3545}}
Aug 06 18:21:09.066344 np0000006683 nova-scheduler[96591]: DEBUG cotyledon.oslo_config_glue [-] oslo_messaging_rabbit.ssl = False {{(pid=96591) log_opt_values /opt/stack/data/venv/lib/python3.12/site-packages/oslo_config/cfg.py:3545}}
Aug 06 18:21:09.066344 np0000006683 nova-scheduler[96591]: DEBUG cotyledon.oslo_config_glue [-] oslo_messaging_rabbit.ssl_ca_file = {{(pid=96591) log_opt_values /opt/stack/data/venv/lib/python3.12/site-packages/oslo_config/cfg.py:3545}}
Aug 06 18:21:09.066344 np0000006683 nova-scheduler[96591]: DEBUG cotyledon.oslo_config_glue [-] oslo_messaging_rabbit.ssl_cert_file = {{(pid=96591) log_opt_values /opt/stack/data/venv/lib/python3.12/site-packages/oslo_config/cfg.py:3545}}
Aug 06 18:21:09.066344 np0000006683 nova-scheduler[96591]: DEBUG cotyledon.oslo_config_glue [-] oslo_messaging_rabbit.ssl_enforce_fips_mode = False {{(pid=96591) log_opt_values /opt/stack/data/venv/lib/python3.12/site-packages/oslo_config/cfg.py:3545}}
Aug 06 18:21:09.066344 np0000006683 nova-scheduler[96591]: DEBUG cotyledon.oslo_config_glue [-] oslo_messaging_rabbit.ssl_enforce_hostname_verification = True {{(pid=96591) log_opt_values /opt/stack/data/venv/lib/python3.12/site-packages/oslo_config/cfg.py:3545}}
Aug 06 18:21:09.066585 np0000006683 nova-scheduler[96591]: DEBUG cotyledon.oslo_config_glue [-] oslo_messaging_rabbit.ssl_key_file = {{(pid=96591) log_opt_values /opt/stack/data/venv/lib/python3.12/site-packages/oslo_config/cfg.py:3545}}
Aug 06 18:21:09.066585 np0000006683 nova-scheduler[96591]: DEBUG cotyledon.oslo_config_glue [-] oslo_messaging_rabbit.ssl_version = {{(pid=96591) log_opt_values /opt/stack/data/venv/lib/python3.12/site-packages/oslo_config/cfg.py:3545}}
Aug 06 18:21:09.066585 np0000006683 nova-scheduler[96591]: DEBUG cotyledon.oslo_config_glue [-] oslo_messaging_rabbit.use_queue_manager = False {{(pid=96591) log_opt_values /opt/stack/data/venv/lib/python3.12/site-packages/oslo_config/cfg.py:3545}}
Aug 06 18:21:09.066585 np0000006683 nova-scheduler[96591]: DEBUG cotyledon.oslo_config_glue [-] oslo_messaging_notifications.driver = ['messagingv2'] {{(pid=96591) log_opt_values /opt/stack/data/venv/lib/python3.12/site-packages/oslo_config/cfg.py:3545}}
Aug 06 18:21:09.066585 np0000006683 nova-scheduler[96591]: DEBUG cotyledon.oslo_config_glue [-] oslo_messaging_notifications.retry = -1 {{(pid=96591) log_opt_values /opt/stack/data/venv/lib/python3.12/site-packages/oslo_config/cfg.py:3545}}
Aug 06 18:21:09.066585 np0000006683 nova-scheduler[96591]: DEBUG cotyledon.oslo_config_glue [-] oslo_messaging_notifications.topics = ['notifications'] {{(pid=96591) log_opt_values /opt/stack/data/venv/lib/python3.12/site-packages/oslo_config/cfg.py:3545}}
Aug 06 18:21:09.066585 np0000006683 nova-scheduler[96591]: DEBUG cotyledon.oslo_config_glue [-] oslo_messaging_notifications.transport_url = **** {{(pid=96591) log_opt_values /opt/stack/data/venv/lib/python3.12/site-packages/oslo_config/cfg.py:3545}}
Aug 06 18:21:09.066585 np0000006683 nova-scheduler[96591]: DEBUG cotyledon.oslo_config_glue [-] oslo_limit.auth_section = None {{(pid=96591) log_opt_values /opt/stack/data/venv/lib/python3.12/site-packages/oslo_config/cfg.py:3545}}
Aug 06 18:21:09.066585 np0000006683 nova-scheduler[96591]: DEBUG cotyledon.oslo_config_glue [-] oslo_limit.auth_type = None {{(pid=96591) log_opt_values /opt/stack/data/venv/lib/python3.12/site-packages/oslo_config/cfg.py:3545}}
Aug 06 18:21:09.066835 np0000006683 nova-scheduler[96591]: DEBUG cotyledon.oslo_config_glue [-] oslo_limit.cafile = None {{(pid=96591) log_opt_values /opt/stack/data/venv/lib/python3.12/site-packages/oslo_config/cfg.py:3545}}
Aug 06 18:21:09.066835 np0000006683 nova-scheduler[96591]: DEBUG cotyledon.oslo_config_glue [-] oslo_limit.certfile = None {{(pid=96591) log_opt_values /opt/stack/data/venv/lib/python3.12/site-packages/oslo_config/cfg.py:3545}}
Aug 06 18:21:09.066835 np0000006683 nova-scheduler[96591]: DEBUG cotyledon.oslo_config_glue [-] oslo_limit.collect_timing = False {{(pid=96591) log_opt_values /opt/stack/data/venv/lib/python3.12/site-packages/oslo_config/cfg.py:3545}}
Aug 06 18:21:09.066835 np0000006683 nova-scheduler[96591]: DEBUG cotyledon.oslo_config_glue [-] oslo_limit.connect_retries = None {{(pid=96591) log_opt_values /opt/stack/data/venv/lib/python3.12/site-packages/oslo_config/cfg.py:3545}}
Aug 06 18:21:09.066835 np0000006683 nova-scheduler[96591]: DEBUG cotyledon.oslo_config_glue [-] oslo_limit.connect_retry_delay = None {{(pid=96591) log_opt_values /opt/stack/data/venv/lib/python3.12/site-packages/oslo_config/cfg.py:3545}}
Aug 06 18:21:09.066835 np0000006683 nova-scheduler[96591]: DEBUG cotyledon.oslo_config_glue [-] oslo_limit.endpoint_id = None {{(pid=96591) log_opt_values /opt/stack/data/venv/lib/python3.12/site-packages/oslo_config/cfg.py:3545}}
Aug 06 18:21:09.066835 np0000006683 nova-scheduler[96591]: DEBUG cotyledon.oslo_config_glue [-] oslo_limit.endpoint_interface = public {{(pid=96591) log_opt_values /opt/stack/data/venv/lib/python3.12/site-packages/oslo_config/cfg.py:3545}}
Aug 06 18:21:09.066835 np0000006683 nova-scheduler[96591]: DEBUG cotyledon.oslo_config_glue [-] oslo_limit.endpoint_override = None {{(pid=96591) log_opt_values /opt/stack/data/venv/lib/python3.12/site-packages/oslo_config/cfg.py:3545}}
Aug 06 18:21:09.066835 np0000006683 nova-scheduler[96591]: DEBUG cotyledon.oslo_config_glue [-] oslo_limit.endpoint_region_name = None {{(pid=96591) log_opt_values /opt/stack/data/venv/lib/python3.12/site-packages/oslo_config/cfg.py:3545}}
Aug 06 18:21:09.067088 np0000006683 nova-scheduler[96591]: DEBUG cotyledon.oslo_config_glue [-] oslo_limit.endpoint_service_name = None {{(pid=96591) log_opt_values /opt/stack/data/venv/lib/python3.12/site-packages/oslo_config/cfg.py:3545}}
Aug 06 18:21:09.067088 np0000006683 nova-scheduler[96591]: DEBUG cotyledon.oslo_config_glue [-] oslo_limit.endpoint_service_type = None {{(pid=96591) log_opt_values /opt/stack/data/venv/lib/python3.12/site-packages/oslo_config/cfg.py:3545}}
Aug 06 18:21:09.067088 np0000006683 nova-scheduler[96591]: DEBUG cotyledon.oslo_config_glue [-] oslo_limit.insecure = False {{(pid=96591) log_opt_values /opt/stack/data/venv/lib/python3.12/site-packages/oslo_config/cfg.py:3545}}
Aug 06 18:21:09.067088 np0000006683 nova-scheduler[96591]: DEBUG cotyledon.oslo_config_glue [-] oslo_limit.keyfile = None {{(pid=96591) log_opt_values /opt/stack/data/venv/lib/python3.12/site-packages/oslo_config/cfg.py:3545}}
Aug 06 18:21:09.067088 np0000006683 nova-scheduler[96591]: DEBUG cotyledon.oslo_config_glue [-] oslo_limit.max_version = None {{(pid=96591) log_opt_values /opt/stack/data/venv/lib/python3.12/site-packages/oslo_config/cfg.py:3545}}
Aug 06 18:21:09.067088 np0000006683 nova-scheduler[96591]: DEBUG cotyledon.oslo_config_glue [-] oslo_limit.min_version = None {{(pid=96591) log_opt_values /opt/stack/data/venv/lib/python3.12/site-packages/oslo_config/cfg.py:3545}}
Aug 06 18:21:09.067088 np0000006683 nova-scheduler[96591]: DEBUG cotyledon.oslo_config_glue [-] oslo_limit.region_name = None {{(pid=96591) log_opt_values /opt/stack/data/venv/lib/python3.12/site-packages/oslo_config/cfg.py:3545}}
Aug 06 18:21:09.067088 np0000006683 nova-scheduler[96591]: DEBUG cotyledon.oslo_config_glue [-] oslo_limit.retriable_status_codes = None {{(pid=96591) log_opt_values /opt/stack/data/venv/lib/python3.12/site-packages/oslo_config/cfg.py:3545}}
Aug 06 18:21:09.067088 np0000006683 nova-scheduler[96591]: DEBUG cotyledon.oslo_config_glue [-] oslo_limit.service_name = None {{(pid=96591) log_opt_values /opt/stack/data/venv/lib/python3.12/site-packages/oslo_config/cfg.py:3545}}
Aug 06 18:21:09.067367 np0000006683 nova-scheduler[96591]: DEBUG cotyledon.oslo_config_glue [-] oslo_limit.service_type = None {{(pid=96591) log_opt_values /opt/stack/data/venv/lib/python3.12/site-packages/oslo_config/cfg.py:3545}}
Aug 06 18:21:09.067367 np0000006683 nova-scheduler[96591]: DEBUG cotyledon.oslo_config_glue [-] oslo_limit.split_loggers = False {{(pid=96591) log_opt_values /opt/stack/data/venv/lib/python3.12/site-packages/oslo_config/cfg.py:3545}}
Aug 06 18:21:09.067367 np0000006683 nova-scheduler[96591]: DEBUG cotyledon.oslo_config_glue [-] oslo_limit.status_code_retries = None {{(pid=96591) log_opt_values /opt/stack/data/venv/lib/python3.12/site-packages/oslo_config/cfg.py:3545}}
Aug 06 18:21:09.067367 np0000006683 nova-scheduler[96591]: DEBUG cotyledon.oslo_config_glue [-] oslo_limit.status_code_retry_delay = None {{(pid=96591) log_opt_values /opt/stack/data/venv/lib/python3.12/site-packages/oslo_config/cfg.py:3545}}
Aug 06 18:21:09.067367 np0000006683 nova-scheduler[96591]: DEBUG cotyledon.oslo_config_glue [-] oslo_limit.timeout = None {{(pid=96591) log_opt_values /opt/stack/data/venv/lib/python3.12/site-packages/oslo_config/cfg.py:3545}}
Aug 06 18:21:09.067367 np0000006683 nova-scheduler[96591]: DEBUG cotyledon.oslo_config_glue [-] oslo_limit.valid_interfaces = None {{(pid=96591) log_opt_values /opt/stack/data/venv/lib/python3.12/site-packages/oslo_config/cfg.py:3545}}
Aug 06 18:21:09.067367 np0000006683 nova-scheduler[96591]: DEBUG cotyledon.oslo_config_glue [-] oslo_limit.version = None {{(pid=96591) log_opt_values /opt/stack/data/venv/lib/python3.12/site-packages/oslo_config/cfg.py:3545}}
Aug 06 18:21:09.067367 np0000006683 nova-scheduler[96591]: DEBUG cotyledon.oslo_config_glue [-] oslo_reports.file_event_handler = None {{(pid=96591) log_opt_values /opt/stack/data/venv/lib/python3.12/site-packages/oslo_config/cfg.py:3545}}
Aug 06 18:21:09.067367 np0000006683 nova-scheduler[96591]: DEBUG cotyledon.oslo_config_glue [-] oslo_reports.file_event_handler_interval = 1 {{(pid=96591) log_opt_values /opt/stack/data/venv/lib/python3.12/site-packages/oslo_config/cfg.py:3545}}
Aug 06 18:21:09.067629 np0000006683 nova-scheduler[96591]: DEBUG cotyledon.oslo_config_glue [-] oslo_reports.log_dir = None {{(pid=96591) log_opt_values /opt/stack/data/venv/lib/python3.12/site-packages/oslo_config/cfg.py:3545}}
Aug 06 18:21:09.067629 np0000006683 nova-scheduler[96591]: DEBUG cotyledon.oslo_config_glue [-] ******************************************************************************** {{(pid=96591) log_opt_values /opt/stack/data/venv/lib/python3.12/site-packages/oslo_config/cfg.py:3552}}
Aug 06 18:21:09.067629 np0000006683 nova-scheduler[96591]: DEBUG cotyledon._service_worker [-] Run service ServiceWrapper(3) [96591] {{(pid=96591) wait_forever /opt/stack/data/venv/lib/python3.12/site-packages/cotyledon/_service_worker.py:218}}
Aug 06 18:21:09.067629 np0000006683 nova-scheduler[96591]: INFO nova.service [-] Starting scheduler node (version 33.1.0)
Aug 06 18:21:09.067629 np0000006683 nova-scheduler[96591]: INFO dbcounter [None req-6d2c19ab-6609-4006-a48c-8ec769de1075 None None] Registered counter for database nova_cell0
Aug 06 18:21:09.067779 np0000006683 nova-scheduler[96587]: DEBUG oslo_db.sqlalchemy.engines [None req-372e9c6f-2949-4e67-bc2a-867e58fc9681 None None] MySQL server mode set to STRICT_TRANS_TABLES,STRICT_ALL_TABLES,NO_ZERO_IN_DATE,NO_ZERO_DATE,ERROR_FOR_DIVISION_BY_ZERO,TRADITIONAL,NO_ENGINE_SUBSTITUTION {{(pid=96587) _check_effective_sql_mode /opt/stack/data/venv/lib/python3.12/site-packages/oslo_db/sqlalchemy/engines.py:325}}
Aug 06 18:21:09.067830 np0000006683 nova-scheduler[96589]: DEBUG oslo_db.sqlalchemy.engines [None req-61cf73f6-2d8b-4b45-bbd4-0a04a284e543 None None] MySQL server mode set to STRICT_TRANS_TABLES,STRICT_ALL_TABLES,NO_ZERO_IN_DATE,NO_ZERO_DATE,ERROR_FOR_DIVISION_BY_ZERO,TRADITIONAL,NO_ENGINE_SUBSTITUTION {{(pid=96589) _check_effective_sql_mode /opt/stack/data/venv/lib/python3.12/site-packages/oslo_db/sqlalchemy/engines.py:325}}
Aug 06 18:21:09.067873 np0000006683 nova-scheduler[96587]: DEBUG dbcounter [-] [96587] Writer thread running {{(pid=96587) stat_writer /opt/stack/data/venv/lib/python3.12/site-packages/dbcounter.py:102}}
Aug 06 18:21:09.067907 np0000006683 nova-scheduler[96589]: DEBUG dbcounter [-] [96589] Writer thread running {{(pid=96589) stat_writer /opt/stack/data/venv/lib/python3.12/site-packages/dbcounter.py:102}}
Aug 06 18:21:09.069757 np0000006683 nova-scheduler[96585]: DEBUG oslo_db.sqlalchemy.engines [None req-94836ede-9e01-443c-adf4-2bbeacf05f23 None None] MySQL server mode set to STRICT_TRANS_TABLES,STRICT_ALL_TABLES,NO_ZERO_IN_DATE,NO_ZERO_DATE,ERROR_FOR_DIVISION_BY_ZERO,TRADITIONAL,NO_ENGINE_SUBSTITUTION {{(pid=96585) _check_effective_sql_mode /opt/stack/data/venv/lib/python3.12/site-packages/oslo_db/sqlalchemy/engines.py:325}}
Aug 06 18:21:09.082901 np0000006683 nova-scheduler[96587]: DEBUG nova.service [None req-372e9c6f-2949-4e67-bc2a-867e58fc9681 None None] Creating RPC server for service: nova-scheduler on topic: scheduler {{(pid=96587) start /opt/stack/nova/nova/service.py:196}}
Aug 06 18:21:09.083319 np0000006683 nova-scheduler[96585]: DEBUG dbcounter [-] [96585] Writer thread running {{(pid=96585) stat_writer /opt/stack/data/venv/lib/python3.12/site-packages/dbcounter.py:102}}
Aug 06 18:21:09.086848 np0000006683 nova-scheduler[96585]: DEBUG nova.service [None req-94836ede-9e01-443c-adf4-2bbeacf05f23 None None] Creating RPC server for service: nova-scheduler on topic: scheduler {{(pid=96585) start /opt/stack/nova/nova/service.py:196}}
Aug 06 18:21:09.088425 np0000006683 nova-scheduler[96591]: DEBUG oslo_db.sqlalchemy.engines [None req-6d2c19ab-6609-4006-a48c-8ec769de1075 None None] MySQL server mode set to STRICT_TRANS_TABLES,STRICT_ALL_TABLES,NO_ZERO_IN_DATE,NO_ZERO_DATE,ERROR_FOR_DIVISION_BY_ZERO,TRADITIONAL,NO_ENGINE_SUBSTITUTION {{(pid=96591) _check_effective_sql_mode /opt/stack/data/venv/lib/python3.12/site-packages/oslo_db/sqlalchemy/engines.py:325}}
Aug 06 18:21:09.089375 np0000006683 nova-scheduler[96589]: DEBUG nova.service [None req-61cf73f6-2d8b-4b45-bbd4-0a04a284e543 None None] Creating RPC server for service: nova-scheduler on topic: scheduler {{(pid=96589) start /opt/stack/nova/nova/service.py:196}}
Aug 06 18:21:09.099158 np0000006683 nova-scheduler[96591]: DEBUG dbcounter [-] [96591] Writer thread running {{(pid=96591) stat_writer /opt/stack/data/venv/lib/python3.12/site-packages/dbcounter.py:102}}
Aug 06 18:21:09.101932 np0000006683 nova-scheduler[96591]: DEBUG nova.service [None req-6d2c19ab-6609-4006-a48c-8ec769de1075 None None] Creating RPC server for service: nova-scheduler on topic: scheduler {{(pid=96591) start /opt/stack/nova/nova/service.py:196}}
Aug 06 18:21:09.112264 np0000006683 nova-scheduler[96587]: DEBUG nova.service [None req-372e9c6f-2949-4e67-bc2a-867e58fc9681 None None] Join ServiceGroup membership for this service scheduler {{(pid=96587) start /opt/stack/nova/nova/service.py:222}}
Aug 06 18:21:09.112762 np0000006683 nova-scheduler[96589]: DEBUG nova.service [None req-61cf73f6-2d8b-4b45-bbd4-0a04a284e543 None None] Join ServiceGroup membership for this service scheduler {{(pid=96589) start /opt/stack/nova/nova/service.py:222}}
Aug 06 18:21:09.112991 np0000006683 nova-scheduler[96589]: DEBUG nova.servicegroup.drivers.db [None req-61cf73f6-2d8b-4b45-bbd4-0a04a284e543 None None] DB_Driver: join new ServiceGroup member np0000006683 to the scheduler group, service = {{(pid=96589) join /opt/stack/nova/nova/servicegroup/drivers/db.py:44}}
Aug 06 18:21:09.113811 np0000006683 nova-scheduler[96587]: DEBUG nova.servicegroup.drivers.db [None req-372e9c6f-2949-4e67-bc2a-867e58fc9681 None None] DB_Driver: join new ServiceGroup member np0000006683 to the scheduler group, service = {{(pid=96587) join /opt/stack/nova/nova/servicegroup/drivers/db.py:44}}
Aug 06 18:21:09.115329 np0000006683 nova-scheduler[96585]: DEBUG nova.service [None req-94836ede-9e01-443c-adf4-2bbeacf05f23 None None] Join ServiceGroup membership for this service scheduler {{(pid=96585) start /opt/stack/nova/nova/service.py:222}}
Aug 06 18:21:09.115503 np0000006683 nova-scheduler[96585]: DEBUG nova.servicegroup.drivers.db [None req-94836ede-9e01-443c-adf4-2bbeacf05f23 None None] DB_Driver: join new ServiceGroup member np0000006683 to the scheduler group, service = {{(pid=96585) join /opt/stack/nova/nova/servicegroup/drivers/db.py:44}}
Aug 06 18:21:09.127158 np0000006683 nova-scheduler[96591]: DEBUG nova.service [None req-6d2c19ab-6609-4006-a48c-8ec769de1075 None None] Join ServiceGroup membership for this service scheduler {{(pid=96591) start /opt/stack/nova/nova/service.py:222}}
Aug 06 18:21:09.127158 np0000006683 nova-scheduler[96591]: DEBUG nova.servicegroup.drivers.db [None req-6d2c19ab-6609-4006-a48c-8ec769de1075 None None] DB_Driver: join new ServiceGroup member np0000006683 to the scheduler group, service = {{(pid=96591) join /opt/stack/nova/nova/servicegroup/drivers/db.py:44}}
Aug 06 18:21:14.125490 np0000006683 nova-scheduler[96589]: DEBUG oslo.service.backend._threading.loopingcall [-] Fixed interval looping call 'nova.servicegroup.drivers.db.DbDriver._report_state' sleeping for 119.99 seconds {{(pid=96589) _run_loop /opt/stack/data/venv/lib/python3.12/site-packages/oslo_service/backend/_threading/loopingcall.py:125}}
Aug 06 18:21:14.127740 np0000006683 nova-scheduler[96587]: DEBUG oslo.service.backend._threading.loopingcall [-] Fixed interval looping call 'nova.servicegroup.drivers.db.DbDriver._report_state' sleeping for 119.99 seconds {{(pid=96587) _run_loop /opt/stack/data/venv/lib/python3.12/site-packages/oslo_service/backend/_threading/loopingcall.py:125}}
Aug 06 18:21:14.128899 np0000006683 nova-scheduler[96585]: DEBUG oslo.service.backend._threading.loopingcall [-] Fixed interval looping call 'nova.servicegroup.drivers.db.DbDriver._report_state' sleeping for 119.99 seconds {{(pid=96585) _run_loop /opt/stack/data/venv/lib/python3.12/site-packages/oslo_service/backend/_threading/loopingcall.py:125}}
Aug 06 18:21:14.139451 np0000006683 nova-scheduler[96591]: DEBUG oslo.service.backend._threading.loopingcall [-] Fixed interval looping call 'nova.servicegroup.drivers.db.DbDriver._report_state' sleeping for 119.99 seconds {{(pid=96591) _run_loop /opt/stack/data/venv/lib/python3.12/site-packages/oslo_service/backend/_threading/loopingcall.py:125}}
Aug 06 18:21:16.115354 np0000006683 nova-scheduler[96589]: DEBUG oslo.service.backend._threading.loopingcall [None req-74333e8a-1f34-4dbb-8a45-63ebe5c483d0 None None] Dynamic interval looping call 'nova.service.Service.periodic_tasks' sleeping for 60.00 seconds {{(pid=96589) _run_loop /opt/stack/data/venv/lib/python3.12/site-packages/oslo_service/backend/_threading/loopingcall.py:125}}
Aug 06 18:21:16.116639 np0000006683 nova-scheduler[96587]: DEBUG oslo.service.backend._threading.loopingcall [None req-b89b7c9a-c93d-429b-894c-ba50457f9e71 None None] Dynamic interval looping call 'nova.service.Service.periodic_tasks' sleeping for 60.00 seconds {{(pid=96587) _run_loop /opt/stack/data/venv/lib/python3.12/site-packages/oslo_service/backend/_threading/loopingcall.py:125}}
Aug 06 18:21:17.640839 np0000006683 nova-scheduler[95372]: DEBUG dbcounter [-] [95372] Writing DB stats nova_api:SELECT=3 {{(pid=95372) stat_writer /opt/stack/data/venv/lib/python3.12/site-packages/dbcounter.py:115}}
Aug 06 18:21:17.784057 np0000006683 nova-scheduler[95372]: DEBUG dbcounter [-] [95372] Writing DB stats nova_cell1:SELECT=1 {{(pid=95372) stat_writer /opt/stack/data/venv/lib/python3.12/site-packages/dbcounter.py:115}}
Aug 06 18:21:17.789508 np0000006683 nova-scheduler[95372]: DEBUG dbcounter [-] [95372] Writing DB stats nova_cell0:SELECT=1 {{(pid=95372) stat_writer /opt/stack/data/venv/lib/python3.12/site-packages/dbcounter.py:115}}
Aug 06 18:21:24.122345 np0000006683 nova-scheduler[96589]: DEBUG dbcounter [-] [96589] Writing DB stats nova_cell0:SELECT=5,nova_cell0:INSERT=1,nova_cell0:UPDATE=1 {{(pid=96589) stat_writer /opt/stack/data/venv/lib/python3.12/site-packages/dbcounter.py:115}}
Aug 06 18:21:24.126742 np0000006683 nova-scheduler[96587]: DEBUG dbcounter [-] [96587] Writing DB stats nova_cell0:SELECT=4,nova_cell0:INSERT=1,nova_cell0:UPDATE=1 {{(pid=96587) stat_writer /opt/stack/data/venv/lib/python3.12/site-packages/dbcounter.py:115}}
Aug 06 18:21:24.127664 np0000006683 nova-scheduler[96585]: DEBUG dbcounter [-] [96585] Writing DB stats nova_cell0:SELECT=3,nova_cell0:UPDATE=1 {{(pid=96585) stat_writer /opt/stack/data/venv/lib/python3.12/site-packages/dbcounter.py:115}}
Aug 06 18:21:24.137384 np0000006683 nova-scheduler[96591]: DEBUG dbcounter [-] [96591] Writing DB stats nova_cell0:SELECT=3 {{(pid=96591) stat_writer /opt/stack/data/venv/lib/python3.12/site-packages/dbcounter.py:115}}
Aug 06 18:21:47.128965 np0000006683 nova-scheduler[96591]: DEBUG oslo.service.backend._threading.loopingcall [None req-805cb40f-d451-4e77-b809-554573a43f3a None None] Dynamic interval looping call 'nova.service.Service.periodic_tasks' sleeping for 60.00 seconds {{(pid=96591) _run_loop /opt/stack/data/venv/lib/python3.12/site-packages/oslo_service/backend/_threading/loopingcall.py:125}}
Aug 06 18:22:05.118013 np0000006683 nova-scheduler[96585]: DEBUG oslo.service.backend._threading.loopingcall [None req-5732609d-c58e-4ffe-bb36-abaf74866467 None None] Dynamic interval looping call 'nova.service.Service.periodic_tasks' sleeping for 60.00 seconds {{(pid=96585) _run_loop /opt/stack/data/venv/lib/python3.12/site-packages/oslo_service/backend/_threading/loopingcall.py:125}}
Aug 06 18:22:16.115895 np0000006683 nova-scheduler[96589]: DEBUG oslo.service.backend._threading.loopingcall [None req-74333e8a-1f34-4dbb-8a45-63ebe5c483d0 None None] Dynamic interval looping call 'nova.service.Service.periodic_tasks' sleeping for 60.00 seconds {{(pid=96589) _run_loop /opt/stack/data/venv/lib/python3.12/site-packages/oslo_service/backend/_threading/loopingcall.py:125}}
Aug 06 18:22:16.117228 np0000006683 nova-scheduler[96587]: DEBUG oslo.service.backend._threading.loopingcall [None req-b89b7c9a-c93d-429b-894c-ba50457f9e71 None None] Dynamic interval looping call 'nova.service.Service.periodic_tasks' sleeping for 60.00 seconds {{(pid=96587) _run_loop /opt/stack/data/venv/lib/python3.12/site-packages/oslo_service/backend/_threading/loopingcall.py:125}}
Aug 06 18:22:47.129556 np0000006683 nova-scheduler[96591]: DEBUG oslo.service.backend._threading.loopingcall [None req-805cb40f-d451-4e77-b809-554573a43f3a None None] Dynamic interval looping call 'nova.service.Service.periodic_tasks' sleeping for 60.00 seconds {{(pid=96591) _run_loop /opt/stack/data/venv/lib/python3.12/site-packages/oslo_service/backend/_threading/loopingcall.py:125}}
Aug 06 18:23:05.118494 np0000006683 nova-scheduler[96585]: DEBUG oslo.service.backend._threading.loopingcall [None req-5732609d-c58e-4ffe-bb36-abaf74866467 None None] Dynamic interval looping call 'nova.service.Service.periodic_tasks' sleeping for 60.00 seconds {{(pid=96585) _run_loop /opt/stack/data/venv/lib/python3.12/site-packages/oslo_service/backend/_threading/loopingcall.py:125}}
Aug 06 18:23:14.122843 np0000006683 nova-scheduler[96589]: DEBUG oslo.service.backend._threading.loopingcall [-] Fixed interval looping call 'nova.servicegroup.drivers.db.DbDriver._report_state' sleeping for 119.99 seconds {{(pid=96589) _run_loop /opt/stack/data/venv/lib/python3.12/site-packages/oslo_service/backend/_threading/loopingcall.py:125}}
Aug 06 18:23:14.123518 np0000006683 nova-scheduler[96587]: DEBUG oslo.service.backend._threading.loopingcall [-] Fixed interval looping call 'nova.servicegroup.drivers.db.DbDriver._report_state' sleeping for 119.99 seconds {{(pid=96587) _run_loop /opt/stack/data/venv/lib/python3.12/site-packages/oslo_service/backend/_threading/loopingcall.py:125}}
Aug 06 18:23:14.123952 np0000006683 nova-scheduler[96585]: DEBUG oslo.service.backend._threading.loopingcall [-] Fixed interval looping call 'nova.servicegroup.drivers.db.DbDriver._report_state' sleeping for 120.00 seconds {{(pid=96585) _run_loop /opt/stack/data/venv/lib/python3.12/site-packages/oslo_service/backend/_threading/loopingcall.py:125}}
Aug 06 18:23:14.133344 np0000006683 nova-scheduler[96591]: DEBUG oslo.service.backend._threading.loopingcall [-] Fixed interval looping call 'nova.servicegroup.drivers.db.DbDriver._report_state' sleeping for 120.00 seconds {{(pid=96591) _run_loop /opt/stack/data/venv/lib/python3.12/site-packages/oslo_service/backend/_threading/loopingcall.py:125}}
Aug 06 18:23:16.116608 np0000006683 nova-scheduler[96589]: DEBUG oslo.service.backend._threading.loopingcall [None req-74333e8a-1f34-4dbb-8a45-63ebe5c483d0 None None] Dynamic interval looping call 'nova.service.Service.periodic_tasks' sleeping for 60.00 seconds {{(pid=96589) _run_loop /opt/stack/data/venv/lib/python3.12/site-packages/oslo_service/backend/_threading/loopingcall.py:125}}
Aug 06 18:23:16.117661 np0000006683 nova-scheduler[96587]: DEBUG oslo.service.backend._threading.loopingcall [None req-b89b7c9a-c93d-429b-894c-ba50457f9e71 None None] Dynamic interval looping call 'nova.service.Service.periodic_tasks' sleeping for 60.00 seconds {{(pid=96587) _run_loop /opt/stack/data/venv/lib/python3.12/site-packages/oslo_service/backend/_threading/loopingcall.py:125}}
Aug 06 18:23:24.119388 np0000006683 nova-scheduler[96589]: DEBUG dbcounter [-] [96589] Writing DB stats nova_cell0:SELECT=1,nova_cell0:UPDATE=1 {{(pid=96589) stat_writer /opt/stack/data/venv/lib/python3.12/site-packages/dbcounter.py:115}}
Aug 06 18:23:24.122756 np0000006683 nova-scheduler[96587]: DEBUG dbcounter [-] [96587] Writing DB stats nova_cell0:SELECT=1,nova_cell0:UPDATE=1 {{(pid=96587) stat_writer /opt/stack/data/venv/lib/python3.12/site-packages/dbcounter.py:115}}
Aug 06 18:23:24.123091 np0000006683 nova-scheduler[96585]: DEBUG dbcounter [-] [96585] Writing DB stats nova_cell0:SELECT=1,nova_cell0:UPDATE=1 {{(pid=96585) stat_writer /opt/stack/data/venv/lib/python3.12/site-packages/dbcounter.py:115}}
Aug 06 18:23:24.132917 np0000006683 nova-scheduler[96591]: DEBUG dbcounter [-] [96591] Writing DB stats nova_cell0:SELECT=1 {{(pid=96591) stat_writer /opt/stack/data/venv/lib/python3.12/site-packages/dbcounter.py:115}}
Aug 06 18:23:35.148276 np0000006683 nova-scheduler[96587]: DEBUG nova.scheduler.manager [None req-8b79b135-7af6-4590-bc8d-d2ad8e3d8666 tempest-DeleteServersTestJSON-768776091 tempest-DeleteServersTestJSON-768776091-project-member] Starting to schedule for instances: ['b81750f5-e240-4446-a584-16129c831fac'] {{(pid=96587) select_destinations /opt/stack/nova/nova/scheduler/manager.py:209}}
Aug 06 18:23:35.149297 np0000006683 nova-scheduler[96587]: DEBUG nova.scheduler.request_filter [None req-8b79b135-7af6-4590-bc8d-d2ad8e3d8666 tempest-DeleteServersTestJSON-768776091 tempest-DeleteServersTestJSON-768776091-project-member] compute_status_filter request filter added forbidden trait COMPUTE_STATUS_DISABLED {{(pid=96587) compute_status_filter /opt/stack/nova/nova/scheduler/request_filter.py:253}}
Aug 06 18:23:35.149297 np0000006683 nova-scheduler[96587]: DEBUG nova.scheduler.request_filter [None req-8b79b135-7af6-4590-bc8d-d2ad8e3d8666 tempest-DeleteServersTestJSON-768776091 tempest-DeleteServersTestJSON-768776091-project-member] Request filter 'compute_status_filter' took 0.0 seconds {{(pid=96587) wrapper /opt/stack/nova/nova/scheduler/request_filter.py:46}}
Aug 06 18:23:35.149297 np0000006683 nova-scheduler[96587]: DEBUG nova.scheduler.request_filter [None req-8b79b135-7af6-4590-bc8d-d2ad8e3d8666 tempest-DeleteServersTestJSON-768776091 tempest-DeleteServersTestJSON-768776091-project-member] Request filter 'accelerators_filter' took 0.0 seconds {{(pid=96587) wrapper /opt/stack/nova/nova/scheduler/request_filter.py:46}}
Aug 06 18:23:35.149487 np0000006683 nova-scheduler[96587]: DEBUG nova.scheduler.request_filter [None req-8b79b135-7af6-4590-bc8d-d2ad8e3d8666 tempest-DeleteServersTestJSON-768776091 tempest-DeleteServersTestJSON-768776091-project-member] Request filter 'packed_virtqueue_filter' took 0.0 seconds {{(pid=96587) wrapper /opt/stack/nova/nova/scheduler/request_filter.py:46}}
Aug 06 18:23:35.149944 np0000006683 nova-scheduler[96587]: DEBUG nova.scheduler.request_filter [None req-8b79b135-7af6-4590-bc8d-d2ad8e3d8666 tempest-DeleteServersTestJSON-768776091 tempest-DeleteServersTestJSON-768776091-project-member] Request filter 'remote_managed_ports_filter' took 0.0 seconds {{(pid=96587) wrapper /opt/stack/nova/nova/scheduler/request_filter.py:46}}
Aug 06 18:23:35.150084 np0000006683 nova-scheduler[96587]: DEBUG nova.scheduler.request_filter [None req-8b79b135-7af6-4590-bc8d-d2ad8e3d8666 tempest-DeleteServersTestJSON-768776091 tempest-DeleteServersTestJSON-768776091-project-member] ephemeral_encryption_filter skipped {{(pid=96587) ephemeral_encryption_filter /opt/stack/nova/nova/scheduler/request_filter.py:426}}
Aug 06 18:23:35.150239 np0000006683 nova-scheduler[96587]: DEBUG nova.scheduler.request_filter [None req-8b79b135-7af6-4590-bc8d-d2ad8e3d8666 tempest-DeleteServersTestJSON-768776091 tempest-DeleteServersTestJSON-768776091-project-member] virtio_sound_filter skipped {{(pid=96587) virtio_sound_filter /opt/stack/nova/nova/scheduler/request_filter.py:460}}
Aug 06 18:23:35.150351 np0000006683 nova-scheduler[96587]: DEBUG nova.scheduler.request_filter [None req-8b79b135-7af6-4590-bc8d-d2ad8e3d8666 tempest-DeleteServersTestJSON-768776091 tempest-DeleteServersTestJSON-768776091-project-member] tpm_secret_security_filter skipped {{(pid=96587) tpm_secret_security_filter /opt/stack/nova/nova/scheduler/request_filter.py:477}}
Aug 06 18:23:36.270215 np0000006683 nova-scheduler[96587]: INFO nova.utils [None req-8b79b135-7af6-4590-bc8d-d2ad8e3d8666 tempest-DeleteServersTestJSON-768776091 tempest-DeleteServersTestJSON-768776091-project-member] The cell worker thread pool ForkProcess-2.cell_worker is initialized
Aug 06 18:23:36.270636 np0000006683 nova-scheduler[96587]: DEBUG oslo_concurrency.lockutils [None req-8b79b135-7af6-4590-bc8d-d2ad8e3d8666 tempest-DeleteServersTestJSON-768776091 tempest-DeleteServersTestJSON-768776091-project-member] Acquiring lock "30003850-93f6-4583-ad9a-fe22b9a62edb" by "nova.context.set_target_cell..get_or_set_cached_cell_and_set_connections" {{(pid=96587) inner /opt/stack/data/venv/lib/python3.12/site-packages/oslo_concurrency/lockutils.py:512}}
Aug 06 18:23:36.288059 np0000006683 nova-scheduler[96587]: DEBUG oslo_concurrency.lockutils [None req-8b79b135-7af6-4590-bc8d-d2ad8e3d8666 tempest-DeleteServersTestJSON-768776091 tempest-DeleteServersTestJSON-768776091-project-member] Lock "30003850-93f6-4583-ad9a-fe22b9a62edb" acquired by "nova.context.set_target_cell..get_or_set_cached_cell_and_set_connections" :: waited 0.000s {{(pid=96587) inner /opt/stack/data/venv/lib/python3.12/site-packages/oslo_concurrency/lockutils.py:525}}
Aug 06 18:23:36.288059 np0000006683 nova-scheduler[96587]: DEBUG oslo_concurrency.lockutils [None req-8b79b135-7af6-4590-bc8d-d2ad8e3d8666 tempest-DeleteServersTestJSON-768776091 tempest-DeleteServersTestJSON-768776091-project-member] Lock "30003850-93f6-4583-ad9a-fe22b9a62edb" "released" by "nova.context.set_target_cell..get_or_set_cached_cell_and_set_connections" :: held 0.002s {{(pid=96587) inner /opt/stack/data/venv/lib/python3.12/site-packages/oslo_concurrency/lockutils.py:544}}
Aug 06 18:23:36.288059 np0000006683 nova-scheduler[96587]: INFO dbcounter [None req-8b79b135-7af6-4590-bc8d-d2ad8e3d8666 tempest-DeleteServersTestJSON-768776091 tempest-DeleteServersTestJSON-768776091-project-member] Registered counter for database nova_cell1
Aug 06 18:23:36.310903 np0000006683 nova-scheduler[96587]: DEBUG oslo_db.sqlalchemy.engines [None req-8b79b135-7af6-4590-bc8d-d2ad8e3d8666 tempest-DeleteServersTestJSON-768776091 tempest-DeleteServersTestJSON-768776091-project-member] MySQL server mode set to STRICT_TRANS_TABLES,STRICT_ALL_TABLES,NO_ZERO_IN_DATE,NO_ZERO_DATE,ERROR_FOR_DIVISION_BY_ZERO,TRADITIONAL,NO_ENGINE_SUBSTITUTION {{(pid=96587) _check_effective_sql_mode /opt/stack/data/venv/lib/python3.12/site-packages/oslo_db/sqlalchemy/engines.py:325}}
Aug 06 18:23:36.315557 np0000006683 nova-scheduler[96587]: DEBUG dbcounter [-] [96587] Writer thread running {{(pid=96587) stat_writer /opt/stack/data/venv/lib/python3.12/site-packages/dbcounter.py:102}}
Aug 06 18:23:36.482608 np0000006683 nova-scheduler[96587]: DEBUG oslo_db.sqlalchemy.engines [None req-8b79b135-7af6-4590-bc8d-d2ad8e3d8666 tempest-DeleteServersTestJSON-768776091 tempest-DeleteServersTestJSON-768776091-project-member] Parent process 95372 forked (96587) with an open database connection, which is being discarded and recreated. {{(pid=96587) checkout /opt/stack/data/venv/lib/python3.12/site-packages/oslo_db/sqlalchemy/engines.py:402}}
Aug 06 18:23:36.517843 np0000006683 nova-scheduler[96587]: DEBUG dbcounter [-] [96587] Writer thread running {{(pid=96587) stat_writer /opt/stack/data/venv/lib/python3.12/site-packages/dbcounter.py:102}}
Aug 06 18:23:36.531591 np0000006683 nova-scheduler[96587]: DEBUG oslo_concurrency.lockutils [None req-8b79b135-7af6-4590-bc8d-d2ad8e3d8666 tempest-DeleteServersTestJSON-768776091 tempest-DeleteServersTestJSON-768776091-project-member] Acquiring lock "30003850-93f6-4583-ad9a-fe22b9a62edb" by "nova.context.set_target_cell..get_or_set_cached_cell_and_set_connections" {{(pid=96587) inner /opt/stack/data/venv/lib/python3.12/site-packages/oslo_concurrency/lockutils.py:512}}
