Aug 06 18:20:45.087569 np0000006683 devstack@neutron-api.service[90743]: DEBUG oslo_concurrency.processutils [None req-845ef050-985b-403b-9b30-4ad515bb642b None None] CMD "ovsdb-client transact ssl:10.4.3.182:6641 --timeout 180 -p /opt/stack/data/CA/int-ca/private/devstack-cert.key -c /opt/stack/data/CA/int-ca/devstack-cert.crt -C /opt/stack/data/CA/int-ca/ca-chain.pem ["OVN_Northbound", {"op": "wait", "timeout": 0, "table": "Port_Group", "where": [["name", "==", "pvlan_pg_drop"]], "until": "==", "rows": []}, {"op": "insert", "table": "ACL", "row": {"action": "drop", "direction": "to-lport", "match": "outport == @pvlan_pg_drop && ip", "priority": 1010}, "uuid-name": "pvlandroptoport"}, {"op": "insert", "table": "ACL", "row": {"action": "drop", "direction": "from-lport", "match": "inport == @pvlan_pg_drop && ip", "priority": 1010}, "uuid-name": "pvlandropfromport"}, {"op": "insert", "table": "Port_Group", "row": {"name": "pvlan_pg_drop", "acls": ["set", [["named-uuid", "pvlandroptoport"], ["named-uuid", "pvlandropfromport"]]]}}]" returned: 0 in 0.025s {{(pid=90743) execute /opt/stack/data/venv/lib/python3.12/site-packages/oslo_concurrency/processutils.py:468}}
Aug 06 18:20:45.089427 np0000006683 devstack@neutron-api.service[90743]: WSGI app 0 (mountpoint='') ready in 7 seconds on interpreter 0x7fd0506a4668 pid: 90743 (default app)
Aug 06 18:20:45.951591 np0000006683 devstack@neutron-api.service[90742]: DEBUG neutron.plugins.ml2.drivers.ovn.mech_driver.ovsdb.ovsdb_monitor [-] Hash Ring: Node a21f5000c36953e69f7c69cb007a4627 (host: np0000006683) handling event "update" for row dac06359-16d5-4606-80cf-420577f2aa3e (table: Connection) {{(pid=90742) notify /opt/stack/neutron/neutron/plugins/ml2/drivers/ovn/mech_driver/ovsdb/ovsdb_monitor.py:1099}}
Aug 06 18:20:45.957228 np0000006683 devstack@neutron-api.service[90744]: DEBUG neutron.common.ovn.hash_ring_manager [-] Allow caching, nodes 4>=4 {{(pid=90744) _wait_startup_before_caching /opt/stack/neutron/neutron/common/ovn/hash_ring_manager.py:71}}
Aug 06 18:20:45.957579 np0000006683 devstack@neutron-api.service[90744]: DEBUG neutron.plugins.ml2.drivers.ovn.mech_driver.ovsdb.ovsdb_monitor [-] Hash Ring: Node 3de69aa553495dd49d27a35aedee3dfc (host: np0000006683) handling event "update" for row dac06359-16d5-4606-80cf-420577f2aa3e (table: Connection) {{(pid=90744) notify /opt/stack/neutron/neutron/plugins/ml2/drivers/ovn/mech_driver/ovsdb/ovsdb_monitor.py:1099}}
Aug 06 18:20:48.449757 np0000006683 devstack@neutron-api.service[90742]: DEBUG neutron.plugins.ml2.drivers.ovn.mech_driver.ovsdb.ovsdb_monitor [-] Hash Ring: Node a21f5000c36953e69f7c69cb007a4627 (host: np0000006683) handling event "update" for row dac06359-16d5-4606-80cf-420577f2aa3e (table: Connection) {{(pid=90742) notify /opt/stack/neutron/neutron/plugins/ml2/drivers/ovn/mech_driver/ovsdb/ovsdb_monitor.py:1099}}
Aug 06 18:20:48.463798 np0000006683 devstack@neutron-api.service[90744]: DEBUG neutron.plugins.ml2.drivers.ovn.mech_driver.ovsdb.ovsdb_monitor [-] Hash Ring: Node 3de69aa553495dd49d27a35aedee3dfc (host: np0000006683) handling event "update" for row dac06359-16d5-4606-80cf-420577f2aa3e (table: Connection) {{(pid=90744) notify /opt/stack/neutron/neutron/plugins/ml2/drivers/ovn/mech_driver/ovsdb/ovsdb_monitor.py:1099}}
Aug 06 18:20:48.666373 np0000006683 devstack@neutron-api.service[90744]: DEBUG neutron.api.wsgi [None req-cc670d64-2ee2-408f-b2b1-39b29e5627b2 admin admin] Missing Content-Type {{(pid=90744) get_content_type /opt/stack/neutron/neutron/api/wsgi.py:80}}
Aug 06 18:20:48.666673 np0000006683 devstack@neutron-api.service[90744]: DEBUG neutron.api.wsgi [None req-cc670d64-2ee2-408f-b2b1-39b29e5627b2 admin admin] https://10.4.3.182/networking/v2.0/extensions returned with HTTP 200 {{(pid=90744) __call__ /opt/stack/neutron/neutron/api/wsgi.py:540}}
Aug 06 18:20:48.667032 np0000006683 devstack@neutron-api.service[90744]: [pid: 90744|app: 0|req: 2/2] 10.4.3.182 () {64 vars in 1292 bytes} [Thu Aug 6 18:20:48 2026] GET /networking/v2.0/extensions => generated 16171 bytes in 561 msecs (HTTP/1.1 200) 4 headers in 159 bytes (1 switches on core 0)
Aug 06 18:20:49.025142 np0000006683 devstack@neutron-api.service[90741]: DEBUG neutron.api.v2.base [None req-8d2ca421-f92c-4581-ab3c-f81678c2efe0 admin admin] Request body: {'subnetpool': {'name': 'shared-default-subnetpool-v4', 'is_default': True, 'prefixes': ['10.1.0.0/20'], 'shared': True, 'default_prefixlen': 26}} {{(pid=90741) prepare_request_body /opt/stack/neutron/neutron/api/v2/base.py:727}}
Aug 06 18:20:49.201904 np0000006683 devstack@neutron-api.service[90741]: DEBUG neutron.policy [None req-8d2ca421-f92c-4581-ab3c-f81678c2efe0 admin admin] Loaded default policies from ['neutron'] under neutron.policies entry points {{(pid=90741) register_rules /opt/stack/neutron/neutron/policy.py:65}}
Aug 06 18:20:49.332490 np0000006683 devstack@neutron-api.service[90741]: DEBUG neutron_lib.callbacks.manager [None req-8d2ca421-f92c-4581-ab3c-f81678c2efe0 admin admin] Publish callbacks ['neutron.objects.securitygroup.RbacNeutronDbObjectMixin.validate_rbac_policy_change-2158779045261', 'neutron.objects.address_group.RbacNeutronDbObjectMixin.validate_rbac_policy_change-2158779067561', 'neutron.objects.network.RbacNeutronDbObjectMixin.validate_rbac_policy_change-2158779202090', 'neutron.objects.qos.policy.RbacNeutronDbObjectMixin.validate_rbac_policy_change-2158779208446', 'neutron.objects.subnetpool.RbacNeutronDbObjectMixin.validate_rbac_policy_change-2158779247668', 'neutron.objects.address_scope.RbacNeutronDbObjectMixin.validate_rbac_policy_change-2158779249792', 'neutron.plugins.ml2.plugin.External_net_db_mixin._process_ext_policy_create-229133', 'neutron.plugins.ml2.plugin.NeutronDbPluginV2.validate_network_rbac_policy_change-213813'] for rbac-policy (None), before_create {{(pid=90741) _notify_loop /opt/stack/data/venv/lib/python3.12/site-packages/neutron_lib/callbacks/manager.py:184}}
Aug 06 18:20:49.368268 np0000006683 devstack@neutron-api.service[90741]: DEBUG neutron_lib.callbacks.manager [None req-8d2ca421-f92c-4581-ab3c-f81678c2efe0 admin admin] Publish callbacks [] for subnetpool (None), before_response {{(pid=90741) _notify_loop /opt/stack/data/venv/lib/python3.12/site-packages/neutron_lib/callbacks/manager.py:184}}
Aug 06 18:20:49.368773 np0000006683 devstack@neutron-api.service[90741]: [pid: 90741|app: 0|req: 1/3] 10.4.3.182 () {68 vars in 1336 bytes} [Thu Aug 6 18:20:48 2026] POST /networking/v2.0/subnetpools => generated 533 bytes in 430 msecs (HTTP/1.1 201) 4 headers in 162 bytes (1 switches on core 0)
Aug 06 18:20:49.667592 np0000006683 devstack@neutron-api.service[90742]: DEBUG neutron.api.v2.base [None req-d252b6fd-f59a-4432-88cb-34854a822aa4 admin admin] Request body: {'subnetpool': {'name': 'shared-default-subnetpool-v6', 'is_default': True, 'prefixes': ['fdac:4e6a:80f8::/56'], 'shared': True, 'default_prefixlen': 64}} {{(pid=90742) prepare_request_body /opt/stack/neutron/neutron/api/v2/base.py:727}}
Aug 06 18:20:49.807044 np0000006683 devstack@neutron-api.service[90742]: DEBUG neutron.policy [None req-d252b6fd-f59a-4432-88cb-34854a822aa4 admin admin] Loaded default policies from ['neutron'] under neutron.policies entry points {{(pid=90742) register_rules /opt/stack/neutron/neutron/policy.py:65}}
Aug 06 18:20:49.923236 np0000006683 devstack@neutron-api.service[90742]: DEBUG neutron_lib.callbacks.manager [None req-d252b6fd-f59a-4432-88cb-34854a822aa4 admin admin] Publish callbacks ['neutron.objects.securitygroup.RbacNeutronDbObjectMixin.validate_rbac_policy_change-2158779043577', 'neutron.objects.address_group.RbacNeutronDbObjectMixin.validate_rbac_policy_change-2158779066045', 'neutron.objects.network.RbacNeutronDbObjectMixin.validate_rbac_policy_change-2158779200123', 'neutron.objects.qos.policy.RbacNeutronDbObjectMixin.validate_rbac_policy_change-2158779205411', 'neutron.objects.subnetpool.RbacNeutronDbObjectMixin.validate_rbac_policy_change-2158779229780', 'neutron.objects.address_scope.RbacNeutronDbObjectMixin.validate_rbac_policy_change-2158779231220', 'neutron.plugins.ml2.plugin.External_net_db_mixin._process_ext_policy_create-831373', 'neutron.plugins.ml2.plugin.NeutronDbPluginV2.validate_network_rbac_policy_change-833445'] for rbac-policy (None), before_create {{(pid=90742) _notify_loop /opt/stack/data/venv/lib/python3.12/site-packages/neutron_lib/callbacks/manager.py:184}}
Aug 06 18:20:49.956228 np0000006683 devstack@neutron-api.service[90742]: DEBUG neutron_lib.callbacks.manager [None req-d252b6fd-f59a-4432-88cb-34854a822aa4 admin admin] Publish callbacks [] for subnetpool (None), before_response {{(pid=90742) _notify_loop /opt/stack/data/venv/lib/python3.12/site-packages/neutron_lib/callbacks/manager.py:184}}
Aug 06 18:20:49.956929 np0000006683 devstack@neutron-api.service[90742]: [pid: 90742|app: 0|req: 1/4] 10.4.3.182 () {68 vars in 1336 bytes} [Thu Aug 6 18:20:49 2026] POST /networking/v2.0/subnetpools => generated 543 bytes in 374 msecs (HTTP/1.1 201) 4 headers in 162 bytes (1 switches on core 0)
Aug 06 18:20:50.259722 np0000006683 devstack@neutron-api.service[90743]: DEBUG neutron.api.v2.base [None req-bb6daf86-58a3-495f-921b-e80f68122682 admin admin] Request body: {'network': {'admin_state_up': True, 'name': 'private'}} {{(pid=90743) prepare_request_body /opt/stack/neutron/neutron/api/v2/base.py:727}}
Aug 06 18:20:50.286928 np0000006683 devstack@neutron-api.service[90743]: DEBUG neutron.pecan_wsgi.hooks.quota_enforcement [None req-bb6daf86-58a3-495f-921b-e80f68122682 admin admin] Made reservation on behalf of 34d83c3c648e41f6b53ea0d59c428795 for: {'network': 1} {{(pid=90743) before /opt/stack/neutron/neutron/pecan_wsgi/hooks/quota_enforcement.py:66}}
Aug 06 18:20:50.432693 np0000006683 devstack@neutron-api.service[90743]: DEBUG neutron.policy [None req-bb6daf86-58a3-495f-921b-e80f68122682 admin admin] Loaded default policies from ['neutron'] under neutron.policies entry points {{(pid=90743) register_rules /opt/stack/neutron/neutron/policy.py:65}}
Aug 06 18:20:50.516615 np0000006683 devstack@neutron-api.service[90743]: DEBUG neutron_lib.callbacks.manager [None req-bb6daf86-58a3-495f-921b-e80f68122682 admin admin] Publish callbacks ['neutron.plugins.ml2.plugin.SecurityGroupDbMixin._ensure_default_security_group_handler-45885'] for network (None), before_create {{(pid=90743) _notify_loop /opt/stack/data/venv/lib/python3.12/site-packages/neutron_lib/callbacks/manager.py:184}}
Aug 06 18:20:50.535037 np0000006683 devstack@neutron-api.service[90743]: DEBUG neutron_lib.callbacks.manager [None req-bb6daf86-58a3-495f-921b-e80f68122682 admin admin] Publish callbacks [] for security_group (None), before_create {{(pid=90743) _notify_loop /opt/stack/data/venv/lib/python3.12/site-packages/neutron_lib/callbacks/manager.py:184}}
Aug 06 18:20:50.617590 np0000006683 devstack@neutron-api.service[90743]: DEBUG neutron_lib.callbacks.manager [None req-bb6daf86-58a3-495f-921b-e80f68122682 admin admin] Publish callbacks ['neutron.plugins.ml2.drivers.ovn.mech_driver.mech_driver.OVNMechanismDriver._create_security_group_precommit-275609'] for security_group (4fa33043-9459-438b-b7e5-316ebf70e8b1), precommit_create {{(pid=90743) _notify_loop /opt/stack/data/venv/lib/python3.12/site-packages/neutron_lib/callbacks/manager.py:184}}
Aug 06 18:20:50.617779 np0000006683 devstack@neutron-api.service[90743]: DEBUG neutron.db.ovn_revision_numbers_db [None req-bb6daf86-58a3-495f-921b-e80f68122682 admin admin] create_initial_revision uuid=4fa33043-9459-438b-b7e5-316ebf70e8b1, type=security_groups, rev=-1 {{(pid=90743) create_initial_revision /opt/stack/neutron/neutron/db/ovn_revision_numbers_db.py:98}}
Aug 06 18:20:50.619929 np0000006683 devstack@neutron-api.service[90743]: DEBUG neutron.db.ovn_revision_numbers_db [None req-bb6daf86-58a3-495f-921b-e80f68122682 admin admin] create_initial_revision uuid=209722dd-e48d-496f-9b25-b55029de852b, type=security_group_rules, rev=-1 {{(pid=90743) create_initial_revision /opt/stack/neutron/neutron/db/ovn_revision_numbers_db.py:98}}
Aug 06 18:20:50.620796 np0000006683 devstack@neutron-api.service[90743]: DEBUG neutron.db.ovn_revision_numbers_db [None req-bb6daf86-58a3-495f-921b-e80f68122682 admin admin] create_initial_revision uuid=22da15c6-9fd5-4030-8d82-a7bfeb41d93c, type=security_group_rules, rev=-1 {{(pid=90743) create_initial_revision /opt/stack/neutron/neutron/db/ovn_revision_numbers_db.py:98}}
Aug 06 18:20:50.621626 np0000006683 devstack@neutron-api.service[90743]: DEBUG neutron.db.ovn_revision_numbers_db [None req-bb6daf86-58a3-495f-921b-e80f68122682 admin admin] create_initial_revision uuid=ada5aa2f-b6c4-4506-a689-6d8c0af10960, type=security_group_rules, rev=-1 {{(pid=90743) create_initial_revision /opt/stack/neutron/neutron/db/ovn_revision_numbers_db.py:98}}
Aug 06 18:20:50.622422 np0000006683 devstack@neutron-api.service[90743]: DEBUG neutron.db.ovn_revision_numbers_db [None req-bb6daf86-58a3-495f-921b-e80f68122682 admin admin] create_initial_revision uuid=fc58645c-63a0-4b51-ba4a-0574a38867de, type=security_group_rules, rev=-1 {{(pid=90743) create_initial_revision /opt/stack/neutron/neutron/db/ovn_revision_numbers_db.py:98}}
Aug 06 18:20:50.625299 np0000006683 devstack@neutron-api.service[90743]: DEBUG neutron_lib.callbacks.manager [None req-bb6daf86-58a3-495f-921b-e80f68122682 admin admin] Publish callbacks ['neutron.plugins.ml2.drivers.ovn.mech_driver.mech_driver.OVNMechanismDriver._create_security_group-275603', 'neutron.plugins.ml2.ovo_rpc._ObjectChangeHandler.handle_event-15180746'] for security_group (4fa33043-9459-438b-b7e5-316ebf70e8b1), after_create {{(pid=90743) _notify_loop /opt/stack/data/venv/lib/python3.12/site-packages/neutron_lib/callbacks/manager.py:184}}
Aug 06 18:20:50.626262 np0000006683 devstack@neutron-api.service[90743]: DEBUG ovsdbapp.backend.ovs_idl.transaction [-] Running txn n=1 command(idx=0): PgAddCommand(_result=None, name=pg_4fa33043_9459_438b_b7e5_316ebf70e8b1, may_exist=False, columns={'acls': [], 'external_ids': {'neutron:security_group_id': '4fa33043-9459-438b-b7e5-316ebf70e8b1'}}) {{(pid=90743) do_commit /opt/stack/data/venv/lib/python3.12/site-packages/ovsdbapp/backend/ovs_idl/transaction.py:89}}
Aug 06 18:20:50.627559 np0000006683 devstack@neutron-api.service[90743]: DEBUG ovsdbapp.backend.ovs_idl.transaction [-] Running txn n=1 command(idx=1): PgAclAddCommand(_result=None, entity=pg_4fa33043_9459_438b_b7e5_316ebf70e8b1, direction=to-lport, priority=1002, match=outport == @pg_4fa33043_9459_438b_b7e5_316ebf70e8b1 && ip6 && ip6.src == $pg_4fa33043_9459_438b_b7e5_316ebf70e8b1_ip6, action=allow-related, log=False, may_exist=True, severity=[], name=[], meter=[], external_ids={'neutron:security_group_rule_id': '209722dd-e48d-496f-9b25-b55029de852b'}) {{(pid=90743) do_commit /opt/stack/data/venv/lib/python3.12/site-packages/ovsdbapp/backend/ovs_idl/transaction.py:89}}
Aug 06 18:20:50.627865 np0000006683 devstack@neutron-api.service[90743]: DEBUG ovsdbapp.backend.ovs_idl.transaction [-] Running txn n=1 command(idx=2): PgAclAddCommand(_result=None, entity=pg_4fa33043_9459_438b_b7e5_316ebf70e8b1, direction=to-lport, priority=1002, match=outport == @pg_4fa33043_9459_438b_b7e5_316ebf70e8b1 && ip4 && ip4.src == $pg_4fa33043_9459_438b_b7e5_316ebf70e8b1_ip4, action=allow-related, log=False, may_exist=True, severity=[], name=[], meter=[], external_ids={'neutron:security_group_rule_id': '22da15c6-9fd5-4030-8d82-a7bfeb41d93c'}) {{(pid=90743) do_commit /opt/stack/data/venv/lib/python3.12/site-packages/ovsdbapp/backend/ovs_idl/transaction.py:89}}
Aug 06 18:20:50.628133 np0000006683 devstack@neutron-api.service[90743]: DEBUG ovsdbapp.backend.ovs_idl.transaction [-] Running txn n=1 command(idx=3): PgAclAddCommand(_result=None, entity=pg_4fa33043_9459_438b_b7e5_316ebf70e8b1, direction=from-lport, priority=1002, match=inport == @pg_4fa33043_9459_438b_b7e5_316ebf70e8b1 && ip6, action=allow-related, log=False, may_exist=True, severity=[], name=[], meter=[], external_ids={'neutron:security_group_rule_id': 'ada5aa2f-b6c4-4506-a689-6d8c0af10960'}) {{(pid=90743) do_commit /opt/stack/data/venv/lib/python3.12/site-packages/ovsdbapp/backend/ovs_idl/transaction.py:89}}
Aug 06 18:20:50.628363 np0000006683 devstack@neutron-api.service[90743]: DEBUG ovsdbapp.backend.ovs_idl.transaction [-] Running txn n=1 command(idx=4): PgAclAddCommand(_result=None, entity=pg_4fa33043_9459_438b_b7e5_316ebf70e8b1, direction=from-lport, priority=1002, match=inport == @pg_4fa33043_9459_438b_b7e5_316ebf70e8b1 && ip4, action=allow-related, log=False, may_exist=True, severity=[], name=[], meter=[], external_ids={'neutron:security_group_rule_id': 'fc58645c-63a0-4b51-ba4a-0574a38867de'}) {{(pid=90743) do_commit /opt/stack/data/venv/lib/python3.12/site-packages/ovsdbapp/backend/ovs_idl/transaction.py:89}}
Aug 06 18:20:50.645472 np0000006683 devstack@neutron-api.service[90744]: DEBUG neutron.plugins.ml2.drivers.ovn.mech_driver.ovsdb.ovsdb_monitor [-] Hash Ring: Node 3de69aa553495dd49d27a35aedee3dfc (host: np0000006683) handling event "create" for row 0da150e0-1167-4ee9-a883-dd38fa166100 (table: ACL) {{(pid=90744) notify /opt/stack/neutron/neutron/plugins/ml2/drivers/ovn/mech_driver/ovsdb/ovsdb_monitor.py:1099}}
Aug 06 18:20:50.645819 np0000006683 devstack@neutron-api.service[90744]: DEBUG neutron.plugins.ml2.drivers.ovn.mech_driver.ovsdb.ovsdb_monitor [-] Hash Ring: Node 3de69aa553495dd49d27a35aedee3dfc (host: np0000006683) handling event "create" for row 80e1e1c6-3409-446b-ba58-410e66b701fa (table: ACL) {{(pid=90744) notify /opt/stack/neutron/neutron/plugins/ml2/drivers/ovn/mech_driver/ovsdb/ovsdb_monitor.py:1099}}
Aug 06 18:20:50.645819 np0000006683 devstack@neutron-api.service[90744]: DEBUG neutron.plugins.ml2.drivers.ovn.mech_driver.ovsdb.ovsdb_monitor [-] Hash Ring: Node 3de69aa553495dd49d27a35aedee3dfc (host: np0000006683) handling event "create" for row 88b3b655-1d61-4bf8-883b-01febe142143 (table: ACL) {{(pid=90744) notify /opt/stack/neutron/neutron/plugins/ml2/drivers/ovn/mech_driver/ovsdb/ovsdb_monitor.py:1099}}
Aug 06 18:20:50.645819 np0000006683 devstack@neutron-api.service[90744]: DEBUG neutron.plugins.ml2.drivers.ovn.mech_driver.ovsdb.ovsdb_monitor [-] Hash Ring: Node 3de69aa553495dd49d27a35aedee3dfc (host: np0000006683) handling event "create" for row f64e926d-6bdb-4130-9368-f66d64365ecf (table: ACL) {{(pid=90744) notify /opt/stack/neutron/neutron/plugins/ml2/drivers/ovn/mech_driver/ovsdb/ovsdb_monitor.py:1099}}
Aug 06 18:20:50.645950 np0000006683 devstack@neutron-api.service[90743]: DEBUG neutron.plugins.ml2.drivers.ovn.mech_driver.ovsdb.ovsdb_monitor [-] Hash Ring: Node 108065c79eaa532899a2708baf9ba262 (host: np0000006683) handling event "create" for row 0da150e0-1167-4ee9-a883-dd38fa166100 (table: ACL) {{(pid=90743) notify /opt/stack/neutron/neutron/plugins/ml2/drivers/ovn/mech_driver/ovsdb/ovsdb_monitor.py:1099}}
Aug 06 18:20:50.645997 np0000006683 devstack@neutron-api.service[90744]: DEBUG neutron.plugins.ml2.drivers.ovn.mech_driver.ovsdb.ovsdb_monitor [-] Hash Ring: Node 3de69aa553495dd49d27a35aedee3dfc (host: np0000006683) handling event "create" for row 89ba10db-548a-4ef8-9602-ae1891902148 (table: Port_Group) {{(pid=90744) notify /opt/stack/neutron/neutron/plugins/ml2/drivers/ovn/mech_driver/ovsdb/ovsdb_monitor.py:1099}}
Aug 06 18:20:50.646082 np0000006683 devstack@neutron-api.service[90743]: DEBUG neutron.plugins.ml2.drivers.ovn.mech_driver.ovsdb.ovsdb_monitor [-] Hash Ring: Node 108065c79eaa532899a2708baf9ba262 (host: np0000006683) handling event "create" for row 80e1e1c6-3409-446b-ba58-410e66b701fa (table: ACL) {{(pid=90743) notify /opt/stack/neutron/neutron/plugins/ml2/drivers/ovn/mech_driver/ovsdb/ovsdb_monitor.py:1099}}
Aug 06 18:20:50.646437 np0000006683 devstack@neutron-api.service[90741]: DEBUG neutron.plugins.ml2.drivers.ovn.mech_driver.ovsdb.ovsdb_monitor [-] Hash Ring: Node 1774e5e19e285236b2c0cf4b2937863c (host: np0000006683) handling event "create" for row f64e926d-6bdb-4130-9368-f66d64365ecf (table: ACL) {{(pid=90741) notify /opt/stack/neutron/neutron/plugins/ml2/drivers/ovn/mech_driver/ovsdb/ovsdb_monitor.py:1099}}
Aug 06 18:20:50.646724 np0000006683 devstack@neutron-api.service[90741]: DEBUG neutron.plugins.ml2.drivers.ovn.mech_driver.ovsdb.ovsdb_monitor [-] Hash Ring: Node 1774e5e19e285236b2c0cf4b2937863c (host: np0000006683) handling event "create" for row 89ba10db-548a-4ef8-9602-ae1891902148 (table: Port_Group) {{(pid=90741) notify /opt/stack/neutron/neutron/plugins/ml2/drivers/ovn/mech_driver/ovsdb/ovsdb_monitor.py:1099}}
Aug 06 18:20:50.666654 np0000006683 devstack@neutron-api.service[90743]: INFO neutron.db.ovn_revision_numbers_db [None req-bb6daf86-58a3-495f-921b-e80f68122682 admin admin] Successfully bumped revision number for resource 4fa33043-9459-438b-b7e5-316ebf70e8b1 (type: security_groups) to 1
Aug 06 18:20:50.677133 np0000006683 devstack@neutron-api.service[90743]: INFO neutron.db.ovn_revision_numbers_db [None req-bb6daf86-58a3-495f-921b-e80f68122682 admin admin] Successfully bumped revision number for resource 209722dd-e48d-496f-9b25-b55029de852b (type: security_group_rules) to 0
Aug 06 18:20:50.684843 np0000006683 devstack@neutron-api.service[90743]: INFO neutron.db.ovn_revision_numbers_db [None req-bb6daf86-58a3-495f-921b-e80f68122682 admin admin] Successfully bumped revision number for resource 22da15c6-9fd5-4030-8d82-a7bfeb41d93c (type: security_group_rules) to 0
Aug 06 18:20:50.692622 np0000006683 devstack@neutron-api.service[90743]: INFO neutron.db.ovn_revision_numbers_db [None req-bb6daf86-58a3-495f-921b-e80f68122682 admin admin] Successfully bumped revision number for resource ada5aa2f-b6c4-4506-a689-6d8c0af10960 (type: security_group_rules) to 0
Aug 06 18:20:50.701094 np0000006683 devstack@neutron-api.service[90743]: INFO neutron.db.ovn_revision_numbers_db [None req-bb6daf86-58a3-495f-921b-e80f68122682 admin admin] Successfully bumped revision number for resource fc58645c-63a0-4b51-ba4a-0574a38867de (type: security_group_rules) to 0
Aug 06 18:20:50.721466 np0000006683 devstack@neutron-api.service[90743]: DEBUG neutron.api.rpc.handlers.resources_rpc [None req-bb6daf86-58a3-495f-921b-e80f68122682 admin admin] Pushing event updated for resources: {'SecurityGroup': ['ID=4fa33043-9459-438b-b7e5-316ebf70e8b1,revision_number=1']} {{(pid=90743) push /opt/stack/neutron/neutron/api/rpc/handlers/resources_rpc.py:237}}
Aug 06 18:20:50.727299 np0000006683 devstack@neutron-api.service[90743]: DEBUG ovsdbapp.backend.ovs_idl.transaction [-] Running txn n=1 command(idx=0): CheckLivenessCommand(_result=None) {{(pid=90743) do_commit /opt/stack/data/venv/lib/python3.12/site-packages/ovsdbapp/backend/ovs_idl/transaction.py:89}}
Aug 06 18:20:50.729600 np0000006683 devstack@neutron-api.service[90744]: DEBUG neutron.plugins.ml2.drivers.ovn.mech_driver.ovsdb.ovsdb_monitor [-] Hash Ring: Node 3de69aa553495dd49d27a35aedee3dfc (host: np0000006683) handling event "update" for row 97b25c57-f44e-4440-a523-7bd26bbdd193 (table: NB_Global) {{(pid=90744) notify /opt/stack/neutron/neutron/plugins/ml2/drivers/ovn/mech_driver/ovsdb/ovsdb_monitor.py:1099}}
Aug 06 18:20:50.730209 np0000006683 devstack@neutron-api.service[90741]: DEBUG neutron.plugins.ml2.drivers.ovn.mech_driver.ovsdb.ovsdb_monitor [-] Hash Ring: Node 1774e5e19e285236b2c0cf4b2937863c (host: np0000006683) handling event "update" for row 97b25c57-f44e-4440-a523-7bd26bbdd193 (table: NB_Global) {{(pid=90741) notify /opt/stack/neutron/neutron/plugins/ml2/drivers/ovn/mech_driver/ovsdb/ovsdb_monitor.py:1099}}
Aug 06 18:20:50.730303 np0000006683 devstack@neutron-api.service[90744]: DEBUG neutron.plugins.ml2.drivers.ovn.mech_driver.ovsdb.ovsdb_monitor [-] Hash Ring: Node 3de69aa553495dd49d27a35aedee3dfc (host: np0000006683) handling event "update" for row 97b25c57-f44e-4440-a523-7bd26bbdd193 (table: NB_Global) {{(pid=90744) notify /opt/stack/neutron/neutron/plugins/ml2/drivers/ovn/mech_driver/ovsdb/ovsdb_monitor.py:1099}}
Aug 06 18:20:50.730748 np0000006683 devstack@neutron-api.service[90744]: DEBUG neutron.plugins.ml2.drivers.ovn.mech_driver.ovsdb.ovsdb_monitor [-] Hash Ring: Node 3de69aa553495dd49d27a35aedee3dfc (host: np0000006683) handling event "update" for row 97b25c57-f44e-4440-a523-7bd26bbdd193 (table: NB_Global) {{(pid=90744) notify /opt/stack/neutron/neutron/plugins/ml2/drivers/ovn/mech_driver/ovsdb/ovsdb_monitor.py:1099}}
Aug 06 18:20:50.731355 np0000006683 devstack@neutron-api.service[90741]: DEBUG neutron.plugins.ml2.drivers.ovn.mech_driver.ovsdb.ovsdb_monitor [-] Hash Ring: Node 1774e5e19e285236b2c0cf4b2937863c (host: np0000006683) handling event "update" for row 97b25c57-f44e-4440-a523-7bd26bbdd193 (table: NB_Global) {{(pid=90741) notify /opt/stack/neutron/neutron/plugins/ml2/drivers/ovn/mech_driver/ovsdb/ovsdb_monitor.py:1099}}
Aug 06 18:20:50.731458 np0000006683 devstack@neutron-api.service[90743]: DEBUG neutron.api.rpc.callbacks.version_manager [None req-bb6daf86-58a3-495f-921b-e80f68122682 admin admin] Tracked resource versions report:
Aug 06 18:20:50.731458 np0000006683 devstack@neutron-api.service[90743]: pushed versions:
Aug 06 18:20:50.731458 np0000006683 devstack@neutron-api.service[90743]: { 'AddressGroup': {'1.2'},
Aug 06 18:20:50.731458 np0000006683 devstack@neutron-api.service[90743]: 'Agent': {'1.1'},
Aug 06 18:20:50.731458 np0000006683 devstack@neutron-api.service[90743]: 'ConntrackHelper': {'1.0'},
Aug 06 18:20:50.731458 np0000006683 devstack@neutron-api.service[90743]: 'LocalIPAssociation': {'1.0'},
Aug 06 18:20:50.731458 np0000006683 devstack@neutron-api.service[90743]: 'Log': {'1.0'},
Aug 06 18:20:50.731458 np0000006683 devstack@neutron-api.service[90743]: 'NDPProxy': {'1.0'},
Aug 06 18:20:50.731458 np0000006683 devstack@neutron-api.service[90743]: 'Network': {'1.3'},
Aug 06 18:20:50.731458 np0000006683 devstack@neutron-api.service[90743]: 'Port': {'1.11'},
Aug 06 18:20:50.731458 np0000006683 devstack@neutron-api.service[90743]: 'PortForwarding': {'1.3'},
Aug 06 18:20:50.731458 np0000006683 devstack@neutron-api.service[90743]: 'QosPolicy': {'1.10'},
Aug 06 18:20:50.731458 np0000006683 devstack@neutron-api.service[90743]: 'SecurityGroup': {'1.6'},
Aug 06 18:20:50.731458 np0000006683 devstack@neutron-api.service[90743]: 'SecurityGroupRule': {'1.3'},
Aug 06 18:20:50.731458 np0000006683 devstack@neutron-api.service[90743]: 'SubPort': {'1.0'},
Aug 06 18:20:50.731458 np0000006683 devstack@neutron-api.service[90743]: 'Subnet': {'1.2'},
Aug 06 18:20:50.731458 np0000006683 devstack@neutron-api.service[90743]: 'Trunk': {'1.1'}}
Aug 06 18:20:50.731458 np0000006683 devstack@neutron-api.service[90743]: consumer versions:
Aug 06 18:20:50.731458 np0000006683 devstack@neutron-api.service[90743]: {}
Aug 06 18:20:50.731458 np0000006683 devstack@neutron-api.service[90743]: {{(pid=90743) report /opt/stack/neutron/neutron/api/rpc/callbacks/version_manager.py:183}}
Aug 06 18:20:50.732019 np0000006683 devstack@neutron-api.service[90741]: DEBUG neutron.plugins.ml2.drivers.ovn.mech_driver.ovsdb.ovsdb_monitor [-] Hash Ring: Node 1774e5e19e285236b2c0cf4b2937863c (host: np0000006683) handling event "update" for row 97b25c57-f44e-4440-a523-7bd26bbdd193 (table: NB_Global) {{(pid=90741) notify /opt/stack/neutron/neutron/plugins/ml2/drivers/ovn/mech_driver/ovsdb/ovsdb_monitor.py:1099}}
Aug 06 18:20:50.732355 np0000006683 devstack@neutron-api.service[90744]: DEBUG ovsdbapp.backend.ovs_idl.event [-] Matched UPDATE: ChassisAgentWriteEvent(events=('create', 'update'), table='Chassis_Private', conditions=None, old_conditions=None), priority=20 to row=Chassis_Private(uuid=fb561f61-d625-4eb6-84f9-01709af80d31, chassis=97d140c8-02eb-4697-b350-437a1a883b28, external_ids={'neutron:ovn-bridge': 'br-int', 'neutron:ovn-neutron-agent-id': 'a2b5752a-34ec-5b07-b1d4-c24eea017075', 'neutron:ovn-neutron-agent-sb-cfg': '0'}, name='40532747-c6cb-441e-a50b-8631e46acb4b', nb_cfg=1, nb_cfg_timestamp=1786040450729) old=Chassis_Private(uuid=fb561f61-d625-4eb6-84f9-01709af80d31, nb_cfg=0, nb_cfg_timestamp=0) {{(pid=90744) matches /opt/stack/data/venv/lib/python3.12/site-packages/ovsdbapp/backend/ovs_idl/event.py:55}}
Aug 06 18:20:50.732886 np0000006683 devstack@neutron-api.service[90741]: DEBUG ovsdbapp.backend.ovs_idl.event [-] Matched UPDATE: ChassisAgentWriteEvent(events=('create', 'update'), table='Chassis_Private', conditions=None, old_conditions=None), priority=20 to row=Chassis_Private(uuid=fb561f61-d625-4eb6-84f9-01709af80d31, chassis=97d140c8-02eb-4697-b350-437a1a883b28, external_ids={'neutron:ovn-bridge': 'br-int', 'neutron:ovn-neutron-agent-id': 'a2b5752a-34ec-5b07-b1d4-c24eea017075', 'neutron:ovn-neutron-agent-sb-cfg': '0'}, name='40532747-c6cb-441e-a50b-8631e46acb4b', nb_cfg=1, nb_cfg_timestamp=1786040450729) old=Chassis_Private(uuid=fb561f61-d625-4eb6-84f9-01709af80d31, nb_cfg=0, nb_cfg_timestamp=0) {{(pid=90741) matches /opt/stack/data/venv/lib/python3.12/site-packages/ovsdbapp/backend/ovs_idl/event.py:55}}
Aug 06 18:20:50.733288 np0000006683 devstack@neutron-api.service[90741]: DEBUG neutron.plugins.ml2.drivers.ovn.mech_driver.ovsdb.ovsdb_monitor [-] Hash Ring: Node 1774e5e19e285236b2c0cf4b2937863c (host: np0000006683) handling event "update" for row fb561f61-d625-4eb6-84f9-01709af80d31 (table: Chassis_Private) {{(pid=90741) notify /opt/stack/neutron/neutron/plugins/ml2/drivers/ovn/mech_driver/ovsdb/ovsdb_monitor.py:1099}}
Aug 06 18:20:50.733818 np0000006683 devstack@neutron-api.service[90742]: DEBUG ovsdbapp.backend.ovs_idl.event [-] Matched UPDATE: ChassisAgentWriteEvent(events=('create', 'update'), table='Chassis_Private', conditions=None, old_conditions=None), priority=20 to row=Chassis_Private(uuid=fb561f61-d625-4eb6-84f9-01709af80d31, chassis=97d140c8-02eb-4697-b350-437a1a883b28, external_ids={'neutron:ovn-bridge': 'br-int', 'neutron:ovn-neutron-agent-id': 'a2b5752a-34ec-5b07-b1d4-c24eea017075', 'neutron:ovn-neutron-agent-sb-cfg': '0'}, name='40532747-c6cb-441e-a50b-8631e46acb4b', nb_cfg=1, nb_cfg_timestamp=1786040450729) old=Chassis_Private(uuid=fb561f61-d625-4eb6-84f9-01709af80d31, nb_cfg=0, nb_cfg_timestamp=0) {{(pid=90742) matches /opt/stack/data/venv/lib/python3.12/site-packages/ovsdbapp/backend/ovs_idl/event.py:55}}
Aug 06 18:20:50.734835 np0000006683 devstack@neutron-api.service[90741]: DEBUG neutron.plugins.ml2.drivers.ovn.mech_driver.ovsdb.ovsdb_monitor [-] Hash Ring: Node 1774e5e19e285236b2c0cf4b2937863c (host: np0000006683) handling event "update" for row 97b25c57-f44e-4440-a523-7bd26bbdd193 (table: NB_Global) {{(pid=90741) notify /opt/stack/neutron/neutron/plugins/ml2/drivers/ovn/mech_driver/ovsdb/ovsdb_monitor.py:1099}}
Aug 06 18:20:50.735594 np0000006683 devstack@neutron-api.service[90744]: DEBUG neutron.plugins.ml2.drivers.ovn.mech_driver.ovsdb.ovsdb_monitor [-] Hash Ring: Node 3de69aa553495dd49d27a35aedee3dfc (host: np0000006683) handling event "update" for row 97b25c57-f44e-4440-a523-7bd26bbdd193 (table: NB_Global) {{(pid=90744) notify /opt/stack/neutron/neutron/plugins/ml2/drivers/ovn/mech_driver/ovsdb/ovsdb_monitor.py:1099}}
Aug 06 18:20:50.736565 np0000006683 devstack@neutron-api.service[90741]: DEBUG ovsdbapp.backend.ovs_idl.event [-] Matched UPDATE: ChassisOVNAgentWriteEvent(events=('create', 'update'), table='Chassis_Private', conditions=None, old_conditions=None), priority=20 to row=Chassis_Private(uuid=fb561f61-d625-4eb6-84f9-01709af80d31, chassis=97d140c8-02eb-4697-b350-437a1a883b28, external_ids={'neutron:ovn-bridge': 'br-int', 'neutron:ovn-neutron-agent-id': 'a2b5752a-34ec-5b07-b1d4-c24eea017075', 'neutron:ovn-neutron-agent-sb-cfg': '1'}, name='40532747-c6cb-441e-a50b-8631e46acb4b', nb_cfg=1, nb_cfg_timestamp=1786040450729) old=Chassis_Private(uuid=fb561f61-d625-4eb6-84f9-01709af80d31, external_ids={'neutron:ovn-bridge': 'br-int', 'neutron:ovn-neutron-agent-id': 'a2b5752a-34ec-5b07-b1d4-c24eea017075', 'neutron:ovn-neutron-agent-sb-cfg': '0'}) {{(pid=90741) matches /opt/stack/data/venv/lib/python3.12/site-packages/ovsdbapp/backend/ovs_idl/event.py:55}}
Aug 06 18:20:50.736741 np0000006683 devstack@neutron-api.service[90743]: DEBUG ovsdbapp.backend.ovs_idl.event [-] Matched UPDATE: ChassisAgentWriteEvent(events=('create', 'update'), table='Chassis_Private', conditions=None, old_conditions=None), priority=20 to row=Chassis_Private(uuid=fb561f61-d625-4eb6-84f9-01709af80d31, chassis=97d140c8-02eb-4697-b350-437a1a883b28, external_ids={'neutron:ovn-bridge': 'br-int', 'neutron:ovn-neutron-agent-id': 'a2b5752a-34ec-5b07-b1d4-c24eea017075', 'neutron:ovn-neutron-agent-sb-cfg': '0'}, name='40532747-c6cb-441e-a50b-8631e46acb4b', nb_cfg=1, nb_cfg_timestamp=1786040450729) old=Chassis_Private(uuid=fb561f61-d625-4eb6-84f9-01709af80d31, nb_cfg=0, nb_cfg_timestamp=0) {{(pid=90743) matches /opt/stack/data/venv/lib/python3.12/site-packages/ovsdbapp/backend/ovs_idl/event.py:55}}
Aug 06 18:20:50.736817 np0000006683 devstack@neutron-api.service[90744]: DEBUG neutron.common.ovn.hash_ring_manager [-] Allow caching, nodes 4>=4 {{(pid=90744) _wait_startup_before_caching /opt/stack/neutron/neutron/common/ovn/hash_ring_manager.py:71}}
Aug 06 18:20:50.736873 np0000006683 devstack@neutron-api.service[90741]: DEBUG neutron.plugins.ml2.drivers.ovn.mech_driver.ovsdb.ovsdb_monitor [-] Hash Ring: Node 1774e5e19e285236b2c0cf4b2937863c (host: np0000006683) handling event "update" for row fb561f61-d625-4eb6-84f9-01709af80d31 (table: Chassis_Private) {{(pid=90741) notify /opt/stack/neutron/neutron/plugins/ml2/drivers/ovn/mech_driver/ovsdb/ovsdb_monitor.py:1099}}
Aug 06 18:20:50.736929 np0000006683 devstack@neutron-api.service[90744]: DEBUG neutron.plugins.ml2.drivers.ovn.mech_driver.ovsdb.ovsdb_monitor [-] Hash Ring: Node 3de69aa553495dd49d27a35aedee3dfc (host: np0000006683) handling event "update" for row fb561f61-d625-4eb6-84f9-01709af80d31 (table: Chassis_Private) {{(pid=90744) notify /opt/stack/neutron/neutron/plugins/ml2/drivers/ovn/mech_driver/ovsdb/ovsdb_monitor.py:1099}}
Aug 06 18:20:50.736988 np0000006683 devstack@neutron-api.service[90742]: DEBUG ovsdbapp.backend.ovs_idl.event [-] Matched UPDATE: ChassisOVNAgentWriteEvent(events=('create', 'update'), table='Chassis_Private', conditions=None, old_conditions=None), priority=20 to row=Chassis_Private(uuid=fb561f61-d625-4eb6-84f9-01709af80d31, chassis=97d140c8-02eb-4697-b350-437a1a883b28, external_ids={'neutron:ovn-bridge': 'br-int', 'neutron:ovn-neutron-agent-id': 'a2b5752a-34ec-5b07-b1d4-c24eea017075', 'neutron:ovn-neutron-agent-sb-cfg': '1'}, name='40532747-c6cb-441e-a50b-8631e46acb4b', nb_cfg=1, nb_cfg_timestamp=1786040450729) old=Chassis_Private(uuid=fb561f61-d625-4eb6-84f9-01709af80d31, external_ids={'neutron:ovn-bridge': 'br-int', 'neutron:ovn-neutron-agent-id': 'a2b5752a-34ec-5b07-b1d4-c24eea017075', 'neutron:ovn-neutron-agent-sb-cfg': '0'}) {{(pid=90742) matches /opt/stack/data/venv/lib/python3.12/site-packages/ovsdbapp/backend/ovs_idl/event.py:55}}
Aug 06 18:20:50.737843 np0000006683 devstack@neutron-api.service[90744]: DEBUG ovsdbapp.backend.ovs_idl.event [-] Matched UPDATE: ChassisOVNAgentWriteEvent(events=('create', 'update'), table='Chassis_Private', conditions=None, old_conditions=None), priority=20 to row=Chassis_Private(uuid=fb561f61-d625-4eb6-84f9-01709af80d31, chassis=97d140c8-02eb-4697-b350-437a1a883b28, external_ids={'neutron:ovn-bridge': 'br-int', 'neutron:ovn-neutron-agent-id': 'a2b5752a-34ec-5b07-b1d4-c24eea017075', 'neutron:ovn-neutron-agent-sb-cfg': '1'}, name='40532747-c6cb-441e-a50b-8631e46acb4b', nb_cfg=1, nb_cfg_timestamp=1786040450729) old=Chassis_Private(uuid=fb561f61-d625-4eb6-84f9-01709af80d31, external_ids={'neutron:ovn-bridge': 'br-int', 'neutron:ovn-neutron-agent-id': 'a2b5752a-34ec-5b07-b1d4-c24eea017075', 'neutron:ovn-neutron-agent-sb-cfg': '0'}) {{(pid=90744) matches /opt/stack/data/venv/lib/python3.12/site-packages/ovsdbapp/backend/ovs_idl/event.py:55}}
Aug 06 18:20:50.738049 np0000006683 devstack@neutron-api.service[90744]: DEBUG neutron.plugins.ml2.drivers.ovn.mech_driver.ovsdb.ovsdb_monitor [-] Hash Ring: Node 3de69aa553495dd49d27a35aedee3dfc (host: np0000006683) handling event "update" for row fb561f61-d625-4eb6-84f9-01709af80d31 (table: Chassis_Private) {{(pid=90744) notify /opt/stack/neutron/neutron/plugins/ml2/drivers/ovn/mech_driver/ovsdb/ovsdb_monitor.py:1099}}
Aug 06 18:20:50.739623 np0000006683 devstack@neutron-api.service[90743]: DEBUG ovsdbapp.backend.ovs_idl.event [-] Matched UPDATE: ChassisOVNAgentWriteEvent(events=('create', 'update'), table='Chassis_Private', conditions=None, old_conditions=None), priority=20 to row=Chassis_Private(uuid=fb561f61-d625-4eb6-84f9-01709af80d31, chassis=97d140c8-02eb-4697-b350-437a1a883b28, external_ids={'neutron:ovn-bridge': 'br-int', 'neutron:ovn-neutron-agent-id': 'a2b5752a-34ec-5b07-b1d4-c24eea017075', 'neutron:ovn-neutron-agent-sb-cfg': '1'}, name='40532747-c6cb-441e-a50b-8631e46acb4b', nb_cfg=1, nb_cfg_timestamp=1786040450729) old=Chassis_Private(uuid=fb561f61-d625-4eb6-84f9-01709af80d31, external_ids={'neutron:ovn-bridge': 'br-int', 'neutron:ovn-neutron-agent-id': 'a2b5752a-34ec-5b07-b1d4-c24eea017075', 'neutron:ovn-neutron-agent-sb-cfg': '0'}) {{(pid=90743) matches /opt/stack/data/venv/lib/python3.12/site-packages/ovsdbapp/backend/ovs_idl/event.py:55}}
Aug 06 18:20:50.775827 np0000006683 devstack@neutron-api.service[90743]: DEBUG neutron.plugins.ml2.drivers.helpers [None req-bb6daf86-58a3-495f-921b-e80f68122682 admin admin] geneve segment allocate from pool success with {'geneve_vni': 50087} {{(pid=90743) allocate_partially_specified_segment /opt/stack/neutron/neutron/plugins/ml2/drivers/helpers.py:142}}
Aug 06 18:20:50.785567 np0000006683 devstack@neutron-api.service[90743]: DEBUG neutron_lib.callbacks.manager [None req-bb6daf86-58a3-495f-921b-e80f68122682 admin admin] Publish callbacks ['neutron.services.segments.db._add_segment_host_mapping_for_segment-8783285282156', 'neutron.plugins.ml2.plugin.Ml2Plugin._handle_segment_change-833355'] for segment (d28c4c57-9c2f-49b9-90f5-5c87418eb8df), precommit_create {{(pid=90743) _notify_loop /opt/stack/data/venv/lib/python3.12/site-packages/neutron_lib/callbacks/manager.py:184}}
Aug 06 18:20:50.785745 np0000006683 devstack@neutron-api.service[90743]: INFO neutron.db.segments_db [None req-bb6daf86-58a3-495f-921b-e80f68122682 admin admin] Added segment d28c4c57-9c2f-49b9-90f5-5c87418eb8df of type geneve for network d2e69503-bfbb-48fd-a657-e91671696ab8
Aug 06 18:20:50.819746 np0000006683 devstack@neutron-api.service[90743]: DEBUG neutron_lib.callbacks.manager [None req-bb6daf86-58a3-495f-921b-e80f68122682 admin admin] Publish callbacks ['neutron.services.auto_allocate.db._ensure_external_network_default_value_callback-8783283546146'] for network (d2e69503-bfbb-48fd-a657-e91671696ab8), precommit_create {{(pid=90743) _notify_loop /opt/stack/data/venv/lib/python3.12/site-packages/neutron_lib/callbacks/manager.py:184}}
Aug 06 18:20:50.834274 np0000006683 devstack@neutron-api.service[90743]: DEBUG neutron.plugins.ml2.drivers.ovn.mech_driver.mech_driver [None req-bb6daf86-58a3-495f-921b-e80f68122682 admin admin] Validating network segment with type geneve, segmentation ID 50087, physical network None {{(pid=90743) _validate_network_segments /opt/stack/neutron/neutron/plugins/ml2/drivers/ovn/mech_driver/mech_driver.py:646}}
Aug 06 18:20:50.834380 np0000006683 devstack@neutron-api.service[90743]: DEBUG neutron.db.ovn_revision_numbers_db [None req-bb6daf86-58a3-495f-921b-e80f68122682 admin admin] create_initial_revision uuid=d2e69503-bfbb-48fd-a657-e91671696ab8, type=networks, rev=-1 {{(pid=90743) create_initial_revision /opt/stack/neutron/neutron/db/ovn_revision_numbers_db.py:98}}
Aug 06 18:20:50.849676 np0000006683 devstack@neutron-api.service[90743]: DEBUG neutron_lib.callbacks.manager [None req-bb6daf86-58a3-495f-921b-e80f68122682 admin admin] Publish callbacks ['neutron.plugins.ml2.ovo_rpc._ObjectChangeHandler.handle_event-15180743'] for network (d2e69503-bfbb-48fd-a657-e91671696ab8), after_create {{(pid=90743) _notify_loop /opt/stack/data/venv/lib/python3.12/site-packages/neutron_lib/callbacks/manager.py:184}}
Aug 06 18:20:50.893454 np0000006683 devstack@neutron-api.service[90743]: DEBUG neutron.api.rpc.handlers.resources_rpc [None req-bb6daf86-58a3-495f-921b-e80f68122682 admin admin] Pushing event updated for resources: {'Network': ['ID=d2e69503-bfbb-48fd-a657-e91671696ab8,revision_number=1']} {{(pid=90743) push /opt/stack/neutron/neutron/api/rpc/handlers/resources_rpc.py:237}}
Aug 06 18:20:50.899968 np0000006683 devstack@neutron-api.service[90743]: DEBUG ovsdbapp.backend.ovs_idl.transaction [-] Running txn n=1 command(idx=0): AddNetworkCommand(_result=None, network_uuid=d2e69503-bfbb-48fd-a657-e91671696ab8, may_exist=True, columns={'external_ids': {'neutron:network_name': 'private', 'neutron:mtu': '1372', 'neutron:revision_number': '1', 'neutron:availability_zone_hints': '', 'neutron:provnet-network-type': 'geneve'}, 'other_config': {'mcast_snoop': 'false', 'mcast_flood_unregistered': 'false', 'vlan-passthru': 'false'}}) {{(pid=90743) do_commit /opt/stack/data/venv/lib/python3.12/site-packages/ovsdbapp/backend/ovs_idl/transaction.py:89}}
Aug 06 18:20:50.900307 np0000006683 devstack@neutron-api.service[90743]: DEBUG neutron.common.ovn.utils [-] OVS persist_uuid supported=True {{(pid=90743) ovs_persist_uuid_supported /opt/stack/neutron/neutron/common/ovn/utils.py:1565}}
Aug 06 18:20:50.902957 np0000006683 devstack@neutron-api.service[90744]: DEBUG neutron.plugins.ml2.drivers.ovn.mech_driver.ovsdb.ovsdb_monitor [-] Hash Ring: Node 3de69aa553495dd49d27a35aedee3dfc (host: np0000006683) handling event "create" for row d2e69503-bfbb-48fd-a657-e91671696ab8 (table: Logical_Switch) {{(pid=90744) notify /opt/stack/neutron/neutron/plugins/ml2/drivers/ovn/mech_driver/ovsdb/ovsdb_monitor.py:1099}}
Aug 06 18:20:50.903489 np0000006683 devstack@neutron-api.service[90742]: DEBUG neutron.plugins.ml2.drivers.ovn.mech_driver.ovsdb.ovsdb_monitor [-] Hash Ring: Node a21f5000c36953e69f7c69cb007a4627 (host: np0000006683) handling event "create" for row d2e69503-bfbb-48fd-a657-e91671696ab8 (table: Logical_Switch) {{(pid=90742) notify /opt/stack/neutron/neutron/plugins/ml2/drivers/ovn/mech_driver/ovsdb/ovsdb_monitor.py:1099}}
Aug 06 18:20:50.907141 np0000006683 devstack@neutron-api.service[90744]: DEBUG neutron.plugins.ml2.drivers.ovn.mech_driver.ovsdb.ovsdb_monitor [-] Hash Ring: Node 3de69aa553495dd49d27a35aedee3dfc (host: np0000006683) handling event "create" for row 1ff800d2-a7a9-40dc-94e1-a3157f8bff8b (table: Datapath_Binding) {{(pid=90744) notify /opt/stack/neutron/neutron/plugins/ml2/drivers/ovn/mech_driver/ovsdb/ovsdb_monitor.py:1099}}
Aug 06 18:20:50.907658 np0000006683 devstack@neutron-api.service[90742]: DEBUG neutron.plugins.ml2.drivers.ovn.mech_driver.ovsdb.ovsdb_monitor [-] Hash Ring: Node a21f5000c36953e69f7c69cb007a4627 (host: np0000006683) handling event "create" for row 1ff800d2-a7a9-40dc-94e1-a3157f8bff8b (table: Datapath_Binding) {{(pid=90742) notify /opt/stack/neutron/neutron/plugins/ml2/drivers/ovn/mech_driver/ovsdb/ovsdb_monitor.py:1099}}
Aug 06 18:20:50.927582 np0000006683 devstack@neutron-api.service[90743]: INFO neutron.db.ovn_revision_numbers_db [None req-bb6daf86-58a3-495f-921b-e80f68122682 admin admin] Successfully bumped revision number for resource d2e69503-bfbb-48fd-a657-e91671696ab8 (type: networks) to 1
Aug 06 18:20:50.977059 np0000006683 devstack@neutron-api.service[90743]: DEBUG neutron_lib.callbacks.manager [None req-bb6daf86-58a3-495f-921b-e80f68122682 admin admin] Publish callbacks ['neutron.plugins.ml2.plugin.SecurityGroupDbMixin._ensure_default_security_group_handler-45885'] for port (None), before_create {{(pid=90743) _notify_loop /opt/stack/data/venv/lib/python3.12/site-packages/neutron_lib/callbacks/manager.py:184}}
Aug 06 18:20:51.246259 np0000006683 devstack@neutron-api.service[90743]: DEBUG neutron_lib.callbacks.manager [None req-bb6daf86-58a3-495f-921b-e80f68122682 admin admin] Publish callbacks ['neutron.plugins.ml2.drivers.ovn.mech_driver.mech_driver.OVNMechanismDriver._validate_allowed_address_pairs-273157'] for allowed_address_pair (027e8426-7e8c-4dae-87af-928258d309ae), before_create {{(pid=90743) _notify_loop /opt/stack/data/venv/lib/python3.12/site-packages/neutron_lib/callbacks/manager.py:184}}
Aug 06 18:20:51.246670 np0000006683 devstack@neutron-api.service[90743]: DEBUG neutron_lib.callbacks.manager [None req-bb6daf86-58a3-495f-921b-e80f68122682 admin admin] Publish callbacks [] for port (027e8426-7e8c-4dae-87af-928258d309ae), precommit_create {{(pid=90743) _notify_loop /opt/stack/data/venv/lib/python3.12/site-packages/neutron_lib/callbacks/manager.py:184}}
Aug 06 18:20:51.246839 np0000006683 devstack@neutron-api.service[90743]: DEBUG neutron.plugins.ml2.drivers.ovn.mech_driver.mech_driver [None req-bb6daf86-58a3-495f-921b-e80f68122682 admin admin] No provisioning block for port 027e8426-7e8c-4dae-87af-928258d309ae since it does not have a host {{(pid=90743) _is_port_provisioning_required /opt/stack/neutron/neutron/plugins/ml2/drivers/ovn/mech_driver/mech_driver.py:899}}
Aug 06 18:20:51.246940 np0000006683 devstack@neutron-api.service[90743]: DEBUG neutron.db.ovn_revision_numbers_db [None req-bb6daf86-58a3-495f-921b-e80f68122682 admin admin] create_initial_revision uuid=027e8426-7e8c-4dae-87af-928258d309ae, type=ports, rev=-1 {{(pid=90743) create_initial_revision /opt/stack/neutron/neutron/db/ovn_revision_numbers_db.py:98}}
Aug 06 18:20:51.297505 np0000006683 devstack@neutron-api.service[90743]: DEBUG neutron_lib.callbacks.manager [None req-bb6daf86-58a3-495f-921b-e80f68122682 admin admin] Publish callbacks ['neutron.plugins.ml2.ovo_rpc._ObjectChangeHandler.handle_event-15180761'] for port (027e8426-7e8c-4dae-87af-928258d309ae), after_create {{(pid=90743) _notify_loop /opt/stack/data/venv/lib/python3.12/site-packages/neutron_lib/callbacks/manager.py:184}}
Aug 06 18:20:51.348097 np0000006683 devstack@neutron-api.service[90743]: DEBUG neutron.api.rpc.handlers.resources_rpc [None req-bb6daf86-58a3-495f-921b-e80f68122682 admin admin] Pushing event updated for resources: {'Port': ['ID=027e8426-7e8c-4dae-87af-928258d309ae,revision_number=1']} {{(pid=90743) push /opt/stack/neutron/neutron/api/rpc/handlers/resources_rpc.py:237}}
Aug 06 18:20:51.375635 np0000006683 devstack@neutron-api.service[90743]: DEBUG neutron.plugins.ml2.drivers.ovn.mech_driver.ovsdb.commands [None req-bb6daf86-58a3-495f-921b-e80f68122682 admin admin] Converting tag [] to a tag_request {{(pid=90743) _tag_column_to_tag_request /opt/stack/neutron/neutron/plugins/ml2/drivers/ovn/mech_driver/ovsdb/commands.py:227}}
Aug 06 18:20:51.376403 np0000006683 devstack@neutron-api.service[90743]: DEBUG ovsdbapp.backend.ovs_idl.transaction [-] Running txn n=1 command(idx=0): AddLSwitchPortCommand(_result=None, lport=027e8426-7e8c-4dae-87af-928258d309ae, lswitch=neutron-d2e69503-bfbb-48fd-a657-e91671696ab8, may_exist=True, network_uuid=d2e69503-bfbb-48fd-a657-e91671696ab8, columns={'addresses': ['fa:16:3e:aa:6d:f6'], 'external_ids': {'neutron:port_name': '', 'neutron:device_id': 'ovnmeta-d2e69503-bfbb-48fd-a657-e91671696ab8', 'neutron:project_id': '34d83c3c648e41f6b53ea0d59c428795', 'neutron:cidrs': '', 'neutron:device_owner': 'network:distributed', 'neutron:subnet_pool_addr_scope4': '', 'neutron:subnet_pool_addr_scope6': '', 'neutron:network_name': 'neutron-d2e69503-bfbb-48fd-a657-e91671696ab8', 'neutron:security_group_ids': '', 'neutron:revision_number': '1', 'neutron:vnic_type': 'normal', 'neutron:port_capabilities': '', 'neutron:mtu': '1372'}, 'parent_name': [], 'enabled': True, 'options': {}, 'type': 'localport', 'port_security': [], 'dhcpv4_options': [], 'dhcpv6_options': [], 'tag_request': []}) {{(pid=90743) do_commit /opt/stack/data/venv/lib/python3.12/site-packages/ovsdbapp/backend/ovs_idl/transaction.py:89}}
Aug 06 18:20:51.376824 np0000006683 devstack@neutron-api.service[90743]: DEBUG ovsdbapp.backend.ovs_idl.transaction [-] Running txn n=1 command(idx=1): QoSDelCommand(_result=None, switch=neutron-d2e69503-bfbb-48fd-a657-e91671696ab8, conditions=[('direction', '=', 'to-lport'), ('priority', '=', 2002), ('match', '=', 'outport == "027e8426-7e8c-4dae-87af-928258d309ae"')], if_exists=True) {{(pid=90743) do_commit /opt/stack/data/venv/lib/python3.12/site-packages/ovsdbapp/backend/ovs_idl/transaction.py:89}}
Aug 06 18:20:51.376964 np0000006683 devstack@neutron-api.service[90743]: DEBUG ovsdbapp.backend.ovs_idl.transaction [-] Running txn n=1 command(idx=2): QoSDelCommand(_result=None, switch=neutron-d2e69503-bfbb-48fd-a657-e91671696ab8, conditions=[('direction', '=', 'from-lport'), ('priority', '=', 2002), ('match', '=', 'inport == "027e8426-7e8c-4dae-87af-928258d309ae"')], if_exists=True) {{(pid=90743) do_commit /opt/stack/data/venv/lib/python3.12/site-packages/ovsdbapp/backend/ovs_idl/transaction.py:89}}
Aug 06 18:20:51.379667 np0000006683 devstack@neutron-api.service[90744]: DEBUG neutron.plugins.ml2.drivers.ovn.mech_driver.ovsdb.ovsdb_monitor [-] Hash Ring: Node 3de69aa553495dd49d27a35aedee3dfc (host: np0000006683) handling event "update" for row d2e69503-bfbb-48fd-a657-e91671696ab8 (table: Logical_Switch) {{(pid=90744) notify /opt/stack/neutron/neutron/plugins/ml2/drivers/ovn/mech_driver/ovsdb/ovsdb_monitor.py:1099}}
Aug 06 18:20:51.379837 np0000006683 devstack@neutron-api.service[90744]: DEBUG neutron.plugins.ml2.drivers.ovn.mech_driver.ovsdb.ovsdb_monitor [-] Hash Ring: Node 3de69aa553495dd49d27a35aedee3dfc (host: np0000006683) handling event "create" for row 699ae6bb-9694-4ed4-a9a1-ea90296ebde4 (table: Logical_Switch_Port) {{(pid=90744) notify /opt/stack/neutron/neutron/plugins/ml2/drivers/ovn/mech_driver/ovsdb/ovsdb_monitor.py:1099}}
