Jun 26 19:40:36.246304 np0000003785 devstack@g-api.service[99488]: DEBUG glance.api.middleware.version_negotiation [None req-1926def5-ace9-4723-8ad5-483399dc6188 tempest-TaggedBootDevicesTest-572858124 tempest-TaggedBootDevicesTest-572858124-project-member] Matched version: v2 {{(pid=99488) process_request /opt/stack/glance/glance/api/middleware/version_negotiation.py:69}}
Jun 26 19:40:36.246304 np0000003785 devstack@g-api.service[99488]: DEBUG glance.api.middleware.version_negotiation [None req-1926def5-ace9-4723-8ad5-483399dc6188 tempest-TaggedBootDevicesTest-572858124 tempest-TaggedBootDevicesTest-572858124-project-member] new path /v2/images/1bb1ffe3-bc77-41c8-ac43-c9fa3f89e4a2/file {{(pid=99488) process_request /opt/stack/glance/glance/api/middleware/version_negotiation.py:70}}
Jun 26 19:40:36.259309 np0000003785 devstack@g-api.service[99488]: DEBUG glance.api.middleware.cache [None req-1926def5-ace9-4723-8ad5-483399dc6188 tempest-TaggedBootDevicesTest-572858124 tempest-TaggedBootDevicesTest-572858124-project-member] Cache hit for image '1bb1ffe3-bc77-41c8-ac43-c9fa3f89e4a2' {{(pid=99488) process_request /opt/stack/glance/glance/api/middleware/cache.py:160}}
Jun 26 19:40:36.311534 np0000003785 devstack@g-api.service[99486]: [pid: 99486|app: 0|req: 14/48] 127.0.0.1 () {44 vars in 1125 bytes} [Fri Jun 26 19:40:36 2026] GET /v2/images/1bb1ffe3-bc77-41c8-ac43-c9fa3f89e4a2/file => generated 21692416 bytes in 127 msecs (HTTP/1.1 200) 5 headers in 217 bytes (336 switches on core 0)
Jun 26 19:40:36.360893 np0000003785 devstack@g-api.service[99488]: [pid: 99488|app: 0|req: 19/49] 127.0.0.1 () {44 vars in 1125 bytes} [Fri Jun 26 19:40:36 2026] GET /v2/images/1bb1ffe3-bc77-41c8-ac43-c9fa3f89e4a2/file => generated 21692416 bytes in 116 msecs (HTTP/1.1 200) 5 headers in 217 bytes (338 switches on core 0)
Jun 26 19:40:36.434103 np0000003785 devstack@g-api.service[99486]: DEBUG glance.api.middleware.version_negotiation [None req-7e41f3e6-5ae9-4cac-92ee-ff0ea68e1002 tempest-DeleteServersTestJSON-1361534434 tempest-DeleteServersTestJSON-1361534434-project-member] Determining version of request: GET /v2/images/1bb1ffe3-bc77-41c8-ac43-c9fa3f89e4a2 Accept: */* {{(pid=99486) process_request /opt/stack/glance/glance/api/middleware/version_negotiation.py:44}}
Jun 26 19:40:36.434103 np0000003785 devstack@g-api.service[99486]: DEBUG glance.api.middleware.version_negotiation [None req-7e41f3e6-5ae9-4cac-92ee-ff0ea68e1002 tempest-DeleteServersTestJSON-1361534434 tempest-DeleteServersTestJSON-1361534434-project-member] Using url versioning {{(pid=99486) process_request /opt/stack/glance/glance/api/middleware/version_negotiation.py:57}}
Jun 26 19:40:36.438554 np0000003785 devstack@g-api.service[99488]: DEBUG glance.api.middleware.version_negotiation [None req-1926def5-ace9-4723-8ad5-483399dc6188 tempest-TaggedBootDevicesTest-572858124 tempest-TaggedBootDevicesTest-572858124-project-member] Determining version of request: GET /v2/images/1bb1ffe3-bc77-41c8-ac43-c9fa3f89e4a2 Accept: */* {{(pid=99488) process_request /opt/stack/glance/glance/api/middleware/version_negotiation.py:44}}
Jun 26 19:40:36.438617 np0000003785 devstack@g-api.service[99486]: DEBUG glance.api.middleware.version_negotiation [None req-7e41f3e6-5ae9-4cac-92ee-ff0ea68e1002 tempest-DeleteServersTestJSON-1361534434 tempest-DeleteServersTestJSON-1361534434-project-member] Matched version: v2 {{(pid=99486) process_request /opt/stack/glance/glance/api/middleware/version_negotiation.py:69}}
Jun 26 19:40:36.438680 np0000003785 devstack@g-api.service[99488]: DEBUG glance.api.middleware.version_negotiation [None req-1926def5-ace9-4723-8ad5-483399dc6188 tempest-TaggedBootDevicesTest-572858124 tempest-TaggedBootDevicesTest-572858124-project-member] Using url versioning {{(pid=99488) process_request /opt/stack/glance/glance/api/middleware/version_negotiation.py:57}}
Jun 26 19:40:36.438788 np0000003785 devstack@g-api.service[99488]: DEBUG glance.api.middleware.version_negotiation [None req-1926def5-ace9-4723-8ad5-483399dc6188 tempest-TaggedBootDevicesTest-572858124 tempest-TaggedBootDevicesTest-572858124-project-member] Matched version: v2 {{(pid=99488) process_request /opt/stack/glance/glance/api/middleware/version_negotiation.py:69}}
Jun 26 19:40:36.438822 np0000003785 devstack@g-api.service[99486]: DEBUG glance.api.middleware.version_negotiation [None req-7e41f3e6-5ae9-4cac-92ee-ff0ea68e1002 tempest-DeleteServersTestJSON-1361534434 tempest-DeleteServersTestJSON-1361534434-project-member] new path /v2/images/1bb1ffe3-bc77-41c8-ac43-c9fa3f89e4a2 {{(pid=99486) process_request /opt/stack/glance/glance/api/middleware/version_negotiation.py:70}}
Jun 26 19:40:36.438889 np0000003785 devstack@g-api.service[99488]: DEBUG glance.api.middleware.version_negotiation [None req-1926def5-ace9-4723-8ad5-483399dc6188 tempest-TaggedBootDevicesTest-572858124 tempest-TaggedBootDevicesTest-572858124-project-member] new path /v2/images/1bb1ffe3-bc77-41c8-ac43-c9fa3f89e4a2 {{(pid=99488) process_request /opt/stack/glance/glance/api/middleware/version_negotiation.py:70}}
Jun 26 19:40:36.448069 np0000003785 devstack@g-api.service[99488]: [pid: 99488|app: 0|req: 20/50] 127.0.0.1 () {44 vars in 1115 bytes} [Fri Jun 26 19:40:36 2026] GET /v2/images/1bb1ffe3-bc77-41c8-ac43-c9fa3f89e4a2 => generated 1044 bytes in 10 msecs (HTTP/1.1 200) 4 headers in 158 bytes (1 switches on core 0)
Jun 26 19:40:36.459054 np0000003785 devstack@g-api.service[99486]: [pid: 99486|app: 0|req: 15/51] 127.0.0.1 () {44 vars in 1115 bytes} [Fri Jun 26 19:40:36 2026] GET /v2/images/1bb1ffe3-bc77-41c8-ac43-c9fa3f89e4a2 => generated 1044 bytes in 26 msecs (HTTP/1.1 200) 4 headers in 158 bytes (1 switches on core 0)
Jun 26 19:40:36.463097 np0000003785 devstack@g-api.service[99488]: DEBUG glance.api.middleware.version_negotiation [None req-1926def5-ace9-4723-8ad5-483399dc6188 tempest-TaggedBootDevicesTest-572858124 tempest-TaggedBootDevicesTest-572858124-project-member] Determining version of request: GET /v2/schemas/image Accept: */* {{(pid=99488) process_request /opt/stack/glance/glance/api/middleware/version_negotiation.py:44}}
Jun 26 19:40:36.463097 np0000003785 devstack@g-api.service[99488]: DEBUG glance.api.middleware.version_negotiation [None req-1926def5-ace9-4723-8ad5-483399dc6188 tempest-TaggedBootDevicesTest-572858124 tempest-TaggedBootDevicesTest-572858124-project-member] Using url versioning {{(pid=99488) process_request /opt/stack/glance/glance/api/middleware/version_negotiation.py:57}}
Jun 26 19:40:36.463097 np0000003785 devstack@g-api.service[99488]: DEBUG glance.api.middleware.version_negotiation [None req-1926def5-ace9-4723-8ad5-483399dc6188 tempest-TaggedBootDevicesTest-572858124 tempest-TaggedBootDevicesTest-572858124-project-member] Matched version: v2 {{(pid=99488) process_request /opt/stack/glance/glance/api/middleware/version_negotiation.py:69}}
Jun 26 19:40:36.463097 np0000003785 devstack@g-api.service[99488]: DEBUG glance.api.middleware.version_negotiation [None req-1926def5-ace9-4723-8ad5-483399dc6188 tempest-TaggedBootDevicesTest-572858124 tempest-TaggedBootDevicesTest-572858124-project-member] new path /v2/schemas/image {{(pid=99488) process_request /opt/stack/glance/glance/api/middleware/version_negotiation.py:70}}
Jun 26 19:40:36.463097 np0000003785 devstack@g-api.service[99488]: [pid: 99488|app: 0|req: 21/52] 127.0.0.1 () {44 vars in 1055 bytes} [Fri Jun 26 19:40:36 2026] GET /v2/schemas/image => generated 6083 bytes in 3 msecs (HTTP/1.1 200) 4 headers in 158 bytes (1 switches on core 0)
Jun 26 19:40:36.483650 np0000003785 devstack@g-api.service[99486]: DEBUG glance.api.middleware.version_negotiation [None req-7e41f3e6-5ae9-4cac-92ee-ff0ea68e1002 tempest-DeleteServersTestJSON-1361534434 tempest-DeleteServersTestJSON-1361534434-project-member] Determining version of request: GET /v2/schemas/image Accept: */* {{(pid=99486) process_request /opt/stack/glance/glance/api/middleware/version_negotiation.py:44}}
Jun 26 19:40:36.483964 np0000003785 devstack@g-api.service[99486]: DEBUG glance.api.middleware.version_negotiation [None req-7e41f3e6-5ae9-4cac-92ee-ff0ea68e1002 tempest-DeleteServersTestJSON-1361534434 tempest-DeleteServersTestJSON-1361534434-project-member] Using url versioning {{(pid=99486) process_request /opt/stack/glance/glance/api/middleware/version_negotiation.py:57}}
Jun 26 19:40:36.484183 np0000003785 devstack@g-api.service[99486]: DEBUG glance.api.middleware.version_negotiation [None req-7e41f3e6-5ae9-4cac-92ee-ff0ea68e1002 tempest-DeleteServersTestJSON-1361534434 tempest-DeleteServersTestJSON-1361534434-project-member] Matched version: v2 {{(pid=99486) process_request /opt/stack/glance/glance/api/middleware/version_negotiation.py:69}}
Jun 26 19:40:36.484354 np0000003785 devstack@g-api.service[99486]: DEBUG glance.api.middleware.version_negotiation [None req-7e41f3e6-5ae9-4cac-92ee-ff0ea68e1002 tempest-DeleteServersTestJSON-1361534434 tempest-DeleteServersTestJSON-1361534434-project-member] new path /v2/schemas/image {{(pid=99486) process_request /opt/stack/glance/glance/api/middleware/version_negotiation.py:70}}
Jun 26 19:40:36.489853 np0000003785 devstack@g-api.service[99486]: [pid: 99486|app: 0|req: 16/53] 127.0.0.1 () {44 vars in 1055 bytes} [Fri Jun 26 19:40:36 2026] GET /v2/schemas/image => generated 6083 bytes in 3 msecs (HTTP/1.1 200) 4 headers in 158 bytes (1 switches on core 0)
Jun 26 19:40:37.021623 np0000003785 devstack@g-api.service[99487]: INFO glance.api.v2.image_data [None req-f48d1f3e-8575-4c80-8562-74b0495986bd tempest-AttachSCSIVolumeTestJSON-2081382412 tempest-AttachSCSIVolumeTestJSON-2081382412-project-admin] Unable to create trust: no such option collect_timing in group [keystone_authtoken] Use the existing user token.
Jun 26 19:40:37.722063 np0000003785 devstack@g-api.service[99488]: DEBUG glance.api.middleware.version_negotiation [None req-1926def5-ace9-4723-8ad5-483399dc6188 tempest-TaggedBootDevicesTest-572858124 tempest-TaggedBootDevicesTest-572858124-project-member] Determining version of request: GET /v2/images/1bb1ffe3-bc77-41c8-ac43-c9fa3f89e4a2 Accept: */* {{(pid=99488) process_request /opt/stack/glance/glance/api/middleware/version_negotiation.py:44}}
Jun 26 19:40:37.722454 np0000003785 devstack@g-api.service[99488]: DEBUG glance.api.middleware.version_negotiation [None req-1926def5-ace9-4723-8ad5-483399dc6188 tempest-TaggedBootDevicesTest-572858124 tempest-TaggedBootDevicesTest-572858124-project-member] Using url versioning {{(pid=99488) process_request /opt/stack/glance/glance/api/middleware/version_negotiation.py:57}}
Jun 26 19:40:37.722454 np0000003785 devstack@g-api.service[99488]: DEBUG glance.api.middleware.version_negotiation [None req-1926def5-ace9-4723-8ad5-483399dc6188 tempest-TaggedBootDevicesTest-572858124 tempest-TaggedBootDevicesTest-572858124-project-member] Matched version: v2 {{(pid=99488) process_request /opt/stack/glance/glance/api/middleware/version_negotiation.py:69}}
Jun 26 19:40:37.722454 np0000003785 devstack@g-api.service[99488]: DEBUG glance.api.middleware.version_negotiation [None req-1926def5-ace9-4723-8ad5-483399dc6188 tempest-TaggedBootDevicesTest-572858124 tempest-TaggedBootDevicesTest-572858124-project-member] new path /v2/images/1bb1ffe3-bc77-41c8-ac43-c9fa3f89e4a2 {{(pid=99488) process_request /opt/stack/glance/glance/api/middleware/version_negotiation.py:70}}
Jun 26 19:40:37.751283 np0000003785 devstack@g-api.service[99488]: [pid: 99488|app: 0|req: 22/54] 127.0.0.1 () {44 vars in 1115 bytes} [Fri Jun 26 19:40:37 2026] GET /v2/images/1bb1ffe3-bc77-41c8-ac43-c9fa3f89e4a2 => generated 1044 bytes in 28 msecs (HTTP/1.1 200) 4 headers in 158 bytes (1 switches on core 0)
Jun 26 19:40:37.760092 np0000003785 devstack@g-api.service[99486]: DEBUG glance.api.middleware.version_negotiation [None req-7e41f3e6-5ae9-4cac-92ee-ff0ea68e1002 tempest-DeleteServersTestJSON-1361534434 tempest-DeleteServersTestJSON-1361534434-project-member] Determining version of request: GET /v2/schemas/image Accept: */* {{(pid=99486) process_request /opt/stack/glance/glance/api/middleware/version_negotiation.py:44}}
Jun 26 19:40:37.760517 np0000003785 devstack@g-api.service[99486]: DEBUG glance.api.middleware.version_negotiation [None req-7e41f3e6-5ae9-4cac-92ee-ff0ea68e1002 tempest-DeleteServersTestJSON-1361534434 tempest-DeleteServersTestJSON-1361534434-project-member] Using url versioning {{(pid=99486) process_request /opt/stack/glance/glance/api/middleware/version_negotiation.py:57}}
Jun 26 19:40:37.760517 np0000003785 devstack@g-api.service[99486]: DEBUG glance.api.middleware.version_negotiation [None req-7e41f3e6-5ae9-4cac-92ee-ff0ea68e1002 tempest-DeleteServersTestJSON-1361534434 tempest-DeleteServersTestJSON-1361534434-project-member] Matched version: v2 {{(pid=99486) process_request /opt/stack/glance/glance/api/middleware/version_negotiation.py:69}}
Jun 26 19:40:37.760517 np0000003785 devstack@g-api.service[99486]: DEBUG glance.api.middleware.version_negotiation [None req-7e41f3e6-5ae9-4cac-92ee-ff0ea68e1002 tempest-DeleteServersTestJSON-1361534434 tempest-DeleteServersTestJSON-1361534434-project-member] new path /v2/schemas/image {{(pid=99486) process_request /opt/stack/glance/glance/api/middleware/version_negotiation.py:70}}
Jun 26 19:40:37.762692 np0000003785 devstack@g-api.service[99486]: [pid: 99486|app: 0|req: 17/55] 127.0.0.1 () {44 vars in 1055 bytes} [Fri Jun 26 19:40:37 2026] GET /v2/schemas/image => generated 6083 bytes in 3 msecs (HTTP/1.1 200) 4 headers in 158 bytes (1 switches on core 0)
Jun 26 19:40:38.026043 np0000003785 devstack@g-api.service[99487]: DEBUG glance.location [None req-f48d1f3e-8575-4c80-8562-74b0495986bd tempest-AttachSCSIVolumeTestJSON-2081382412 tempest-AttachSCSIVolumeTestJSON-2081382412-project-admin] Enabling in-flight format inspection for qcow2 {{(pid=99487) set_data /opt/stack/glance/glance/location.py:616}}
Jun 26 19:40:38.026631 np0000003785 devstack@g-api.service[99487]: DEBUG glance_store.backend [None req-f48d1f3e-8575-4c80-8562-74b0495986bd tempest-AttachSCSIVolumeTestJSON-2081382412 tempest-AttachSCSIVolumeTestJSON-2081382412-project-admin] Attempting to import store swift {{(pid=99487) _load_store /opt/stack/data/venv/lib/python3.12/site-packages/glance_store/backend.py:215}}
Jun 26 19:40:38.028000 np0000003785 devstack@g-api.service[99487]: DEBUG glance_store.capabilities [None req-f48d1f3e-8575-4c80-8562-74b0495986bd tempest-AttachSCSIVolumeTestJSON-2081382412 tempest-AttachSCSIVolumeTestJSON-2081382412-project-admin] Store glance_store._drivers.swift.store.SingleTenantStore doesn't support updating dynamic storage capabilities. Please overwrite 'update_capabilities' method of the store to implement updating logics if needed. {{(pid=99487) update_capabilities /opt/stack/data/venv/lib/python3.12/site-packages/glance_store/capabilities.py:91}}
Jun 26 19:40:38.028181 np0000003785 devstack@g-api.service[99487]: DEBUG glance_store.driver [None req-f48d1f3e-8575-4c80-8562-74b0495986bd tempest-AttachSCSIVolumeTestJSON-2081382412 tempest-AttachSCSIVolumeTestJSON-2081382412-project-admin] Late loading location class glance_store._drivers.swift.store.StoreLocation {{(pid=99487) get_store_location_class /opt/stack/data/venv/lib/python3.12/site-packages/glance_store/driver.py:134}}
Jun 26 19:40:38.028181 np0000003785 devstack@g-api.service[99487]: DEBUG glance_store.location [None req-f48d1f3e-8575-4c80-8562-74b0495986bd tempest-AttachSCSIVolumeTestJSON-2081382412 tempest-AttachSCSIVolumeTestJSON-2081382412-project-admin] Registering scheme swift+https with {'store': , 'location_class': , 'store_entry': 'swift'} {{(pid=99487) register_scheme_map /opt/stack/data/venv/lib/python3.12/site-packages/glance_store/location.py:146}}
Jun 26 19:40:38.028501 np0000003785 devstack@g-api.service[99487]: DEBUG glance_store.location [None req-f48d1f3e-8575-4c80-8562-74b0495986bd tempest-AttachSCSIVolumeTestJSON-2081382412 tempest-AttachSCSIVolumeTestJSON-2081382412-project-admin] Registering scheme swift+https with {'store': , 'location_class': , 'store_entry': 'swift'} {{(pid=99487) register_scheme_map /opt/stack/data/venv/lib/python3.12/site-packages/glance_store/location.py:146}}
Jun 26 19:40:38.028501 np0000003785 devstack@g-api.service[99487]: DEBUG glance_store.location [None req-f48d1f3e-8575-4c80-8562-74b0495986bd tempest-AttachSCSIVolumeTestJSON-2081382412 tempest-AttachSCSIVolumeTestJSON-2081382412-project-admin] Registering scheme swift with {'store': , 'location_class': , 'store_entry': 'swift'} {{(pid=99487) register_scheme_map /opt/stack/data/venv/lib/python3.12/site-packages/glance_store/location.py:146}}
Jun 26 19:40:38.028501 np0000003785 devstack@g-api.service[99487]: DEBUG glance_store.location [None req-f48d1f3e-8575-4c80-8562-74b0495986bd tempest-AttachSCSIVolumeTestJSON-2081382412 tempest-AttachSCSIVolumeTestJSON-2081382412-project-admin] Registering scheme swift+https with {'store': , 'location_class': , 'store_entry': 'swift'} {{(pid=99487) register_scheme_map /opt/stack/data/venv/lib/python3.12/site-packages/glance_store/location.py:146}}
Jun 26 19:40:38.032094 np0000003785 devstack@g-api.service[99487]: DEBUG glance_store.location [None req-f48d1f3e-8575-4c80-8562-74b0495986bd tempest-AttachSCSIVolumeTestJSON-2081382412 tempest-AttachSCSIVolumeTestJSON-2081382412-project-admin] Registering scheme swift with {'store': , 'location_class': , 'store_entry': 'swift'} {{(pid=99487) register_scheme_map /opt/stack/data/venv/lib/python3.12/site-packages/glance_store/location.py:146}}
Jun 26 19:40:38.032094 np0000003785 devstack@g-api.service[99487]: DEBUG glance_store.location [None req-f48d1f3e-8575-4c80-8562-74b0495986bd tempest-AttachSCSIVolumeTestJSON-2081382412 tempest-AttachSCSIVolumeTestJSON-2081382412-project-admin] Registering scheme swift+http with {'store': , 'location_class': , 'store_entry': 'swift'} {{(pid=99487) register_scheme_map /opt/stack/data/venv/lib/python3.12/site-packages/glance_store/location.py:146}}
Jun 26 19:40:38.032094 np0000003785 devstack@g-api.service[99487]: DEBUG glance_store.location [None req-f48d1f3e-8575-4c80-8562-74b0495986bd tempest-AttachSCSIVolumeTestJSON-2081382412 tempest-AttachSCSIVolumeTestJSON-2081382412-project-admin] Registering scheme swift+https with {'store': , 'location_class': , 'store_entry': 'swift'} {{(pid=99487) register_scheme_map /opt/stack/data/venv/lib/python3.12/site-packages/glance_store/location.py:146}}
Jun 26 19:40:38.032649 np0000003785 devstack@g-api.service[99487]: DEBUG glance_store.location [None req-f48d1f3e-8575-4c80-8562-74b0495986bd tempest-AttachSCSIVolumeTestJSON-2081382412 tempest-AttachSCSIVolumeTestJSON-2081382412-project-admin] Registering scheme swift with {'store': , 'location_class': , 'store_entry': 'swift'} {{(pid=99487) register_scheme_map /opt/stack/data/venv/lib/python3.12/site-packages/glance_store/location.py:146}}
Jun 26 19:40:38.032649 np0000003785 devstack@g-api.service[99487]: DEBUG glance_store.location [None req-f48d1f3e-8575-4c80-8562-74b0495986bd tempest-AttachSCSIVolumeTestJSON-2081382412 tempest-AttachSCSIVolumeTestJSON-2081382412-project-admin] Registering scheme swift+http with {'store': , 'location_class': , 'store_entry': 'swift'} {{(pid=99487) register_scheme_map /opt/stack/data/venv/lib/python3.12/site-packages/glance_store/location.py:146}}
Jun 26 19:40:38.032649 np0000003785 devstack@g-api.service[99487]: DEBUG glance_store.location [None req-f48d1f3e-8575-4c80-8562-74b0495986bd tempest-AttachSCSIVolumeTestJSON-2081382412 tempest-AttachSCSIVolumeTestJSON-2081382412-project-admin] Registering scheme swift+config with {'store': , 'location_class': , 'store_entry': 'swift'} {{(pid=99487) register_scheme_map /opt/stack/data/venv/lib/python3.12/site-packages/glance_store/location.py:146}}
Jun 26 19:40:38.459519 np0000003785 devstack@g-api.service[99487]: DEBUG swiftclient [None req-f48d1f3e-8575-4c80-8562-74b0495986bd tempest-AttachSCSIVolumeTestJSON-2081382412 tempest-AttachSCSIVolumeTestJSON-2081382412-project-admin] REQ: curl -i https://10.4.3.192:8080/v1/AUTH_af32851c6b2f4e288bcbe4f132b40294/glance -I -H "X-Auth-Token: gAAAAABqPtW214-P..." {{(pid=99487) http_log /opt/stack/data/venv/lib/python3.12/site-packages/swiftclient/client.py:160}}
Jun 26 19:40:38.459519 np0000003785 devstack@g-api.service[99487]: DEBUG swiftclient [None req-f48d1f3e-8575-4c80-8562-74b0495986bd tempest-AttachSCSIVolumeTestJSON-2081382412 tempest-AttachSCSIVolumeTestJSON-2081382412-project-admin] RESP STATUS: 204 No Content {{(pid=99487) http_log /opt/stack/data/venv/lib/python3.12/site-packages/swiftclient/client.py:161}}
Jun 26 19:40:38.459519 np0000003785 devstack@g-api.service[99487]: DEBUG swiftclient [None req-f48d1f3e-8575-4c80-8562-74b0495986bd tempest-AttachSCSIVolumeTestJSON-2081382412 tempest-AttachSCSIVolumeTestJSON-2081382412-project-admin] RESP HEADERS: {'Date': 'Fri, 26 Jun 2026 19:40:38 GMT', 'Server': 'Apache/2.4.58 (Ubuntu)', 'Content-Type': 'text/plain; charset=utf-8', 'X-Container-Object-Count': '3', 'X-Container-Bytes-Used': '64356352', 'X-Timestamp': '1782502693.12009', 'Last-Modified': 'Fri, 26 Jun 2026 19:38:14 GMT', 'Accept-Ranges': 'bytes', 'X-Storage-Policy': 'Policy-0', 'X-Container-Sharding': 'False', 'Vary': 'Accept', 'X-Trans-Id': 'tx5a648ff6f6eb4d9ba001a-006a3ed5b6', 'X-Openstack-Request-Id': 'tx5a648ff6f6eb4d9ba001a-006a3ed5b6', 'Connection': 'close'} {{(pid=99487) http_log /opt/stack/data/venv/lib/python3.12/site-packages/swiftclient/client.py:162}}
Jun 26 19:40:38.459519 np0000003785 devstack@g-api.service[99487]: DEBUG glance_store._drivers.swift.store [None req-f48d1f3e-8575-4c80-8562-74b0495986bd tempest-AttachSCSIVolumeTestJSON-2081382412 tempest-AttachSCSIVolumeTestJSON-2081382412-project-admin] Adding image object '0b609e02-5811-408c-a999-0d8add6708c7' to Swift {{(pid=99487) add /opt/stack/data/venv/lib/python3.12/site-packages/glance_store/_drivers/swift/store.py:970}}
Jun 26 19:40:38.460637 np0000003785 devstack@g-api.service[99487]: DEBUG glance_store._drivers.swift.store [None req-f48d1f3e-8575-4c80-8562-74b0495986bd tempest-AttachSCSIVolumeTestJSON-2081382412 tempest-AttachSCSIVolumeTestJSON-2081382412-project-admin] Cannot determine image size because it is either not provided in the request or chunked-transfer encoding is used. Adding image as a segmented object to Swift. {{(pid=99487) add /opt/stack/data/venv/lib/python3.12/site-packages/glance_store/_drivers/swift/store.py:994}}
Jun 26 19:40:38.470787 np0000003785 devstack@g-api.service[99487]: DEBUG oslo_utils.imageutils.format_inspector [None req-f48d1f3e-8575-4c80-8562-74b0495986bd tempest-AttachSCSIVolumeTestJSON-2081382412 tempest-AttachSCSIVolumeTestJSON-2081382412-project-admin] Format inspector for vmdk does not match, excluding from consideration (Signature KDMV not found: b'QFI\xfb') {{(pid=99487) _process_chunk /opt/stack/data/venv/lib/python3.12/site-packages/oslo_utils/imageutils/format_inspector.py:1758}}
Jun 26 19:40:38.470787 np0000003785 devstack@g-api.service[99487]: DEBUG oslo_utils.imageutils.format_inspector [None req-f48d1f3e-8575-4c80-8562-74b0495986bd tempest-AttachSCSIVolumeTestJSON-2081382412 tempest-AttachSCSIVolumeTestJSON-2081382412-project-admin] Format inspector for vhdx does not match, excluding from consideration (Region signature not found at 30000) {{(pid=99487) _process_chunk /opt/stack/data/venv/lib/python3.12/site-packages/oslo_utils/imageutils/format_inspector.py:1758}}
Jun 26 19:40:38.826236 np0000003785 devstack@g-api.service[99487]: DEBUG swiftclient [None req-f48d1f3e-8575-4c80-8562-74b0495986bd tempest-AttachSCSIVolumeTestJSON-2081382412 tempest-AttachSCSIVolumeTestJSON-2081382412-project-admin] REQ: curl -i https://10.4.3.192:8080/v1/AUTH_af32851c6b2f4e288bcbe4f132b40294/glance/0b609e02-5811-408c-a999-0d8add6708c7-00001 -X PUT -H "X-Auth-Token: gAAAAABqPtW214-P..." {{(pid=99487) http_log /opt/stack/data/venv/lib/python3.12/site-packages/swiftclient/client.py:160}}
Jun 26 19:40:38.828332 np0000003785 devstack@g-api.service[99487]: DEBUG swiftclient [None req-f48d1f3e-8575-4c80-8562-74b0495986bd tempest-AttachSCSIVolumeTestJSON-2081382412 tempest-AttachSCSIVolumeTestJSON-2081382412-project-admin] RESP STATUS: 201 Created {{(pid=99487) http_log /opt/stack/data/venv/lib/python3.12/site-packages/swiftclient/client.py:161}}
Jun 26 19:40:38.828332 np0000003785 devstack@g-api.service[99487]: DEBUG swiftclient [None req-f48d1f3e-8575-4c80-8562-74b0495986bd tempest-AttachSCSIVolumeTestJSON-2081382412 tempest-AttachSCSIVolumeTestJSON-2081382412-project-admin] RESP HEADERS: {'Date': 'Fri, 26 Jun 2026 19:40:38 GMT', 'Server': 'Apache/2.4.58 (Ubuntu)', 'Content-Type': 'text/html; charset=UTF-8', 'Content-Length': '0', 'Etag': '87617e24a5e30cb3b87fda8c0764838f', 'Last-Modified': 'Fri, 26 Jun 2026 19:40:39 GMT', 'X-Trans-Id': 'txba89519064e1407f9eb79-006a3ed5b6', 'X-Openstack-Request-Id': 'txba89519064e1407f9eb79-006a3ed5b6', 'Connection': 'close'} {{(pid=99487) http_log /opt/stack/data/venv/lib/python3.12/site-packages/swiftclient/client.py:162}}
Jun 26 19:40:38.828332 np0000003785 devstack@g-api.service[99487]: DEBUG glance_store._drivers.swift.store [None req-f48d1f3e-8575-4c80-8562-74b0495986bd tempest-AttachSCSIVolumeTestJSON-2081382412 tempest-AttachSCSIVolumeTestJSON-2081382412-project-admin] Wrote chunk 0b609e02-5811-408c-a999-0d8add6708c7-00001 (1/?) of length 21692416 to Swift returning MD5 of content: 87617e24a5e30cb3b87fda8c0764838f {{(pid=99487) add /opt/stack/data/venv/lib/python3.12/site-packages/glance_store/_drivers/swift/store.py:1059}}
Jun 26 19:40:38.828332 np0000003785 devstack@g-api.service[99487]: DEBUG glance_store._drivers.swift.store [None req-f48d1f3e-8575-4c80-8562-74b0495986bd tempest-AttachSCSIVolumeTestJSON-2081382412 tempest-AttachSCSIVolumeTestJSON-2081382412-project-admin] Not writing zero-length chunk. {{(pid=99487) add /opt/stack/data/venv/lib/python3.12/site-packages/glance_store/_drivers/swift/store.py:1028}}
Jun 26 19:40:38.865886 np0000003785 devstack@g-api.service[99487]: DEBUG swiftclient [None req-f48d1f3e-8575-4c80-8562-74b0495986bd tempest-AttachSCSIVolumeTestJSON-2081382412 tempest-AttachSCSIVolumeTestJSON-2081382412-project-admin] REQ: curl -i https://10.4.3.192:8080/v1/AUTH_af32851c6b2f4e288bcbe4f132b40294/glance/0b609e02-5811-408c-a999-0d8add6708c7 -X PUT -H "X-Object-Manifest: glance/0b609e02-5811-408c-a999-0d8add6708c7-" -H "X-Auth-Token: gAAAAABqPtW214-P..." -H "Content-Length: 0" {{(pid=99487) http_log /opt/stack/data/venv/lib/python3.12/site-packages/swiftclient/client.py:160}}
Jun 26 19:40:38.865886 np0000003785 devstack@g-api.service[99487]: DEBUG swiftclient [None req-f48d1f3e-8575-4c80-8562-74b0495986bd tempest-AttachSCSIVolumeTestJSON-2081382412 tempest-AttachSCSIVolumeTestJSON-2081382412-project-admin] RESP STATUS: 201 Created {{(pid=99487) http_log /opt/stack/data/venv/lib/python3.12/site-packages/swiftclient/client.py:161}}
Jun 26 19:40:38.866544 np0000003785 devstack@g-api.service[99487]: DEBUG swiftclient [None req-f48d1f3e-8575-4c80-8562-74b0495986bd tempest-AttachSCSIVolumeTestJSON-2081382412 tempest-AttachSCSIVolumeTestJSON-2081382412-project-admin] RESP HEADERS: {'Date': 'Fri, 26 Jun 2026 19:40:38 GMT', 'Server': 'Apache/2.4.58 (Ubuntu)', 'Content-Type': 'text/html; charset=UTF-8', 'Content-Length': '0', 'Etag': 'd41d8cd98f00b204e9800998ecf8427e', 'Last-Modified': 'Fri, 26 Jun 2026 19:40:39 GMT', 'X-Trans-Id': 'txa7955abe712a47de81ccc-006a3ed5b6', 'X-Openstack-Request-Id': 'txa7955abe712a47de81ccc-006a3ed5b6', 'Connection': 'close'} {{(pid=99487) http_log /opt/stack/data/venv/lib/python3.12/site-packages/swiftclient/client.py:162}}
Jun 26 19:40:38.867157 np0000003785 devstack@g-api.service[99487]: INFO glance.location [None req-f48d1f3e-8575-4c80-8562-74b0495986bd tempest-AttachSCSIVolumeTestJSON-2081382412 tempest-AttachSCSIVolumeTestJSON-2081382412-project-admin] Image format matched and virtual size computed: 117440512
Jun 26 19:40:38.992597 np0000003785 devstack@g-api.service[99487]: DEBUG glance_store.backend [None req-f48d1f3e-8575-4c80-8562-74b0495986bd tempest-AttachSCSIVolumeTestJSON-2081382412 tempest-AttachSCSIVolumeTestJSON-2081382412-project-admin] Attempting to import store swift {{(pid=99487) _load_store /opt/stack/data/venv/lib/python3.12/site-packages/glance_store/backend.py:215}}
Jun 26 19:40:38.992597 np0000003785 devstack@g-api.service[99487]: DEBUG glance_store.capabilities [None req-f48d1f3e-8575-4c80-8562-74b0495986bd tempest-AttachSCSIVolumeTestJSON-2081382412 tempest-AttachSCSIVolumeTestJSON-2081382412-project-admin] Store glance_store._drivers.swift.store.SingleTenantStore doesn't support updating dynamic storage capabilities. Please overwrite 'update_capabilities' method of the store to implement updating logics if needed. {{(pid=99487) update_capabilities /opt/stack/data/venv/lib/python3.12/site-packages/glance_store/capabilities.py:91}}
Jun 26 19:40:38.992597 np0000003785 devstack@g-api.service[99487]: DEBUG glance_store.driver [None req-f48d1f3e-8575-4c80-8562-74b0495986bd tempest-AttachSCSIVolumeTestJSON-2081382412 tempest-AttachSCSIVolumeTestJSON-2081382412-project-admin] Late loading location class glance_store._drivers.swift.store.StoreLocation {{(pid=99487) get_store_location_class /opt/stack/data/venv/lib/python3.12/site-packages/glance_store/driver.py:134}}
Jun 26 19:40:38.992597 np0000003785 devstack@g-api.service[99487]: DEBUG glance_store.location [None req-f48d1f3e-8575-4c80-8562-74b0495986bd tempest-AttachSCSIVolumeTestJSON-2081382412 tempest-AttachSCSIVolumeTestJSON-2081382412-project-admin] Registering scheme swift+https with {'store': , 'location_class': , 'store_entry': 'swift'} {{(pid=99487) register_scheme_map /opt/stack/data/venv/lib/python3.12/site-packages/glance_store/location.py:146}}
Jun 26 19:40:38.992879 np0000003785 devstack@g-api.service[99487]: DEBUG glance_store.location [None req-f48d1f3e-8575-4c80-8562-74b0495986bd tempest-AttachSCSIVolumeTestJSON-2081382412 tempest-AttachSCSIVolumeTestJSON-2081382412-project-admin] Registering scheme swift+https with {'store': , 'location_class': , 'store_entry': 'swift'} {{(pid=99487) register_scheme_map /opt/stack/data/venv/lib/python3.12/site-packages/glance_store/location.py:146}}
Jun 26 19:40:38.992879 np0000003785 devstack@g-api.service[99487]: DEBUG glance_store.location [None req-f48d1f3e-8575-4c80-8562-74b0495986bd tempest-AttachSCSIVolumeTestJSON-2081382412 tempest-AttachSCSIVolumeTestJSON-2081382412-project-admin] Registering scheme swift with {'store': , 'location_class': , 'store_entry': 'swift'} {{(pid=99487) register_scheme_map /opt/stack/data/venv/lib/python3.12/site-packages/glance_store/location.py:146}}
Jun 26 19:40:38.992879 np0000003785 devstack@g-api.service[99487]: DEBUG glance_store.location [None req-f48d1f3e-8575-4c80-8562-74b0495986bd tempest-AttachSCSIVolumeTestJSON-2081382412 tempest-AttachSCSIVolumeTestJSON-2081382412-project-admin] Registering scheme swift+https with {'store': , 'location_class': , 'store_entry': 'swift'} {{(pid=99487) register_scheme_map /opt/stack/data/venv/lib/python3.12/site-packages/glance_store/location.py:146}}
Jun 26 19:40:38.993038 np0000003785 devstack@g-api.service[99487]: DEBUG glance_store.location [None req-f48d1f3e-8575-4c80-8562-74b0495986bd tempest-AttachSCSIVolumeTestJSON-2081382412 tempest-AttachSCSIVolumeTestJSON-2081382412-project-admin] Registering scheme swift with {'store': , 'location_class': , 'store_entry': 'swift'} {{(pid=99487) register_scheme_map /opt/stack/data/venv/lib/python3.12/site-packages/glance_store/location.py:146}}
Jun 26 19:40:38.993038 np0000003785 devstack@g-api.service[99487]: DEBUG glance_store.location [None req-f48d1f3e-8575-4c80-8562-74b0495986bd tempest-AttachSCSIVolumeTestJSON-2081382412 tempest-AttachSCSIVolumeTestJSON-2081382412-project-admin] Registering scheme swift+http with {'store': , 'location_class': , 'store_entry': 'swift'} {{(pid=99487) register_scheme_map /opt/stack/data/venv/lib/python3.12/site-packages/glance_store/location.py:146}}
Jun 26 19:40:38.993277 np0000003785 devstack@g-api.service[99487]: DEBUG glance_store.location [None req-f48d1f3e-8575-4c80-8562-74b0495986bd tempest-AttachSCSIVolumeTestJSON-2081382412 tempest-AttachSCSIVolumeTestJSON-2081382412-project-admin] Registering scheme swift+https with {'store': , 'location_class': , 'store_entry': 'swift'} {{(pid=99487) register_scheme_map /opt/stack/data/venv/lib/python3.12/site-packages/glance_store/location.py:146}}
Jun 26 19:40:38.993486 np0000003785 devstack@g-api.service[99487]: DEBUG glance_store.location [None req-f48d1f3e-8575-4c80-8562-74b0495986bd tempest-AttachSCSIVolumeTestJSON-2081382412 tempest-AttachSCSIVolumeTestJSON-2081382412-project-admin] Registering scheme swift with {'store': , 'location_class': , 'store_entry': 'swift'} {{(pid=99487) register_scheme_map /opt/stack/data/venv/lib/python3.12/site-packages/glance_store/location.py:146}}
Jun 26 19:40:38.993642 np0000003785 devstack@g-api.service[99487]: DEBUG glance_store.location [None req-f48d1f3e-8575-4c80-8562-74b0495986bd tempest-AttachSCSIVolumeTestJSON-2081382412 tempest-AttachSCSIVolumeTestJSON-2081382412-project-admin] Registering scheme swift+http with {'store': , 'location_class': , 'store_entry': 'swift'} {{(pid=99487) register_scheme_map /opt/stack/data/venv/lib/python3.12/site-packages/glance_store/location.py:146}}
Jun 26 19:40:38.993814 np0000003785 devstack@g-api.service[99487]: DEBUG glance_store.location [None req-f48d1f3e-8575-4c80-8562-74b0495986bd tempest-AttachSCSIVolumeTestJSON-2081382412 tempest-AttachSCSIVolumeTestJSON-2081382412-project-admin] Registering scheme swift+config with {'store': , 'location_class': , 'store_entry': 'swift'} {{(pid=99487) register_scheme_map /opt/stack/data/venv/lib/python3.12/site-packages/glance_store/location.py:146}}
Jun 26 19:40:38.993996 np0000003785 devstack@g-api.service[99487]: DEBUG glance_store.backend [None req-f48d1f3e-8575-4c80-8562-74b0495986bd tempest-AttachSCSIVolumeTestJSON-2081382412 tempest-AttachSCSIVolumeTestJSON-2081382412-project-admin] Skipping store.set_acls... not implemented. {{(pid=99487) set_acls /opt/stack/data/venv/lib/python3.12/site-packages/glance_store/backend.py:507}}
Jun 26 19:40:38.998055 np0000003785 devstack@g-api.service[99487]: [pid: 99487|app: 0|req: 17/56] 127.0.0.1 () {40 vars in 858 bytes} [Fri Jun 26 19:40:36 2026] PUT /v2/images/0b609e02-5811-408c-a999-0d8add6708c7/file => generated 0 bytes in 2854 msecs (HTTP/1.1 204) 4 headers in 171 bytes (1 switches on core 0)
Jun 26 19:40:39.375471 np0000003785 devstack@g-api.service[99488]: DEBUG glance.api.middleware.version_negotiation [None req-1926def5-ace9-4723-8ad5-483399dc6188 tempest-TaggedBootDevicesTest-572858124 tempest-TaggedBootDevicesTest-572858124-project-member] Determining version of request: GET /v2/images/1bb1ffe3-bc77-41c8-ac43-c9fa3f89e4a2 Accept: */* {{(pid=99488) process_request /opt/stack/glance/glance/api/middleware/version_negotiation.py:44}}
Jun 26 19:40:39.376045 np0000003785 devstack@g-api.service[99488]: DEBUG glance.api.middleware.version_negotiation [None req-1926def5-ace9-4723-8ad5-483399dc6188 tempest-TaggedBootDevicesTest-572858124 tempest-TaggedBootDevicesTest-572858124-project-member] Using url versioning {{(pid=99488) process_request /opt/stack/glance/glance/api/middleware/version_negotiation.py:57}}
Jun 26 19:40:39.376045 np0000003785 devstack@g-api.service[99488]: DEBUG glance.api.middleware.version_negotiation [None req-1926def5-ace9-4723-8ad5-483399dc6188 tempest-TaggedBootDevicesTest-572858124 tempest-TaggedBootDevicesTest-572858124-project-member] Matched version: v2 {{(pid=99488) process_request /opt/stack/glance/glance/api/middleware/version_negotiation.py:69}}
Jun 26 19:40:39.376287 np0000003785 devstack@g-api.service[99488]: DEBUG glance.api.middleware.version_negotiation [None req-1926def5-ace9-4723-8ad5-483399dc6188 tempest-TaggedBootDevicesTest-572858124 tempest-TaggedBootDevicesTest-572858124-project-member] new path /v2/images/1bb1ffe3-bc77-41c8-ac43-c9fa3f89e4a2 {{(pid=99488) process_request /opt/stack/glance/glance/api/middleware/version_negotiation.py:70}}
Jun 26 19:40:39.395228 np0000003785 devstack@g-api.service[99488]: [pid: 99488|app: 0|req: 23/57] 127.0.0.1 () {44 vars in 1115 bytes} [Fri Jun 26 19:40:39 2026] GET /v2/images/1bb1ffe3-bc77-41c8-ac43-c9fa3f89e4a2 => generated 1044 bytes in 20 msecs (HTTP/1.1 200) 4 headers in 158 bytes (1 switches on core 0)
Jun 26 19:40:39.401972 np0000003785 devstack@g-api.service[99486]: DEBUG glance.api.middleware.version_negotiation [None req-1926def5-ace9-4723-8ad5-483399dc6188 tempest-TaggedBootDevicesTest-572858124 tempest-TaggedBootDevicesTest-572858124-project-member] Determining version of request: GET /v2/schemas/image Accept: */* {{(pid=99486) process_request /opt/stack/glance/glance/api/middleware/version_negotiation.py:44}}
Jun 26 19:40:39.402387 np0000003785 devstack@g-api.service[99486]: DEBUG glance.api.middleware.version_negotiation [None req-1926def5-ace9-4723-8ad5-483399dc6188 tempest-TaggedBootDevicesTest-572858124 tempest-TaggedBootDevicesTest-572858124-project-member] Using url versioning {{(pid=99486) process_request /opt/stack/glance/glance/api/middleware/version_negotiation.py:57}}
Jun 26 19:40:39.402387 np0000003785 devstack@g-api.service[99486]: DEBUG glance.api.middleware.version_negotiation [None req-1926def5-ace9-4723-8ad5-483399dc6188 tempest-TaggedBootDevicesTest-572858124 tempest-TaggedBootDevicesTest-572858124-project-member] Matched version: v2 {{(pid=99486) process_request /opt/stack/glance/glance/api/middleware/version_negotiation.py:69}}
Jun 26 19:40:39.402520 np0000003785 devstack@g-api.service[99486]: DEBUG glance.api.middleware.version_negotiation [None req-1926def5-ace9-4723-8ad5-483399dc6188 tempest-TaggedBootDevicesTest-572858124 tempest-TaggedBootDevicesTest-572858124-project-member] new path /v2/schemas/image {{(pid=99486) process_request /opt/stack/glance/glance/api/middleware/version_negotiation.py:70}}
Jun 26 19:40:39.405387 np0000003785 devstack@g-api.service[99486]: [pid: 99486|app: 0|req: 18/58] 127.0.0.1 () {44 vars in 1055 bytes} [Fri Jun 26 19:40:39 2026] GET /v2/schemas/image => generated 6083 bytes in 3 msecs (HTTP/1.1 200) 4 headers in 158 bytes (1 switches on core 0)
Jun 26 19:40:40.599693 np0000003785 devstack@g-api.service[99487]: DEBUG glance.api.middleware.version_negotiation [None req-f48d1f3e-8575-4c80-8562-74b0495986bd tempest-AttachSCSIVolumeTestJSON-2081382412 tempest-AttachSCSIVolumeTestJSON-2081382412-project-admin] Determining version of request: GET /v2/images/1bb1ffe3-bc77-41c8-ac43-c9fa3f89e4a2 Accept: */* {{(pid=99487) process_request /opt/stack/glance/glance/api/middleware/version_negotiation.py:44}}
Jun 26 19:40:40.600004 np0000003785 devstack@g-api.service[99487]: DEBUG glance.api.middleware.version_negotiation [None req-f48d1f3e-8575-4c80-8562-74b0495986bd tempest-AttachSCSIVolumeTestJSON-2081382412 tempest-AttachSCSIVolumeTestJSON-2081382412-project-admin] Using url versioning {{(pid=99487) process_request /opt/stack/glance/glance/api/middleware/version_negotiation.py:57}}
Jun 26 19:40:40.600004 np0000003785 devstack@g-api.service[99487]: DEBUG glance.api.middleware.version_negotiation [None req-f48d1f3e-8575-4c80-8562-74b0495986bd tempest-AttachSCSIVolumeTestJSON-2081382412 tempest-AttachSCSIVolumeTestJSON-2081382412-project-admin] Matched version: v2 {{(pid=99487) process_request /opt/stack/glance/glance/api/middleware/version_negotiation.py:69}}
Jun 26 19:40:40.600004 np0000003785 devstack@g-api.service[99487]: DEBUG glance.api.middleware.version_negotiation [None req-f48d1f3e-8575-4c80-8562-74b0495986bd tempest-AttachSCSIVolumeTestJSON-2081382412 tempest-AttachSCSIVolumeTestJSON-2081382412-project-admin] new path /v2/images/1bb1ffe3-bc77-41c8-ac43-c9fa3f89e4a2 {{(pid=99487) process_request /opt/stack/glance/glance/api/middleware/version_negotiation.py:70}}
Jun 26 19:40:40.609593 np0000003785 devstack@g-api.service[99487]: [pid: 99487|app: 0|req: 18/59] 127.0.0.1 () {44 vars in 1115 bytes} [Fri Jun 26 19:40:40 2026] GET /v2/images/1bb1ffe3-bc77-41c8-ac43-c9fa3f89e4a2 => generated 1044 bytes in 10 msecs (HTTP/1.1 200) 4 headers in 158 bytes (1 switches on core 0)
Jun 26 19:40:40.673311 np0000003785 devstack@g-api.service[99488]: DEBUG glance.api.middleware.version_negotiation [None req-1926def5-ace9-4723-8ad5-483399dc6188 tempest-TaggedBootDevicesTest-572858124 tempest-TaggedBootDevicesTest-572858124-project-member] Determining version of request: GET /v2/schemas/image Accept: */* {{(pid=99488) process_request /opt/stack/glance/glance/api/middleware/version_negotiation.py:44}}
Jun 26 19:40:40.673311 np0000003785 devstack@g-api.service[99488]: DEBUG glance.api.middleware.version_negotiation [None req-1926def5-ace9-4723-8ad5-483399dc6188 tempest-TaggedBootDevicesTest-572858124 tempest-TaggedBootDevicesTest-572858124-project-member] Using url versioning {{(pid=99488) process_request /opt/stack/glance/glance/api/middleware/version_negotiation.py:57}}
Jun 26 19:40:40.673311 np0000003785 devstack@g-api.service[99488]: DEBUG glance.api.middleware.version_negotiation [None req-1926def5-ace9-4723-8ad5-483399dc6188 tempest-TaggedBootDevicesTest-572858124 tempest-TaggedBootDevicesTest-572858124-project-member] Matched version: v2 {{(pid=99488) process_request /opt/stack/glance/glance/api/middleware/version_negotiation.py:69}}
Jun 26 19:40:40.673311 np0000003785 devstack@g-api.service[99488]: DEBUG glance.api.middleware.version_negotiation [None req-1926def5-ace9-4723-8ad5-483399dc6188 tempest-TaggedBootDevicesTest-572858124 tempest-TaggedBootDevicesTest-572858124-project-member] new path /v2/schemas/image {{(pid=99488) process_request /opt/stack/glance/glance/api/middleware/version_negotiation.py:70}}
Jun 26 19:40:40.673311 np0000003785 devstack@g-api.service[99488]: [pid: 99488|app: 0|req: 24/60] 127.0.0.1 () {44 vars in 1055 bytes} [Fri Jun 26 19:40:40 2026] GET /v2/schemas/image => generated 6083 bytes in 3 msecs (HTTP/1.1 200) 4 headers in 158 bytes (1 switches on core 0)
Jun 26 19:40:43.655075 np0000003785 devstack@g-api.service[99486]: DEBUG glance.api.middleware.version_negotiation [None req-1926def5-ace9-4723-8ad5-483399dc6188 tempest-TaggedBootDevicesTest-572858124 tempest-TaggedBootDevicesTest-572858124-project-member] Determining version of request: GET / Accept: application/json {{(pid=99486) process_request /opt/stack/glance/glance/api/middleware/version_negotiation.py:44}}
Jun 26 19:40:43.655075 np0000003785 devstack@g-api.service[99486]: DEBUG glance.api.middleware.version_negotiation [None req-1926def5-ace9-4723-8ad5-483399dc6188 tempest-TaggedBootDevicesTest-572858124 tempest-TaggedBootDevicesTest-572858124-project-member] Using url versioning {{(pid=99486) process_request /opt/stack/glance/glance/api/middleware/version_negotiation.py:57}}
Jun 26 19:40:43.655075 np0000003785 devstack@g-api.service[99486]: DEBUG glance.api.middleware.version_negotiation [None req-1926def5-ace9-4723-8ad5-483399dc6188 tempest-TaggedBootDevicesTest-572858124 tempest-TaggedBootDevicesTest-572858124-project-member] Unknown version. Returning version choices. {{(pid=99486) process_request /opt/stack/glance/glance/api/middleware/version_negotiation.py:64}}
Jun 26 19:40:43.655822 np0000003785 devstack@g-api.service[99486]: [pid: 99486|app: 0|req: 19/61] 127.0.0.1 () {36 vars in 559 bytes} [Fri Jun 26 19:40:43 2026] GET / => generated 1407 bytes in 1 msecs (HTTP/1.1 300) 3 headers in 106 bytes (1 switches on core 0)
Jun 26 19:40:43.684962 np0000003785 devstack@g-api.service[99487]: DEBUG glance.api.middleware.version_negotiation [None req-7c9b776f-ef88-435a-b522-9ff43a73705f tempest-TaggedAttachmentsTest-1491863833 tempest-TaggedAttachmentsTest-1491863833-project-member] Determining version of request: GET /v2/images/0b609e02-5811-408c-a999-0d8add6708c7 Accept: */* {{(pid=99487) process_request /opt/stack/glance/glance/api/middleware/version_negotiation.py:44}}
Jun 26 19:40:43.685374 np0000003785 devstack@g-api.service[99487]: DEBUG glance.api.middleware.version_negotiation [None req-7c9b776f-ef88-435a-b522-9ff43a73705f tempest-TaggedAttachmentsTest-1491863833 tempest-TaggedAttachmentsTest-1491863833-project-member] Using url versioning {{(pid=99487) process_request /opt/stack/glance/glance/api/middleware/version_negotiation.py:57}}
Jun 26 19:40:43.685374 np0000003785 devstack@g-api.service[99487]: DEBUG glance.api.middleware.version_negotiation [None req-7c9b776f-ef88-435a-b522-9ff43a73705f tempest-TaggedAttachmentsTest-1491863833 tempest-TaggedAttachmentsTest-1491863833-project-member] Matched version: v2 {{(pid=99487) process_request /opt/stack/glance/glance/api/middleware/version_negotiation.py:69}}
Jun 26 19:40:43.685374 np0000003785 devstack@g-api.service[99487]: DEBUG glance.api.middleware.version_negotiation [None req-7c9b776f-ef88-435a-b522-9ff43a73705f tempest-TaggedAttachmentsTest-1491863833 tempest-TaggedAttachmentsTest-1491863833-project-member] new path /v2/images/0b609e02-5811-408c-a999-0d8add6708c7 {{(pid=99487) process_request /opt/stack/glance/glance/api/middleware/version_negotiation.py:70}}
Jun 26 19:40:43.701895 np0000003785 devstack@g-api.service[99487]: [pid: 99487|app: 0|req: 19/62] 127.0.0.1 () {44 vars in 1115 bytes} [Fri Jun 26 19:40:43 2026] GET /v2/images/0b609e02-5811-408c-a999-0d8add6708c7 => generated 859 bytes in 17 msecs (HTTP/1.1 200) 4 headers in 157 bytes (1 switches on core 0)
Jun 26 19:40:43.736078 np0000003785 devstack@g-api.service[99488]: DEBUG glance.api.middleware.version_negotiation [None req-7c9b776f-ef88-435a-b522-9ff43a73705f tempest-TaggedAttachmentsTest-1491863833 tempest-TaggedAttachmentsTest-1491863833-project-member] Determining version of request: GET /v2/schemas/image Accept: */* {{(pid=99488) process_request /opt/stack/glance/glance/api/middleware/version_negotiation.py:44}}
Jun 26 19:40:43.736537 np0000003785 devstack@g-api.service[99488]: DEBUG glance.api.middleware.version_negotiation [None req-7c9b776f-ef88-435a-b522-9ff43a73705f tempest-TaggedAttachmentsTest-1491863833 tempest-TaggedAttachmentsTest-1491863833-project-member] Using url versioning {{(pid=99488) process_request /opt/stack/glance/glance/api/middleware/version_negotiation.py:57}}
Jun 26 19:40:43.736592 np0000003785 devstack@g-api.service[99488]: DEBUG glance.api.middleware.version_negotiation [None req-7c9b776f-ef88-435a-b522-9ff43a73705f tempest-TaggedAttachmentsTest-1491863833 tempest-TaggedAttachmentsTest-1491863833-project-member] Matched version: v2 {{(pid=99488) process_request /opt/stack/glance/glance/api/middleware/version_negotiation.py:69}}
Jun 26 19:40:43.736751 np0000003785 devstack@g-api.service[99488]: DEBUG glance.api.middleware.version_negotiation [None req-7c9b776f-ef88-435a-b522-9ff43a73705f tempest-TaggedAttachmentsTest-1491863833 tempest-TaggedAttachmentsTest-1491863833-project-member] new path /v2/schemas/image {{(pid=99488) process_request /opt/stack/glance/glance/api/middleware/version_negotiation.py:70}}
Jun 26 19:40:43.739652 np0000003785 devstack@g-api.service[99488]: [pid: 99488|app: 0|req: 25/63] 127.0.0.1 () {44 vars in 1055 bytes} [Fri Jun 26 19:40:43 2026] GET /v2/schemas/image => generated 6083 bytes in 4 msecs (HTTP/1.1 200) 4 headers in 158 bytes (1 switches on core 0)
Jun 26 19:40:46.450436 np0000003785 devstack@g-api.service[99486]: DEBUG dbcounter [-] [99486] Writing DB stats glance:SELECT=12,glance:INSERT=1,glance:UPDATE=1 {{(pid=99486) stat_writer /opt/stack/data/venv/lib/python3.12/site-packages/dbcounter.py:115}}
Jun 26 19:40:48.800621 np0000003785 devstack@g-api.service[99486]: DEBUG glance.api.middleware.version_negotiation [None req-1926def5-ace9-4723-8ad5-483399dc6188 tempest-TaggedBootDevicesTest-572858124 tempest-TaggedBootDevicesTest-572858124-project-member] Determining version of request: GET /v2/images/1bb1ffe3-bc77-41c8-ac43-c9fa3f89e4a2 Accept: */* {{(pid=99486) process_request /opt/stack/glance/glance/api/middleware/version_negotiation.py:44}}
Jun 26 19:40:48.801063 np0000003785 devstack@g-api.service[99486]: DEBUG glance.api.middleware.version_negotiation [None req-1926def5-ace9-4723-8ad5-483399dc6188 tempest-TaggedBootDevicesTest-572858124 tempest-TaggedBootDevicesTest-572858124-project-member] Using url versioning {{(pid=99486) process_request /opt/stack/glance/glance/api/middleware/version_negotiation.py:57}}
Jun 26 19:40:48.801063 np0000003785 devstack@g-api.service[99486]: DEBUG glance.api.middleware.version_negotiation [None req-1926def5-ace9-4723-8ad5-483399dc6188 tempest-TaggedBootDevicesTest-572858124 tempest-TaggedBootDevicesTest-572858124-project-member] Matched version: v2 {{(pid=99486) process_request /opt/stack/glance/glance/api/middleware/version_negotiation.py:69}}
Jun 26 19:40:48.801063 np0000003785 devstack@g-api.service[99486]: DEBUG glance.api.middleware.version_negotiation [None req-1926def5-ace9-4723-8ad5-483399dc6188 tempest-TaggedBootDevicesTest-572858124 tempest-TaggedBootDevicesTest-572858124-project-member] new path /v2/images/1bb1ffe3-bc77-41c8-ac43-c9fa3f89e4a2 {{(pid=99486) process_request /opt/stack/glance/glance/api/middleware/version_negotiation.py:70}}
Jun 26 19:40:48.816701 np0000003785 devstack@g-api.service[99486]: [pid: 99486|app: 0|req: 20/64] 127.0.0.1 () {44 vars in 1115 bytes} [Fri Jun 26 19:40:48 2026] GET /v2/images/1bb1ffe3-bc77-41c8-ac43-c9fa3f89e4a2 => generated 1044 bytes in 16 msecs (HTTP/1.1 200) 4 headers in 158 bytes (1 switches on core 0)
Jun 26 19:40:48.852409 np0000003785 devstack@g-api.service[99487]: DEBUG glance.api.middleware.version_negotiation [None req-a5ff095e-d359-42b9-a0d7-051cf3541f81 tempest-AttachSCSIVolumeTestJSON-736270940 tempest-AttachSCSIVolumeTestJSON-736270940-project-member] Determining version of request: GET /v2/schemas/image Accept: */* {{(pid=99487) process_request /opt/stack/glance/glance/api/middleware/version_negotiation.py:44}}
