Aug 17 20:48:07.505703 np0000007589 nova-scheduler[96648]: DEBUG cotyledon.oslo_config_glue [-] workarounds.ensure_libvirt_rbd_instance_dir_cleanup = False {{(pid=96648) log_opt_values /opt/stack/data/venv/lib/python3.12/site-packages/oslo_config/cfg.py:3560}}
Aug 17 20:48:07.505703 np0000007589 nova-scheduler[96648]: DEBUG cotyledon.oslo_config_glue [-] workarounds.handle_virt_lifecycle_events = True {{(pid=96648) log_opt_values /opt/stack/data/venv/lib/python3.12/site-packages/oslo_config/cfg.py:3560}}
Aug 17 20:48:07.505703 np0000007589 nova-scheduler[96648]: DEBUG cotyledon.oslo_config_glue [-] workarounds.libvirt_disable_apic = False {{(pid=96648) log_opt_values /opt/stack/data/venv/lib/python3.12/site-packages/oslo_config/cfg.py:3560}}
Aug 17 20:48:07.505703 np0000007589 nova-scheduler[96648]: DEBUG cotyledon.oslo_config_glue [-] workarounds.never_download_image_if_on_rbd = False {{(pid=96648) log_opt_values /opt/stack/data/venv/lib/python3.12/site-packages/oslo_config/cfg.py:3560}}
Aug 17 20:48:07.506016 np0000007589 nova-scheduler[96648]: DEBUG cotyledon.oslo_config_glue [-] workarounds.qemu_monitor_announce_self_count = 3 {{(pid=96648) log_opt_values /opt/stack/data/venv/lib/python3.12/site-packages/oslo_config/cfg.py:3560}}
Aug 17 20:48:07.506016 np0000007589 nova-scheduler[96648]: DEBUG cotyledon.oslo_config_glue [-] workarounds.qemu_monitor_announce_self_interval = 1 {{(pid=96648) log_opt_values /opt/stack/data/venv/lib/python3.12/site-packages/oslo_config/cfg.py:3560}}
Aug 17 20:48:07.506016 np0000007589 nova-scheduler[96648]: DEBUG cotyledon.oslo_config_glue [-] workarounds.reserve_disk_resource_for_image_cache = False {{(pid=96648) log_opt_values /opt/stack/data/venv/lib/python3.12/site-packages/oslo_config/cfg.py:3560}}
Aug 17 20:48:07.506016 np0000007589 nova-scheduler[96648]: DEBUG cotyledon.oslo_config_glue [-] workarounds.skip_cpu_compare_at_startup = False {{(pid=96648) log_opt_values /opt/stack/data/venv/lib/python3.12/site-packages/oslo_config/cfg.py:3560}}
Aug 17 20:48:07.506016 np0000007589 nova-scheduler[96648]: DEBUG cotyledon.oslo_config_glue [-] workarounds.skip_cpu_compare_on_dest = False {{(pid=96648) log_opt_values /opt/stack/data/venv/lib/python3.12/site-packages/oslo_config/cfg.py:3560}}
Aug 17 20:48:07.506016 np0000007589 nova-scheduler[96648]: DEBUG cotyledon.oslo_config_glue [-] workarounds.skip_hypervisor_version_check_on_lm = False {{(pid=96648) log_opt_values /opt/stack/data/venv/lib/python3.12/site-packages/oslo_config/cfg.py:3560}}
Aug 17 20:48:07.506016 np0000007589 nova-scheduler[96648]: DEBUG cotyledon.oslo_config_glue [-] workarounds.skip_reserve_in_use_ironic_nodes = False {{(pid=96648) log_opt_values /opt/stack/data/venv/lib/python3.12/site-packages/oslo_config/cfg.py:3560}}
Aug 17 20:48:07.506016 np0000007589 nova-scheduler[96648]: DEBUG cotyledon.oslo_config_glue [-] workarounds.unified_limits_count_pcpu_as_vcpu = False {{(pid=96648) log_opt_values /opt/stack/data/venv/lib/python3.12/site-packages/oslo_config/cfg.py:3560}}
Aug 17 20:48:07.506425 np0000007589 nova-scheduler[96648]: DEBUG cotyledon.oslo_config_glue [-] workarounds.wait_for_vif_plugged_event_during_hard_reboot = [] {{(pid=96648) log_opt_values /opt/stack/data/venv/lib/python3.12/site-packages/oslo_config/cfg.py:3560}}
Aug 17 20:48:07.506425 np0000007589 nova-scheduler[96648]: DEBUG cotyledon.oslo_config_glue [-] wsgi.api_paste_config = /etc/nova/api-paste.ini {{(pid=96648) log_opt_values /opt/stack/data/venv/lib/python3.12/site-packages/oslo_config/cfg.py:3560}}
Aug 17 20:48:07.506425 np0000007589 nova-scheduler[96648]: DEBUG cotyledon.oslo_config_glue [-] wsgi.secure_proxy_ssl_header = None {{(pid=96648) log_opt_values /opt/stack/data/venv/lib/python3.12/site-packages/oslo_config/cfg.py:3560}}
Aug 17 20:48:07.506425 np0000007589 nova-scheduler[96648]: DEBUG cotyledon.oslo_config_glue [-] zvm.ca_file = None {{(pid=96648) log_opt_values /opt/stack/data/venv/lib/python3.12/site-packages/oslo_config/cfg.py:3560}}
Aug 17 20:48:07.506425 np0000007589 nova-scheduler[96648]: DEBUG cotyledon.oslo_config_glue [-] zvm.cloud_connector_url = None {{(pid=96648) log_opt_values /opt/stack/data/venv/lib/python3.12/site-packages/oslo_config/cfg.py:3560}}
Aug 17 20:48:07.506425 np0000007589 nova-scheduler[96648]: DEBUG cotyledon.oslo_config_glue [-] zvm.image_tmp_path = /opt/stack/data/nova/images {{(pid=96648) log_opt_values /opt/stack/data/venv/lib/python3.12/site-packages/oslo_config/cfg.py:3560}}
Aug 17 20:48:07.506425 np0000007589 nova-scheduler[96648]: DEBUG cotyledon.oslo_config_glue [-] zvm.reachable_timeout = 300 {{(pid=96648) log_opt_values /opt/stack/data/venv/lib/python3.12/site-packages/oslo_config/cfg.py:3560}}
Aug 17 20:48:07.506425 np0000007589 nova-scheduler[96648]: DEBUG cotyledon.oslo_config_glue [-] oslo_versionedobjects.fatal_exception_format_errors = False {{(pid=96648) log_opt_values /opt/stack/data/venv/lib/python3.12/site-packages/oslo_config/cfg.py:3560}}
Aug 17 20:48:07.506425 np0000007589 nova-scheduler[96648]: DEBUG cotyledon.oslo_config_glue [-] oslo_middleware.http_basic_auth_user_file = /etc/htpasswd {{(pid=96648) log_opt_values /opt/stack/data/venv/lib/python3.12/site-packages/oslo_config/cfg.py:3560}}
Aug 17 20:48:07.506871 np0000007589 nova-scheduler[96648]: DEBUG cotyledon.oslo_config_glue [-] oslo_messaging_metrics.metrics_buffer_size = 1000 {{(pid=96648) log_opt_values /opt/stack/data/venv/lib/python3.12/site-packages/oslo_config/cfg.py:3560}}
Aug 17 20:48:07.506871 np0000007589 nova-scheduler[96648]: DEBUG cotyledon.oslo_config_glue [-] oslo_messaging_metrics.metrics_enabled = False {{(pid=96648) log_opt_values /opt/stack/data/venv/lib/python3.12/site-packages/oslo_config/cfg.py:3560}}
Aug 17 20:48:07.506871 np0000007589 nova-scheduler[96648]: DEBUG cotyledon.oslo_config_glue [-] oslo_messaging_metrics.metrics_process_name = {{(pid=96648) log_opt_values /opt/stack/data/venv/lib/python3.12/site-packages/oslo_config/cfg.py:3560}}
Aug 17 20:48:07.506871 np0000007589 nova-scheduler[96648]: DEBUG cotyledon.oslo_config_glue [-] oslo_messaging_metrics.metrics_socket_file = /var/tmp/metrics_collector.sock {{(pid=96648) log_opt_values /opt/stack/data/venv/lib/python3.12/site-packages/oslo_config/cfg.py:3560}}
Aug 17 20:48:07.506871 np0000007589 nova-scheduler[96648]: DEBUG cotyledon.oslo_config_glue [-] oslo_messaging_metrics.metrics_thread_stop_timeout = 10 {{(pid=96648) log_opt_values /opt/stack/data/venv/lib/python3.12/site-packages/oslo_config/cfg.py:3560}}
Aug 17 20:48:07.506871 np0000007589 nova-scheduler[96648]: DEBUG cotyledon.oslo_config_glue [-] profiler.connection_string = messaging:// {{(pid=96648) log_opt_values /opt/stack/data/venv/lib/python3.12/site-packages/oslo_config/cfg.py:3560}}
Aug 17 20:48:07.506871 np0000007589 nova-scheduler[96648]: DEBUG cotyledon.oslo_config_glue [-] profiler.enabled = False {{(pid=96648) log_opt_values /opt/stack/data/venv/lib/python3.12/site-packages/oslo_config/cfg.py:3560}}
Aug 17 20:48:07.506871 np0000007589 nova-scheduler[96648]: DEBUG cotyledon.oslo_config_glue [-] profiler.es_doc_type = notification {{(pid=96648) log_opt_values /opt/stack/data/venv/lib/python3.12/site-packages/oslo_config/cfg.py:3560}}
Aug 17 20:48:07.506871 np0000007589 nova-scheduler[96648]: DEBUG cotyledon.oslo_config_glue [-] profiler.es_scroll_size = 10000 {{(pid=96648) log_opt_values /opt/stack/data/venv/lib/python3.12/site-packages/oslo_config/cfg.py:3560}}
Aug 17 20:48:07.507161 np0000007589 nova-scheduler[96648]: DEBUG cotyledon.oslo_config_glue [-] profiler.es_scroll_time = 2m {{(pid=96648) log_opt_values /opt/stack/data/venv/lib/python3.12/site-packages/oslo_config/cfg.py:3560}}
Aug 17 20:48:07.507161 np0000007589 nova-scheduler[96648]: DEBUG cotyledon.oslo_config_glue [-] profiler.filter_error_trace = False {{(pid=96648) log_opt_values /opt/stack/data/venv/lib/python3.12/site-packages/oslo_config/cfg.py:3560}}
Aug 17 20:48:07.507161 np0000007589 nova-scheduler[96648]: DEBUG cotyledon.oslo_config_glue [-] profiler.hmac_keys = **** {{(pid=96648) log_opt_values /opt/stack/data/venv/lib/python3.12/site-packages/oslo_config/cfg.py:3560}}
Aug 17 20:48:07.507161 np0000007589 nova-scheduler[96648]: DEBUG cotyledon.oslo_config_glue [-] profiler.sentinel_service_name = mymaster {{(pid=96648) log_opt_values /opt/stack/data/venv/lib/python3.12/site-packages/oslo_config/cfg.py:3560}}
Aug 17 20:48:07.507161 np0000007589 nova-scheduler[96648]: DEBUG cotyledon.oslo_config_glue [-] profiler.socket_timeout = 0.1 {{(pid=96648) log_opt_values /opt/stack/data/venv/lib/python3.12/site-packages/oslo_config/cfg.py:3560}}
Aug 17 20:48:07.507161 np0000007589 nova-scheduler[96648]: DEBUG cotyledon.oslo_config_glue [-] profiler.trace_requests = False {{(pid=96648) log_opt_values /opt/stack/data/venv/lib/python3.12/site-packages/oslo_config/cfg.py:3560}}
Aug 17 20:48:07.507161 np0000007589 nova-scheduler[96648]: DEBUG cotyledon.oslo_config_glue [-] profiler.trace_sqlalchemy = False {{(pid=96648) log_opt_values /opt/stack/data/venv/lib/python3.12/site-packages/oslo_config/cfg.py:3560}}
Aug 17 20:48:07.507161 np0000007589 nova-scheduler[96648]: DEBUG cotyledon.oslo_config_glue [-] profiler_jaeger.process_tags = {} {{(pid=96648) log_opt_values /opt/stack/data/venv/lib/python3.12/site-packages/oslo_config/cfg.py:3560}}
Aug 17 20:48:07.507161 np0000007589 nova-scheduler[96648]: DEBUG cotyledon.oslo_config_glue [-] profiler_jaeger.service_name_prefix = None {{(pid=96648) log_opt_values /opt/stack/data/venv/lib/python3.12/site-packages/oslo_config/cfg.py:3560}}
Aug 17 20:48:07.507436 np0000007589 nova-scheduler[96648]: DEBUG cotyledon.oslo_config_glue [-] profiler_otlp.service_name_prefix = None {{(pid=96648) log_opt_values /opt/stack/data/venv/lib/python3.12/site-packages/oslo_config/cfg.py:3560}}
Aug 17 20:48:07.507436 np0000007589 nova-scheduler[96648]: DEBUG cotyledon.oslo_config_glue [-] oslo_messaging_rabbit.amqp_auto_delete = False {{(pid=96648) log_opt_values /opt/stack/data/venv/lib/python3.12/site-packages/oslo_config/cfg.py:3560}}
Aug 17 20:48:07.507436 np0000007589 nova-scheduler[96648]: DEBUG cotyledon.oslo_config_glue [-] oslo_messaging_rabbit.amqp_durable_queues = False {{(pid=96648) log_opt_values /opt/stack/data/venv/lib/python3.12/site-packages/oslo_config/cfg.py:3560}}
Aug 17 20:48:07.507436 np0000007589 nova-scheduler[96648]: DEBUG cotyledon.oslo_config_glue [-] oslo_messaging_rabbit.conn_pool_min_size = 2 {{(pid=96648) log_opt_values /opt/stack/data/venv/lib/python3.12/site-packages/oslo_config/cfg.py:3560}}
Aug 17 20:48:07.507436 np0000007589 nova-scheduler[96648]: DEBUG cotyledon.oslo_config_glue [-] oslo_messaging_rabbit.conn_pool_ttl = 1200 {{(pid=96648) log_opt_values /opt/stack/data/venv/lib/python3.12/site-packages/oslo_config/cfg.py:3560}}
Aug 17 20:48:07.507436 np0000007589 nova-scheduler[96648]: DEBUG cotyledon.oslo_config_glue [-] oslo_messaging_rabbit.direct_mandatory_flag = True {{(pid=96648) log_opt_values /opt/stack/data/venv/lib/python3.12/site-packages/oslo_config/cfg.py:3560}}
Aug 17 20:48:07.507436 np0000007589 nova-scheduler[96648]: DEBUG cotyledon.oslo_config_glue [-] oslo_messaging_rabbit.enable_cancel_on_failover = False {{(pid=96648) log_opt_values /opt/stack/data/venv/lib/python3.12/site-packages/oslo_config/cfg.py:3560}}
Aug 17 20:48:07.507436 np0000007589 nova-scheduler[96648]: DEBUG cotyledon.oslo_config_glue [-] oslo_messaging_rabbit.heartbeat_rate = 3 {{(pid=96648) log_opt_values /opt/stack/data/venv/lib/python3.12/site-packages/oslo_config/cfg.py:3560}}
Aug 17 20:48:07.507436 np0000007589 nova-scheduler[96648]: DEBUG cotyledon.oslo_config_glue [-] oslo_messaging_rabbit.heartbeat_timeout_threshold = 60 {{(pid=96648) log_opt_values /opt/stack/data/venv/lib/python3.12/site-packages/oslo_config/cfg.py:3560}}
Aug 17 20:48:07.507719 np0000007589 nova-scheduler[96648]: DEBUG cotyledon.oslo_config_glue [-] oslo_messaging_rabbit.hostname = np0000007589 {{(pid=96648) log_opt_values /opt/stack/data/venv/lib/python3.12/site-packages/oslo_config/cfg.py:3560}}
Aug 17 20:48:07.507719 np0000007589 nova-scheduler[96648]: DEBUG cotyledon.oslo_config_glue [-] oslo_messaging_rabbit.kombu_compression = None {{(pid=96648) log_opt_values /opt/stack/data/venv/lib/python3.12/site-packages/oslo_config/cfg.py:3560}}
Aug 17 20:48:07.507719 np0000007589 nova-scheduler[96648]: DEBUG cotyledon.oslo_config_glue [-] oslo_messaging_rabbit.kombu_failover_strategy = round-robin {{(pid=96648) log_opt_values /opt/stack/data/venv/lib/python3.12/site-packages/oslo_config/cfg.py:3560}}
Aug 17 20:48:07.507719 np0000007589 nova-scheduler[96648]: DEBUG cotyledon.oslo_config_glue [-] oslo_messaging_rabbit.kombu_missing_consumer_retry_timeout = 60 {{(pid=96648) log_opt_values /opt/stack/data/venv/lib/python3.12/site-packages/oslo_config/cfg.py:3560}}
Aug 17 20:48:07.507719 np0000007589 nova-scheduler[96648]: DEBUG cotyledon.oslo_config_glue [-] oslo_messaging_rabbit.kombu_reconnect_delay = 1.0 {{(pid=96648) log_opt_values /opt/stack/data/venv/lib/python3.12/site-packages/oslo_config/cfg.py:3560}}
Aug 17 20:48:07.507719 np0000007589 nova-scheduler[96648]: DEBUG cotyledon.oslo_config_glue [-] oslo_messaging_rabbit.kombu_reconnect_splay = 0.0 {{(pid=96648) log_opt_values /opt/stack/data/venv/lib/python3.12/site-packages/oslo_config/cfg.py:3560}}
Aug 17 20:48:07.507719 np0000007589 nova-scheduler[96648]: DEBUG cotyledon.oslo_config_glue [-] oslo_messaging_rabbit.processname = nova-scheduler {{(pid=96648) log_opt_values /opt/stack/data/venv/lib/python3.12/site-packages/oslo_config/cfg.py:3560}}
Aug 17 20:48:07.507719 np0000007589 nova-scheduler[96648]: DEBUG cotyledon.oslo_config_glue [-] oslo_messaging_rabbit.rabbit_ha_queues = False {{(pid=96648) log_opt_values /opt/stack/data/venv/lib/python3.12/site-packages/oslo_config/cfg.py:3560}}
Aug 17 20:48:07.507719 np0000007589 nova-scheduler[96648]: DEBUG cotyledon.oslo_config_glue [-] oslo_messaging_rabbit.rabbit_interval_max = 30 {{(pid=96648) log_opt_values /opt/stack/data/venv/lib/python3.12/site-packages/oslo_config/cfg.py:3560}}
Aug 17 20:48:07.508023 np0000007589 nova-scheduler[96648]: DEBUG cotyledon.oslo_config_glue [-] oslo_messaging_rabbit.rabbit_login_method = AMQPLAIN {{(pid=96648) log_opt_values /opt/stack/data/venv/lib/python3.12/site-packages/oslo_config/cfg.py:3560}}
Aug 17 20:48:07.508023 np0000007589 nova-scheduler[96648]: DEBUG cotyledon.oslo_config_glue [-] oslo_messaging_rabbit.rabbit_qos_prefetch_count = 0 {{(pid=96648) log_opt_values /opt/stack/data/venv/lib/python3.12/site-packages/oslo_config/cfg.py:3560}}
Aug 17 20:48:07.508023 np0000007589 nova-scheduler[96648]: DEBUG cotyledon.oslo_config_glue [-] oslo_messaging_rabbit.rabbit_quorum_delivery_limit = 0 {{(pid=96648) log_opt_values /opt/stack/data/venv/lib/python3.12/site-packages/oslo_config/cfg.py:3560}}
Aug 17 20:48:07.508023 np0000007589 nova-scheduler[96648]: DEBUG cotyledon.oslo_config_glue [-] oslo_messaging_rabbit.rabbit_quorum_max_memory_bytes = 0 {{(pid=96648) log_opt_values /opt/stack/data/venv/lib/python3.12/site-packages/oslo_config/cfg.py:3560}}
Aug 17 20:48:07.508023 np0000007589 nova-scheduler[96648]: DEBUG cotyledon.oslo_config_glue [-] oslo_messaging_rabbit.rabbit_quorum_max_memory_length = 0 {{(pid=96648) log_opt_values /opt/stack/data/venv/lib/python3.12/site-packages/oslo_config/cfg.py:3560}}
Aug 17 20:48:07.508023 np0000007589 nova-scheduler[96648]: DEBUG cotyledon.oslo_config_glue [-] oslo_messaging_rabbit.rabbit_quorum_queue = False {{(pid=96648) log_opt_values /opt/stack/data/venv/lib/python3.12/site-packages/oslo_config/cfg.py:3560}}
Aug 17 20:48:07.508023 np0000007589 nova-scheduler[96648]: DEBUG cotyledon.oslo_config_glue [-] oslo_messaging_rabbit.rabbit_retry_backoff = 2 {{(pid=96648) log_opt_values /opt/stack/data/venv/lib/python3.12/site-packages/oslo_config/cfg.py:3560}}
Aug 17 20:48:07.508023 np0000007589 nova-scheduler[96648]: DEBUG cotyledon.oslo_config_glue [-] oslo_messaging_rabbit.rabbit_retry_interval = 1 {{(pid=96648) log_opt_values /opt/stack/data/venv/lib/python3.12/site-packages/oslo_config/cfg.py:3560}}
Aug 17 20:48:07.508023 np0000007589 nova-scheduler[96648]: DEBUG cotyledon.oslo_config_glue [-] oslo_messaging_rabbit.rabbit_stream_fanout = False {{(pid=96648) log_opt_values /opt/stack/data/venv/lib/python3.12/site-packages/oslo_config/cfg.py:3560}}
Aug 17 20:48:07.508312 np0000007589 nova-scheduler[96648]: DEBUG cotyledon.oslo_config_glue [-] oslo_messaging_rabbit.rabbit_transient_queues_ttl = 1800 {{(pid=96648) log_opt_values /opt/stack/data/venv/lib/python3.12/site-packages/oslo_config/cfg.py:3560}}
Aug 17 20:48:07.508312 np0000007589 nova-scheduler[96648]: DEBUG cotyledon.oslo_config_glue [-] oslo_messaging_rabbit.rabbit_transient_quorum_queue = False {{(pid=96648) log_opt_values /opt/stack/data/venv/lib/python3.12/site-packages/oslo_config/cfg.py:3560}}
Aug 17 20:48:07.508312 np0000007589 nova-scheduler[96648]: DEBUG cotyledon.oslo_config_glue [-] oslo_messaging_rabbit.rpc_conn_pool_size = 30 {{(pid=96648) log_opt_values /opt/stack/data/venv/lib/python3.12/site-packages/oslo_config/cfg.py:3560}}
Aug 17 20:48:07.508312 np0000007589 nova-scheduler[96648]: DEBUG cotyledon.oslo_config_glue [-] oslo_messaging_rabbit.ssl = False {{(pid=96648) log_opt_values /opt/stack/data/venv/lib/python3.12/site-packages/oslo_config/cfg.py:3560}}
Aug 17 20:48:07.508312 np0000007589 nova-scheduler[96648]: DEBUG cotyledon.oslo_config_glue [-] oslo_messaging_rabbit.ssl_ca_file = {{(pid=96648) log_opt_values /opt/stack/data/venv/lib/python3.12/site-packages/oslo_config/cfg.py:3560}}
Aug 17 20:48:07.508312 np0000007589 nova-scheduler[96648]: DEBUG cotyledon.oslo_config_glue [-] oslo_messaging_rabbit.ssl_cert_file = {{(pid=96648) log_opt_values /opt/stack/data/venv/lib/python3.12/site-packages/oslo_config/cfg.py:3560}}
Aug 17 20:48:07.508312 np0000007589 nova-scheduler[96648]: DEBUG cotyledon.oslo_config_glue [-] oslo_messaging_rabbit.ssl_enforce_fips_mode = False {{(pid=96648) log_opt_values /opt/stack/data/venv/lib/python3.12/site-packages/oslo_config/cfg.py:3560}}
Aug 17 20:48:07.508312 np0000007589 nova-scheduler[96648]: DEBUG cotyledon.oslo_config_glue [-] oslo_messaging_rabbit.ssl_enforce_hostname_verification = True {{(pid=96648) log_opt_values /opt/stack/data/venv/lib/python3.12/site-packages/oslo_config/cfg.py:3560}}
Aug 17 20:48:07.508312 np0000007589 nova-scheduler[96648]: DEBUG cotyledon.oslo_config_glue [-] oslo_messaging_rabbit.ssl_key_file = {{(pid=96648) log_opt_values /opt/stack/data/venv/lib/python3.12/site-packages/oslo_config/cfg.py:3560}}
Aug 17 20:48:07.508737 np0000007589 nova-scheduler[96648]: DEBUG cotyledon.oslo_config_glue [-] oslo_messaging_rabbit.ssl_version = {{(pid=96648) log_opt_values /opt/stack/data/venv/lib/python3.12/site-packages/oslo_config/cfg.py:3560}}
Aug 17 20:48:07.508737 np0000007589 nova-scheduler[96648]: DEBUG cotyledon.oslo_config_glue [-] oslo_messaging_rabbit.use_queue_manager = False {{(pid=96648) log_opt_values /opt/stack/data/venv/lib/python3.12/site-packages/oslo_config/cfg.py:3560}}
Aug 17 20:48:07.508737 np0000007589 nova-scheduler[96648]: DEBUG cotyledon.oslo_config_glue [-] oslo_messaging_notifications.driver = ['messagingv2'] {{(pid=96648) log_opt_values /opt/stack/data/venv/lib/python3.12/site-packages/oslo_config/cfg.py:3560}}
Aug 17 20:48:07.508737 np0000007589 nova-scheduler[96648]: DEBUG cotyledon.oslo_config_glue [-] oslo_messaging_notifications.retry = -1 {{(pid=96648) log_opt_values /opt/stack/data/venv/lib/python3.12/site-packages/oslo_config/cfg.py:3560}}
Aug 17 20:48:07.508737 np0000007589 nova-scheduler[96648]: DEBUG cotyledon.oslo_config_glue [-] oslo_messaging_notifications.topics = ['notifications'] {{(pid=96648) log_opt_values /opt/stack/data/venv/lib/python3.12/site-packages/oslo_config/cfg.py:3560}}
Aug 17 20:48:07.508737 np0000007589 nova-scheduler[96648]: DEBUG cotyledon.oslo_config_glue [-] oslo_messaging_notifications.transport_url = **** {{(pid=96648) log_opt_values /opt/stack/data/venv/lib/python3.12/site-packages/oslo_config/cfg.py:3560}}
Aug 17 20:48:07.508737 np0000007589 nova-scheduler[96648]: DEBUG cotyledon.oslo_config_glue [-] oslo_limit.auth_section = None {{(pid=96648) log_opt_values /opt/stack/data/venv/lib/python3.12/site-packages/oslo_config/cfg.py:3560}}
Aug 17 20:48:07.508737 np0000007589 nova-scheduler[96648]: DEBUG cotyledon.oslo_config_glue [-] oslo_limit.auth_type = None {{(pid=96648) log_opt_values /opt/stack/data/venv/lib/python3.12/site-packages/oslo_config/cfg.py:3560}}
Aug 17 20:48:07.508737 np0000007589 nova-scheduler[96648]: DEBUG cotyledon.oslo_config_glue [-] oslo_limit.cafile = None {{(pid=96648) log_opt_values /opt/stack/data/venv/lib/python3.12/site-packages/oslo_config/cfg.py:3560}}
Aug 17 20:48:07.509071 np0000007589 nova-scheduler[96648]: DEBUG cotyledon.oslo_config_glue [-] oslo_limit.certfile = None {{(pid=96648) log_opt_values /opt/stack/data/venv/lib/python3.12/site-packages/oslo_config/cfg.py:3560}}
Aug 17 20:48:07.509071 np0000007589 nova-scheduler[96648]: DEBUG cotyledon.oslo_config_glue [-] oslo_limit.collect_timing = False {{(pid=96648) log_opt_values /opt/stack/data/venv/lib/python3.12/site-packages/oslo_config/cfg.py:3560}}
Aug 17 20:48:07.509071 np0000007589 nova-scheduler[96648]: DEBUG cotyledon.oslo_config_glue [-] oslo_limit.connect_retries = None {{(pid=96648) log_opt_values /opt/stack/data/venv/lib/python3.12/site-packages/oslo_config/cfg.py:3560}}
Aug 17 20:48:07.509071 np0000007589 nova-scheduler[96648]: DEBUG cotyledon.oslo_config_glue [-] oslo_limit.connect_retry_delay = None {{(pid=96648) log_opt_values /opt/stack/data/venv/lib/python3.12/site-packages/oslo_config/cfg.py:3560}}
Aug 17 20:48:07.509071 np0000007589 nova-scheduler[96648]: DEBUG cotyledon.oslo_config_glue [-] oslo_limit.endpoint_id = None {{(pid=96648) log_opt_values /opt/stack/data/venv/lib/python3.12/site-packages/oslo_config/cfg.py:3560}}
Aug 17 20:48:07.509071 np0000007589 nova-scheduler[96648]: DEBUG cotyledon.oslo_config_glue [-] oslo_limit.endpoint_interface = public {{(pid=96648) log_opt_values /opt/stack/data/venv/lib/python3.12/site-packages/oslo_config/cfg.py:3560}}
Aug 17 20:48:07.509071 np0000007589 nova-scheduler[96648]: DEBUG cotyledon.oslo_config_glue [-] oslo_limit.endpoint_override = None {{(pid=96648) log_opt_values /opt/stack/data/venv/lib/python3.12/site-packages/oslo_config/cfg.py:3560}}
Aug 17 20:48:07.509071 np0000007589 nova-scheduler[96648]: DEBUG cotyledon.oslo_config_glue [-] oslo_limit.endpoint_region_name = None {{(pid=96648) log_opt_values /opt/stack/data/venv/lib/python3.12/site-packages/oslo_config/cfg.py:3560}}
Aug 17 20:48:07.509071 np0000007589 nova-scheduler[96648]: DEBUG cotyledon.oslo_config_glue [-] oslo_limit.endpoint_service_name = None {{(pid=96648) log_opt_values /opt/stack/data/venv/lib/python3.12/site-packages/oslo_config/cfg.py:3560}}
Aug 17 20:48:07.509340 np0000007589 nova-scheduler[96648]: DEBUG cotyledon.oslo_config_glue [-] oslo_limit.endpoint_service_type = None {{(pid=96648) log_opt_values /opt/stack/data/venv/lib/python3.12/site-packages/oslo_config/cfg.py:3560}}
Aug 17 20:48:07.509340 np0000007589 nova-scheduler[96648]: DEBUG cotyledon.oslo_config_glue [-] oslo_limit.insecure = False {{(pid=96648) log_opt_values /opt/stack/data/venv/lib/python3.12/site-packages/oslo_config/cfg.py:3560}}
Aug 17 20:48:07.509340 np0000007589 nova-scheduler[96648]: DEBUG cotyledon.oslo_config_glue [-] oslo_limit.keyfile = None {{(pid=96648) log_opt_values /opt/stack/data/venv/lib/python3.12/site-packages/oslo_config/cfg.py:3560}}
Aug 17 20:48:07.509340 np0000007589 nova-scheduler[96648]: DEBUG cotyledon.oslo_config_glue [-] oslo_limit.max_version = None {{(pid=96648) log_opt_values /opt/stack/data/venv/lib/python3.12/site-packages/oslo_config/cfg.py:3560}}
Aug 17 20:48:07.509340 np0000007589 nova-scheduler[96648]: DEBUG cotyledon.oslo_config_glue [-] oslo_limit.min_version = None {{(pid=96648) log_opt_values /opt/stack/data/venv/lib/python3.12/site-packages/oslo_config/cfg.py:3560}}
Aug 17 20:48:07.509340 np0000007589 nova-scheduler[96648]: DEBUG cotyledon.oslo_config_glue [-] oslo_limit.region_name = None {{(pid=96648) log_opt_values /opt/stack/data/venv/lib/python3.12/site-packages/oslo_config/cfg.py:3560}}
Aug 17 20:48:07.509340 np0000007589 nova-scheduler[96648]: DEBUG cotyledon.oslo_config_glue [-] oslo_limit.retriable_status_codes = None {{(pid=96648) log_opt_values /opt/stack/data/venv/lib/python3.12/site-packages/oslo_config/cfg.py:3560}}
Aug 17 20:48:07.509340 np0000007589 nova-scheduler[96648]: DEBUG cotyledon.oslo_config_glue [-] oslo_limit.service_name = None {{(pid=96648) log_opt_values /opt/stack/data/venv/lib/python3.12/site-packages/oslo_config/cfg.py:3560}}
Aug 17 20:48:07.509340 np0000007589 nova-scheduler[96648]: DEBUG cotyledon.oslo_config_glue [-] oslo_limit.service_type = None {{(pid=96648) log_opt_values /opt/stack/data/venv/lib/python3.12/site-packages/oslo_config/cfg.py:3560}}
Aug 17 20:48:07.509682 np0000007589 nova-scheduler[96648]: DEBUG cotyledon.oslo_config_glue [-] oslo_limit.split_loggers = False {{(pid=96648) log_opt_values /opt/stack/data/venv/lib/python3.12/site-packages/oslo_config/cfg.py:3560}}
Aug 17 20:48:07.509682 np0000007589 nova-scheduler[96648]: DEBUG cotyledon.oslo_config_glue [-] oslo_limit.status_code_retries = None {{(pid=96648) log_opt_values /opt/stack/data/venv/lib/python3.12/site-packages/oslo_config/cfg.py:3560}}
Aug 17 20:48:07.509682 np0000007589 nova-scheduler[96648]: DEBUG cotyledon.oslo_config_glue [-] oslo_limit.status_code_retry_delay = None {{(pid=96648) log_opt_values /opt/stack/data/venv/lib/python3.12/site-packages/oslo_config/cfg.py:3560}}
Aug 17 20:48:07.509682 np0000007589 nova-scheduler[96648]: DEBUG cotyledon.oslo_config_glue [-] oslo_limit.timeout = None {{(pid=96648) log_opt_values /opt/stack/data/venv/lib/python3.12/site-packages/oslo_config/cfg.py:3560}}
Aug 17 20:48:07.509682 np0000007589 nova-scheduler[96648]: DEBUG cotyledon.oslo_config_glue [-] oslo_limit.valid_interfaces = None {{(pid=96648) log_opt_values /opt/stack/data/venv/lib/python3.12/site-packages/oslo_config/cfg.py:3560}}
Aug 17 20:48:07.509682 np0000007589 nova-scheduler[96648]: DEBUG cotyledon.oslo_config_glue [-] oslo_limit.version = None {{(pid=96648) log_opt_values /opt/stack/data/venv/lib/python3.12/site-packages/oslo_config/cfg.py:3560}}
Aug 17 20:48:07.509682 np0000007589 nova-scheduler[96648]: DEBUG cotyledon.oslo_config_glue [-] oslo_reports.file_event_handler = None {{(pid=96648) log_opt_values /opt/stack/data/venv/lib/python3.12/site-packages/oslo_config/cfg.py:3560}}
Aug 17 20:48:07.509682 np0000007589 nova-scheduler[96648]: DEBUG cotyledon.oslo_config_glue [-] oslo_reports.file_event_handler_interval = 1 {{(pid=96648) log_opt_values /opt/stack/data/venv/lib/python3.12/site-packages/oslo_config/cfg.py:3560}}
Aug 17 20:48:07.509682 np0000007589 nova-scheduler[96648]: DEBUG cotyledon.oslo_config_glue [-] oslo_reports.log_dir = None {{(pid=96648) log_opt_values /opt/stack/data/venv/lib/python3.12/site-packages/oslo_config/cfg.py:3560}}
Aug 17 20:48:07.509976 np0000007589 nova-scheduler[96648]: DEBUG cotyledon.oslo_config_glue [-] ******************************************************************************** {{(pid=96648) log_opt_values /opt/stack/data/venv/lib/python3.12/site-packages/oslo_config/cfg.py:3567}}
Aug 17 20:48:07.510016 np0000007589 nova-scheduler[96646]: DEBUG dbcounter [-] [96646] Writer thread running {{(pid=96646) stat_writer /opt/stack/data/venv/lib/python3.12/site-packages/dbcounter.py:102}}
Aug 17 20:48:07.510064 np0000007589 nova-scheduler[96648]: DEBUG cotyledon._service_worker [-] Run service ServiceWrapper(3) [96648] {{(pid=96648) wait_forever /opt/stack/data/venv/lib/python3.12/site-packages/cotyledon/_service_worker.py:218}}
Aug 17 20:48:07.510064 np0000007589 nova-scheduler[96648]: INFO nova.service [-] Starting scheduler node (version 33.1.0)
Aug 17 20:48:07.510131 np0000007589 nova-scheduler[96642]: DEBUG oslo_db.sqlalchemy.engines [None req-c71526e1-7555-487e-bf9f-eecf69c3543f None None] MySQL server mode set to STRICT_TRANS_TABLES,STRICT_ALL_TABLES,NO_ZERO_IN_DATE,NO_ZERO_DATE,ERROR_FOR_DIVISION_BY_ZERO,TRADITIONAL,NO_ENGINE_SUBSTITUTION {{(pid=96642) _check_effective_sql_mode /opt/stack/data/venv/lib/python3.12/site-packages/oslo_db/sqlalchemy/engines.py:325}}
Aug 17 20:48:07.510175 np0000007589 nova-scheduler[96648]: INFO dbcounter [None req-1ef2cada-4af9-4116-9345-48f8fdaac5cd None None] Registered counter for database nova_cell0
Aug 17 20:48:07.510217 np0000007589 nova-scheduler[96644]: DEBUG oslo_db.sqlalchemy.engines [None req-8724eca2-f580-4dd7-84e3-c9b482a136e6 None None] MySQL server mode set to STRICT_TRANS_TABLES,STRICT_ALL_TABLES,NO_ZERO_IN_DATE,NO_ZERO_DATE,ERROR_FOR_DIVISION_BY_ZERO,TRADITIONAL,NO_ENGINE_SUBSTITUTION {{(pid=96644) _check_effective_sql_mode /opt/stack/data/venv/lib/python3.12/site-packages/oslo_db/sqlalchemy/engines.py:325}}
Aug 17 20:48:07.510263 np0000007589 nova-scheduler[96642]: DEBUG dbcounter [-] [96642] Writer thread running {{(pid=96642) stat_writer /opt/stack/data/venv/lib/python3.12/site-packages/dbcounter.py:102}}
Aug 17 20:48:07.510316 np0000007589 nova-scheduler[96644]: DEBUG dbcounter [-] [96644] Writer thread running {{(pid=96644) stat_writer /opt/stack/data/venv/lib/python3.12/site-packages/dbcounter.py:102}}
Aug 17 20:48:07.510366 np0000007589 nova-scheduler[96646]: DEBUG nova.service [None req-6f231f19-549c-499e-a6c3-83052df0924e None None] Creating RPC server for service: nova-scheduler on topic: scheduler {{(pid=96646) start /opt/stack/nova/nova/service.py:262}}
Aug 17 20:48:07.512035 np0000007589 nova-scheduler[96644]: DEBUG nova.service [None req-8724eca2-f580-4dd7-84e3-c9b482a136e6 None None] Creating RPC server for service: nova-scheduler on topic: scheduler {{(pid=96644) start /opt/stack/nova/nova/service.py:262}}
Aug 17 20:48:07.543679 np0000007589 nova-scheduler[96642]: DEBUG nova.service [None req-c71526e1-7555-487e-bf9f-eecf69c3543f None None] Creating RPC server for service: nova-scheduler on topic: scheduler {{(pid=96642) start /opt/stack/nova/nova/service.py:262}}
Aug 17 20:48:07.566663 np0000007589 nova-scheduler[96648]: DEBUG oslo_db.sqlalchemy.engines [None req-1ef2cada-4af9-4116-9345-48f8fdaac5cd None None] MySQL server mode set to STRICT_TRANS_TABLES,STRICT_ALL_TABLES,NO_ZERO_IN_DATE,NO_ZERO_DATE,ERROR_FOR_DIVISION_BY_ZERO,TRADITIONAL,NO_ENGINE_SUBSTITUTION {{(pid=96648) _check_effective_sql_mode /opt/stack/data/venv/lib/python3.12/site-packages/oslo_db/sqlalchemy/engines.py:325}}
Aug 17 20:48:07.571014 np0000007589 nova-scheduler[96644]: DEBUG nova.service [None req-8724eca2-f580-4dd7-84e3-c9b482a136e6 None None] Join ServiceGroup membership for this service scheduler {{(pid=96644) start /opt/stack/nova/nova/service.py:288}}
Aug 17 20:48:07.571143 np0000007589 nova-scheduler[96646]: DEBUG nova.service [None req-6f231f19-549c-499e-a6c3-83052df0924e None None] Join ServiceGroup membership for this service scheduler {{(pid=96646) start /opt/stack/nova/nova/service.py:288}}
Aug 17 20:48:07.571271 np0000007589 nova-scheduler[96644]: DEBUG nova.servicegroup.drivers.db [None req-8724eca2-f580-4dd7-84e3-c9b482a136e6 None None] DB_Driver: join new ServiceGroup member np0000007589 to the scheduler group, service = {{(pid=96644) join /opt/stack/nova/nova/servicegroup/drivers/db.py:44}}
Aug 17 20:48:07.571362 np0000007589 nova-scheduler[96646]: DEBUG nova.servicegroup.drivers.db [None req-6f231f19-549c-499e-a6c3-83052df0924e None None] DB_Driver: join new ServiceGroup member np0000007589 to the scheduler group, service = {{(pid=96646) join /opt/stack/nova/nova/servicegroup/drivers/db.py:44}}
Aug 17 20:48:07.573392 np0000007589 nova-scheduler[96642]: DEBUG nova.service [None req-c71526e1-7555-487e-bf9f-eecf69c3543f None None] Join ServiceGroup membership for this service scheduler {{(pid=96642) start /opt/stack/nova/nova/service.py:288}}
Aug 17 20:48:07.573687 np0000007589 nova-scheduler[96642]: DEBUG nova.servicegroup.drivers.db [None req-c71526e1-7555-487e-bf9f-eecf69c3543f None None] DB_Driver: join new ServiceGroup member np0000007589 to the scheduler group, service = {{(pid=96642) join /opt/stack/nova/nova/servicegroup/drivers/db.py:44}}
Aug 17 20:48:07.584125 np0000007589 nova-scheduler[96648]: DEBUG dbcounter [-] [96648] Writer thread running {{(pid=96648) stat_writer /opt/stack/data/venv/lib/python3.12/site-packages/dbcounter.py:102}}
Aug 17 20:48:07.588116 np0000007589 nova-scheduler[96648]: DEBUG nova.service [None req-1ef2cada-4af9-4116-9345-48f8fdaac5cd None None] Creating RPC server for service: nova-scheduler on topic: scheduler {{(pid=96648) start /opt/stack/nova/nova/service.py:262}}
Aug 17 20:48:07.614648 np0000007589 nova-scheduler[96648]: DEBUG nova.service [None req-1ef2cada-4af9-4116-9345-48f8fdaac5cd None None] Join ServiceGroup membership for this service scheduler {{(pid=96648) start /opt/stack/nova/nova/service.py:288}}
Aug 17 20:48:07.614892 np0000007589 nova-scheduler[96648]: DEBUG nova.servicegroup.drivers.db [None req-1ef2cada-4af9-4116-9345-48f8fdaac5cd None None] DB_Driver: join new ServiceGroup member np0000007589 to the scheduler group, service = {{(pid=96648) join /opt/stack/nova/nova/servicegroup/drivers/db.py:44}}
Aug 17 20:48:12.585443 np0000007589 nova-scheduler[96646]: DEBUG oslo.service.backend._threading.loopingcall [-] Fixed interval looping call 'nova.servicegroup.drivers.db.DbDriver._report_state' sleeping for 119.99 seconds {{(pid=96646) _run_loop /opt/stack/data/venv/lib/python3.12/site-packages/oslo_service/backend/_threading/loopingcall.py:125}}
Aug 17 20:48:12.586448 np0000007589 nova-scheduler[96642]: DEBUG oslo.service.backend._threading.loopingcall [-] Fixed interval looping call 'nova.servicegroup.drivers.db.DbDriver._report_state' sleeping for 119.99 seconds {{(pid=96642) _run_loop /opt/stack/data/venv/lib/python3.12/site-packages/oslo_service/backend/_threading/loopingcall.py:125}}
Aug 17 20:48:12.590899 np0000007589 nova-scheduler[96644]: DEBUG oslo.service.backend._threading.loopingcall [-] Fixed interval looping call 'nova.servicegroup.drivers.db.DbDriver._report_state' sleeping for 119.98 seconds {{(pid=96644) _run_loop /opt/stack/data/venv/lib/python3.12/site-packages/oslo_service/backend/_threading/loopingcall.py:125}}
Aug 17 20:48:12.627950 np0000007589 nova-scheduler[96648]: DEBUG oslo.service.backend._threading.loopingcall [-] Fixed interval looping call 'nova.servicegroup.drivers.db.DbDriver._report_state' sleeping for 119.99 seconds {{(pid=96648) _run_loop /opt/stack/data/venv/lib/python3.12/site-packages/oslo_service/backend/_threading/loopingcall.py:125}}
Aug 17 20:48:15.990844 np0000007589 nova-scheduler[95440]: DEBUG dbcounter [-] [95440] Writing DB stats nova_api:SELECT=3 {{(pid=95440) stat_writer /opt/stack/data/venv/lib/python3.12/site-packages/dbcounter.py:115}}
Aug 17 20:48:16.136624 np0000007589 nova-scheduler[95440]: DEBUG dbcounter [-] [95440] Writing DB stats nova_cell0:SELECT=1 {{(pid=95440) stat_writer /opt/stack/data/venv/lib/python3.12/site-packages/dbcounter.py:115}}
Aug 17 20:48:16.150628 np0000007589 nova-scheduler[95440]: DEBUG dbcounter [-] [95440] Writing DB stats nova_cell1:SELECT=1 {{(pid=95440) stat_writer /opt/stack/data/venv/lib/python3.12/site-packages/dbcounter.py:115}}
Aug 17 20:48:22.582339 np0000007589 nova-scheduler[96646]: DEBUG dbcounter [-] [96646] Writing DB stats nova_cell0:SELECT=4,nova_cell0:INSERT=1,nova_cell0:UPDATE=1 {{(pid=96646) stat_writer /opt/stack/data/venv/lib/python3.12/site-packages/dbcounter.py:115}}
Aug 17 20:48:22.585851 np0000007589 nova-scheduler[96642]: DEBUG dbcounter [-] [96642] Writing DB stats nova_cell0:SELECT=4,nova_cell0:INSERT=1,nova_cell0:UPDATE=1 {{(pid=96642) stat_writer /opt/stack/data/venv/lib/python3.12/site-packages/dbcounter.py:115}}
Aug 17 20:48:22.588888 np0000007589 nova-scheduler[96644]: DEBUG dbcounter [-] [96644] Writing DB stats nova_cell0:SELECT=3,nova_cell0:UPDATE=1 {{(pid=96644) stat_writer /opt/stack/data/venv/lib/python3.12/site-packages/dbcounter.py:115}}
Aug 17 20:48:22.624768 np0000007589 nova-scheduler[96648]: DEBUG dbcounter [-] [96648] Writing DB stats nova_cell0:SELECT=3 {{(pid=96648) stat_writer /opt/stack/data/venv/lib/python3.12/site-packages/dbcounter.py:115}}
Aug 17 20:48:47.576283 np0000007589 nova-scheduler[96644]: DEBUG oslo.service.backend._threading.loopingcall [None req-eacfa23e-0294-4004-9f48-41f7f43a27a1 None None] Dynamic interval looping call 'nova.service.Service.periodic_tasks' sleeping for 60.00 seconds {{(pid=96644) _run_loop /opt/stack/data/venv/lib/python3.12/site-packages/oslo_service/backend/_threading/loopingcall.py:125}}
Aug 17 20:48:51.576311 np0000007589 nova-scheduler[96642]: DEBUG oslo.service.backend._threading.loopingcall [None req-29e5d3ca-99f4-461e-b47b-c438ac272da9 None None] Dynamic interval looping call 'nova.service.Service.periodic_tasks' sleeping for 60.00 seconds {{(pid=96642) _run_loop /opt/stack/data/venv/lib/python3.12/site-packages/oslo_service/backend/_threading/loopingcall.py:125}}
Aug 17 20:49:04.617533 np0000007589 nova-scheduler[96648]: DEBUG oslo.service.backend._threading.loopingcall [None req-cbd08e6c-fd0f-4c6a-bf23-e81f17065075 None None] Dynamic interval looping call 'nova.service.Service.periodic_tasks' sleeping for 60.00 seconds {{(pid=96648) _run_loop /opt/stack/data/venv/lib/python3.12/site-packages/oslo_service/backend/_threading/loopingcall.py:125}}
Aug 17 20:49:06.574857 np0000007589 nova-scheduler[96646]: DEBUG oslo.service.backend._threading.loopingcall [None req-f8d7a376-d286-44a8-95b6-4cb432381b89 None None] Dynamic interval looping call 'nova.service.Service.periodic_tasks' sleeping for 60.00 seconds {{(pid=96646) _run_loop /opt/stack/data/venv/lib/python3.12/site-packages/oslo_service/backend/_threading/loopingcall.py:125}}
Aug 17 20:49:47.576879 np0000007589 nova-scheduler[96644]: DEBUG oslo.service.backend._threading.loopingcall [None req-eacfa23e-0294-4004-9f48-41f7f43a27a1 None None] Dynamic interval looping call 'nova.service.Service.periodic_tasks' sleeping for 60.00 seconds {{(pid=96644) _run_loop /opt/stack/data/venv/lib/python3.12/site-packages/oslo_service/backend/_threading/loopingcall.py:125}}
Aug 17 20:49:51.576965 np0000007589 nova-scheduler[96642]: DEBUG oslo.service.backend._threading.loopingcall [None req-29e5d3ca-99f4-461e-b47b-c438ac272da9 None None] Dynamic interval looping call 'nova.service.Service.periodic_tasks' sleeping for 60.00 seconds {{(pid=96642) _run_loop /opt/stack/data/venv/lib/python3.12/site-packages/oslo_service/backend/_threading/loopingcall.py:125}}
Aug 17 20:50:04.618166 np0000007589 nova-scheduler[96648]: DEBUG oslo.service.backend._threading.loopingcall [None req-cbd08e6c-fd0f-4c6a-bf23-e81f17065075 None None] Dynamic interval looping call 'nova.service.Service.periodic_tasks' sleeping for 60.00 seconds {{(pid=96648) _run_loop /opt/stack/data/venv/lib/python3.12/site-packages/oslo_service/backend/_threading/loopingcall.py:125}}
Aug 17 20:50:06.575545 np0000007589 nova-scheduler[96646]: DEBUG oslo.service.backend._threading.loopingcall [None req-f8d7a376-d286-44a8-95b6-4cb432381b89 None None] Dynamic interval looping call 'nova.service.Service.periodic_tasks' sleeping for 60.00 seconds {{(pid=96646) _run_loop /opt/stack/data/venv/lib/python3.12/site-packages/oslo_service/backend/_threading/loopingcall.py:125}}
Aug 17 20:50:12.580428 np0000007589 nova-scheduler[96644]: DEBUG oslo.service.backend._threading.loopingcall [-] Fixed interval looping call 'nova.servicegroup.drivers.db.DbDriver._report_state' sleeping for 119.99 seconds {{(pid=96644) _run_loop /opt/stack/data/venv/lib/python3.12/site-packages/oslo_service/backend/_threading/loopingcall.py:125}}
Aug 17 20:50:12.580933 np0000007589 nova-scheduler[96646]: DEBUG oslo.service.backend._threading.loopingcall [-] Fixed interval looping call 'nova.servicegroup.drivers.db.DbDriver._report_state' sleeping for 119.99 seconds {{(pid=96646) _run_loop /opt/stack/data/venv/lib/python3.12/site-packages/oslo_service/backend/_threading/loopingcall.py:125}}
Aug 17 20:50:12.581266 np0000007589 nova-scheduler[96642]: DEBUG oslo.service.backend._threading.loopingcall [-] Fixed interval looping call 'nova.servicegroup.drivers.db.DbDriver._report_state' sleeping for 120.00 seconds {{(pid=96642) _run_loop /opt/stack/data/venv/lib/python3.12/site-packages/oslo_service/backend/_threading/loopingcall.py:125}}
Aug 17 20:50:12.622115 np0000007589 nova-scheduler[96648]: DEBUG oslo.service.backend._threading.loopingcall [-] Fixed interval looping call 'nova.servicegroup.drivers.db.DbDriver._report_state' sleeping for 120.00 seconds {{(pid=96648) _run_loop /opt/stack/data/venv/lib/python3.12/site-packages/oslo_service/backend/_threading/loopingcall.py:125}}
Aug 17 20:50:22.574727 np0000007589 nova-scheduler[96644]: DEBUG dbcounter [-] [96644] Writing DB stats nova_cell0:SELECT=1,nova_cell0:UPDATE=1 {{(pid=96644) stat_writer /opt/stack/data/venv/lib/python3.12/site-packages/dbcounter.py:115}}
Aug 17 20:50:22.579064 np0000007589 nova-scheduler[96646]: DEBUG dbcounter [-] [96646] Writing DB stats nova_cell0:SELECT=1,nova_cell0:UPDATE=1 {{(pid=96646) stat_writer /opt/stack/data/venv/lib/python3.12/site-packages/dbcounter.py:115}}
Aug 17 20:50:22.579792 np0000007589 nova-scheduler[96642]: DEBUG dbcounter [-] [96642] Writing DB stats nova_cell0:SELECT=1,nova_cell0:UPDATE=1 {{(pid=96642) stat_writer /opt/stack/data/venv/lib/python3.12/site-packages/dbcounter.py:115}}
Aug 17 20:50:22.620203 np0000007589 nova-scheduler[96648]: DEBUG dbcounter [-] [96648] Writing DB stats nova_cell0:SELECT=1 {{(pid=96648) stat_writer /opt/stack/data/venv/lib/python3.12/site-packages/dbcounter.py:115}}
Aug 17 20:50:44.547447 np0000007589 nova-scheduler[96644]: DEBUG nova.scheduler.manager [None req-7d4fd821-9071-4d9a-b8ca-e94cd05bfceb tempest-ServersNegativeTestJSON-2133239319 tempest-ServersNegativeTestJSON-2133239319-project-member] Starting to schedule for instances: ['61f66ba8-aa93-4e3d-9cde-14356e0be7bd'] {{(pid=96644) select_destinations /opt/stack/nova/nova/scheduler/manager.py:197}}
Aug 17 20:50:44.548152 np0000007589 nova-scheduler[96644]: DEBUG nova.scheduler.request_filter [None req-7d4fd821-9071-4d9a-b8ca-e94cd05bfceb tempest-ServersNegativeTestJSON-2133239319 tempest-ServersNegativeTestJSON-2133239319-project-member] compute_status_filter request filter added forbidden trait COMPUTE_STATUS_DISABLED {{(pid=96644) compute_status_filter /opt/stack/nova/nova/scheduler/request_filter.py:253}}
Aug 17 20:50:44.548306 np0000007589 nova-scheduler[96644]: DEBUG nova.scheduler.request_filter [None req-7d4fd821-9071-4d9a-b8ca-e94cd05bfceb tempest-ServersNegativeTestJSON-2133239319 tempest-ServersNegativeTestJSON-2133239319-project-member] Request filter 'compute_status_filter' took 0.0 seconds {{(pid=96644) wrapper /opt/stack/nova/nova/scheduler/request_filter.py:46}}
Aug 17 20:50:44.548899 np0000007589 nova-scheduler[96644]: DEBUG nova.scheduler.request_filter [None req-7d4fd821-9071-4d9a-b8ca-e94cd05bfceb tempest-ServersNegativeTestJSON-2133239319 tempest-ServersNegativeTestJSON-2133239319-project-member] Request filter 'accelerators_filter' took 0.0 seconds {{(pid=96644) wrapper /opt/stack/nova/nova/scheduler/request_filter.py:46}}
Aug 17 20:50:44.549083 np0000007589 nova-scheduler[96644]: DEBUG nova.scheduler.request_filter [None req-7d4fd821-9071-4d9a-b8ca-e94cd05bfceb tempest-ServersNegativeTestJSON-2133239319 tempest-ServersNegativeTestJSON-2133239319-project-member] Request filter 'packed_virtqueue_filter' took 0.0 seconds {{(pid=96644) wrapper /opt/stack/nova/nova/scheduler/request_filter.py:46}}
Aug 17 20:50:44.549460 np0000007589 nova-scheduler[96644]: DEBUG nova.scheduler.request_filter [None req-7d4fd821-9071-4d9a-b8ca-e94cd05bfceb tempest-ServersNegativeTestJSON-2133239319 tempest-ServersNegativeTestJSON-2133239319-project-member] Request filter 'remote_managed_ports_filter' took 0.0 seconds {{(pid=96644) wrapper /opt/stack/nova/nova/scheduler/request_filter.py:46}}
Aug 17 20:50:44.549804 np0000007589 nova-scheduler[96644]: DEBUG nova.scheduler.request_filter [None req-7d4fd821-9071-4d9a-b8ca-e94cd05bfceb tempest-ServersNegativeTestJSON-2133239319 tempest-ServersNegativeTestJSON-2133239319-project-member] ephemeral_encryption_filter skipped {{(pid=96644) ephemeral_encryption_filter /opt/stack/nova/nova/scheduler/request_filter.py:426}}
Aug 17 20:50:44.549804 np0000007589 nova-scheduler[96644]: DEBUG nova.scheduler.request_filter [None req-7d4fd821-9071-4d9a-b8ca-e94cd05bfceb tempest-ServersNegativeTestJSON-2133239319 tempest-ServersNegativeTestJSON-2133239319-project-member] virtio_sound_filter skipped {{(pid=96644) virtio_sound_filter /opt/stack/nova/nova/scheduler/request_filter.py:460}}
Aug 17 20:50:44.549958 np0000007589 nova-scheduler[96644]: DEBUG nova.scheduler.request_filter [None req-7d4fd821-9071-4d9a-b8ca-e94cd05bfceb tempest-ServersNegativeTestJSON-2133239319 tempest-ServersNegativeTestJSON-2133239319-project-member] tpm_secret_security_filter skipped {{(pid=96644) tpm_secret_security_filter /opt/stack/nova/nova/scheduler/request_filter.py:477}}
Aug 17 20:50:45.116073 np0000007589 nova-scheduler[96644]: INFO nova.utils [None req-7d4fd821-9071-4d9a-b8ca-e94cd05bfceb tempest-ServersNegativeTestJSON-2133239319 tempest-ServersNegativeTestJSON-2133239319-project-member] The cell worker thread pool ForkProcess-2.cell_worker is initialized
Aug 17 20:50:45.116428 np0000007589 nova-scheduler[96644]: DEBUG oslo_concurrency.lockutils [None req-7d4fd821-9071-4d9a-b8ca-e94cd05bfceb tempest-ServersNegativeTestJSON-2133239319 tempest-ServersNegativeTestJSON-2133239319-project-member] Acquiring lock "2b28a653-6876-4254-b54a-fe4895c2d65f" by "nova.context.set_target_cell..get_or_set_cached_cell_and_set_connections" {{(pid=96644) inner /opt/stack/data/venv/lib/python3.12/site-packages/oslo_concurrency/lockutils.py:512}}
Aug 17 20:50:45.116638 np0000007589 nova-scheduler[96644]: DEBUG oslo_concurrency.lockutils [None req-7d4fd821-9071-4d9a-b8ca-e94cd05bfceb tempest-ServersNegativeTestJSON-2133239319 tempest-ServersNegativeTestJSON-2133239319-project-member] Lock "2b28a653-6876-4254-b54a-fe4895c2d65f" acquired by "nova.context.set_target_cell..get_or_set_cached_cell_and_set_connections" :: waited 0.000s {{(pid=96644) inner /opt/stack/data/venv/lib/python3.12/site-packages/oslo_concurrency/lockutils.py:525}}
Aug 17 20:50:45.118041 np0000007589 nova-scheduler[96644]: DEBUG oslo_concurrency.lockutils [None req-7d4fd821-9071-4d9a-b8ca-e94cd05bfceb tempest-ServersNegativeTestJSON-2133239319 tempest-ServersNegativeTestJSON-2133239319-project-member] Lock "2b28a653-6876-4254-b54a-fe4895c2d65f" "released" by "nova.context.set_target_cell..get_or_set_cached_cell_and_set_connections" :: held 0.001s {{(pid=96644) inner /opt/stack/data/venv/lib/python3.12/site-packages/oslo_concurrency/lockutils.py:544}}
Aug 17 20:50:45.120177 np0000007589 nova-scheduler[96644]: INFO dbcounter [None req-7d4fd821-9071-4d9a-b8ca-e94cd05bfceb tempest-ServersNegativeTestJSON-2133239319 tempest-ServersNegativeTestJSON-2133239319-project-member] Registered counter for database nova_cell1
Aug 17 20:50:45.166705 np0000007589 nova-scheduler[96644]: DEBUG oslo_db.sqlalchemy.engines [None req-7d4fd821-9071-4d9a-b8ca-e94cd05bfceb tempest-ServersNegativeTestJSON-2133239319 tempest-ServersNegativeTestJSON-2133239319-project-member] MySQL server mode set to STRICT_TRANS_TABLES,STRICT_ALL_TABLES,NO_ZERO_IN_DATE,NO_ZERO_DATE,ERROR_FOR_DIVISION_BY_ZERO,TRADITIONAL,NO_ENGINE_SUBSTITUTION {{(pid=96644) _check_effective_sql_mode /opt/stack/data/venv/lib/python3.12/site-packages/oslo_db/sqlalchemy/engines.py:325}}
Aug 17 20:50:45.172134 np0000007589 nova-scheduler[96644]: DEBUG dbcounter [-] [96644] Writer thread running {{(pid=96644) stat_writer /opt/stack/data/venv/lib/python3.12/site-packages/dbcounter.py:102}}
Aug 17 20:50:45.184565 np0000007589 nova-scheduler[96644]: DEBUG oslo_db.sqlalchemy.engines [None req-7d4fd821-9071-4d9a-b8ca-e94cd05bfceb tempest-ServersNegativeTestJSON-2133239319 tempest-ServersNegativeTestJSON-2133239319-project-member] Parent process 95440 forked (96644) with an open database connection, which is being discarded and recreated. {{(pid=96644) checkout /opt/stack/data/venv/lib/python3.12/site-packages/oslo_db/sqlalchemy/engines.py:402}}
Aug 17 20:50:45.239781 np0000007589 nova-scheduler[96644]: DEBUG dbcounter [-] [96644] Writer thread running {{(pid=96644) stat_writer /opt/stack/data/venv/lib/python3.12/site-packages/dbcounter.py:102}}
Aug 17 20:50:45.242367 np0000007589 nova-scheduler[96644]: DEBUG oslo_concurrency.lockutils [None req-7d4fd821-9071-4d9a-b8ca-e94cd05bfceb tempest-ServersNegativeTestJSON-2133239319 tempest-ServersNegativeTestJSON-2133239319-project-member] Acquiring lock "2b28a653-6876-4254-b54a-fe4895c2d65f" by "nova.context.set_target_cell..get_or_set_cached_cell_and_set_connections" {{(pid=96644) inner /opt/stack/data/venv/lib/python3.12/site-packages/oslo_concurrency/lockutils.py:512}}
Aug 17 20:50:45.242706 np0000007589 nova-scheduler[96644]: DEBUG oslo_concurrency.lockutils [None req-7d4fd821-9071-4d9a-b8ca-e94cd05bfceb tempest-ServersNegativeTestJSON-2133239319 tempest-ServersNegativeTestJSON-2133239319-project-member] Lock "2b28a653-6876-4254-b54a-fe4895c2d65f" acquired by "nova.context.set_target_cell..get_or_set_cached_cell_and_set_connections" :: waited 0.000s {{(pid=96644) inner /opt/stack/data/venv/lib/python3.12/site-packages/oslo_concurrency/lockutils.py:525}}
