Aug 17 20:47:44.915330 np0000007589 devstack@neutron-api.service[90803]: DEBUG neutron.policy [None req-7d96a3ce-ec05-4a60-94b2-17c8deee7131 admin admin] Loaded default policies from ['neutron'] under neutron.policies entry points {{(pid=90803) register_rules /opt/stack/neutron/neutron/policy.py:65}}
Aug 17 20:47:45.051417 np0000007589 devstack@neutron-api.service[90803]: DEBUG neutron_lib.callbacks.manager [None req-7d96a3ce-ec05-4a60-94b2-17c8deee7131 admin admin] Publish callbacks ['neutron.objects.securitygroup.RbacNeutronDbObjectMixin.validate_rbac_policy_change-3108595409177', 'neutron.objects.address_group.RbacNeutronDbObjectMixin.validate_rbac_policy_change-3108595333564', 'neutron.objects.network.RbacNeutronDbObjectMixin.validate_rbac_policy_change-3108595317863', 'neutron.objects.qos.policy.RbacNeutronDbObjectMixin.validate_rbac_policy_change-3108595359675', 'neutron.objects.subnetpool.RbacNeutronDbObjectMixin.validate_rbac_policy_change-3108595335493', 'neutron.objects.address_scope.RbacNeutronDbObjectMixin.validate_rbac_policy_change-3108595344974', 'neutron.plugins.ml2.plugin.External_net_db_mixin._process_ext_policy_create-2058598', 'neutron.plugins.ml2.plugin.NeutronDbPluginV2.validate_network_rbac_policy_change-2013250'] for rbac-policy (None), before_create {{(pid=90803) _notify_loop /opt/stack/data/venv/lib/python3.12/site-packages/neutron_lib/callbacks/manager.py:184}}
Aug 17 20:47:45.093680 np0000007589 devstack@neutron-api.service[90803]: DEBUG neutron_lib.callbacks.manager [None req-7d96a3ce-ec05-4a60-94b2-17c8deee7131 admin admin] Publish callbacks [] for subnetpool (None), before_response {{(pid=90803) _notify_loop /opt/stack/data/venv/lib/python3.12/site-packages/neutron_lib/callbacks/manager.py:184}}
Aug 17 20:47:45.094274 np0000007589 devstack@neutron-api.service[90803]: [pid: 90803|app: 0|req: 1/3] 10.4.3.199 () {68 vars in 1336 bytes} [Mon Aug 17 20:47:44 2026] POST /networking/v2.0/subnetpools => generated 533 bytes in 469 msecs (HTTP/1.1 201) 4 headers in 162 bytes (1 switches on core 0)
Aug 17 20:47:45.408126 np0000007589 devstack@neutron-api.service[90806]: DEBUG neutron.api.v2.base [None req-b455d2f8-f828-45ea-b15a-a4b558dbf160 admin admin] Request body: {'subnetpool': {'is_default': True, 'prefixes': ['fdd0:7906:60b4::/56'], 'default_prefixlen': 64, 'shared': True, 'name': 'shared-default-subnetpool-v6'}} {{(pid=90806) prepare_request_body /opt/stack/neutron/neutron/api/v2/base.py:727}}
Aug 17 20:47:45.564365 np0000007589 devstack@neutron-api.service[90806]: DEBUG neutron.policy [None req-b455d2f8-f828-45ea-b15a-a4b558dbf160 admin admin] Loaded default policies from ['neutron'] under neutron.policies entry points {{(pid=90806) register_rules /opt/stack/neutron/neutron/policy.py:65}}
Aug 17 20:47:45.692280 np0000007589 devstack@neutron-api.service[90806]: DEBUG neutron_lib.callbacks.manager [None req-b455d2f8-f828-45ea-b15a-a4b558dbf160 admin admin] Publish callbacks ['neutron.objects.securitygroup.RbacNeutronDbObjectMixin.validate_rbac_policy_change-3108595726874', 'neutron.objects.address_group.RbacNeutronDbObjectMixin.validate_rbac_policy_change-3108595700352', 'neutron.objects.network.RbacNeutronDbObjectMixin.validate_rbac_policy_change-3108595309674', 'neutron.objects.qos.policy.RbacNeutronDbObjectMixin.validate_rbac_policy_change-3108595306182', 'neutron.objects.subnetpool.RbacNeutronDbObjectMixin.validate_rbac_policy_change-3108595519916', 'neutron.objects.address_scope.RbacNeutronDbObjectMixin.validate_rbac_policy_change-3108595523557', 'neutron.plugins.ml2.plugin.External_net_db_mixin._process_ext_policy_create-84974', 'neutron.plugins.ml2.plugin.NeutronDbPluginV2.validate_network_rbac_policy_change-93350'] for rbac-policy (None), before_create {{(pid=90806) _notify_loop /opt/stack/data/venv/lib/python3.12/site-packages/neutron_lib/callbacks/manager.py:184}}
Aug 17 20:47:45.725903 np0000007589 devstack@neutron-api.service[90806]: DEBUG neutron_lib.callbacks.manager [None req-b455d2f8-f828-45ea-b15a-a4b558dbf160 admin admin] Publish callbacks [] for subnetpool (None), before_response {{(pid=90806) _notify_loop /opt/stack/data/venv/lib/python3.12/site-packages/neutron_lib/callbacks/manager.py:184}}
Aug 17 20:47:45.726393 np0000007589 devstack@neutron-api.service[90806]: [pid: 90806|app: 0|req: 1/4] 10.4.3.199 () {68 vars in 1336 bytes} [Mon Aug 17 20:47:45 2026] POST /networking/v2.0/subnetpools => generated 543 bytes in 410 msecs (HTTP/1.1 201) 4 headers in 162 bytes (1 switches on core 0)
Aug 17 20:47:46.026838 np0000007589 devstack@neutron-api.service[90804]: DEBUG neutron.api.v2.base [None req-275a5b0b-7f05-4226-b3e5-cb1935589be9 admin admin] Request body: {'network': {'admin_state_up': True, 'name': 'private'}} {{(pid=90804) prepare_request_body /opt/stack/neutron/neutron/api/v2/base.py:727}}
Aug 17 20:47:46.052852 np0000007589 devstack@neutron-api.service[90804]: DEBUG neutron.pecan_wsgi.hooks.quota_enforcement [None req-275a5b0b-7f05-4226-b3e5-cb1935589be9 admin admin] Made reservation on behalf of 6434e89abec34328b6d241dc0cd9bdc5 for: {'network': 1} {{(pid=90804) before /opt/stack/neutron/neutron/pecan_wsgi/hooks/quota_enforcement.py:66}}
Aug 17 20:47:46.206914 np0000007589 devstack@neutron-api.service[90804]: DEBUG neutron.policy [None req-275a5b0b-7f05-4226-b3e5-cb1935589be9 admin admin] Loaded default policies from ['neutron'] under neutron.policies entry points {{(pid=90804) register_rules /opt/stack/neutron/neutron/policy.py:65}}
Aug 17 20:47:46.298261 np0000007589 devstack@neutron-api.service[90804]: DEBUG neutron_lib.callbacks.manager [None req-275a5b0b-7f05-4226-b3e5-cb1935589be9 admin admin] Publish callbacks ['neutron.plugins.ml2.plugin.SecurityGroupDbMixin._ensure_default_security_group_handler-2996705'] for network (None), before_create {{(pid=90804) _notify_loop /opt/stack/data/venv/lib/python3.12/site-packages/neutron_lib/callbacks/manager.py:184}}
Aug 17 20:47:46.319009 np0000007589 devstack@neutron-api.service[90804]: DEBUG neutron_lib.callbacks.manager [None req-275a5b0b-7f05-4226-b3e5-cb1935589be9 admin admin] Publish callbacks [] for security_group (None), before_create {{(pid=90804) _notify_loop /opt/stack/data/venv/lib/python3.12/site-packages/neutron_lib/callbacks/manager.py:184}}
Aug 17 20:47:46.414961 np0000007589 devstack@neutron-api.service[90804]: DEBUG neutron_lib.callbacks.manager [None req-275a5b0b-7f05-4226-b3e5-cb1935589be9 admin admin] Publish callbacks ['neutron.plugins.ml2.drivers.ovn.mech_driver.mech_driver.OVNMechanismDriver._create_security_group_precommit-764884'] for security_group (74a380c3-9448-4533-874a-fe4c38dca5fc), precommit_create {{(pid=90804) _notify_loop /opt/stack/data/venv/lib/python3.12/site-packages/neutron_lib/callbacks/manager.py:184}}
Aug 17 20:47:46.415090 np0000007589 devstack@neutron-api.service[90804]: DEBUG neutron.db.ovn_revision_numbers_db [None req-275a5b0b-7f05-4226-b3e5-cb1935589be9 admin admin] create_initial_revision uuid=74a380c3-9448-4533-874a-fe4c38dca5fc, type=security_groups, rev=-1 {{(pid=90804) create_initial_revision /opt/stack/neutron/neutron/db/ovn_revision_numbers_db.py:98}}
Aug 17 20:47:46.418301 np0000007589 devstack@neutron-api.service[90804]: DEBUG neutron.db.ovn_revision_numbers_db [None req-275a5b0b-7f05-4226-b3e5-cb1935589be9 admin admin] create_initial_revision uuid=2e87340f-bb31-4ca9-85a9-73abb3c10409, type=security_group_rules, rev=-1 {{(pid=90804) create_initial_revision /opt/stack/neutron/neutron/db/ovn_revision_numbers_db.py:98}}
Aug 17 20:47:46.419575 np0000007589 devstack@neutron-api.service[90804]: DEBUG neutron.db.ovn_revision_numbers_db [None req-275a5b0b-7f05-4226-b3e5-cb1935589be9 admin admin] create_initial_revision uuid=61501752-98a1-4e1a-b33f-eea99b220497, type=security_group_rules, rev=-1 {{(pid=90804) create_initial_revision /opt/stack/neutron/neutron/db/ovn_revision_numbers_db.py:98}}
Aug 17 20:47:46.420902 np0000007589 devstack@neutron-api.service[90804]: DEBUG neutron.db.ovn_revision_numbers_db [None req-275a5b0b-7f05-4226-b3e5-cb1935589be9 admin admin] create_initial_revision uuid=8b7e95c0-a612-4ab4-ac0c-933fd164e559, type=security_group_rules, rev=-1 {{(pid=90804) create_initial_revision /opt/stack/neutron/neutron/db/ovn_revision_numbers_db.py:98}}
Aug 17 20:47:46.421920 np0000007589 devstack@neutron-api.service[90804]: DEBUG neutron.db.ovn_revision_numbers_db [None req-275a5b0b-7f05-4226-b3e5-cb1935589be9 admin admin] create_initial_revision uuid=fac81e7d-6f32-4640-a4c4-b9c68dd694e4, type=security_group_rules, rev=-1 {{(pid=90804) create_initial_revision /opt/stack/neutron/neutron/db/ovn_revision_numbers_db.py:98}}
Aug 17 20:47:46.425206 np0000007589 devstack@neutron-api.service[90804]: DEBUG neutron_lib.callbacks.manager [None req-275a5b0b-7f05-4226-b3e5-cb1935589be9 admin admin] Publish callbacks ['neutron.plugins.ml2.drivers.ovn.mech_driver.mech_driver.OVNMechanismDriver._create_security_group-764910', 'neutron.plugins.ml2.ovo_rpc._ObjectChangeHandler.handle_event-16439033'] for security_group (74a380c3-9448-4533-874a-fe4c38dca5fc), after_create {{(pid=90804) _notify_loop /opt/stack/data/venv/lib/python3.12/site-packages/neutron_lib/callbacks/manager.py:184}}
Aug 17 20:47:46.425396 np0000007589 devstack@neutron-api.service[90804]: INFO neutron.plugins.ml2.drivers.ovn.mech_driver.ovsdb.extensions.qos [None req-275a5b0b-7f05-4226-b3e5-cb1935589be9 admin admin] Starting OVNClientQosExtension
Aug 17 20:47:46.425518 np0000007589 devstack@neutron-api.service[90804]: INFO neutron.plugins.ml2.drivers.ovn.mech_driver.ovsdb.extensions.placement [None req-275a5b0b-7f05-4226-b3e5-cb1935589be9 admin admin] Starting OVNClientPlacementExtension
Aug 17 20:47:46.426535 np0000007589 devstack@neutron-api.service[90804]: DEBUG ovsdbapp.backend.ovs_idl.transaction [-] Running txn n=1 command(idx=0): PgAddCommand(_result=None, name=pg_74a380c3_9448_4533_874a_fe4c38dca5fc, may_exist=False, columns={'acls': [], 'external_ids': {'neutron:security_group_id': '74a380c3-9448-4533-874a-fe4c38dca5fc'}}) {{(pid=90804) do_commit /opt/stack/data/venv/lib/python3.12/site-packages/ovsdbapp/backend/ovs_idl/transaction.py:89}}
Aug 17 20:47:46.427728 np0000007589 devstack@neutron-api.service[90804]: DEBUG ovsdbapp.backend.ovs_idl.transaction [-] Running txn n=1 command(idx=1): PgAclAddCommand(_result=None, entity=pg_74a380c3_9448_4533_874a_fe4c38dca5fc, direction=to-lport, priority=1002, match=outport == @pg_74a380c3_9448_4533_874a_fe4c38dca5fc && ip4 && ip4.src == $pg_74a380c3_9448_4533_874a_fe4c38dca5fc_ip4, action=allow-related, log=False, may_exist=True, severity=[], name=[], meter=[], external_ids={'neutron:security_group_rule_id': '2e87340f-bb31-4ca9-85a9-73abb3c10409'}) {{(pid=90804) do_commit /opt/stack/data/venv/lib/python3.12/site-packages/ovsdbapp/backend/ovs_idl/transaction.py:89}}
Aug 17 20:47:46.428041 np0000007589 devstack@neutron-api.service[90804]: DEBUG ovsdbapp.backend.ovs_idl.transaction [-] Running txn n=1 command(idx=2): PgAclAddCommand(_result=None, entity=pg_74a380c3_9448_4533_874a_fe4c38dca5fc, direction=from-lport, priority=1002, match=inport == @pg_74a380c3_9448_4533_874a_fe4c38dca5fc && ip4, action=allow-related, log=False, may_exist=True, severity=[], name=[], meter=[], external_ids={'neutron:security_group_rule_id': '61501752-98a1-4e1a-b33f-eea99b220497'}) {{(pid=90804) do_commit /opt/stack/data/venv/lib/python3.12/site-packages/ovsdbapp/backend/ovs_idl/transaction.py:89}}
Aug 17 20:47:46.428239 np0000007589 devstack@neutron-api.service[90804]: DEBUG ovsdbapp.backend.ovs_idl.transaction [-] Running txn n=1 command(idx=3): PgAclAddCommand(_result=None, entity=pg_74a380c3_9448_4533_874a_fe4c38dca5fc, direction=from-lport, priority=1002, match=inport == @pg_74a380c3_9448_4533_874a_fe4c38dca5fc && ip6, action=allow-related, log=False, may_exist=True, severity=[], name=[], meter=[], external_ids={'neutron:security_group_rule_id': '8b7e95c0-a612-4ab4-ac0c-933fd164e559'}) {{(pid=90804) do_commit /opt/stack/data/venv/lib/python3.12/site-packages/ovsdbapp/backend/ovs_idl/transaction.py:89}}
Aug 17 20:47:46.428449 np0000007589 devstack@neutron-api.service[90804]: DEBUG ovsdbapp.backend.ovs_idl.transaction [-] Running txn n=1 command(idx=4): PgAclAddCommand(_result=None, entity=pg_74a380c3_9448_4533_874a_fe4c38dca5fc, direction=to-lport, priority=1002, match=outport == @pg_74a380c3_9448_4533_874a_fe4c38dca5fc && ip6 && ip6.src == $pg_74a380c3_9448_4533_874a_fe4c38dca5fc_ip6, action=allow-related, log=False, may_exist=True, severity=[], name=[], meter=[], external_ids={'neutron:security_group_rule_id': 'fac81e7d-6f32-4640-a4c4-b9c68dd694e4'}) {{(pid=90804) do_commit /opt/stack/data/venv/lib/python3.12/site-packages/ovsdbapp/backend/ovs_idl/transaction.py:89}}
Aug 17 20:47:46.433286 np0000007589 devstack@neutron-api.service[90805]: DEBUG neutron.plugins.ml2.drivers.ovn.mech_driver.ovsdb.ovsdb_monitor [-] Hash Ring: Node 15456b70cf105346aa93ddd279fc4402 (host: np0000007589) handling event "create" for row 0ce9c89b-93e9-4f21-9714-ba21d0d8e398 (table: ACL) {{(pid=90805) notify /opt/stack/neutron/neutron/plugins/ml2/drivers/ovn/mech_driver/ovsdb/ovsdb_monitor.py:1099}}
Aug 17 20:47:46.433697 np0000007589 devstack@neutron-api.service[90805]: DEBUG neutron.plugins.ml2.drivers.ovn.mech_driver.ovsdb.ovsdb_monitor [-] Hash Ring: Node 15456b70cf105346aa93ddd279fc4402 (host: np0000007589) handling event "create" for row 5a9f95fa-b9af-471a-a7a5-29c6728a3b20 (table: ACL) {{(pid=90805) notify /opt/stack/neutron/neutron/plugins/ml2/drivers/ovn/mech_driver/ovsdb/ovsdb_monitor.py:1099}}
Aug 17 20:47:46.433879 np0000007589 devstack@neutron-api.service[90805]: DEBUG neutron.plugins.ml2.drivers.ovn.mech_driver.ovsdb.ovsdb_monitor [-] Hash Ring: Node 15456b70cf105346aa93ddd279fc4402 (host: np0000007589) handling event "create" for row 76efbda1-6add-4335-8ed7-7ef110f345cd (table: ACL) {{(pid=90805) notify /opt/stack/neutron/neutron/plugins/ml2/drivers/ovn/mech_driver/ovsdb/ovsdb_monitor.py:1099}}
Aug 17 20:47:46.434118 np0000007589 devstack@neutron-api.service[90805]: DEBUG neutron.plugins.ml2.drivers.ovn.mech_driver.ovsdb.ovsdb_monitor [-] Hash Ring: Node 15456b70cf105346aa93ddd279fc4402 (host: np0000007589) handling event "create" for row cb954a92-3f56-46af-9775-de5c8a6f98e9 (table: ACL) {{(pid=90805) notify /opt/stack/neutron/neutron/plugins/ml2/drivers/ovn/mech_driver/ovsdb/ovsdb_monitor.py:1099}}
Aug 17 20:47:46.434171 np0000007589 devstack@neutron-api.service[90805]: DEBUG neutron.plugins.ml2.drivers.ovn.mech_driver.ovsdb.ovsdb_monitor [-] Hash Ring: Node 15456b70cf105346aa93ddd279fc4402 (host: np0000007589) handling event "create" for row d8bc8d15-e3bd-46c5-b066-dc712e12133d (table: Port_Group) {{(pid=90805) notify /opt/stack/neutron/neutron/plugins/ml2/drivers/ovn/mech_driver/ovsdb/ovsdb_monitor.py:1099}}
Aug 17 20:47:46.434937 np0000007589 devstack@neutron-api.service[90804]: DEBUG neutron.plugins.ml2.drivers.ovn.mech_driver.ovsdb.ovsdb_monitor [-] Hash Ring: Node ff74f3501e4053b5b7dba3cdf99eada5 (host: np0000007589) handling event "create" for row 5a9f95fa-b9af-471a-a7a5-29c6728a3b20 (table: ACL) {{(pid=90804) notify /opt/stack/neutron/neutron/plugins/ml2/drivers/ovn/mech_driver/ovsdb/ovsdb_monitor.py:1099}}
Aug 17 20:47:46.435301 np0000007589 devstack@neutron-api.service[90806]: DEBUG neutron.plugins.ml2.drivers.ovn.mech_driver.ovsdb.ovsdb_monitor [-] Hash Ring: Node 0b23d4b032cc50cea2696ecfb4fb1702 (host: np0000007589) handling event "create" for row cb954a92-3f56-46af-9775-de5c8a6f98e9 (table: ACL) {{(pid=90806) notify /opt/stack/neutron/neutron/plugins/ml2/drivers/ovn/mech_driver/ovsdb/ovsdb_monitor.py:1099}}
Aug 17 20:47:46.436360 np0000007589 devstack@neutron-api.service[90803]: DEBUG neutron.plugins.ml2.drivers.ovn.mech_driver.ovsdb.ovsdb_monitor [-] Hash Ring: Node 8c8954e89e945b1f808674fb521cf4ef (host: np0000007589) handling event "create" for row 0ce9c89b-93e9-4f21-9714-ba21d0d8e398 (table: ACL) {{(pid=90803) notify /opt/stack/neutron/neutron/plugins/ml2/drivers/ovn/mech_driver/ovsdb/ovsdb_monitor.py:1099}}
Aug 17 20:47:46.457107 np0000007589 devstack@neutron-api.service[90804]: INFO neutron.db.ovn_revision_numbers_db [None req-275a5b0b-7f05-4226-b3e5-cb1935589be9 admin admin] Successfully bumped revision number for resource 74a380c3-9448-4533-874a-fe4c38dca5fc (type: security_groups) to 1
Aug 17 20:47:46.468231 np0000007589 devstack@neutron-api.service[90804]: INFO neutron.db.ovn_revision_numbers_db [None req-275a5b0b-7f05-4226-b3e5-cb1935589be9 admin admin] Successfully bumped revision number for resource 2e87340f-bb31-4ca9-85a9-73abb3c10409 (type: security_group_rules) to 0
Aug 17 20:47:46.476754 np0000007589 devstack@neutron-api.service[90804]: INFO neutron.db.ovn_revision_numbers_db [None req-275a5b0b-7f05-4226-b3e5-cb1935589be9 admin admin] Successfully bumped revision number for resource 61501752-98a1-4e1a-b33f-eea99b220497 (type: security_group_rules) to 0
Aug 17 20:47:46.486076 np0000007589 devstack@neutron-api.service[90804]: INFO neutron.db.ovn_revision_numbers_db [None req-275a5b0b-7f05-4226-b3e5-cb1935589be9 admin admin] Successfully bumped revision number for resource 8b7e95c0-a612-4ab4-ac0c-933fd164e559 (type: security_group_rules) to 0
Aug 17 20:47:46.498908 np0000007589 devstack@neutron-api.service[90804]: INFO neutron.db.ovn_revision_numbers_db [None req-275a5b0b-7f05-4226-b3e5-cb1935589be9 admin admin] Successfully bumped revision number for resource fac81e7d-6f32-4640-a4c4-b9c68dd694e4 (type: security_group_rules) to 0
Aug 17 20:47:46.522036 np0000007589 devstack@neutron-api.service[90804]: DEBUG neutron.api.rpc.handlers.resources_rpc [None req-275a5b0b-7f05-4226-b3e5-cb1935589be9 admin admin] Pushing event updated for resources: {'SecurityGroup': ['ID=74a380c3-9448-4533-874a-fe4c38dca5fc,revision_number=1']} {{(pid=90804) push /opt/stack/neutron/neutron/api/rpc/handlers/resources_rpc.py:237}}
Aug 17 20:47:46.528274 np0000007589 devstack@neutron-api.service[90804]: DEBUG ovsdbapp.backend.ovs_idl.transaction [-] Running txn n=1 command(idx=0): CheckLivenessCommand(_result=None) {{(pid=90804) do_commit /opt/stack/data/venv/lib/python3.12/site-packages/ovsdbapp/backend/ovs_idl/transaction.py:89}}
Aug 17 20:47:46.531104 np0000007589 devstack@neutron-api.service[90805]: DEBUG neutron.plugins.ml2.drivers.ovn.mech_driver.ovsdb.ovsdb_monitor [-] Hash Ring: Node 15456b70cf105346aa93ddd279fc4402 (host: np0000007589) handling event "update" for row 75db5de7-501c-4f82-ba66-6c5aff01dd88 (table: NB_Global) {{(pid=90805) notify /opt/stack/neutron/neutron/plugins/ml2/drivers/ovn/mech_driver/ovsdb/ovsdb_monitor.py:1099}}
Aug 17 20:47:46.533307 np0000007589 devstack@neutron-api.service[90805]: DEBUG ovsdbapp.backend.ovs_idl.event [-] Matched UPDATE: ChassisAgentWriteEvent(events=('create', 'update'), table='Chassis_Private', conditions=None, old_conditions=None), priority=20 to row=Chassis_Private(uuid=cd51efdb-27e4-4c46-a50a-c1a06ac89bae, chassis=a73d122f-10bb-4dc0-b355-2acc55a8595f, external_ids={'neutron:ovn-bridge': 'br-int', 'neutron:ovn-neutron-agent-id': '0cc84557-5e5e-57f7-9f87-79f95f2a326b', 'neutron:ovn-neutron-agent-sb-cfg': '0'}, name='cc11b970-c2fb-4e60-957c-19f58c16b47e', nb_cfg=1, nb_cfg_timestamp=1786999666530) old=Chassis_Private(uuid=cd51efdb-27e4-4c46-a50a-c1a06ac89bae, nb_cfg=0, nb_cfg_timestamp=0) {{(pid=90805) matches /opt/stack/data/venv/lib/python3.12/site-packages/ovsdbapp/backend/ovs_idl/event.py:55}}
Aug 17 20:47:46.533448 np0000007589 devstack@neutron-api.service[90804]: DEBUG neutron.api.rpc.callbacks.version_manager [None req-275a5b0b-7f05-4226-b3e5-cb1935589be9 admin admin] Tracked resource versions report:
Aug 17 20:47:46.533448 np0000007589 devstack@neutron-api.service[90804]: pushed versions:
Aug 17 20:47:46.533448 np0000007589 devstack@neutron-api.service[90804]: { 'AddressGroup': {'1.2'},
Aug 17 20:47:46.533448 np0000007589 devstack@neutron-api.service[90804]: 'Agent': {'1.1'},
Aug 17 20:47:46.533448 np0000007589 devstack@neutron-api.service[90804]: 'ConntrackHelper': {'1.0'},
Aug 17 20:47:46.533448 np0000007589 devstack@neutron-api.service[90804]: 'LocalIPAssociation': {'1.0'},
Aug 17 20:47:46.533448 np0000007589 devstack@neutron-api.service[90804]: 'Log': {'1.0'},
Aug 17 20:47:46.533448 np0000007589 devstack@neutron-api.service[90804]: 'NDPProxy': {'1.0'},
Aug 17 20:47:46.533448 np0000007589 devstack@neutron-api.service[90804]: 'Network': {'1.3'},
Aug 17 20:47:46.533448 np0000007589 devstack@neutron-api.service[90804]: 'Port': {'1.11'},
Aug 17 20:47:46.533448 np0000007589 devstack@neutron-api.service[90804]: 'PortForwarding': {'1.3'},
Aug 17 20:47:46.533448 np0000007589 devstack@neutron-api.service[90804]: 'QosPolicy': {'1.10'},
Aug 17 20:47:46.533448 np0000007589 devstack@neutron-api.service[90804]: 'SecurityGroup': {'1.6'},
Aug 17 20:47:46.533448 np0000007589 devstack@neutron-api.service[90804]: 'SecurityGroupRule': {'1.3'},
Aug 17 20:47:46.533448 np0000007589 devstack@neutron-api.service[90804]: 'SubPort': {'1.0'},
Aug 17 20:47:46.533448 np0000007589 devstack@neutron-api.service[90804]: 'Subnet': {'1.2'},
Aug 17 20:47:46.533448 np0000007589 devstack@neutron-api.service[90804]: 'Trunk': {'1.1'}}
Aug 17 20:47:46.533448 np0000007589 devstack@neutron-api.service[90804]: consumer versions:
Aug 17 20:47:46.533448 np0000007589 devstack@neutron-api.service[90804]: {}
Aug 17 20:47:46.533448 np0000007589 devstack@neutron-api.service[90804]: {{(pid=90804) report /opt/stack/neutron/neutron/api/rpc/callbacks/version_manager.py:183}}
Aug 17 20:47:46.534189 np0000007589 devstack@neutron-api.service[90803]: DEBUG ovsdbapp.backend.ovs_idl.event [-] Matched UPDATE: ChassisAgentWriteEvent(events=('create', 'update'), table='Chassis_Private', conditions=None, old_conditions=None), priority=20 to row=Chassis_Private(uuid=cd51efdb-27e4-4c46-a50a-c1a06ac89bae, chassis=a73d122f-10bb-4dc0-b355-2acc55a8595f, external_ids={'neutron:ovn-bridge': 'br-int', 'neutron:ovn-neutron-agent-id': '0cc84557-5e5e-57f7-9f87-79f95f2a326b', 'neutron:ovn-neutron-agent-sb-cfg': '0'}, name='cc11b970-c2fb-4e60-957c-19f58c16b47e', nb_cfg=1, nb_cfg_timestamp=1786999666530) old=Chassis_Private(uuid=cd51efdb-27e4-4c46-a50a-c1a06ac89bae, nb_cfg=0, nb_cfg_timestamp=0) {{(pid=90803) matches /opt/stack/data/venv/lib/python3.12/site-packages/ovsdbapp/backend/ovs_idl/event.py:55}}
Aug 17 20:47:46.534330 np0000007589 devstack@neutron-api.service[90806]: DEBUG ovsdbapp.backend.ovs_idl.event [-] Matched UPDATE: ChassisAgentWriteEvent(events=('create', 'update'), table='Chassis_Private', conditions=None, old_conditions=None), priority=20 to row=Chassis_Private(uuid=cd51efdb-27e4-4c46-a50a-c1a06ac89bae, chassis=a73d122f-10bb-4dc0-b355-2acc55a8595f, external_ids={'neutron:ovn-bridge': 'br-int', 'neutron:ovn-neutron-agent-id': '0cc84557-5e5e-57f7-9f87-79f95f2a326b', 'neutron:ovn-neutron-agent-sb-cfg': '0'}, name='cc11b970-c2fb-4e60-957c-19f58c16b47e', nb_cfg=1, nb_cfg_timestamp=1786999666530) old=Chassis_Private(uuid=cd51efdb-27e4-4c46-a50a-c1a06ac89bae, nb_cfg=0, nb_cfg_timestamp=0) {{(pid=90806) matches /opt/stack/data/venv/lib/python3.12/site-packages/ovsdbapp/backend/ovs_idl/event.py:55}}
Aug 17 20:47:46.534662 np0000007589 devstack@neutron-api.service[90803]: DEBUG neutron.plugins.ml2.drivers.ovn.mech_driver.ovsdb.ovsdb_monitor [-] Hash Ring: Node 8c8954e89e945b1f808674fb521cf4ef (host: np0000007589) handling event "update" for row cd51efdb-27e4-4c46-a50a-c1a06ac89bae (table: Chassis_Private) {{(pid=90803) notify /opt/stack/neutron/neutron/plugins/ml2/drivers/ovn/mech_driver/ovsdb/ovsdb_monitor.py:1099}}
Aug 17 20:47:46.535137 np0000007589 devstack@neutron-api.service[90805]: DEBUG neutron.plugins.ml2.drivers.ovn.mech_driver.ovsdb.ovsdb_monitor [-] Hash Ring: Node 15456b70cf105346aa93ddd279fc4402 (host: np0000007589) handling event "update" for row 75db5de7-501c-4f82-ba66-6c5aff01dd88 (table: NB_Global) {{(pid=90805) notify /opt/stack/neutron/neutron/plugins/ml2/drivers/ovn/mech_driver/ovsdb/ovsdb_monitor.py:1099}}
Aug 17 20:47:46.537259 np0000007589 devstack@neutron-api.service[90805]: DEBUG neutron.plugins.ml2.drivers.ovn.mech_driver.ovsdb.ovsdb_monitor [-] Hash Ring: Node 15456b70cf105346aa93ddd279fc4402 (host: np0000007589) handling event "update" for row 75db5de7-501c-4f82-ba66-6c5aff01dd88 (table: NB_Global) {{(pid=90805) notify /opt/stack/neutron/neutron/plugins/ml2/drivers/ovn/mech_driver/ovsdb/ovsdb_monitor.py:1099}}
Aug 17 20:47:46.537890 np0000007589 devstack@neutron-api.service[90805]: DEBUG neutron.plugins.ml2.drivers.ovn.mech_driver.ovsdb.ovsdb_monitor [-] Hash Ring: Node 15456b70cf105346aa93ddd279fc4402 (host: np0000007589) handling event "update" for row 75db5de7-501c-4f82-ba66-6c5aff01dd88 (table: NB_Global) {{(pid=90805) notify /opt/stack/neutron/neutron/plugins/ml2/drivers/ovn/mech_driver/ovsdb/ovsdb_monitor.py:1099}}
Aug 17 20:47:46.538835 np0000007589 devstack@neutron-api.service[90803]: DEBUG ovsdbapp.backend.ovs_idl.event [-] Matched UPDATE: ChassisOVNAgentWriteEvent(events=('create', 'update'), table='Chassis_Private', conditions=None, old_conditions=None), priority=20 to row=Chassis_Private(uuid=cd51efdb-27e4-4c46-a50a-c1a06ac89bae, chassis=a73d122f-10bb-4dc0-b355-2acc55a8595f, external_ids={'neutron:ovn-bridge': 'br-int', 'neutron:ovn-neutron-agent-id': '0cc84557-5e5e-57f7-9f87-79f95f2a326b', 'neutron:ovn-neutron-agent-sb-cfg': '1'}, name='cc11b970-c2fb-4e60-957c-19f58c16b47e', nb_cfg=1, nb_cfg_timestamp=1786999666530) old=Chassis_Private(uuid=cd51efdb-27e4-4c46-a50a-c1a06ac89bae, external_ids={'neutron:ovn-bridge': 'br-int', 'neutron:ovn-neutron-agent-id': '0cc84557-5e5e-57f7-9f87-79f95f2a326b', 'neutron:ovn-neutron-agent-sb-cfg': '0'}) {{(pid=90803) matches /opt/stack/data/venv/lib/python3.12/site-packages/ovsdbapp/backend/ovs_idl/event.py:55}}
Aug 17 20:47:46.539073 np0000007589 devstack@neutron-api.service[90806]: DEBUG ovsdbapp.backend.ovs_idl.event [-] Matched UPDATE: ChassisOVNAgentWriteEvent(events=('create', 'update'), table='Chassis_Private', conditions=None, old_conditions=None), priority=20 to row=Chassis_Private(uuid=cd51efdb-27e4-4c46-a50a-c1a06ac89bae, chassis=a73d122f-10bb-4dc0-b355-2acc55a8595f, external_ids={'neutron:ovn-bridge': 'br-int', 'neutron:ovn-neutron-agent-id': '0cc84557-5e5e-57f7-9f87-79f95f2a326b', 'neutron:ovn-neutron-agent-sb-cfg': '1'}, name='cc11b970-c2fb-4e60-957c-19f58c16b47e', nb_cfg=1, nb_cfg_timestamp=1786999666530) old=Chassis_Private(uuid=cd51efdb-27e4-4c46-a50a-c1a06ac89bae, external_ids={'neutron:ovn-bridge': 'br-int', 'neutron:ovn-neutron-agent-id': '0cc84557-5e5e-57f7-9f87-79f95f2a326b', 'neutron:ovn-neutron-agent-sb-cfg': '0'}) {{(pid=90806) matches /opt/stack/data/venv/lib/python3.12/site-packages/ovsdbapp/backend/ovs_idl/event.py:55}}
Aug 17 20:47:46.539247 np0000007589 devstack@neutron-api.service[90803]: DEBUG neutron.plugins.ml2.drivers.ovn.mech_driver.ovsdb.ovsdb_monitor [-] Hash Ring: Node 8c8954e89e945b1f808674fb521cf4ef (host: np0000007589) handling event "update" for row cd51efdb-27e4-4c46-a50a-c1a06ac89bae (table: Chassis_Private) {{(pid=90803) notify /opt/stack/neutron/neutron/plugins/ml2/drivers/ovn/mech_driver/ovsdb/ovsdb_monitor.py:1099}}
Aug 17 20:47:46.539462 np0000007589 devstack@neutron-api.service[90805]: DEBUG neutron.common.ovn.hash_ring_manager [-] Allow caching, nodes 4>=4 {{(pid=90805) _wait_startup_before_caching /opt/stack/neutron/neutron/common/ovn/hash_ring_manager.py:71}}
Aug 17 20:47:46.539686 np0000007589 devstack@neutron-api.service[90805]: DEBUG neutron.plugins.ml2.drivers.ovn.mech_driver.ovsdb.ovsdb_monitor [-] Hash Ring: Node 15456b70cf105346aa93ddd279fc4402 (host: np0000007589) handling event "update" for row cd51efdb-27e4-4c46-a50a-c1a06ac89bae (table: Chassis_Private) {{(pid=90805) notify /opt/stack/neutron/neutron/plugins/ml2/drivers/ovn/mech_driver/ovsdb/ovsdb_monitor.py:1099}}
Aug 17 20:47:46.540652 np0000007589 devstack@neutron-api.service[90805]: DEBUG ovsdbapp.backend.ovs_idl.event [-] Matched UPDATE: ChassisOVNAgentWriteEvent(events=('create', 'update'), table='Chassis_Private', conditions=None, old_conditions=None), priority=20 to row=Chassis_Private(uuid=cd51efdb-27e4-4c46-a50a-c1a06ac89bae, chassis=a73d122f-10bb-4dc0-b355-2acc55a8595f, external_ids={'neutron:ovn-bridge': 'br-int', 'neutron:ovn-neutron-agent-id': '0cc84557-5e5e-57f7-9f87-79f95f2a326b', 'neutron:ovn-neutron-agent-sb-cfg': '1'}, name='cc11b970-c2fb-4e60-957c-19f58c16b47e', nb_cfg=1, nb_cfg_timestamp=1786999666530) old=Chassis_Private(uuid=cd51efdb-27e4-4c46-a50a-c1a06ac89bae, external_ids={'neutron:ovn-bridge': 'br-int', 'neutron:ovn-neutron-agent-id': '0cc84557-5e5e-57f7-9f87-79f95f2a326b', 'neutron:ovn-neutron-agent-sb-cfg': '0'}) {{(pid=90805) matches /opt/stack/data/venv/lib/python3.12/site-packages/ovsdbapp/backend/ovs_idl/event.py:55}}
Aug 17 20:47:46.540890 np0000007589 devstack@neutron-api.service[90805]: DEBUG neutron.plugins.ml2.drivers.ovn.mech_driver.ovsdb.ovsdb_monitor [-] Hash Ring: Node 15456b70cf105346aa93ddd279fc4402 (host: np0000007589) handling event "update" for row cd51efdb-27e4-4c46-a50a-c1a06ac89bae (table: Chassis_Private) {{(pid=90805) notify /opt/stack/neutron/neutron/plugins/ml2/drivers/ovn/mech_driver/ovsdb/ovsdb_monitor.py:1099}}
Aug 17 20:47:46.541709 np0000007589 devstack@neutron-api.service[90804]: DEBUG ovsdbapp.backend.ovs_idl.event [-] Matched UPDATE: ChassisAgentWriteEvent(events=('create', 'update'), table='Chassis_Private', conditions=None, old_conditions=None), priority=20 to row=Chassis_Private(uuid=cd51efdb-27e4-4c46-a50a-c1a06ac89bae, chassis=a73d122f-10bb-4dc0-b355-2acc55a8595f, external_ids={'neutron:ovn-bridge': 'br-int', 'neutron:ovn-neutron-agent-id': '0cc84557-5e5e-57f7-9f87-79f95f2a326b', 'neutron:ovn-neutron-agent-sb-cfg': '0'}, name='cc11b970-c2fb-4e60-957c-19f58c16b47e', nb_cfg=1, nb_cfg_timestamp=1786999666530) old=Chassis_Private(uuid=cd51efdb-27e4-4c46-a50a-c1a06ac89bae, nb_cfg=0, nb_cfg_timestamp=0) {{(pid=90804) matches /opt/stack/data/venv/lib/python3.12/site-packages/ovsdbapp/backend/ovs_idl/event.py:55}}
Aug 17 20:47:46.546334 np0000007589 devstack@neutron-api.service[90804]: DEBUG ovsdbapp.backend.ovs_idl.event [-] Matched UPDATE: ChassisOVNAgentWriteEvent(events=('create', 'update'), table='Chassis_Private', conditions=None, old_conditions=None), priority=20 to row=Chassis_Private(uuid=cd51efdb-27e4-4c46-a50a-c1a06ac89bae, chassis=a73d122f-10bb-4dc0-b355-2acc55a8595f, external_ids={'neutron:ovn-bridge': 'br-int', 'neutron:ovn-neutron-agent-id': '0cc84557-5e5e-57f7-9f87-79f95f2a326b', 'neutron:ovn-neutron-agent-sb-cfg': '1'}, name='cc11b970-c2fb-4e60-957c-19f58c16b47e', nb_cfg=1, nb_cfg_timestamp=1786999666530) old=Chassis_Private(uuid=cd51efdb-27e4-4c46-a50a-c1a06ac89bae, external_ids={'neutron:ovn-bridge': 'br-int', 'neutron:ovn-neutron-agent-id': '0cc84557-5e5e-57f7-9f87-79f95f2a326b', 'neutron:ovn-neutron-agent-sb-cfg': '0'}) {{(pid=90804) matches /opt/stack/data/venv/lib/python3.12/site-packages/ovsdbapp/backend/ovs_idl/event.py:55}}
Aug 17 20:47:46.581823 np0000007589 devstack@neutron-api.service[90804]: DEBUG neutron.plugins.ml2.drivers.helpers [None req-275a5b0b-7f05-4226-b3e5-cb1935589be9 admin admin] geneve segment allocate from pool success with {'geneve_vni': 26608} {{(pid=90804) allocate_partially_specified_segment /opt/stack/neutron/neutron/plugins/ml2/drivers/helpers.py:142}}
Aug 17 20:47:46.591860 np0000007589 devstack@neutron-api.service[90804]: DEBUG neutron_lib.callbacks.manager [None req-275a5b0b-7f05-4226-b3e5-cb1935589be9 admin admin] Publish callbacks ['neutron.services.segments.db._add_segment_host_mapping_for_segment-7737007060202', 'neutron.plugins.ml2.plugin.Ml2Plugin._handle_segment_change-3035353'] for segment (55ce979e-8a86-4da1-b2dd-d838020167ac), precommit_create {{(pid=90804) _notify_loop /opt/stack/data/venv/lib/python3.12/site-packages/neutron_lib/callbacks/manager.py:184}}
Aug 17 20:47:46.592088 np0000007589 devstack@neutron-api.service[90804]: INFO neutron.db.segments_db [None req-275a5b0b-7f05-4226-b3e5-cb1935589be9 admin admin] Added segment 55ce979e-8a86-4da1-b2dd-d838020167ac of type geneve for network ef8a4d04-bc51-4e1c-a673-c1e763ccd4b8
Aug 17 20:47:46.630775 np0000007589 devstack@neutron-api.service[90804]: DEBUG neutron_lib.callbacks.manager [None req-275a5b0b-7f05-4226-b3e5-cb1935589be9 admin admin] Publish callbacks ['neutron.services.auto_allocate.db._ensure_external_network_default_value_callback-7737005431708'] for network (ef8a4d04-bc51-4e1c-a673-c1e763ccd4b8), precommit_create {{(pid=90804) _notify_loop /opt/stack/data/venv/lib/python3.12/site-packages/neutron_lib/callbacks/manager.py:184}}
Aug 17 20:47:46.650466 np0000007589 devstack@neutron-api.service[90804]: DEBUG neutron.plugins.ml2.drivers.ovn.mech_driver.mech_driver [None req-275a5b0b-7f05-4226-b3e5-cb1935589be9 admin admin] Validating network segment with type geneve, segmentation ID 26608, physical network None {{(pid=90804) _validate_network_segments /opt/stack/neutron/neutron/plugins/ml2/drivers/ovn/mech_driver/mech_driver.py:624}}
Aug 17 20:47:46.650662 np0000007589 devstack@neutron-api.service[90804]: DEBUG neutron.db.ovn_revision_numbers_db [None req-275a5b0b-7f05-4226-b3e5-cb1935589be9 admin admin] create_initial_revision uuid=ef8a4d04-bc51-4e1c-a673-c1e763ccd4b8, type=networks, rev=-1 {{(pid=90804) create_initial_revision /opt/stack/neutron/neutron/db/ovn_revision_numbers_db.py:98}}
Aug 17 20:47:46.667119 np0000007589 devstack@neutron-api.service[90804]: DEBUG neutron_lib.callbacks.manager [None req-275a5b0b-7f05-4226-b3e5-cb1935589be9 admin admin] Publish callbacks ['neutron.plugins.ml2.ovo_rpc._ObjectChangeHandler.handle_event-16439038'] for network (ef8a4d04-bc51-4e1c-a673-c1e763ccd4b8), after_create {{(pid=90804) _notify_loop /opt/stack/data/venv/lib/python3.12/site-packages/neutron_lib/callbacks/manager.py:184}}
Aug 17 20:47:46.715240 np0000007589 devstack@neutron-api.service[90804]: DEBUG neutron.api.rpc.handlers.resources_rpc [None req-275a5b0b-7f05-4226-b3e5-cb1935589be9 admin admin] Pushing event updated for resources: {'Network': ['ID=ef8a4d04-bc51-4e1c-a673-c1e763ccd4b8,revision_number=1']} {{(pid=90804) push /opt/stack/neutron/neutron/api/rpc/handlers/resources_rpc.py:237}}
Aug 17 20:47:46.723140 np0000007589 devstack@neutron-api.service[90804]: DEBUG ovsdbapp.backend.ovs_idl.transaction [-] Running txn n=1 command(idx=0): AddNetworkCommand(_result=None, network_uuid=ef8a4d04-bc51-4e1c-a673-c1e763ccd4b8, may_exist=True, columns={'external_ids': {'neutron:network_name': 'private', 'neutron:mtu': '1372', 'neutron:revision_number': '1', 'neutron:availability_zone_hints': '', 'neutron:provnet-network-type': 'geneve'}, 'other_config': {'mcast_snoop': 'false', 'mcast_flood_unregistered': 'false', 'vlan-passthru': 'false'}}) {{(pid=90804) do_commit /opt/stack/data/venv/lib/python3.12/site-packages/ovsdbapp/backend/ovs_idl/transaction.py:89}}
Aug 17 20:47:46.723609 np0000007589 devstack@neutron-api.service[90804]: DEBUG neutron.common.ovn.utils [-] OVS persist_uuid supported=True {{(pid=90804) ovs_persist_uuid_supported /opt/stack/neutron/neutron/common/ovn/utils.py:1565}}
Aug 17 20:47:46.726821 np0000007589 devstack@neutron-api.service[90804]: DEBUG neutron.plugins.ml2.drivers.ovn.mech_driver.ovsdb.ovsdb_monitor [-] Hash Ring: Node ff74f3501e4053b5b7dba3cdf99eada5 (host: np0000007589) handling event "create" for row ef8a4d04-bc51-4e1c-a673-c1e763ccd4b8 (table: Logical_Switch) {{(pid=90804) notify /opt/stack/neutron/neutron/plugins/ml2/drivers/ovn/mech_driver/ovsdb/ovsdb_monitor.py:1099}}
Aug 17 20:47:46.727689 np0000007589 devstack@neutron-api.service[90805]: DEBUG neutron.plugins.ml2.drivers.ovn.mech_driver.ovsdb.ovsdb_monitor [-] Hash Ring: Node 15456b70cf105346aa93ddd279fc4402 (host: np0000007589) handling event "create" for row ef8a4d04-bc51-4e1c-a673-c1e763ccd4b8 (table: Logical_Switch) {{(pid=90805) notify /opt/stack/neutron/neutron/plugins/ml2/drivers/ovn/mech_driver/ovsdb/ovsdb_monitor.py:1099}}
Aug 17 20:47:46.730767 np0000007589 devstack@neutron-api.service[90805]: DEBUG neutron.plugins.ml2.drivers.ovn.mech_driver.ovsdb.ovsdb_monitor [-] Hash Ring: Node 15456b70cf105346aa93ddd279fc4402 (host: np0000007589) handling event "create" for row c8006b84-f39e-482f-8b48-1a1d7c6a300a (table: Datapath_Binding) {{(pid=90805) notify /opt/stack/neutron/neutron/plugins/ml2/drivers/ovn/mech_driver/ovsdb/ovsdb_monitor.py:1099}}
Aug 17 20:47:46.740443 np0000007589 devstack@neutron-api.service[90804]: DEBUG neutron.plugins.ml2.drivers.ovn.mech_driver.ovsdb.ovsdb_monitor [-] Hash Ring: Node ff74f3501e4053b5b7dba3cdf99eada5 (host: np0000007589) handling event "create" for row c8006b84-f39e-482f-8b48-1a1d7c6a300a (table: Datapath_Binding) {{(pid=90804) notify /opt/stack/neutron/neutron/plugins/ml2/drivers/ovn/mech_driver/ovsdb/ovsdb_monitor.py:1099}}
Aug 17 20:47:46.756439 np0000007589 devstack@neutron-api.service[90804]: INFO neutron.db.ovn_revision_numbers_db [None req-275a5b0b-7f05-4226-b3e5-cb1935589be9 admin admin] Successfully bumped revision number for resource ef8a4d04-bc51-4e1c-a673-c1e763ccd4b8 (type: networks) to 1
Aug 17 20:47:46.819003 np0000007589 devstack@neutron-api.service[90804]: DEBUG neutron_lib.callbacks.manager [None req-275a5b0b-7f05-4226-b3e5-cb1935589be9 admin admin] Publish callbacks ['neutron.plugins.ml2.plugin.SecurityGroupDbMixin._ensure_default_security_group_handler-2996705'] for port (None), before_create {{(pid=90804) _notify_loop /opt/stack/data/venv/lib/python3.12/site-packages/neutron_lib/callbacks/manager.py:184}}
Aug 17 20:47:47.106776 np0000007589 devstack@neutron-api.service[90804]: DEBUG neutron_lib.callbacks.manager [None req-275a5b0b-7f05-4226-b3e5-cb1935589be9 admin admin] Publish callbacks ['neutron.plugins.ml2.drivers.ovn.mech_driver.mech_driver.OVNMechanismDriver._validate_allowed_address_pairs-764508'] for allowed_address_pair (2d3c293f-097b-472d-a898-c193f54e7bce), before_create {{(pid=90804) _notify_loop /opt/stack/data/venv/lib/python3.12/site-packages/neutron_lib/callbacks/manager.py:184}}
Aug 17 20:47:47.107375 np0000007589 devstack@neutron-api.service[90804]: DEBUG neutron_lib.callbacks.manager [None req-275a5b0b-7f05-4226-b3e5-cb1935589be9 admin admin] Publish callbacks [] for port (2d3c293f-097b-472d-a898-c193f54e7bce), precommit_create {{(pid=90804) _notify_loop /opt/stack/data/venv/lib/python3.12/site-packages/neutron_lib/callbacks/manager.py:184}}
Aug 17 20:47:47.107583 np0000007589 devstack@neutron-api.service[90804]: DEBUG neutron.plugins.ml2.drivers.ovn.mech_driver.mech_driver [None req-275a5b0b-7f05-4226-b3e5-cb1935589be9 admin admin] No provisioning block for port 2d3c293f-097b-472d-a898-c193f54e7bce since it does not have a host {{(pid=90804) _is_port_provisioning_required /opt/stack/neutron/neutron/plugins/ml2/drivers/ovn/mech_driver/mech_driver.py:877}}
Aug 17 20:47:47.107710 np0000007589 devstack@neutron-api.service[90804]: DEBUG neutron.db.ovn_revision_numbers_db [None req-275a5b0b-7f05-4226-b3e5-cb1935589be9 admin admin] create_initial_revision uuid=2d3c293f-097b-472d-a898-c193f54e7bce, type=ports, rev=-1 {{(pid=90804) create_initial_revision /opt/stack/neutron/neutron/db/ovn_revision_numbers_db.py:98}}
Aug 17 20:47:47.159741 np0000007589 devstack@neutron-api.service[90804]: DEBUG neutron_lib.callbacks.manager [None req-275a5b0b-7f05-4226-b3e5-cb1935589be9 admin admin] Publish callbacks ['neutron.plugins.ml2.ovo_rpc._ObjectChangeHandler.handle_event-16439053'] for port (2d3c293f-097b-472d-a898-c193f54e7bce), after_create {{(pid=90804) _notify_loop /opt/stack/data/venv/lib/python3.12/site-packages/neutron_lib/callbacks/manager.py:184}}
Aug 17 20:47:47.217413 np0000007589 devstack@neutron-api.service[90804]: DEBUG neutron.api.rpc.handlers.resources_rpc [None req-275a5b0b-7f05-4226-b3e5-cb1935589be9 admin admin] Pushing event updated for resources: {'Port': ['ID=2d3c293f-097b-472d-a898-c193f54e7bce,revision_number=1']} {{(pid=90804) push /opt/stack/neutron/neutron/api/rpc/handlers/resources_rpc.py:237}}
Aug 17 20:47:47.259941 np0000007589 devstack@neutron-api.service[90804]: DEBUG neutron.plugins.ml2.drivers.ovn.mech_driver.ovsdb.commands [None req-275a5b0b-7f05-4226-b3e5-cb1935589be9 admin admin] Converting tag [] to a tag_request {{(pid=90804) _tag_column_to_tag_request /opt/stack/neutron/neutron/plugins/ml2/drivers/ovn/mech_driver/ovsdb/commands.py:227}}
Aug 17 20:47:47.260797 np0000007589 devstack@neutron-api.service[90804]: DEBUG ovsdbapp.backend.ovs_idl.transaction [-] Running txn n=1 command(idx=0): AddLSwitchPortCommand(_result=None, lport=2d3c293f-097b-472d-a898-c193f54e7bce, lswitch=neutron-ef8a4d04-bc51-4e1c-a673-c1e763ccd4b8, may_exist=True, network_uuid=ef8a4d04-bc51-4e1c-a673-c1e763ccd4b8, columns={'addresses': ['fa:16:3e:f3:85:f6'], 'external_ids': {'neutron:port_name': '', 'neutron:device_id': 'ovnmeta-ef8a4d04-bc51-4e1c-a673-c1e763ccd4b8', 'neutron:project_id': '6434e89abec34328b6d241dc0cd9bdc5', 'neutron:cidrs': '', 'neutron:device_owner': 'network:distributed', 'neutron:subnet_pool_addr_scope4': '', 'neutron:subnet_pool_addr_scope6': '', 'neutron:network_name': 'neutron-ef8a4d04-bc51-4e1c-a673-c1e763ccd4b8', 'neutron:security_group_ids': '', 'neutron:revision_number': '1', 'neutron:vnic_type': 'normal', 'neutron:port_capabilities': '', 'neutron:mtu': '1372'}, 'parent_name': [], 'enabled': True, 'options': {}, 'type': 'localport', 'port_security': [], 'dhcpv4_options': [], 'dhcpv6_options': [], 'tag_request': []}) {{(pid=90804) do_commit /opt/stack/data/venv/lib/python3.12/site-packages/ovsdbapp/backend/ovs_idl/transaction.py:89}}
Aug 17 20:47:47.261327 np0000007589 devstack@neutron-api.service[90804]: DEBUG ovsdbapp.backend.ovs_idl.transaction [-] Running txn n=1 command(idx=1): QoSDelCommand(_result=None, switch=neutron-ef8a4d04-bc51-4e1c-a673-c1e763ccd4b8, conditions=[('direction', '=', 'to-lport'), ('priority', '=', 2002), ('match', '=', 'outport == "2d3c293f-097b-472d-a898-c193f54e7bce"')], if_exists=True) {{(pid=90804) do_commit /opt/stack/data/venv/lib/python3.12/site-packages/ovsdbapp/backend/ovs_idl/transaction.py:89}}
Aug 17 20:47:47.261526 np0000007589 devstack@neutron-api.service[90804]: DEBUG ovsdbapp.backend.ovs_idl.transaction [-] Running txn n=1 command(idx=2): QoSDelCommand(_result=None, switch=neutron-ef8a4d04-bc51-4e1c-a673-c1e763ccd4b8, conditions=[('direction', '=', 'from-lport'), ('priority', '=', 2002), ('match', '=', 'inport == "2d3c293f-097b-472d-a898-c193f54e7bce"')], if_exists=True) {{(pid=90804) do_commit /opt/stack/data/venv/lib/python3.12/site-packages/ovsdbapp/backend/ovs_idl/transaction.py:89}}
Aug 17 20:47:47.265680 np0000007589 devstack@neutron-api.service[90804]: DEBUG neutron.plugins.ml2.drivers.ovn.mech_driver.ovsdb.ovsdb_monitor [-] Hash Ring: Node ff74f3501e4053b5b7dba3cdf99eada5 (host: np0000007589) handling event "update" for row ef8a4d04-bc51-4e1c-a673-c1e763ccd4b8 (table: Logical_Switch) {{(pid=90804) notify /opt/stack/neutron/neutron/plugins/ml2/drivers/ovn/mech_driver/ovsdb/ovsdb_monitor.py:1099}}
Aug 17 20:47:47.266344 np0000007589 devstack@neutron-api.service[90805]: DEBUG neutron.plugins.ml2.drivers.ovn.mech_driver.ovsdb.ovsdb_monitor [-] Hash Ring: Node 15456b70cf105346aa93ddd279fc4402 (host: np0000007589) handling event "update" for row ef8a4d04-bc51-4e1c-a673-c1e763ccd4b8 (table: Logical_Switch) {{(pid=90805) notify /opt/stack/neutron/neutron/plugins/ml2/drivers/ovn/mech_driver/ovsdb/ovsdb_monitor.py:1099}}
Aug 17 20:47:47.266523 np0000007589 devstack@neutron-api.service[90805]: DEBUG neutron.plugins.ml2.drivers.ovn.mech_driver.ovsdb.ovsdb_monitor [-] Hash Ring: Node 15456b70cf105346aa93ddd279fc4402 (host: np0000007589) handling event "create" for row b4806e47-d9bf-4d7a-88ac-df5068751ab9 (table: Logical_Switch_Port) {{(pid=90805) notify /opt/stack/neutron/neutron/plugins/ml2/drivers/ovn/mech_driver/ovsdb/ovsdb_monitor.py:1099}}
Aug 17 20:47:47.268028 np0000007589 devstack@neutron-api.service[90805]: DEBUG ovsdbapp.backend.ovs_idl.event [-] Matched CREATE: LogicalSwitchPortCreateEvent(events=('create',), table='Logical_Switch_Port', conditions=[], old_conditions=None), priority=20 to row=Logical_Switch_Port(uuid=b4806e47-d9bf-4d7a-88ac-df5068751ab9, addresses=['fa:16:3e:f3:85:f6'], dhcpv4_options=[], dhcpv6_options=[], dynamic_addresses=[], enabled=True, external_ids={'neutron:cidrs': '', 'neutron:device_id': 'ovnmeta-ef8a4d04-bc51-4e1c-a673-c1e763ccd4b8', 'neutron:device_owner': 'network:distributed', 'neutron:mtu': '1372', 'neutron:network_name': 'neutron-ef8a4d04-bc51-4e1c-a673-c1e763ccd4b8', 'neutron:port_capabilities': '', 'neutron:port_name': '', 'neutron:project_id': '6434e89abec34328b6d241dc0cd9bdc5', 'neutron:revision_number': '1', 'neutron:security_group_ids': '', 'neutron:subnet_pool_addr_scope4': '', 'neutron:subnet_pool_addr_scope6': '', 'neutron:vnic_type': 'normal'}, ha_chassis_group=[], mirror_rules=[], name='2d3c293f-097b-472d-a898-c193f54e7bce', options={}, parent_name=[], port_security=[], tag=[], tag_request=[], type='localport', up=[]) old= {{(pid=90805) matches /opt/stack/data/venv/lib/python3.12/site-packages/ovsdbapp/backend/ovs_idl/event.py:55}}
Aug 17 20:47:47.268466 np0000007589 devstack@neutron-api.service[90804]: DEBUG neutron.plugins.ml2.drivers.ovn.mech_driver.ovsdb.ovsdb_monitor [-] Hash Ring: Node ff74f3501e4053b5b7dba3cdf99eada5 (host: np0000007589) handling event "create" for row 0e167ca3-63f2-44e1-9a5b-a19e02de3790 (table: Port_Binding) {{(pid=90804) notify /opt/stack/neutron/neutron/plugins/ml2/drivers/ovn/mech_driver/ovsdb/ovsdb_monitor.py:1099}}
Aug 17 20:47:47.268748 np0000007589 devstack@neutron-api.service[90803]: DEBUG neutron.plugins.ml2.drivers.ovn.mech_driver.ovsdb.ovsdb_monitor [-] Hash Ring: Node 8c8954e89e945b1f808674fb521cf4ef (host: np0000007589) handling event "create" for row b4806e47-d9bf-4d7a-88ac-df5068751ab9 (table: Logical_Switch_Port) {{(pid=90803) notify /opt/stack/neutron/neutron/plugins/ml2/drivers/ovn/mech_driver/ovsdb/ovsdb_monitor.py:1099}}
Aug 17 20:47:47.269209 np0000007589 devstack@neutron-api.service[90805]: DEBUG neutron.plugins.ml2.drivers.ovn.mech_driver.ovsdb.ovsdb_monitor [-] Hash Ring: Node 15456b70cf105346aa93ddd279fc4402 (host: np0000007589) handling event "create" for row 0e167ca3-63f2-44e1-9a5b-a19e02de3790 (table: Port_Binding) {{(pid=90805) notify /opt/stack/neutron/neutron/plugins/ml2/drivers/ovn/mech_driver/ovsdb/ovsdb_monitor.py:1099}}
Aug 17 20:47:47.269543 np0000007589 devstack@neutron-api.service[90805]: INFO neutron.plugins.ml2.drivers.ovn.mech_driver.mech_driver [-] OVN reports status down for port: 2d3c293f-097b-472d-a898-c193f54e7bce
Aug 17 20:47:47.269906 np0000007589 devstack@neutron-api.service[90805]: DEBUG neutron.plugins.ml2.drivers.ovn.mech_driver.ovsdb.ovsdb_monitor [-] Hash Ring: Node 15456b70cf105346aa93ddd279fc4402 (host: np0000007589) handling event "update" for row b4806e47-d9bf-4d7a-88ac-df5068751ab9 (table: Logical_Switch_Port) {{(pid=90805) notify /opt/stack/neutron/neutron/plugins/ml2/drivers/ovn/mech_driver/ovsdb/ovsdb_monitor.py:1099}}
Aug 17 20:47:47.270222 np0000007589 devstack@neutron-api.service[90803]: DEBUG ovsdbapp.backend.ovs_idl.event [-] Matched CREATE: LogicalSwitchPortCreateEvent(events=('create',), table='Logical_Switch_Port', conditions=[], old_conditions=None), priority=20 to row=Logical_Switch_Port(uuid=b4806e47-d9bf-4d7a-88ac-df5068751ab9, addresses=['fa:16:3e:f3:85:f6'], dhcpv4_options=[], dhcpv6_options=[], dynamic_addresses=[], enabled=True, external_ids={'neutron:cidrs': '', 'neutron:device_id': 'ovnmeta-ef8a4d04-bc51-4e1c-a673-c1e763ccd4b8', 'neutron:device_owner': 'network:distributed', 'neutron:mtu': '1372', 'neutron:network_name': 'neutron-ef8a4d04-bc51-4e1c-a673-c1e763ccd4b8', 'neutron:port_capabilities': '', 'neutron:port_name': '', 'neutron:project_id': '6434e89abec34328b6d241dc0cd9bdc5', 'neutron:revision_number': '1', 'neutron:security_group_ids': '', 'neutron:subnet_pool_addr_scope4': '', 'neutron:subnet_pool_addr_scope6': '', 'neutron:vnic_type': 'normal'}, ha_chassis_group=[], mirror_rules=[], name='2d3c293f-097b-472d-a898-c193f54e7bce', options={}, parent_name=[], port_security=[], tag=[], tag_request=[], type='localport', up=[]) old= {{(pid=90803) matches /opt/stack/data/venv/lib/python3.12/site-packages/ovsdbapp/backend/ovs_idl/event.py:55}}
Aug 17 20:47:47.270847 np0000007589 devstack@neutron-api.service[90803]: INFO neutron.plugins.ml2.drivers.ovn.mech_driver.mech_driver [-] OVN reports status down for port: 2d3c293f-097b-472d-a898-c193f54e7bce
Aug 17 20:47:47.271441 np0000007589 devstack@neutron-api.service[90803]: DEBUG neutron.plugins.ml2.drivers.ovn.mech_driver.ovsdb.ovsdb_monitor [-] Hash Ring: Node 8c8954e89e945b1f808674fb521cf4ef (host: np0000007589) handling event "update" for row b4806e47-d9bf-4d7a-88ac-df5068751ab9 (table: Logical_Switch_Port) {{(pid=90803) notify /opt/stack/neutron/neutron/plugins/ml2/drivers/ovn/mech_driver/ovsdb/ovsdb_monitor.py:1099}}
Aug 17 20:47:47.314721 np0000007589 devstack@neutron-api.service[90804]: INFO neutron.db.ovn_revision_numbers_db [None req-275a5b0b-7f05-4226-b3e5-cb1935589be9 admin admin] Successfully bumped revision number for resource 2d3c293f-097b-472d-a898-c193f54e7bce (type: ports) to 1
Aug 17 20:47:47.323715 np0000007589 devstack@neutron-api.service[90804]: DEBUG neutron.pecan_wsgi.hooks.policy_enforcement [None req-275a5b0b-7f05-4226-b3e5-cb1935589be9 admin admin] Attributes excluded by policy engine: ['standard_attr_id'] {{(pid=90804) _exclude_attributes_by_policy /opt/stack/neutron/neutron/pecan_wsgi/hooks/policy_enforcement.py:259}}
Aug 17 20:47:47.324105 np0000007589 devstack@neutron-api.service[90804]: DEBUG neutron_lib.callbacks.manager [None req-275a5b0b-7f05-4226-b3e5-cb1935589be9 admin admin] Publish callbacks [] for network (None), before_response {{(pid=90804) _notify_loop /opt/stack/data/venv/lib/python3.12/site-packages/neutron_lib/callbacks/manager.py:184}}
