Aug 17 20:47:39.547800 np0000007589 devstack@neutron-api.service[90806]: DEBUG neutron.api.extensions [None req-df8884a9-693e-499e-9c1e-e5c43af865ac None None] Ext name="Pagination support" alias="pagination" description="Extension that indicates that pagination is enabled." updated="2016-06-12T00:00:00-00:00" {{(pid=90806) _check_extension /opt/stack/neutron/neutron/api/extensions.py:415}}
Aug 17 20:47:39.547865 np0000007589 devstack@neutron-api.service[90804]: DEBUG neutron_lib.callbacks.manager [None req-4da0b31d-08b8-4125-8a2c-a903dbac8adc None None] Subscribe: > address_group after_update 55550000, False {{(pid=90804) subscribe /opt/stack/data/venv/lib/python3.12/site-packages/neutron_lib/callbacks/manager.py:52}}
Aug 17 20:47:39.547901 np0000007589 devstack@neutron-api.service[90803]: INFO neutron.api.extensions [None req-62f39beb-50bc-4c3c-8e05-58cda40fccae None None] Extension l2_adjacency not supported by any of loaded plugins
Aug 17 20:47:39.547982 np0000007589 devstack@neutron-api.service[90806]: INFO neutron.api.extensions [None req-df8884a9-693e-499e-9c1e-e5c43af865ac None None] Loaded extension: pagination
Aug 17 20:47:39.548034 np0000007589 devstack@neutron-api.service[90803]: DEBUG neutron.api.extensions [None req-62f39beb-50bc-4c3c-8e05-58cda40fccae None None] Loading extension file: l3.py {{(pid=90803) _load_all_extensions_from_path /opt/stack/neutron/neutron/api/extensions.py:449}}
Aug 17 20:47:39.548105 np0000007589 devstack@neutron-api.service[90804]: DEBUG neutron_lib.callbacks.manager [None req-4da0b31d-08b8-4125-8a2c-a903dbac8adc None None] Subscribe: > address_group after_delete 55550000, False {{(pid=90804) subscribe /opt/stack/data/venv/lib/python3.12/site-packages/neutron_lib/callbacks/manager.py:52}}
Aug 17 20:47:39.548180 np0000007589 devstack@neutron-api.service[90806]: DEBUG neutron.api.extensions [None req-df8884a9-693e-499e-9c1e-e5c43af865ac None None] Loading extension file: port_device_profile.py {{(pid=90806) _load_all_extensions_from_path /opt/stack/neutron/neutron/api/extensions.py:449}}
Aug 17 20:47:39.548215 np0000007589 devstack@neutron-api.service[90804]: DEBUG neutron.plugins.ml2.ovo_rpc [None req-4da0b31d-08b8-4125-8a2c-a903dbac8adc None None] ML2 OVO RPC backend initialized. {{(pid=90804) __init__ /opt/stack/neutron/neutron/plugins/ml2/ovo_rpc.py:117}}
Aug 17 20:47:39.548394 np0000007589 devstack@neutron-api.service[90806]: DEBUG neutron.api.extensions [None req-df8884a9-693e-499e-9c1e-e5c43af865ac None None] Ext name="Port device profile" alias="port-device-profile" description="Expose the port device profile (Cyborg)" updated="2020-12-17T10:00:00-00:00" {{(pid=90806) _check_extension /opt/stack/neutron/neutron/api/extensions.py:415}}
Aug 17 20:47:39.548649 np0000007589 devstack@neutron-api.service[90803]: DEBUG neutron.api.extensions [None req-62f39beb-50bc-4c3c-8e05-58cda40fccae None None] Ext name="Neutron L3 Router" alias="router" description="Router abstraction for basic L3 forwarding between L2 Neutron networks and access to external networks via a NAT gateway." updated="2012-07-20T10:00:00-00:00" {{(pid=90803) _check_extension /opt/stack/neutron/neutron/api/extensions.py:415}}
Aug 17 20:47:39.548688 np0000007589 devstack@neutron-api.service[90806]: INFO neutron.api.extensions [None req-df8884a9-693e-499e-9c1e-e5c43af865ac None None] Loaded extension: port-device-profile
Aug 17 20:47:39.548802 np0000007589 devstack@neutron-api.service[90806]: DEBUG neutron.api.extensions [None req-df8884a9-693e-499e-9c1e-e5c43af865ac None None] Loading extension file: port_hardware_offload_type.py {{(pid=90806) _load_all_extensions_from_path /opt/stack/neutron/neutron/api/extensions.py:449}}
Aug 17 20:47:39.548902 np0000007589 devstack@neutron-api.service[90803]: INFO neutron.api.extensions [None req-62f39beb-50bc-4c3c-8e05-58cda40fccae None None] Loaded extension: router
Aug 17 20:47:39.548948 np0000007589 devstack@neutron-api.service[90803]: DEBUG neutron.api.extensions [None req-62f39beb-50bc-4c3c-8e05-58cda40fccae None None] Loading extension file: l3_agent_scheduler_ha_chassis_priority.py {{(pid=90803) _load_all_extensions_from_path /opt/stack/neutron/neutron/api/extensions.py:449}}
Aug 17 20:47:39.549132 np0000007589 devstack@neutron-api.service[90806]: DEBUG neutron.api.extensions [None req-df8884a9-693e-499e-9c1e-e5c43af865ac None None] Ext name="Port hardware offload" alias="port-hardware-offload-type" description="Expose port hardware offload extension" updated="2023-05-09T10:00:00-00:00" {{(pid=90806) _check_extension /opt/stack/neutron/neutron/api/extensions.py:415}}
Aug 17 20:47:39.549200 np0000007589 devstack@neutron-api.service[90803]: DEBUG neutron.api.extensions [None req-62f39beb-50bc-4c3c-8e05-58cda40fccae None None] Ext name="L3 Agent Scheduler HA Chassis Priority" alias="l3-agent-scheduler-ha-chassis-priority" description="Exposes the HA_Chassis priority in the L3 Agent Scheduler API responses and allows setting priority when scheduling a router to a chassis." updated="2026-03-31T00:00:00-00:00" {{(pid=90803) _check_extension /opt/stack/neutron/neutron/api/extensions.py:415}}
Aug 17 20:47:39.549377 np0000007589 devstack@neutron-api.service[90803]: INFO neutron.api.extensions [None req-62f39beb-50bc-4c3c-8e05-58cda40fccae None None] Loaded extension: l3-agent-scheduler-ha-chassis-priority
Aug 17 20:47:39.549418 np0000007589 devstack@neutron-api.service[90806]: INFO neutron.api.extensions [None req-df8884a9-693e-499e-9c1e-e5c43af865ac None None] Extension port-hardware-offload-type not supported by any of loaded plugins
Aug 17 20:47:39.549453 np0000007589 devstack@neutron-api.service[90803]: DEBUG neutron.api.extensions [None req-62f39beb-50bc-4c3c-8e05-58cda40fccae None None] Loading extension file: l3_conntrack_helper.py {{(pid=90803) _load_all_extensions_from_path /opt/stack/neutron/neutron/api/extensions.py:449}}
Aug 17 20:47:39.549529 np0000007589 devstack@neutron-api.service[90806]: DEBUG neutron.api.extensions [None req-df8884a9-693e-499e-9c1e-e5c43af865ac None None] Loading extension file: port_hint_ovs_tx_steering.py {{(pid=90806) _load_all_extensions_from_path /opt/stack/neutron/neutron/api/extensions.py:449}}
Aug 17 20:47:39.549667 np0000007589 devstack@neutron-api.service[90804]: INFO neutron.quota [None req-4da0b31d-08b8-4125-8a2c-a903dbac8adc None None] Loaded quota_driver: .
Aug 17 20:47:39.549874 np0000007589 devstack@neutron-api.service[90806]: DEBUG neutron.api.extensions [None req-df8884a9-693e-499e-9c1e-e5c43af865ac None None] Ext name="Port hint: Open vSwitch Tx steering" alias="port-hint-ovs-tx-steering" description="Enable Port hint: Open vSwitch Tx steering" updated="2023-01-01T00:00:00-00:00" {{(pid=90806) _check_extension /opt/stack/neutron/neutron/api/extensions.py:415}}
Aug 17 20:47:39.549912 np0000007589 devstack@neutron-api.service[90804]: INFO neutron.plugins.ml2.plugin [None req-4da0b31d-08b8-4125-8a2c-a903dbac8adc None None] Modular L2 Plugin initialization complete
Aug 17 20:47:39.550121 np0000007589 devstack@neutron-api.service[90804]: DEBUG neutron.manager [None req-4da0b31d-08b8-4125-8a2c-a903dbac8adc None None] Loading services supported by the core plugin {{(pid=90804) _load_services_from_core_plugin /opt/stack/neutron/neutron/manager.py:167}}
Aug 17 20:47:39.550163 np0000007589 devstack@neutron-api.service[90806]: INFO neutron.api.extensions [None req-df8884a9-693e-499e-9c1e-e5c43af865ac None None] Extension port-hint-ovs-tx-steering not supported by any of loaded plugins
Aug 17 20:47:39.550194 np0000007589 devstack@neutron-api.service[90803]: DEBUG neutron.api.extensions [None req-62f39beb-50bc-4c3c-8e05-58cda40fccae None None] Ext name="L3 Conntrack helper" alias="l3-conntrack-helper" description="Allow adding CT target rules for conntrack helper" updated="2019-04-04T10:00:00-00:00" {{(pid=90803) _check_extension /opt/stack/neutron/neutron/api/extensions.py:415}}
Aug 17 20:47:39.550264 np0000007589 devstack@neutron-api.service[90806]: DEBUG neutron.api.extensions [None req-df8884a9-693e-499e-9c1e-e5c43af865ac None None] Loading extension file: port_hints.py {{(pid=90806) _load_all_extensions_from_path /opt/stack/neutron/neutron/api/extensions.py:449}}
Aug 17 20:47:39.550298 np0000007589 devstack@neutron-api.service[90804]: INFO neutron.plugins.ml2.managers [None req-4da0b31d-08b8-4125-8a2c-a903dbac8adc None None] Got port-security extension from driver 'port_security'
Aug 17 20:47:39.550447 np0000007589 devstack@neutron-api.service[90803]: INFO neutron.api.extensions [None req-62f39beb-50bc-4c3c-8e05-58cda40fccae None None] Extension l3-conntrack-helper not supported by any of loaded plugins
Aug 17 20:47:39.550523 np0000007589 devstack@neutron-api.service[90806]: DEBUG neutron.api.extensions [None req-df8884a9-693e-499e-9c1e-e5c43af865ac None None] Ext name="Port hints" alias="port-hints" description="Backend specific port hints to allow backend specific tuning" updated="2023-01-01T00:00:00-00:00" {{(pid=90806) _check_extension /opt/stack/neutron/neutron/api/extensions.py:415}}
Aug 17 20:47:39.550617 np0000007589 devstack@neutron-api.service[90803]: DEBUG neutron.api.extensions [None req-62f39beb-50bc-4c3c-8e05-58cda40fccae None None] Loading extension file: l3_enable_default_route_bfd.py {{(pid=90803) _load_all_extensions_from_path /opt/stack/neutron/neutron/api/extensions.py:449}}
Aug 17 20:47:39.550701 np0000007589 devstack@neutron-api.service[90804]: DEBUG neutron.manager [None req-4da0b31d-08b8-4125-8a2c-a903dbac8adc None None] Loading service plugins: ['ovn-router', 'auto_allocate', 'tag', 'timestamp', 'network_ip_availability', 'flavors', 'revisions'] {{(pid=90804) _load_service_plugins /opt/stack/neutron/neutron/manager.py:192}}
Aug 17 20:47:39.550823 np0000007589 devstack@neutron-api.service[90806]: INFO neutron.api.extensions [None req-df8884a9-693e-499e-9c1e-e5c43af865ac None None] Extension port-hints not supported by any of loaded plugins
Aug 17 20:47:39.550870 np0000007589 devstack@neutron-api.service[90803]: DEBUG neutron.api.extensions [None req-62f39beb-50bc-4c3c-8e05-58cda40fccae None None] Ext name="Enable Default Route BFD" alias="enable-default-route-bfd" description="Enables configurable BFD behavior for default routes" updated="2023-02-27T00:00:00-00:00" {{(pid=90803) _check_extension /opt/stack/neutron/neutron/api/extensions.py:415}}
Aug 17 20:47:39.550912 np0000007589 devstack@neutron-api.service[90804]: INFO neutron.manager [None req-4da0b31d-08b8-4125-8a2c-a903dbac8adc None None] Loading Plugin: ovn-router
Aug 17 20:47:39.550991 np0000007589 devstack@neutron-api.service[90806]: DEBUG neutron.api.extensions [None req-df8884a9-693e-499e-9c1e-e5c43af865ac None None] Loading extension file: port_mac_address_override.py {{(pid=90806) _load_all_extensions_from_path /opt/stack/neutron/neutron/api/extensions.py:449}}
Aug 17 20:47:39.551026 np0000007589 devstack@neutron-api.service[90803]: INFO neutron.api.extensions [None req-62f39beb-50bc-4c3c-8e05-58cda40fccae None None] Loaded extension: enable-default-route-bfd
Aug 17 20:47:39.551095 np0000007589 devstack@neutron-api.service[90803]: DEBUG neutron.api.extensions [None req-62f39beb-50bc-4c3c-8e05-58cda40fccae None None] Loading extension file: l3_enable_default_route_ecmp.py {{(pid=90803) _load_all_extensions_from_path /opt/stack/neutron/neutron/api/extensions.py:449}}
Aug 17 20:47:39.551246 np0000007589 devstack@neutron-api.service[90806]: DEBUG neutron.api.extensions [None req-df8884a9-693e-499e-9c1e-e5c43af865ac None None] Ext name="Neutron Port MAC address override" alias="port-mac-override" description="Allow overriding the MAC address of a direct-physical Port via the active binding profile" updated="2022-03-18T10:00:00-00:00" {{(pid=90806) _check_extension /opt/stack/neutron/neutron/api/extensions.py:415}}
Aug 17 20:47:39.551336 np0000007589 devstack@neutron-api.service[90803]: DEBUG neutron.api.extensions [None req-62f39beb-50bc-4c3c-8e05-58cda40fccae None None] Ext name="Enable Default Route ECMP" alias="enable-default-route-ecmp" description="Enables configurable ECMP behavior for default routes" updated="2023-02-27T00:00:00-00:00" {{(pid=90803) _check_extension /opt/stack/neutron/neutron/api/extensions.py:415}}
Aug 17 20:47:39.551441 np0000007589 devstack@neutron-api.service[90803]: INFO neutron.api.extensions [None req-62f39beb-50bc-4c3c-8e05-58cda40fccae None None] Loaded extension: enable-default-route-ecmp
Aug 17 20:47:39.551480 np0000007589 devstack@neutron-api.service[90806]: INFO neutron.api.extensions [None req-df8884a9-693e-499e-9c1e-e5c43af865ac None None] Extension port-mac-override not supported by any of loaded plugins
Aug 17 20:47:39.551545 np0000007589 devstack@neutron-api.service[90803]: DEBUG neutron.api.extensions [None req-62f39beb-50bc-4c3c-8e05-58cda40fccae None None] Loading extension file: l3_ext_gw_mode.py {{(pid=90803) _load_all_extensions_from_path /opt/stack/neutron/neutron/api/extensions.py:449}}
Aug 17 20:47:39.551649 np0000007589 devstack@neutron-api.service[90806]: DEBUG neutron.api.extensions [None req-df8884a9-693e-499e-9c1e-e5c43af865ac None None] Loading extension file: port_mac_address_regenerate.py {{(pid=90806) _load_all_extensions_from_path /opt/stack/neutron/neutron/api/extensions.py:449}}
Aug 17 20:47:39.551805 np0000007589 devstack@neutron-api.service[90803]: DEBUG neutron.api.extensions [None req-62f39beb-50bc-4c3c-8e05-58cda40fccae None None] Ext name="Neutron L3 Configurable external gateway mode" alias="ext-gw-mode" description="Extension of the router abstraction for specifying whether SNAT should occur on the external gateway" updated="2013-03-28T10:00:00-00:00" {{(pid=90803) _check_extension /opt/stack/neutron/neutron/api/extensions.py:415}}
Aug 17 20:47:39.552020 np0000007589 devstack@neutron-api.service[90806]: DEBUG neutron.api.extensions [None req-df8884a9-693e-499e-9c1e-e5c43af865ac None None] Ext name="Neutron Port MAC address regenerate" alias="port-mac-address-regenerate" description="Network port MAC address regenerate" updated="2018-05-03T10:00:00-00:00" {{(pid=90806) _check_extension /opt/stack/neutron/neutron/api/extensions.py:415}}
Aug 17 20:47:39.552059 np0000007589 devstack@neutron-api.service[90803]: INFO neutron.api.extensions [None req-62f39beb-50bc-4c3c-8e05-58cda40fccae None None] Loaded extension: ext-gw-mode
Aug 17 20:47:39.552150 np0000007589 devstack@neutron-api.service[90803]: DEBUG neutron.api.extensions [None req-62f39beb-50bc-4c3c-8e05-58cda40fccae None None] Loading extension file: l3_ext_ha_mode.py {{(pid=90803) _load_all_extensions_from_path /opt/stack/neutron/neutron/api/extensions.py:449}}
Aug 17 20:47:39.552230 np0000007589 devstack@neutron-api.service[90806]: INFO neutron.api.extensions [None req-df8884a9-693e-499e-9c1e-e5c43af865ac None None] Loaded extension: port-mac-address-regenerate
Aug 17 20:47:39.552397 np0000007589 devstack@neutron-api.service[90806]: DEBUG neutron.api.extensions [None req-df8884a9-693e-499e-9c1e-e5c43af865ac None None] Loading extension file: port_numa_affinity_policy.py {{(pid=90806) _load_all_extensions_from_path /opt/stack/neutron/neutron/api/extensions.py:449}}
Aug 17 20:47:39.552429 np0000007589 devstack@neutron-api.service[90803]: DEBUG neutron.api.extensions [None req-62f39beb-50bc-4c3c-8e05-58cda40fccae None None] Ext name="HA Router extension" alias="l3-ha" description="Adds HA capability to routers." updated="2014-04-26T00:00:00-00:00" {{(pid=90803) _check_extension /opt/stack/neutron/neutron/api/extensions.py:415}}
Aug 17 20:47:39.552642 np0000007589 devstack@neutron-api.service[90803]: INFO neutron.api.extensions [None req-62f39beb-50bc-4c3c-8e05-58cda40fccae None None] Loaded extension: l3-ha
Aug 17 20:47:39.552730 np0000007589 devstack@neutron-api.service[90806]: DEBUG neutron.api.extensions [None req-df8884a9-693e-499e-9c1e-e5c43af865ac None None] Ext name="Port NUMA affinity policy" alias="port-numa-affinity-policy" description="Expose the port NUMA affinity policy" updated="2020-07-08T10:00:00-00:00" {{(pid=90806) _check_extension /opt/stack/neutron/neutron/api/extensions.py:415}}
Aug 17 20:47:39.552767 np0000007589 devstack@neutron-api.service[90803]: DEBUG neutron.api.extensions [None req-62f39beb-50bc-4c3c-8e05-58cda40fccae None None] Loading extension file: l3_ext_ndp_proxy.py {{(pid=90803) _load_all_extensions_from_path /opt/stack/neutron/neutron/api/extensions.py:449}}
Aug 17 20:47:39.552946 np0000007589 devstack@neutron-api.service[90806]: INFO neutron.api.extensions [None req-df8884a9-693e-499e-9c1e-e5c43af865ac None None] Loaded extension: port-numa-affinity-policy
Aug 17 20:47:39.552991 np0000007589 devstack@neutron-api.service[90803]: DEBUG neutron.api.extensions [None req-62f39beb-50bc-4c3c-8e05-58cda40fccae None None] Ext name="Router support to enable NDP proxy" alias="l3-ext-ndp-proxy" description="Router extension to enable ndp proxy" updated="2020-08-25T00:00:00-00:00" {{(pid=90803) _check_extension /opt/stack/neutron/neutron/api/extensions.py:415}}
Aug 17 20:47:39.553073 np0000007589 devstack@neutron-api.service[90806]: DEBUG neutron.api.extensions [None req-df8884a9-693e-499e-9c1e-e5c43af865ac None None] Loading extension file: port_numa_affinity_policy_socket.py {{(pid=90806) _load_all_extensions_from_path /opt/stack/neutron/neutron/api/extensions.py:449}}
Aug 17 20:47:39.553144 np0000007589 devstack@neutron-api.service[90803]: INFO neutron.api.extensions [None req-62f39beb-50bc-4c3c-8e05-58cda40fccae None None] Extension l3-ext-ndp-proxy not supported by any of loaded plugins
Aug 17 20:47:39.553242 np0000007589 devstack@neutron-api.service[90803]: DEBUG neutron.api.extensions [None req-62f39beb-50bc-4c3c-8e05-58cda40fccae None None] Loading extension file: l3_extra_gws.py {{(pid=90803) _load_all_extensions_from_path /opt/stack/neutron/neutron/api/extensions.py:449}}
Aug 17 20:47:39.553398 np0000007589 devstack@neutron-api.service[90806]: DEBUG neutron.api.extensions [None req-df8884a9-693e-499e-9c1e-e5c43af865ac None None] Ext name="Port NUMA affinity policy "socket"" alias="port-numa-affinity-policy-socket" description="Adds "socket" to the supported port NUMA affinity policies" updated="2024-02-09T10:00:00-00:00" {{(pid=90806) _check_extension /opt/stack/neutron/neutron/api/extensions.py:415}}
Aug 17 20:47:39.553485 np0000007589 devstack@neutron-api.service[90803]: DEBUG neutron.api.extensions [None req-62f39beb-50bc-4c3c-8e05-58cda40fccae None None] Ext name="Neutron L3 External Gateway Multihoming" alias="external-gateway-multihoming" description="Allow multiple external gateway ports per router" updated="2023-01-18T00:00:00-00:00" {{(pid=90803) _check_extension /opt/stack/neutron/neutron/api/extensions.py:415}}
Aug 17 20:47:39.553655 np0000007589 devstack@neutron-api.service[90806]: INFO neutron.api.extensions [None req-df8884a9-693e-499e-9c1e-e5c43af865ac None None] Loaded extension: port-numa-affinity-policy-socket
Aug 17 20:47:39.553705 np0000007589 devstack@neutron-api.service[90803]: INFO neutron.api.extensions [None req-62f39beb-50bc-4c3c-8e05-58cda40fccae None None] Loaded extension: external-gateway-multihoming
Aug 17 20:47:39.553767 np0000007589 devstack@neutron-api.service[90803]: DEBUG neutron.api.extensions [None req-62f39beb-50bc-4c3c-8e05-58cda40fccae None None] Loading extension file: l3_flavors.py {{(pid=90803) _load_all_extensions_from_path /opt/stack/neutron/neutron/api/extensions.py:449}}
Aug 17 20:47:39.553808 np0000007589 devstack@neutron-api.service[90806]: DEBUG neutron.api.extensions [None req-df8884a9-693e-499e-9c1e-e5c43af865ac None None] Loading extension file: port_resource_request.py {{(pid=90806) _load_all_extensions_from_path /opt/stack/neutron/neutron/api/extensions.py:449}}
Aug 17 20:47:39.554006 np0000007589 devstack@neutron-api.service[90803]: DEBUG neutron.api.extensions [None req-62f39beb-50bc-4c3c-8e05-58cda40fccae None None] Ext name="Router Flavor Extension" alias="l3-flavors" description="Flavor support for routers." updated="2016-05-17T00:00:00-00:00" {{(pid=90803) _check_extension /opt/stack/neutron/neutron/api/extensions.py:415}}
Aug 17 20:47:39.554127 np0000007589 devstack@neutron-api.service[90806]: DEBUG neutron.api.extensions [None req-df8884a9-693e-499e-9c1e-e5c43af865ac None None] Ext name="Port Resource Request" alias="port-resource-request" description="Expose resource request to Port" updated="2018-05-08T10:00:00-00:00" {{(pid=90806) _check_extension /opt/stack/neutron/neutron/api/extensions.py:415}}
Aug 17 20:47:39.554212 np0000007589 devstack@neutron-api.service[90803]: INFO neutron.api.extensions [None req-62f39beb-50bc-4c3c-8e05-58cda40fccae None None] Loaded extension: l3-flavors
Aug 17 20:47:39.554352 np0000007589 devstack@neutron-api.service[90803]: DEBUG neutron.api.extensions [None req-62f39beb-50bc-4c3c-8e05-58cda40fccae None None] Loading extension file: l3_ndp_proxy.py {{(pid=90803) _load_all_extensions_from_path /opt/stack/neutron/neutron/api/extensions.py:449}}
Aug 17 20:47:39.554440 np0000007589 devstack@neutron-api.service[90806]: INFO neutron.api.extensions [None req-df8884a9-693e-499e-9c1e-e5c43af865ac None None] Extension port-resource-request not supported by any of loaded plugins
Aug 17 20:47:39.554477 np0000007589 devstack@neutron-api.service[90806]: DEBUG neutron.api.extensions [None req-df8884a9-693e-499e-9c1e-e5c43af865ac None None] Loading extension file: port_resource_request_groups.py {{(pid=90806) _load_all_extensions_from_path /opt/stack/neutron/neutron/api/extensions.py:449}}
Aug 17 20:47:39.554744 np0000007589 devstack@neutron-api.service[90803]: DEBUG neutron.api.extensions [None req-62f39beb-50bc-4c3c-8e05-58cda40fccae None None] Ext name="name" alias="l3-ndp-proxy" description="description" updated="2021-06-29T10:00:00-00:00" {{(pid=90803) _check_extension /opt/stack/neutron/neutron/api/extensions.py:415}}
Aug 17 20:47:39.554863 np0000007589 devstack@neutron-api.service[90806]: DEBUG neutron.api.extensions [None req-df8884a9-693e-499e-9c1e-e5c43af865ac None None] Ext name="Port Resource Request Groups" alias="port-resource-request-groups" description="Support requesting multiple groups of resources and traits from the same RP subtree in resource_request" updated="2021-08-02T10:00:00-00:00" {{(pid=90806) _check_extension /opt/stack/neutron/neutron/api/extensions.py:415}}
Aug 17 20:47:39.554949 np0000007589 devstack@neutron-api.service[90803]: INFO neutron.api.extensions [None req-62f39beb-50bc-4c3c-8e05-58cda40fccae None None] Extension l3-ndp-proxy not supported by any of loaded plugins
Aug 17 20:47:39.555068 np0000007589 devstack@neutron-api.service[90803]: DEBUG neutron.api.extensions [None req-62f39beb-50bc-4c3c-8e05-58cda40fccae None None] Loading extension file: l3_port_ip_change_not_allowed.py {{(pid=90803) _load_all_extensions_from_path /opt/stack/neutron/neutron/api/extensions.py:449}}
Aug 17 20:47:39.555104 np0000007589 devstack@neutron-api.service[90806]: INFO neutron.api.extensions [None req-df8884a9-693e-499e-9c1e-e5c43af865ac None None] Extension port-resource-request-groups not supported by any of loaded plugins
Aug 17 20:47:39.555231 np0000007589 devstack@neutron-api.service[90806]: DEBUG neutron.api.extensions [None req-df8884a9-693e-499e-9c1e-e5c43af865ac None None] Loading extension file: port_trusted_vif.py {{(pid=90806) _load_all_extensions_from_path /opt/stack/neutron/neutron/api/extensions.py:449}}
Aug 17 20:47:39.555561 np0000007589 devstack@neutron-api.service[90806]: DEBUG neutron.api.extensions [None req-df8884a9-693e-499e-9c1e-e5c43af865ac None None] Ext name="Port trusted vif" alias="port-trusted-vif" description="Expose port 'trusted' attribute in the API" updated="2024-07-10T10:00:00-00:00" {{(pid=90806) _check_extension /opt/stack/neutron/neutron/api/extensions.py:415}}
Aug 17 20:47:39.556252 np0000007589 devstack@neutron-api.service[90806]: INFO neutron.api.extensions [None req-df8884a9-693e-499e-9c1e-e5c43af865ac None None] Extension port-trusted-vif not supported by any of loaded plugins
Aug 17 20:47:39.556252 np0000007589 devstack@neutron-api.service[90806]: DEBUG neutron.api.extensions [None req-df8884a9-693e-499e-9c1e-e5c43af865ac None None] Loading extension file: portbindings.py {{(pid=90806) _load_all_extensions_from_path /opt/stack/neutron/neutron/api/extensions.py:449}}
Aug 17 20:47:39.556252 np0000007589 devstack@neutron-api.service[90806]: DEBUG neutron.api.extensions [None req-df8884a9-693e-499e-9c1e-e5c43af865ac None None] Ext name="Port Binding" alias="binding" description="Expose port bindings of a virtual port to external application" updated="2014-02-03T10:00:00-00:00" {{(pid=90806) _check_extension /opt/stack/neutron/neutron/api/extensions.py:415}}
Aug 17 20:47:39.556574 np0000007589 devstack@neutron-api.service[90806]: INFO neutron.api.extensions [None req-df8884a9-693e-499e-9c1e-e5c43af865ac None None] Loaded extension: binding
Aug 17 20:47:39.556754 np0000007589 devstack@neutron-api.service[90806]: DEBUG neutron.api.extensions [None req-df8884a9-693e-499e-9c1e-e5c43af865ac None None] Loading extension file: portbindings_extended.py {{(pid=90806) _load_all_extensions_from_path /opt/stack/neutron/neutron/api/extensions.py:449}}
Aug 17 20:47:39.557060 np0000007589 devstack@neutron-api.service[90806]: DEBUG neutron.api.extensions [None req-df8884a9-693e-499e-9c1e-e5c43af865ac None None] Ext name="Port Bindings Extended" alias="binding-extended" description="Expose port bindings of a virtual port to external application" updated="2017-07-17T10:00:00-00:00" {{(pid=90806) _check_extension /opt/stack/neutron/neutron/api/extensions.py:415}}
Aug 17 20:47:39.557297 np0000007589 devstack@neutron-api.service[90806]: INFO neutron.api.extensions [None req-df8884a9-693e-499e-9c1e-e5c43af865ac None None] Loaded extension: binding-extended
Aug 17 20:47:39.557436 np0000007589 devstack@neutron-api.service[90806]: DEBUG neutron.api.extensions [None req-df8884a9-693e-499e-9c1e-e5c43af865ac None None] Loading extension file: portsecurity.py {{(pid=90806) _load_all_extensions_from_path /opt/stack/neutron/neutron/api/extensions.py:449}}
Aug 17 20:47:39.557781 np0000007589 devstack@neutron-api.service[90806]: DEBUG neutron.api.extensions [None req-df8884a9-693e-499e-9c1e-e5c43af865ac None None] Ext name="Port Security" alias="port-security" description="Provides port security" updated="2012-07-23T10:00:00-00:00" {{(pid=90806) _check_extension /opt/stack/neutron/neutron/api/extensions.py:415}}
Aug 17 20:47:39.558083 np0000007589 devstack@neutron-api.service[90806]: INFO neutron.api.extensions [None req-df8884a9-693e-499e-9c1e-e5c43af865ac None None] Loaded extension: port-security
Aug 17 20:47:39.558211 np0000007589 devstack@neutron-api.service[90806]: DEBUG neutron.api.extensions [None req-df8884a9-693e-499e-9c1e-e5c43af865ac None None] Loading extension file: project_id.py {{(pid=90806) _load_all_extensions_from_path /opt/stack/neutron/neutron/api/extensions.py:449}}
Aug 17 20:47:39.558509 np0000007589 devstack@neutron-api.service[90806]: DEBUG neutron.api.extensions [None req-df8884a9-693e-499e-9c1e-e5c43af865ac None None] Ext name="project_id field enabled" alias="project-id" description="Extension that indicates that project_id field is enabled." updated="2016-09-09T09:09:09-09:09" {{(pid=90806) _check_extension /opt/stack/neutron/neutron/api/extensions.py:415}}
Aug 17 20:47:39.558651 np0000007589 devstack@neutron-api.service[90806]: INFO neutron.api.extensions [None req-df8884a9-693e-499e-9c1e-e5c43af865ac None None] Loaded extension: project-id
Aug 17 20:47:39.558803 np0000007589 devstack@neutron-api.service[90806]: DEBUG neutron.api.extensions [None req-df8884a9-693e-499e-9c1e-e5c43af865ac None None] Loading extension file: providernet.py {{(pid=90806) _load_all_extensions_from_path /opt/stack/neutron/neutron/api/extensions.py:449}}
Aug 17 20:47:39.559133 np0000007589 devstack@neutron-api.service[90806]: DEBUG neutron.api.extensions [None req-df8884a9-693e-499e-9c1e-e5c43af865ac None None] Ext name="Provider Network" alias="provider" description="Expose mapping of virtual networks to physical networks" updated="2012-09-07T10:00:00-00:00" {{(pid=90806) _check_extension /opt/stack/neutron/neutron/api/extensions.py:415}}
Aug 17 20:47:39.559386 np0000007589 devstack@neutron-api.service[90806]: INFO neutron.api.extensions [None req-df8884a9-693e-499e-9c1e-e5c43af865ac None None] Loaded extension: provider
Aug 17 20:47:39.559534 np0000007589 devstack@neutron-api.service[90806]: DEBUG neutron.api.extensions [None req-df8884a9-693e-499e-9c1e-e5c43af865ac None None] Loading extension file: pvlan.py {{(pid=90806) _load_all_extensions_from_path /opt/stack/neutron/neutron/api/extensions.py:449}}
Aug 17 20:47:39.559880 np0000007589 devstack@neutron-api.service[90806]: DEBUG neutron.api.extensions [None req-df8884a9-693e-499e-9c1e-e5c43af865ac None None] Ext name="Private VLAN" alias="pvlan" description="The Private VLAN semantics extension." updated="2026-02-03T10:00:00-00:00" {{(pid=90806) _check_extension /opt/stack/neutron/neutron/api/extensions.py:415}}
Aug 17 20:47:39.560152 np0000007589 devstack@neutron-api.service[90806]: INFO neutron.api.extensions [None req-df8884a9-693e-499e-9c1e-e5c43af865ac None None] Extension pvlan not supported by any of loaded plugins
Aug 17 20:47:39.560261 np0000007589 devstack@neutron-api.service[90806]: DEBUG neutron.api.extensions [None req-df8884a9-693e-499e-9c1e-e5c43af865ac None None] Loading extension file: qinq.py {{(pid=90806) _load_all_extensions_from_path /opt/stack/neutron/neutron/api/extensions.py:449}}
Aug 17 20:47:39.566372 np0000007589 devstack@neutron-api.service[90804]: DEBUG neutron_lib.callbacks.manager [None req-4da0b31d-08b8-4125-8a2c-a903dbac8adc None None] Subscribe: > router before_delete 55550000, False {{(pid=90804) subscribe /opt/stack/data/venv/lib/python3.12/site-packages/neutron_lib/callbacks/manager.py:52}}
Aug 17 20:47:39.566645 np0000007589 devstack@neutron-api.service[90804]: DEBUG neutron_lib.callbacks.manager [None req-4da0b31d-08b8-4125-8a2c-a903dbac8adc None None] Subscribe: port before_update 55550000, False {{(pid=90804) subscribe /opt/stack/data/venv/lib/python3.12/site-packages/neutron_lib/callbacks/manager.py:52}}
Aug 17 20:47:39.566789 np0000007589 devstack@neutron-api.service[90804]: DEBUG neutron_lib.callbacks.manager [None req-4da0b31d-08b8-4125-8a2c-a903dbac8adc None None] Subscribe: port after_update 55550000, False {{(pid=90804) subscribe /opt/stack/data/venv/lib/python3.12/site-packages/neutron_lib/callbacks/manager.py:52}}
Aug 17 20:47:39.566958 np0000007589 devstack@neutron-api.service[90804]: DEBUG neutron_lib.callbacks.manager [None req-4da0b31d-08b8-4125-8a2c-a903dbac8adc None None] Subscribe: > port precommit_delete 55550000, False {{(pid=90804) subscribe /opt/stack/data/venv/lib/python3.12/site-packages/neutron_lib/callbacks/manager.py:52}}
Aug 17 20:47:39.567138 np0000007589 devstack@neutron-api.service[90804]: DEBUG neutron_lib.callbacks.manager [None req-4da0b31d-08b8-4125-8a2c-a903dbac8adc None None] Subscribe: port before_update 55550000, False {{(pid=90804) subscribe /opt/stack/data/venv/lib/python3.12/site-packages/neutron_lib/callbacks/manager.py:52}}
Aug 17 20:47:39.567282 np0000007589 devstack@neutron-api.service[90804]: DEBUG neutron_lib.callbacks.manager [None req-4da0b31d-08b8-4125-8a2c-a903dbac8adc None None] Subscribe: port before_delete 55550000, False {{(pid=90804) subscribe /opt/stack/data/venv/lib/python3.12/site-packages/neutron_lib/callbacks/manager.py:52}}
Aug 17 20:47:39.567462 np0000007589 devstack@neutron-api.service[90804]: DEBUG neutron_lib.callbacks.manager [None req-4da0b31d-08b8-4125-8a2c-a903dbac8adc None None] Subscribe: > router precommit_create 55550000, False {{(pid=90804) subscribe /opt/stack/data/venv/lib/python3.12/site-packages/neutron_lib/callbacks/manager.py:52}}
Aug 17 20:47:39.567663 np0000007589 devstack@neutron-api.service[90804]: DEBUG neutron_lib.callbacks.manager [None req-4da0b31d-08b8-4125-8a2c-a903dbac8adc None None] Subscribe: > router precommit_create 55550000, False {{(pid=90804) subscribe /opt/stack/data/venv/lib/python3.12/site-packages/neutron_lib/callbacks/manager.py:52}}
Aug 17 20:47:39.567850 np0000007589 devstack@neutron-api.service[90804]: DEBUG neutron_lib.callbacks.manager [None req-4da0b31d-08b8-4125-8a2c-a903dbac8adc None None] Subscribe: > router precommit_update 55550000, False {{(pid=90804) subscribe /opt/stack/data/venv/lib/python3.12/site-packages/neutron_lib/callbacks/manager.py:52}}
Aug 17 20:47:39.568047 np0000007589 devstack@neutron-api.service[90804]: DEBUG neutron_lib.callbacks.manager [None req-4da0b31d-08b8-4125-8a2c-a903dbac8adc None None] Subscribe: subnet after_update 55550000, False {{(pid=90804) subscribe /opt/stack/data/venv/lib/python3.12/site-packages/neutron_lib/callbacks/manager.py:52}}
Aug 17 20:47:39.568368 np0000007589 devstack@neutron-api.service[90804]: DEBUG neutron.quota.resource_registry [None req-4da0b31d-08b8-4125-8a2c-a903dbac8adc None None] Tracking information for resource: router configured {{(pid=90804) set_tracked_resource /opt/stack/neutron/neutron/quota/resource_registry.py:203}}
Aug 17 20:47:39.568524 np0000007589 devstack@neutron-api.service[90804]: DEBUG neutron.quota.resource_registry [None req-4da0b31d-08b8-4125-8a2c-a903dbac8adc None None] Tracking information for resource: floatingip configured {{(pid=90804) set_tracked_resource /opt/stack/neutron/neutron/quota/resource_registry.py:203}}
Aug 17 20:47:39.568692 np0000007589 devstack@neutron-api.service[90804]: INFO neutron.services.ovn_l3.plugin [None req-4da0b31d-08b8-4125-8a2c-a903dbac8adc None None] Starting OVNL3RouterPlugin
Aug 17 20:47:39.569082 np0000007589 devstack@neutron-api.service[90804]: DEBUG neutron_lib.callbacks.manager [None req-4da0b31d-08b8-4125-8a2c-a903dbac8adc None None] Subscribe: > port_forwarding_plugin after_init 55550000, False {{(pid=90804) subscribe /opt/stack/data/venv/lib/python3.12/site-packages/neutron_lib/callbacks/manager.py:52}}
Aug 17 20:47:39.569369 np0000007589 devstack@neutron-api.service[90804]: DEBUG neutron_lib.callbacks.manager [None req-4da0b31d-08b8-4125-8a2c-a903dbac8adc None None] Subscribe: > router before_create 55550100, False {{(pid=90804) subscribe /opt/stack/data/venv/lib/python3.12/site-packages/neutron_lib/callbacks/manager.py:52}}
Aug 17 20:47:39.569549 np0000007589 devstack@neutron-api.service[90804]: DEBUG neutron_lib.callbacks.manager [None req-4da0b31d-08b8-4125-8a2c-a903dbac8adc None None] Subscribe: > router precommit_delete 55550100, False {{(pid=90804) subscribe /opt/stack/data/venv/lib/python3.12/site-packages/neutron_lib/callbacks/manager.py:52}}
Aug 17 20:47:39.569740 np0000007589 devstack@neutron-api.service[90804]: DEBUG neutron_lib.callbacks.manager [None req-4da0b31d-08b8-4125-8a2c-a903dbac8adc None None] Subscribe: > router precommit_create 55550100, False {{(pid=90804) subscribe /opt/stack/data/venv/lib/python3.12/site-packages/neutron_lib/callbacks/manager.py:52}}
Aug 17 20:47:39.569911 np0000007589 devstack@neutron-api.service[90804]: DEBUG neutron_lib.callbacks.manager [None req-4da0b31d-08b8-4125-8a2c-a903dbac8adc None None] Subscribe: > router precommit_update 55550100, False {{(pid=90804) subscribe /opt/stack/data/venv/lib/python3.12/site-packages/neutron_lib/callbacks/manager.py:52}}
Aug 17 20:47:39.575247 np0000007589 devstack@neutron-api.service[90804]: DEBUG neutron.services.provider_configuration [None req-4da0b31d-08b8-4125-8a2c-a903dbac8adc None None] Service providers = [] {{(pid=90804) parse_service_provider_opt /opt/stack/neutron/neutron/services/provider_configuration.py:170}}
Aug 17 20:47:39.575461 np0000007589 devstack@neutron-api.service[90804]: DEBUG neutron.db.servicetype_db [None req-4da0b31d-08b8-4125-8a2c-a903dbac8adc None None] Adding provider configuration for service L3_ROUTER_NAT {{(pid=90804) add_provider_configuration /opt/stack/neutron/neutron/db/servicetype_db.py:45}}
Aug 17 20:47:39.577635 np0000007589 devstack@neutron-api.service[90804]: DEBUG neutron_lib.callbacks.manager [None req-4da0b31d-08b8-4125-8a2c-a903dbac8adc None None] Subscribe: > router precommit_create 55549900, False {{(pid=90804) subscribe /opt/stack/data/venv/lib/python3.12/site-packages/neutron_lib/callbacks/manager.py:52}}
Aug 17 20:47:39.577861 np0000007589 devstack@neutron-api.service[90804]: DEBUG neutron_lib.callbacks.manager [None req-4da0b31d-08b8-4125-8a2c-a903dbac8adc None None] Subscribe: > router_interface after_create 55550000, False {{(pid=90804) subscribe /opt/stack/data/venv/lib/python3.12/site-packages/neutron_lib/callbacks/manager.py:52}}
Aug 17 20:47:39.578058 np0000007589 devstack@neutron-api.service[90804]: DEBUG neutron_lib.callbacks.manager [None req-4da0b31d-08b8-4125-8a2c-a903dbac8adc None None] Subscribe: > floatingip after_create 55550000, False {{(pid=90804) subscribe /opt/stack/data/venv/lib/python3.12/site-packages/neutron_lib/callbacks/manager.py:52}}
Aug 17 20:47:39.578236 np0000007589 devstack@neutron-api.service[90804]: DEBUG neutron_lib.callbacks.manager [None req-4da0b31d-08b8-4125-8a2c-a903dbac8adc None None] Subscribe: > floatingip precommit_create 55550000, False {{(pid=90804) subscribe /opt/stack/data/venv/lib/python3.12/site-packages/neutron_lib/callbacks/manager.py:52}}
Aug 17 20:47:39.578384 np0000007589 devstack@neutron-api.service[90804]: DEBUG neutron_lib.callbacks.manager [None req-4da0b31d-08b8-4125-8a2c-a903dbac8adc None None] Subscribe: > floatingip precommit_update 55550000, False {{(pid=90804) subscribe /opt/stack/data/venv/lib/python3.12/site-packages/neutron_lib/callbacks/manager.py:52}}
Aug 17 20:47:39.578506 np0000007589 devstack@neutron-api.service[90804]: DEBUG neutron_lib.callbacks.manager [None req-4da0b31d-08b8-4125-8a2c-a903dbac8adc None None] Subscribe: > floatingip after_delete 55550000, False {{(pid=90804) subscribe /opt/stack/data/venv/lib/python3.12/site-packages/neutron_lib/callbacks/manager.py:52}}
Aug 17 20:47:39.578612 np0000007589 devstack@neutron-api.service[90804]: DEBUG neutron_lib.callbacks.manager [None req-4da0b31d-08b8-4125-8a2c-a903dbac8adc None None] Subscribe: > floatingip after_status_update 55550000, False {{(pid=90804) subscribe /opt/stack/data/venv/lib/python3.12/site-packages/neutron_lib/callbacks/manager.py:52}}
Aug 17 20:47:39.578726 np0000007589 devstack@neutron-api.service[90804]: DEBUG neutron_lib.callbacks.manager [None req-4da0b31d-08b8-4125-8a2c-a903dbac8adc None None] Subscribe: > floatingip after_update 55550000, False {{(pid=90804) subscribe /opt/stack/data/venv/lib/python3.12/site-packages/neutron_lib/callbacks/manager.py:52}}
Aug 17 20:47:39.578913 np0000007589 devstack@neutron-api.service[90804]: DEBUG neutron_lib.callbacks.manager [None req-4da0b31d-08b8-4125-8a2c-a903dbac8adc None None] Subscribe: > port_forwarding after_create 55550000, False {{(pid=90804) subscribe /opt/stack/data/venv/lib/python3.12/site-packages/neutron_lib/callbacks/manager.py:52}}
Aug 17 20:47:39.579069 np0000007589 devstack@neutron-api.service[90804]: DEBUG neutron_lib.callbacks.manager [None req-4da0b31d-08b8-4125-8a2c-a903dbac8adc None None] Subscribe: > router_interface after_delete 55550000, False {{(pid=90804) subscribe /opt/stack/data/venv/lib/python3.12/site-packages/neutron_lib/callbacks/manager.py:52}}
Aug 17 20:47:39.579226 np0000007589 devstack@neutron-api.service[90804]: DEBUG neutron_lib.callbacks.manager [None req-4da0b31d-08b8-4125-8a2c-a903dbac8adc None None] Subscribe: > router after_create 55550000, False {{(pid=90804) subscribe /opt/stack/data/venv/lib/python3.12/site-packages/neutron_lib/callbacks/manager.py:52}}
Aug 17 20:47:39.579386 np0000007589 devstack@neutron-api.service[90804]: DEBUG neutron_lib.callbacks.manager [None req-4da0b31d-08b8-4125-8a2c-a903dbac8adc None None] Subscribe: > router precommit_create 55550000, False {{(pid=90804) subscribe /opt/stack/data/venv/lib/python3.12/site-packages/neutron_lib/callbacks/manager.py:52}}
Aug 17 20:47:39.579582 np0000007589 devstack@neutron-api.service[90804]: DEBUG neutron_lib.callbacks.manager [None req-4da0b31d-08b8-4125-8a2c-a903dbac8adc None None] Subscribe: > router after_delete 55550000, False {{(pid=90804) subscribe /opt/stack/data/venv/lib/python3.12/site-packages/neutron_lib/callbacks/manager.py:52}}
Aug 17 20:47:39.579723 np0000007589 devstack@neutron-api.service[90804]: DEBUG neutron_lib.callbacks.manager [None req-4da0b31d-08b8-4125-8a2c-a903dbac8adc None None] Subscribe: > router after_update 55550000, False {{(pid=90804) subscribe /opt/stack/data/venv/lib/python3.12/site-packages/neutron_lib/callbacks/manager.py:52}}
Aug 17 20:47:39.579908 np0000007589 devstack@neutron-api.service[90804]: DEBUG neutron.services.service_base [None req-4da0b31d-08b8-4125-8a2c-a903dbac8adc None None] Loaded 'neutron.services.ovn_l3.service_providers.ovn.OvnDriver' provider for service L3_ROUTER_NAT {{(pid=90804) load_drivers /opt/stack/neutron/neutron/services/service_base.py:49}}
Aug 17 20:47:39.580127 np0000007589 devstack@neutron-api.service[90804]: DEBUG neutron_lib.callbacks.manager [None req-4da0b31d-08b8-4125-8a2c-a903dbac8adc None None] Subscribe: > process after_init 55550001, True {{(pid=90804) subscribe /opt/stack/data/venv/lib/python3.12/site-packages/neutron_lib/callbacks/manager.py:52}}
Aug 17 20:47:39.580346 np0000007589 devstack@neutron-api.service[90804]: DEBUG neutron.manager [None req-4da0b31d-08b8-4125-8a2c-a903dbac8adc None None] Successfully loaded L3_ROUTER_NAT plugin. Description: L3 Router Service Plugin for basic L3 forwarding using OVN {{(pid=90804) _create_and_add_service_plugin /opt/stack/neutron/neutron/manager.py:236}}
Aug 17 20:47:39.580490 np0000007589 devstack@neutron-api.service[90804]: INFO neutron.manager [None req-4da0b31d-08b8-4125-8a2c-a903dbac8adc None None] Loading Plugin: auto_allocate
Aug 17 20:47:39.582154 np0000007589 devstack@neutron-api.service[90804]: DEBUG neutron_lib.callbacks.manager [None req-4da0b31d-08b8-4125-8a2c-a903dbac8adc None None] Subscribe: network precommit_update 55550000, False {{(pid=90804) subscribe /opt/stack/data/venv/lib/python3.12/site-packages/neutron_lib/callbacks/manager.py:52}}
Aug 17 20:47:39.582301 np0000007589 devstack@neutron-api.service[90804]: DEBUG neutron_lib.callbacks.manager [None req-4da0b31d-08b8-4125-8a2c-a903dbac8adc None None] Subscribe: network precommit_create 55550000, False {{(pid=90804) subscribe /opt/stack/data/venv/lib/python3.12/site-packages/neutron_lib/callbacks/manager.py:52}}
Aug 17 20:47:39.582677 np0000007589 devstack@neutron-api.service[90804]: DEBUG neutron.manager [None req-4da0b31d-08b8-4125-8a2c-a903dbac8adc None None] Successfully loaded auto-allocated-topology plugin. Description: Auto Allocated Topology - aka get me a network. {{(pid=90804) _create_and_add_service_plugin /opt/stack/neutron/neutron/manager.py:236}}
Aug 17 20:47:39.583032 np0000007589 devstack@neutron-api.service[90804]: INFO neutron.manager [None req-4da0b31d-08b8-4125-8a2c-a903dbac8adc None None] Loading Plugin: tag
Aug 17 20:47:39.587439 np0000007589 devstack@neutron-api.service[90804]: DEBUG neutron.manager [None req-4da0b31d-08b8-4125-8a2c-a903dbac8adc None None] Successfully loaded TAG plugin. Description: Tag support {{(pid=90804) _create_and_add_service_plugin /opt/stack/neutron/neutron/manager.py:236}}
Aug 17 20:47:39.587564 np0000007589 devstack@neutron-api.service[90804]: INFO neutron.manager [None req-4da0b31d-08b8-4125-8a2c-a903dbac8adc None None] Loading Plugin: timestamp
Aug 17 20:47:39.589732 np0000007589 devstack@neutron-api.service[90804]: DEBUG neutron.manager [None req-4da0b31d-08b8-4125-8a2c-a903dbac8adc None None] Successfully loaded timestamp plugin. Description: Adds timestamps to Neutron resources with standard attributes {{(pid=90804) _create_and_add_service_plugin /opt/stack/neutron/neutron/manager.py:236}}
Aug 17 20:47:39.590138 np0000007589 devstack@neutron-api.service[90804]: INFO neutron.manager [None req-4da0b31d-08b8-4125-8a2c-a903dbac8adc None None] Loading Plugin: network_ip_availability
Aug 17 20:47:39.593982 np0000007589 devstack@neutron-api.service[90804]: DEBUG neutron.manager [None req-4da0b31d-08b8-4125-8a2c-a903dbac8adc None None] Successfully loaded network-ip-availability plugin. Description: Provides IP availability data for each network and subnet. {{(pid=90804) _create_and_add_service_plugin /opt/stack/neutron/neutron/manager.py:236}}
Aug 17 20:47:39.594212 np0000007589 devstack@neutron-api.service[90804]: INFO neutron.manager [None req-4da0b31d-08b8-4125-8a2c-a903dbac8adc None None] Loading Plugin: flavors
Aug 17 20:47:39.595660 np0000007589 devstack@neutron-api.service[90804]: DEBUG neutron.manager [None req-4da0b31d-08b8-4125-8a2c-a903dbac8adc None None] Successfully loaded FLAVORS plugin. Description: Neutron Flavors and Service Profiles manager plugin {{(pid=90804) _create_and_add_service_plugin /opt/stack/neutron/neutron/manager.py:236}}
Aug 17 20:47:39.595852 np0000007589 devstack@neutron-api.service[90804]: INFO neutron.manager [None req-4da0b31d-08b8-4125-8a2c-a903dbac8adc None None] Loading Plugin: revisions
Aug 17 20:47:39.597183 np0000007589 devstack@neutron-api.service[90804]: DEBUG neutron.manager [None req-4da0b31d-08b8-4125-8a2c-a903dbac8adc None None] Successfully loaded revision_plugin plugin. Description: Adds revision numbers to resources. {{(pid=90804) _create_and_add_service_plugin /opt/stack/neutron/neutron/manager.py:236}}
Aug 17 20:47:39.597317 np0000007589 devstack@neutron-api.service[90804]: DEBUG oslo_concurrency.lockutils [None req-4da0b31d-08b8-4125-8a2c-a903dbac8adc None None] Lock "manager" "released" by "neutron.manager.NeutronManager._create_instance" :: held 4.310s {{(pid=90804) inner /opt/stack/data/venv/lib/python3.12/site-packages/oslo_concurrency/lockutils.py:544}}
Aug 17 20:47:39.597728 np0000007589 devstack@neutron-api.service[90804]: DEBUG neutron.api.extensions [None req-4da0b31d-08b8-4125-8a2c-a903dbac8adc None None] get_extension_paths = OrderedDict({'/opt/stack/neutron/neutron/extensions': 1}) {{(pid=90804) get_extensions_path /opt/stack/neutron/neutron/api/extensions.py:640}}
Aug 17 20:47:39.597867 np0000007589 devstack@neutron-api.service[90804]: INFO neutron.api.extensions [None req-4da0b31d-08b8-4125-8a2c-a903dbac8adc None None] Initializing extension manager.
Aug 17 20:47:39.598258 np0000007589 devstack@neutron-api.service[90804]: DEBUG neutron.api.extensions [None req-4da0b31d-08b8-4125-8a2c-a903dbac8adc None None] Loading extension file: __init__.py {{(pid=90804) _load_all_extensions_from_path /opt/stack/neutron/neutron/api/extensions.py:449}}
Aug 17 20:47:39.598472 np0000007589 devstack@neutron-api.service[90804]: DEBUG neutron.api.extensions [None req-4da0b31d-08b8-4125-8a2c-a903dbac8adc None None] Loading extension file: __pycache__ {{(pid=90804) _load_all_extensions_from_path /opt/stack/neutron/neutron/api/extensions.py:449}}
Aug 17 20:47:39.598705 np0000007589 devstack@neutron-api.service[90804]: DEBUG neutron.api.extensions [None req-4da0b31d-08b8-4125-8a2c-a903dbac8adc None None] Loading extension file: aap_reject_multicast.py {{(pid=90804) _load_all_extensions_from_path /opt/stack/neutron/neutron/api/extensions.py:449}}
Aug 17 20:47:39.599074 np0000007589 devstack@neutron-api.service[90804]: DEBUG neutron.api.extensions [None req-4da0b31d-08b8-4125-8a2c-a903dbac8adc None None] Ext name="Allowed address pairs reject multicast extension" alias="aap-reject-multicast" description="Reject multicast addresses in Allowed Address Pairs" updated="2026-04-01T00:00:00-00:00" {{(pid=90804) _check_extension /opt/stack/neutron/neutron/api/extensions.py:415}}
Aug 17 20:47:39.599411 np0000007589 devstack@neutron-api.service[90804]: INFO neutron.api.extensions [None req-4da0b31d-08b8-4125-8a2c-a903dbac8adc None None] Extension aap-reject-multicast not supported by any of loaded plugins
Aug 17 20:47:39.599528 np0000007589 devstack@neutron-api.service[90804]: DEBUG neutron.api.extensions [None req-4da0b31d-08b8-4125-8a2c-a903dbac8adc None None] Loading extension file: address_group.py {{(pid=90804) _load_all_extensions_from_path /opt/stack/neutron/neutron/api/extensions.py:449}}
Aug 17 20:47:39.600070 np0000007589 devstack@neutron-api.service[90804]: DEBUG neutron.api.extensions [None req-4da0b31d-08b8-4125-8a2c-a903dbac8adc None None] Ext name="Address group" alias="address-group" description="Support address group" updated="2020-07-15T10:00:00-00:00" {{(pid=90804) _check_extension /opt/stack/neutron/neutron/api/extensions.py:415}}
Aug 17 20:47:39.600357 np0000007589 devstack@neutron-api.service[90804]: INFO neutron.api.extensions [None req-4da0b31d-08b8-4125-8a2c-a903dbac8adc None None] Loaded extension: address-group
Aug 17 20:47:39.600473 np0000007589 devstack@neutron-api.service[90804]: DEBUG neutron.api.extensions [None req-4da0b31d-08b8-4125-8a2c-a903dbac8adc None None] Loading extension file: address_scope.py {{(pid=90804) _load_all_extensions_from_path /opt/stack/neutron/neutron/api/extensions.py:449}}
Aug 17 20:47:39.601010 np0000007589 devstack@neutron-api.service[90804]: DEBUG neutron.api.extensions [None req-4da0b31d-08b8-4125-8a2c-a903dbac8adc None None] Ext name="Address scope" alias="address-scope" description="Address scopes extension." updated="2015-07-26T10:00:00-00:00" {{(pid=90804) _check_extension /opt/stack/neutron/neutron/api/extensions.py:415}}
Aug 17 20:47:39.601297 np0000007589 devstack@neutron-api.service[90804]: INFO neutron.api.extensions [None req-4da0b31d-08b8-4125-8a2c-a903dbac8adc None None] Loaded extension: address-scope
Aug 17 20:47:39.601457 np0000007589 devstack@neutron-api.service[90804]: DEBUG neutron.api.extensions [None req-4da0b31d-08b8-4125-8a2c-a903dbac8adc None None] Loading extension file: admin_state_down_before_update.py {{(pid=90804) _load_all_extensions_from_path /opt/stack/neutron/neutron/api/extensions.py:449}}
