Jul 22 09:55:18.327758 np0000005633 devstack@g-api.service[99715]: DEBUG glance.api.middleware.version_negotiation [None req-4a0b02a7-8cfe-4d47-a05b-348280f6df17 tempest-VolumesActionsTest-1840258741 tempest-VolumesActionsTest-1840258741-project-member] Determining version of request: GET /v2/images/e64c3612-c274-4dae-a03d-b1c982ab6259 Accept: application/json {{(pid=99715) process_request /opt/stack/glance/glance/api/middleware/version_negotiation.py:44}}
Jul 22 09:55:18.331381 np0000005633 devstack@g-api.service[99715]: DEBUG glance.api.middleware.version_negotiation [None req-4a0b02a7-8cfe-4d47-a05b-348280f6df17 tempest-VolumesActionsTest-1840258741 tempest-VolumesActionsTest-1840258741-project-member] Using url versioning {{(pid=99715) process_request /opt/stack/glance/glance/api/middleware/version_negotiation.py:57}}
Jul 22 09:55:18.331381 np0000005633 devstack@g-api.service[99715]: DEBUG glance.api.middleware.version_negotiation [None req-4a0b02a7-8cfe-4d47-a05b-348280f6df17 tempest-VolumesActionsTest-1840258741 tempest-VolumesActionsTest-1840258741-project-member] Matched version: v2 {{(pid=99715) process_request /opt/stack/glance/glance/api/middleware/version_negotiation.py:69}}
Jul 22 09:55:18.331381 np0000005633 devstack@g-api.service[99715]: DEBUG glance.api.middleware.version_negotiation [None req-4a0b02a7-8cfe-4d47-a05b-348280f6df17 tempest-VolumesActionsTest-1840258741 tempest-VolumesActionsTest-1840258741-project-member] new path /v2/images/e64c3612-c274-4dae-a03d-b1c982ab6259 {{(pid=99715) process_request /opt/stack/glance/glance/api/middleware/version_negotiation.py:70}}
Jul 22 09:55:18.367576 np0000005633 devstack@g-api.service[99715]: [pid: 99715|app: 0|req: 100/285] 127.0.0.1 () {40 vars in 838 bytes} [Wed Jul 22 09:55:18 2026] GET /v2/images/e64c3612-c274-4dae-a03d-b1c982ab6259 => generated 650 bytes in 40 msecs (HTTP/1.1 200) 4 headers in 157 bytes (1 switches on core 0)
Jul 22 09:55:18.720369 np0000005633 devstack@g-api.service[99716]: DEBUG swiftclient [None req-50891df7-9a29-483e-a62f-6c70abe8af34 tempest-VolumesActionsTest-1840258741 tempest-VolumesActionsTest-1840258741-project-member] REQ: curl -i https://10.4.3.252:8080/v1/AUTH_9c7148653587402c8f22d97366696847/glance/e64c3612-c274-4dae-a03d-b1c982ab6259-00002 -X PUT -H "X-Auth-Token: gAAAAABqYJOAnIXu..." {{(pid=99716) http_log /opt/stack/data/venv/lib/python3.12/site-packages/swiftclient/client.py:160}}
Jul 22 09:55:18.720758 np0000005633 devstack@g-api.service[99716]: DEBUG swiftclient [None req-50891df7-9a29-483e-a62f-6c70abe8af34 tempest-VolumesActionsTest-1840258741 tempest-VolumesActionsTest-1840258741-project-member] RESP STATUS: 201 Created {{(pid=99716) http_log /opt/stack/data/venv/lib/python3.12/site-packages/swiftclient/client.py:161}}
Jul 22 09:55:18.720758 np0000005633 devstack@g-api.service[99716]: DEBUG swiftclient [None req-50891df7-9a29-483e-a62f-6c70abe8af34 tempest-VolumesActionsTest-1840258741 tempest-VolumesActionsTest-1840258741-project-member] RESP HEADERS: {'Date': 'Wed, 22 Jul 2026 09:55:18 GMT', 'Server': 'Apache/2.4.58 (Ubuntu)', 'Content-Type': 'text/html; charset=UTF-8', 'Content-Length': '0', 'Etag': 'eda9a9889837ac4bc81d6387d92c1bec', 'Last-Modified': 'Wed, 22 Jul 2026 09:55:17 GMT', 'X-Trans-Id': 'tx7b3d46731de64b718e418-006a609384', 'X-Openstack-Request-Id': 'tx7b3d46731de64b718e418-006a609384', 'Connection': 'close'} {{(pid=99716) http_log /opt/stack/data/venv/lib/python3.12/site-packages/swiftclient/client.py:162}}
Jul 22 09:55:18.720758 np0000005633 devstack@g-api.service[99716]: DEBUG glance_store._drivers.swift.store [None req-50891df7-9a29-483e-a62f-6c70abe8af34 tempest-VolumesActionsTest-1840258741 tempest-VolumesActionsTest-1840258741-project-member] Wrote chunk e64c3612-c274-4dae-a03d-b1c982ab6259-00002 (2/?) of length 204800000 to Swift returning MD5 of content: eda9a9889837ac4bc81d6387d92c1bec {{(pid=99716) add /opt/stack/data/venv/lib/python3.12/site-packages/glance_store/_drivers/swift/store.py:1059}}
Jul 22 09:55:19.381534 np0000005633 devstack@g-api.service[99714]: DEBUG glance.api.middleware.version_negotiation [None req-e9df22c5-fd4b-4be3-9f58-eaa5b25fcbbf tempest-VolumesActionsTest-1840258741 tempest-VolumesActionsTest-1840258741-project-member] Determining version of request: GET /v2/images/e64c3612-c274-4dae-a03d-b1c982ab6259 Accept: application/json {{(pid=99714) process_request /opt/stack/glance/glance/api/middleware/version_negotiation.py:44}}
Jul 22 09:55:19.387067 np0000005633 devstack@g-api.service[99714]: DEBUG glance.api.middleware.version_negotiation [None req-e9df22c5-fd4b-4be3-9f58-eaa5b25fcbbf tempest-VolumesActionsTest-1840258741 tempest-VolumesActionsTest-1840258741-project-member] Using url versioning {{(pid=99714) process_request /opt/stack/glance/glance/api/middleware/version_negotiation.py:57}}
Jul 22 09:55:19.387067 np0000005633 devstack@g-api.service[99714]: DEBUG glance.api.middleware.version_negotiation [None req-e9df22c5-fd4b-4be3-9f58-eaa5b25fcbbf tempest-VolumesActionsTest-1840258741 tempest-VolumesActionsTest-1840258741-project-member] Matched version: v2 {{(pid=99714) process_request /opt/stack/glance/glance/api/middleware/version_negotiation.py:69}}
Jul 22 09:55:19.387414 np0000005633 devstack@g-api.service[99714]: DEBUG glance.api.middleware.version_negotiation [None req-e9df22c5-fd4b-4be3-9f58-eaa5b25fcbbf tempest-VolumesActionsTest-1840258741 tempest-VolumesActionsTest-1840258741-project-member] new path /v2/images/e64c3612-c274-4dae-a03d-b1c982ab6259 {{(pid=99714) process_request /opt/stack/glance/glance/api/middleware/version_negotiation.py:70}}
Jul 22 09:55:19.409841 np0000005633 devstack@g-api.service[99714]: [pid: 99714|app: 0|req: 90/286] 127.0.0.1 () {40 vars in 838 bytes} [Wed Jul 22 09:55:19 2026] GET /v2/images/e64c3612-c274-4dae-a03d-b1c982ab6259 => generated 650 bytes in 28 msecs (HTTP/1.1 200) 4 headers in 157 bytes (1 switches on core 0)
Jul 22 09:55:20.421732 np0000005633 devstack@g-api.service[99715]: DEBUG glance.api.middleware.version_negotiation [None req-70edad56-95e6-461f-ac40-53d098377d46 tempest-VolumesActionsTest-1840258741 tempest-VolumesActionsTest-1840258741-project-member] Determining version of request: GET /v2/images/e64c3612-c274-4dae-a03d-b1c982ab6259 Accept: application/json {{(pid=99715) process_request /opt/stack/glance/glance/api/middleware/version_negotiation.py:44}}
Jul 22 09:55:20.422183 np0000005633 devstack@g-api.service[99715]: DEBUG glance.api.middleware.version_negotiation [None req-70edad56-95e6-461f-ac40-53d098377d46 tempest-VolumesActionsTest-1840258741 tempest-VolumesActionsTest-1840258741-project-member] Using url versioning {{(pid=99715) process_request /opt/stack/glance/glance/api/middleware/version_negotiation.py:57}}
Jul 22 09:55:20.422273 np0000005633 devstack@g-api.service[99715]: DEBUG glance.api.middleware.version_negotiation [None req-70edad56-95e6-461f-ac40-53d098377d46 tempest-VolumesActionsTest-1840258741 tempest-VolumesActionsTest-1840258741-project-member] Matched version: v2 {{(pid=99715) process_request /opt/stack/glance/glance/api/middleware/version_negotiation.py:69}}
Jul 22 09:55:20.422325 np0000005633 devstack@g-api.service[99715]: DEBUG glance.api.middleware.version_negotiation [None req-70edad56-95e6-461f-ac40-53d098377d46 tempest-VolumesActionsTest-1840258741 tempest-VolumesActionsTest-1840258741-project-member] new path /v2/images/e64c3612-c274-4dae-a03d-b1c982ab6259 {{(pid=99715) process_request /opt/stack/glance/glance/api/middleware/version_negotiation.py:70}}
Jul 22 09:55:20.438727 np0000005633 devstack@g-api.service[99715]: [pid: 99715|app: 0|req: 101/287] 127.0.0.1 () {40 vars in 838 bytes} [Wed Jul 22 09:55:20 2026] GET /v2/images/e64c3612-c274-4dae-a03d-b1c982ab6259 => generated 650 bytes in 17 msecs (HTTP/1.1 200) 4 headers in 157 bytes (1 switches on core 0)
Jul 22 09:55:21.441448 np0000005633 devstack@g-api.service[99716]: DEBUG swiftclient [None req-50891df7-9a29-483e-a62f-6c70abe8af34 tempest-VolumesActionsTest-1840258741 tempest-VolumesActionsTest-1840258741-project-member] REQ: curl -i https://10.4.3.252:8080/v1/AUTH_9c7148653587402c8f22d97366696847/glance/e64c3612-c274-4dae-a03d-b1c982ab6259-00003 -X PUT -H "X-Auth-Token: gAAAAABqYJOAnIXu..." {{(pid=99716) http_log /opt/stack/data/venv/lib/python3.12/site-packages/swiftclient/client.py:160}}
Jul 22 09:55:21.442606 np0000005633 devstack@g-api.service[99716]: DEBUG swiftclient [None req-50891df7-9a29-483e-a62f-6c70abe8af34 tempest-VolumesActionsTest-1840258741 tempest-VolumesActionsTest-1840258741-project-member] RESP STATUS: 201 Created {{(pid=99716) http_log /opt/stack/data/venv/lib/python3.12/site-packages/swiftclient/client.py:161}}
Jul 22 09:55:21.443007 np0000005633 devstack@g-api.service[99716]: DEBUG swiftclient [None req-50891df7-9a29-483e-a62f-6c70abe8af34 tempest-VolumesActionsTest-1840258741 tempest-VolumesActionsTest-1840258741-project-member] RESP HEADERS: {'Date': 'Wed, 22 Jul 2026 09:55:21 GMT', 'Server': 'Apache/2.4.58 (Ubuntu)', 'Content-Type': 'text/html; charset=UTF-8', 'Content-Length': '0', 'Etag': 'eda9a9889837ac4bc81d6387d92c1bec', 'Last-Modified': 'Wed, 22 Jul 2026 09:55:19 GMT', 'X-Trans-Id': 'tx91ffea00debc4622b0ffe-006a609386', 'X-Openstack-Request-Id': 'tx91ffea00debc4622b0ffe-006a609386', 'Connection': 'close'} {{(pid=99716) http_log /opt/stack/data/venv/lib/python3.12/site-packages/swiftclient/client.py:162}}
Jul 22 09:55:21.443556 np0000005633 devstack@g-api.service[99716]: DEBUG glance_store._drivers.swift.store [None req-50891df7-9a29-483e-a62f-6c70abe8af34 tempest-VolumesActionsTest-1840258741 tempest-VolumesActionsTest-1840258741-project-member] Wrote chunk e64c3612-c274-4dae-a03d-b1c982ab6259-00003 (3/?) of length 204800000 to Swift returning MD5 of content: eda9a9889837ac4bc81d6387d92c1bec {{(pid=99716) add /opt/stack/data/venv/lib/python3.12/site-packages/glance_store/_drivers/swift/store.py:1059}}
Jul 22 09:55:21.453628 np0000005633 devstack@g-api.service[99714]: DEBUG glance.api.middleware.version_negotiation [None req-8fabd0b5-1d2c-4f34-b2d4-ffbd5a22d0e6 tempest-VolumesActionsTest-1840258741 tempest-VolumesActionsTest-1840258741-project-member] Determining version of request: GET /v2/images/e64c3612-c274-4dae-a03d-b1c982ab6259 Accept: application/json {{(pid=99714) process_request /opt/stack/glance/glance/api/middleware/version_negotiation.py:44}}
Jul 22 09:55:21.455481 np0000005633 devstack@g-api.service[99714]: DEBUG glance.api.middleware.version_negotiation [None req-8fabd0b5-1d2c-4f34-b2d4-ffbd5a22d0e6 tempest-VolumesActionsTest-1840258741 tempest-VolumesActionsTest-1840258741-project-member] Using url versioning {{(pid=99714) process_request /opt/stack/glance/glance/api/middleware/version_negotiation.py:57}}
Jul 22 09:55:21.455481 np0000005633 devstack@g-api.service[99714]: DEBUG glance.api.middleware.version_negotiation [None req-8fabd0b5-1d2c-4f34-b2d4-ffbd5a22d0e6 tempest-VolumesActionsTest-1840258741 tempest-VolumesActionsTest-1840258741-project-member] Matched version: v2 {{(pid=99714) process_request /opt/stack/glance/glance/api/middleware/version_negotiation.py:69}}
Jul 22 09:55:21.455481 np0000005633 devstack@g-api.service[99714]: DEBUG glance.api.middleware.version_negotiation [None req-8fabd0b5-1d2c-4f34-b2d4-ffbd5a22d0e6 tempest-VolumesActionsTest-1840258741 tempest-VolumesActionsTest-1840258741-project-member] new path /v2/images/e64c3612-c274-4dae-a03d-b1c982ab6259 {{(pid=99714) process_request /opt/stack/glance/glance/api/middleware/version_negotiation.py:70}}
Jul 22 09:55:21.477166 np0000005633 devstack@g-api.service[99714]: [pid: 99714|app: 0|req: 91/288] 127.0.0.1 () {40 vars in 838 bytes} [Wed Jul 22 09:55:21 2026] GET /v2/images/e64c3612-c274-4dae-a03d-b1c982ab6259 => generated 650 bytes in 24 msecs (HTTP/1.1 200) 4 headers in 157 bytes (1 switches on core 0)
Jul 22 09:55:22.487717 np0000005633 devstack@g-api.service[99715]: DEBUG glance.api.middleware.version_negotiation [None req-4df1e654-b0c4-49a5-a6fe-17adcc585c86 tempest-VolumesActionsTest-1840258741 tempest-VolumesActionsTest-1840258741-project-member] Determining version of request: GET /v2/images/e64c3612-c274-4dae-a03d-b1c982ab6259 Accept: application/json {{(pid=99715) process_request /opt/stack/glance/glance/api/middleware/version_negotiation.py:44}}
Jul 22 09:55:22.488246 np0000005633 devstack@g-api.service[99715]: DEBUG glance.api.middleware.version_negotiation [None req-4df1e654-b0c4-49a5-a6fe-17adcc585c86 tempest-VolumesActionsTest-1840258741 tempest-VolumesActionsTest-1840258741-project-member] Using url versioning {{(pid=99715) process_request /opt/stack/glance/glance/api/middleware/version_negotiation.py:57}}
Jul 22 09:55:22.488246 np0000005633 devstack@g-api.service[99715]: DEBUG glance.api.middleware.version_negotiation [None req-4df1e654-b0c4-49a5-a6fe-17adcc585c86 tempest-VolumesActionsTest-1840258741 tempest-VolumesActionsTest-1840258741-project-member] Matched version: v2 {{(pid=99715) process_request /opt/stack/glance/glance/api/middleware/version_negotiation.py:69}}
Jul 22 09:55:22.488789 np0000005633 devstack@g-api.service[99715]: DEBUG glance.api.middleware.version_negotiation [None req-4df1e654-b0c4-49a5-a6fe-17adcc585c86 tempest-VolumesActionsTest-1840258741 tempest-VolumesActionsTest-1840258741-project-member] new path /v2/images/e64c3612-c274-4dae-a03d-b1c982ab6259 {{(pid=99715) process_request /opt/stack/glance/glance/api/middleware/version_negotiation.py:70}}
Jul 22 09:55:22.505320 np0000005633 devstack@g-api.service[99715]: [pid: 99715|app: 0|req: 102/289] 127.0.0.1 () {40 vars in 838 bytes} [Wed Jul 22 09:55:22 2026] GET /v2/images/e64c3612-c274-4dae-a03d-b1c982ab6259 => generated 650 bytes in 18 msecs (HTTP/1.1 200) 4 headers in 157 bytes (1 switches on core 0)
Jul 22 09:55:22.913496 np0000005633 devstack@g-api.service[99716]: DEBUG dbcounter [-] [99716] Writing DB stats glance:SELECT=61,glance:UPDATE=4,glance:INSERT=2 {{(pid=99716) stat_writer /opt/stack/data/venv/lib/python3.12/site-packages/dbcounter.py:115}}
Jul 22 09:55:23.520105 np0000005633 devstack@g-api.service[99714]: DEBUG glance.api.middleware.version_negotiation [None req-79a16c42-f1db-4bf3-a88d-33d999c27f79 tempest-VolumesActionsTest-1840258741 tempest-VolumesActionsTest-1840258741-project-member] Determining version of request: GET /v2/images/e64c3612-c274-4dae-a03d-b1c982ab6259 Accept: application/json {{(pid=99714) process_request /opt/stack/glance/glance/api/middleware/version_negotiation.py:44}}
Jul 22 09:55:23.523174 np0000005633 devstack@g-api.service[99714]: DEBUG glance.api.middleware.version_negotiation [None req-79a16c42-f1db-4bf3-a88d-33d999c27f79 tempest-VolumesActionsTest-1840258741 tempest-VolumesActionsTest-1840258741-project-member] Using url versioning {{(pid=99714) process_request /opt/stack/glance/glance/api/middleware/version_negotiation.py:57}}
Jul 22 09:55:23.523174 np0000005633 devstack@g-api.service[99714]: DEBUG glance.api.middleware.version_negotiation [None req-79a16c42-f1db-4bf3-a88d-33d999c27f79 tempest-VolumesActionsTest-1840258741 tempest-VolumesActionsTest-1840258741-project-member] Matched version: v2 {{(pid=99714) process_request /opt/stack/glance/glance/api/middleware/version_negotiation.py:69}}
Jul 22 09:55:23.523433 np0000005633 devstack@g-api.service[99714]: DEBUG glance.api.middleware.version_negotiation [None req-79a16c42-f1db-4bf3-a88d-33d999c27f79 tempest-VolumesActionsTest-1840258741 tempest-VolumesActionsTest-1840258741-project-member] new path /v2/images/e64c3612-c274-4dae-a03d-b1c982ab6259 {{(pid=99714) process_request /opt/stack/glance/glance/api/middleware/version_negotiation.py:70}}
Jul 22 09:55:23.541821 np0000005633 devstack@g-api.service[99714]: [pid: 99714|app: 0|req: 92/290] 127.0.0.1 () {40 vars in 838 bytes} [Wed Jul 22 09:55:23 2026] GET /v2/images/e64c3612-c274-4dae-a03d-b1c982ab6259 => generated 650 bytes in 22 msecs (HTTP/1.1 200) 4 headers in 157 bytes (1 switches on core 0)
Jul 22 09:55:24.533864 np0000005633 devstack@g-api.service[99716]: DEBUG swiftclient [None req-50891df7-9a29-483e-a62f-6c70abe8af34 tempest-VolumesActionsTest-1840258741 tempest-VolumesActionsTest-1840258741-project-member] REQ: curl -i https://10.4.3.252:8080/v1/AUTH_9c7148653587402c8f22d97366696847/glance/e64c3612-c274-4dae-a03d-b1c982ab6259-00004 -X PUT -H "X-Auth-Token: gAAAAABqYJOAnIXu..." {{(pid=99716) http_log /opt/stack/data/venv/lib/python3.12/site-packages/swiftclient/client.py:160}}
Jul 22 09:55:24.534931 np0000005633 devstack@g-api.service[99716]: DEBUG swiftclient [None req-50891df7-9a29-483e-a62f-6c70abe8af34 tempest-VolumesActionsTest-1840258741 tempest-VolumesActionsTest-1840258741-project-member] RESP STATUS: 201 Created {{(pid=99716) http_log /opt/stack/data/venv/lib/python3.12/site-packages/swiftclient/client.py:161}}
Jul 22 09:55:24.534931 np0000005633 devstack@g-api.service[99716]: DEBUG swiftclient [None req-50891df7-9a29-483e-a62f-6c70abe8af34 tempest-VolumesActionsTest-1840258741 tempest-VolumesActionsTest-1840258741-project-member] RESP HEADERS: {'Date': 'Wed, 22 Jul 2026 09:55:24 GMT', 'Server': 'Apache/2.4.58 (Ubuntu)', 'Content-Type': 'text/html; charset=UTF-8', 'Content-Length': '0', 'Etag': 'eda9a9889837ac4bc81d6387d92c1bec', 'Last-Modified': 'Wed, 22 Jul 2026 09:55:22 GMT', 'X-Trans-Id': 'txf7de4cdcb88b479dbb38f-006a609389', 'X-Openstack-Request-Id': 'txf7de4cdcb88b479dbb38f-006a609389', 'Connection': 'close'} {{(pid=99716) http_log /opt/stack/data/venv/lib/python3.12/site-packages/swiftclient/client.py:162}}
Jul 22 09:55:24.534931 np0000005633 devstack@g-api.service[99716]: DEBUG glance_store._drivers.swift.store [None req-50891df7-9a29-483e-a62f-6c70abe8af34 tempest-VolumesActionsTest-1840258741 tempest-VolumesActionsTest-1840258741-project-member] Wrote chunk e64c3612-c274-4dae-a03d-b1c982ab6259-00004 (4/?) of length 204800000 to Swift returning MD5 of content: eda9a9889837ac4bc81d6387d92c1bec {{(pid=99716) add /opt/stack/data/venv/lib/python3.12/site-packages/glance_store/_drivers/swift/store.py:1059}}
Jul 22 09:55:24.555145 np0000005633 devstack@g-api.service[99715]: DEBUG glance.api.middleware.version_negotiation [None req-05db7b3f-14ea-4802-8a20-a9bcb11769b8 tempest-VolumesActionsTest-1840258741 tempest-VolumesActionsTest-1840258741-project-member] Determining version of request: GET /v2/images/e64c3612-c274-4dae-a03d-b1c982ab6259 Accept: application/json {{(pid=99715) process_request /opt/stack/glance/glance/api/middleware/version_negotiation.py:44}}
Jul 22 09:55:24.555710 np0000005633 devstack@g-api.service[99715]: DEBUG glance.api.middleware.version_negotiation [None req-05db7b3f-14ea-4802-8a20-a9bcb11769b8 tempest-VolumesActionsTest-1840258741 tempest-VolumesActionsTest-1840258741-project-member] Using url versioning {{(pid=99715) process_request /opt/stack/glance/glance/api/middleware/version_negotiation.py:57}}
Jul 22 09:55:24.556538 np0000005633 devstack@g-api.service[99715]: DEBUG glance.api.middleware.version_negotiation [None req-05db7b3f-14ea-4802-8a20-a9bcb11769b8 tempest-VolumesActionsTest-1840258741 tempest-VolumesActionsTest-1840258741-project-member] Matched version: v2 {{(pid=99715) process_request /opt/stack/glance/glance/api/middleware/version_negotiation.py:69}}
Jul 22 09:55:24.557021 np0000005633 devstack@g-api.service[99715]: DEBUG glance.api.middleware.version_negotiation [None req-05db7b3f-14ea-4802-8a20-a9bcb11769b8 tempest-VolumesActionsTest-1840258741 tempest-VolumesActionsTest-1840258741-project-member] new path /v2/images/e64c3612-c274-4dae-a03d-b1c982ab6259 {{(pid=99715) process_request /opt/stack/glance/glance/api/middleware/version_negotiation.py:70}}
Jul 22 09:55:24.582872 np0000005633 devstack@g-api.service[99715]: [pid: 99715|app: 0|req: 103/291] 127.0.0.1 () {40 vars in 838 bytes} [Wed Jul 22 09:55:24 2026] GET /v2/images/e64c3612-c274-4dae-a03d-b1c982ab6259 => generated 650 bytes in 28 msecs (HTTP/1.1 200) 4 headers in 157 bytes (1 switches on core 0)
Jul 22 09:55:25.600099 np0000005633 devstack@g-api.service[99714]: DEBUG glance.api.middleware.version_negotiation [None req-a8844950-8a8e-4fca-a248-80b811fc3103 tempest-VolumesActionsTest-1840258741 tempest-VolumesActionsTest-1840258741-project-member] Determining version of request: GET /v2/images/e64c3612-c274-4dae-a03d-b1c982ab6259 Accept: application/json {{(pid=99714) process_request /opt/stack/glance/glance/api/middleware/version_negotiation.py:44}}
Jul 22 09:55:25.600099 np0000005633 devstack@g-api.service[99714]: DEBUG glance.api.middleware.version_negotiation [None req-a8844950-8a8e-4fca-a248-80b811fc3103 tempest-VolumesActionsTest-1840258741 tempest-VolumesActionsTest-1840258741-project-member] Using url versioning {{(pid=99714) process_request /opt/stack/glance/glance/api/middleware/version_negotiation.py:57}}
Jul 22 09:55:25.600099 np0000005633 devstack@g-api.service[99714]: DEBUG glance.api.middleware.version_negotiation [None req-a8844950-8a8e-4fca-a248-80b811fc3103 tempest-VolumesActionsTest-1840258741 tempest-VolumesActionsTest-1840258741-project-member] Matched version: v2 {{(pid=99714) process_request /opt/stack/glance/glance/api/middleware/version_negotiation.py:69}}
Jul 22 09:55:25.600099 np0000005633 devstack@g-api.service[99714]: DEBUG glance.api.middleware.version_negotiation [None req-a8844950-8a8e-4fca-a248-80b811fc3103 tempest-VolumesActionsTest-1840258741 tempest-VolumesActionsTest-1840258741-project-member] new path /v2/images/e64c3612-c274-4dae-a03d-b1c982ab6259 {{(pid=99714) process_request /opt/stack/glance/glance/api/middleware/version_negotiation.py:70}}
Jul 22 09:55:25.627087 np0000005633 devstack@g-api.service[99714]: [pid: 99714|app: 0|req: 93/292] 127.0.0.1 () {40 vars in 838 bytes} [Wed Jul 22 09:55:25 2026] GET /v2/images/e64c3612-c274-4dae-a03d-b1c982ab6259 => generated 650 bytes in 28 msecs (HTTP/1.1 200) 4 headers in 157 bytes (1 switches on core 0)
Jul 22 09:55:26.638638 np0000005633 devstack@g-api.service[99715]: DEBUG glance.api.middleware.version_negotiation [None req-3e9f3459-d032-487d-9bca-9fcaee580a6b tempest-VolumesActionsTest-1840258741 tempest-VolumesActionsTest-1840258741-project-member] Determining version of request: GET /v2/images/e64c3612-c274-4dae-a03d-b1c982ab6259 Accept: application/json {{(pid=99715) process_request /opt/stack/glance/glance/api/middleware/version_negotiation.py:44}}
Jul 22 09:55:26.638638 np0000005633 devstack@g-api.service[99715]: DEBUG glance.api.middleware.version_negotiation [None req-3e9f3459-d032-487d-9bca-9fcaee580a6b tempest-VolumesActionsTest-1840258741 tempest-VolumesActionsTest-1840258741-project-member] Using url versioning {{(pid=99715) process_request /opt/stack/glance/glance/api/middleware/version_negotiation.py:57}}
Jul 22 09:55:26.639469 np0000005633 devstack@g-api.service[99715]: DEBUG glance.api.middleware.version_negotiation [None req-3e9f3459-d032-487d-9bca-9fcaee580a6b tempest-VolumesActionsTest-1840258741 tempest-VolumesActionsTest-1840258741-project-member] Matched version: v2 {{(pid=99715) process_request /opt/stack/glance/glance/api/middleware/version_negotiation.py:69}}
Jul 22 09:55:26.639469 np0000005633 devstack@g-api.service[99715]: DEBUG glance.api.middleware.version_negotiation [None req-3e9f3459-d032-487d-9bca-9fcaee580a6b tempest-VolumesActionsTest-1840258741 tempest-VolumesActionsTest-1840258741-project-member] new path /v2/images/e64c3612-c274-4dae-a03d-b1c982ab6259 {{(pid=99715) process_request /opt/stack/glance/glance/api/middleware/version_negotiation.py:70}}
Jul 22 09:55:26.654678 np0000005633 devstack@g-api.service[99715]: [pid: 99715|app: 0|req: 104/293] 127.0.0.1 () {40 vars in 838 bytes} [Wed Jul 22 09:55:26 2026] GET /v2/images/e64c3612-c274-4dae-a03d-b1c982ab6259 => generated 650 bytes in 16 msecs (HTTP/1.1 200) 4 headers in 157 bytes (1 switches on core 0)
Jul 22 09:55:27.425239 np0000005633 devstack@g-api.service[99716]: DEBUG swiftclient [None req-50891df7-9a29-483e-a62f-6c70abe8af34 tempest-VolumesActionsTest-1840258741 tempest-VolumesActionsTest-1840258741-project-member] REQ: curl -i https://10.4.3.252:8080/v1/AUTH_9c7148653587402c8f22d97366696847/glance/e64c3612-c274-4dae-a03d-b1c982ab6259-00005 -X PUT -H "X-Auth-Token: gAAAAABqYJOAnIXu..." {{(pid=99716) http_log /opt/stack/data/venv/lib/python3.12/site-packages/swiftclient/client.py:160}}
Jul 22 09:55:27.425751 np0000005633 devstack@g-api.service[99716]: DEBUG swiftclient [None req-50891df7-9a29-483e-a62f-6c70abe8af34 tempest-VolumesActionsTest-1840258741 tempest-VolumesActionsTest-1840258741-project-member] RESP STATUS: 201 Created {{(pid=99716) http_log /opt/stack/data/venv/lib/python3.12/site-packages/swiftclient/client.py:161}}
Jul 22 09:55:27.425751 np0000005633 devstack@g-api.service[99716]: DEBUG swiftclient [None req-50891df7-9a29-483e-a62f-6c70abe8af34 tempest-VolumesActionsTest-1840258741 tempest-VolumesActionsTest-1840258741-project-member] RESP HEADERS: {'Date': 'Wed, 22 Jul 2026 09:55:27 GMT', 'Server': 'Apache/2.4.58 (Ubuntu)', 'Content-Type': 'text/html; charset=UTF-8', 'Content-Length': '0', 'Etag': 'eda9a9889837ac4bc81d6387d92c1bec', 'Last-Modified': 'Wed, 22 Jul 2026 09:55:25 GMT', 'X-Trans-Id': 'tx79c64c94b5b248bb86762-006a60938c', 'X-Openstack-Request-Id': 'tx79c64c94b5b248bb86762-006a60938c', 'Connection': 'close'} {{(pid=99716) http_log /opt/stack/data/venv/lib/python3.12/site-packages/swiftclient/client.py:162}}
Jul 22 09:55:27.425751 np0000005633 devstack@g-api.service[99716]: DEBUG glance_store._drivers.swift.store [None req-50891df7-9a29-483e-a62f-6c70abe8af34 tempest-VolumesActionsTest-1840258741 tempest-VolumesActionsTest-1840258741-project-member] Wrote chunk e64c3612-c274-4dae-a03d-b1c982ab6259-00005 (5/?) of length 204800000 to Swift returning MD5 of content: eda9a9889837ac4bc81d6387d92c1bec {{(pid=99716) add /opt/stack/data/venv/lib/python3.12/site-packages/glance_store/_drivers/swift/store.py:1059}}
Jul 22 09:55:27.666460 np0000005633 devstack@g-api.service[99714]: DEBUG glance.api.middleware.version_negotiation [None req-ea8fc3df-2e26-4266-b0e7-61bb8b4790a0 tempest-VolumesActionsTest-1840258741 tempest-VolumesActionsTest-1840258741-project-member] Determining version of request: GET /v2/images/e64c3612-c274-4dae-a03d-b1c982ab6259 Accept: application/json {{(pid=99714) process_request /opt/stack/glance/glance/api/middleware/version_negotiation.py:44}}
Jul 22 09:55:27.669498 np0000005633 devstack@g-api.service[99714]: DEBUG glance.api.middleware.version_negotiation [None req-ea8fc3df-2e26-4266-b0e7-61bb8b4790a0 tempest-VolumesActionsTest-1840258741 tempest-VolumesActionsTest-1840258741-project-member] Using url versioning {{(pid=99714) process_request /opt/stack/glance/glance/api/middleware/version_negotiation.py:57}}
Jul 22 09:55:27.670826 np0000005633 devstack@g-api.service[99714]: DEBUG glance.api.middleware.version_negotiation [None req-ea8fc3df-2e26-4266-b0e7-61bb8b4790a0 tempest-VolumesActionsTest-1840258741 tempest-VolumesActionsTest-1840258741-project-member] Matched version: v2 {{(pid=99714) process_request /opt/stack/glance/glance/api/middleware/version_negotiation.py:69}}
Jul 22 09:55:27.670826 np0000005633 devstack@g-api.service[99714]: DEBUG glance.api.middleware.version_negotiation [None req-ea8fc3df-2e26-4266-b0e7-61bb8b4790a0 tempest-VolumesActionsTest-1840258741 tempest-VolumesActionsTest-1840258741-project-member] new path /v2/images/e64c3612-c274-4dae-a03d-b1c982ab6259 {{(pid=99714) process_request /opt/stack/glance/glance/api/middleware/version_negotiation.py:70}}
Jul 22 09:55:27.682749 np0000005633 devstack@g-api.service[99714]: [pid: 99714|app: 0|req: 94/294] 127.0.0.1 () {40 vars in 838 bytes} [Wed Jul 22 09:55:27 2026] GET /v2/images/e64c3612-c274-4dae-a03d-b1c982ab6259 => generated 650 bytes in 16 msecs (HTTP/1.1 200) 4 headers in 157 bytes (1 switches on core 0)
Jul 22 09:55:27.964753 np0000005633 devstack@g-api.service[99716]: DEBUG swiftclient [None req-50891df7-9a29-483e-a62f-6c70abe8af34 tempest-VolumesActionsTest-1840258741 tempest-VolumesActionsTest-1840258741-project-member] REQ: curl -i https://10.4.3.252:8080/v1/AUTH_9c7148653587402c8f22d97366696847/glance/e64c3612-c274-4dae-a03d-b1c982ab6259-00006 -X PUT -H "X-Auth-Token: gAAAAABqYJOAnIXu..." {{(pid=99716) http_log /opt/stack/data/venv/lib/python3.12/site-packages/swiftclient/client.py:160}}
Jul 22 09:55:27.964910 np0000005633 devstack@g-api.service[99716]: DEBUG swiftclient [None req-50891df7-9a29-483e-a62f-6c70abe8af34 tempest-VolumesActionsTest-1840258741 tempest-VolumesActionsTest-1840258741-project-member] RESP STATUS: 201 Created {{(pid=99716) http_log /opt/stack/data/venv/lib/python3.12/site-packages/swiftclient/client.py:161}}
Jul 22 09:55:27.965156 np0000005633 devstack@g-api.service[99716]: DEBUG swiftclient [None req-50891df7-9a29-483e-a62f-6c70abe8af34 tempest-VolumesActionsTest-1840258741 tempest-VolumesActionsTest-1840258741-project-member] RESP HEADERS: {'Date': 'Wed, 22 Jul 2026 09:55:27 GMT', 'Server': 'Apache/2.4.58 (Ubuntu)', 'Content-Type': 'text/html; charset=UTF-8', 'Content-Length': '0', 'Etag': '708761f3b8777ec77058e63da08eeeb6', 'Last-Modified': 'Wed, 22 Jul 2026 09:55:28 GMT', 'X-Trans-Id': 'txddc76fbea7f14f0ca16b7-006a60938f', 'X-Openstack-Request-Id': 'txddc76fbea7f14f0ca16b7-006a60938f', 'Connection': 'close'} {{(pid=99716) http_log /opt/stack/data/venv/lib/python3.12/site-packages/swiftclient/client.py:162}}
Jul 22 09:55:27.965353 np0000005633 devstack@g-api.service[99716]: DEBUG glance_store._drivers.swift.store [None req-50891df7-9a29-483e-a62f-6c70abe8af34 tempest-VolumesActionsTest-1840258741 tempest-VolumesActionsTest-1840258741-project-member] Wrote chunk e64c3612-c274-4dae-a03d-b1c982ab6259-00006 (6/?) of length 49741824 to Swift returning MD5 of content: 708761f3b8777ec77058e63da08eeeb6 {{(pid=99716) add /opt/stack/data/venv/lib/python3.12/site-packages/glance_store/_drivers/swift/store.py:1059}}
Jul 22 09:55:27.965757 np0000005633 devstack@g-api.service[99716]: DEBUG glance_store._drivers.swift.store [None req-50891df7-9a29-483e-a62f-6c70abe8af34 tempest-VolumesActionsTest-1840258741 tempest-VolumesActionsTest-1840258741-project-member] Not writing zero-length chunk. {{(pid=99716) add /opt/stack/data/venv/lib/python3.12/site-packages/glance_store/_drivers/swift/store.py:1028}}
Jul 22 09:55:27.993179 np0000005633 devstack@g-api.service[99716]: DEBUG swiftclient [None req-50891df7-9a29-483e-a62f-6c70abe8af34 tempest-VolumesActionsTest-1840258741 tempest-VolumesActionsTest-1840258741-project-member] REQ: curl -i https://10.4.3.252:8080/v1/AUTH_9c7148653587402c8f22d97366696847/glance/e64c3612-c274-4dae-a03d-b1c982ab6259 -X PUT -H "X-Object-Manifest: glance/e64c3612-c274-4dae-a03d-b1c982ab6259-" -H "X-Auth-Token: gAAAAABqYJOAnIXu..." -H "Content-Length: 0" {{(pid=99716) http_log /opt/stack/data/venv/lib/python3.12/site-packages/swiftclient/client.py:160}}
Jul 22 09:55:27.993348 np0000005633 devstack@g-api.service[99716]: DEBUG swiftclient [None req-50891df7-9a29-483e-a62f-6c70abe8af34 tempest-VolumesActionsTest-1840258741 tempest-VolumesActionsTest-1840258741-project-member] RESP STATUS: 201 Created {{(pid=99716) http_log /opt/stack/data/venv/lib/python3.12/site-packages/swiftclient/client.py:161}}
Jul 22 09:55:27.993612 np0000005633 devstack@g-api.service[99716]: DEBUG swiftclient [None req-50891df7-9a29-483e-a62f-6c70abe8af34 tempest-VolumesActionsTest-1840258741 tempest-VolumesActionsTest-1840258741-project-member] RESP HEADERS: {'Date': 'Wed, 22 Jul 2026 09:55:27 GMT', 'Server': 'Apache/2.4.58 (Ubuntu)', 'Content-Type': 'text/html; charset=UTF-8', 'Content-Length': '0', 'Etag': 'd41d8cd98f00b204e9800998ecf8427e', 'Last-Modified': 'Wed, 22 Jul 2026 09:55:28 GMT', 'X-Trans-Id': 'tx8487fb3acb6d4d9fb901a-006a60938f', 'X-Openstack-Request-Id': 'tx8487fb3acb6d4d9fb901a-006a60938f', 'Connection': 'close'} {{(pid=99716) http_log /opt/stack/data/venv/lib/python3.12/site-packages/swiftclient/client.py:162}}
Jul 22 09:55:27.994096 np0000005633 devstack@g-api.service[99716]: INFO glance.location [None req-50891df7-9a29-483e-a62f-6c70abe8af34 tempest-VolumesActionsTest-1840258741 tempest-VolumesActionsTest-1840258741-project-member] Image format matched and virtual size computed: 1073741824
Jul 22 09:55:28.028249 np0000005633 devstack@g-api.service[99716]: DEBUG glance_store.backend [None req-50891df7-9a29-483e-a62f-6c70abe8af34 tempest-VolumesActionsTest-1840258741 tempest-VolumesActionsTest-1840258741-project-member] Attempting to import store swift {{(pid=99716) _load_store /opt/stack/data/venv/lib/python3.12/site-packages/glance_store/backend.py:215}}
Jul 22 09:55:28.030362 np0000005633 devstack@g-api.service[99716]: DEBUG glance_store.capabilities [None req-50891df7-9a29-483e-a62f-6c70abe8af34 tempest-VolumesActionsTest-1840258741 tempest-VolumesActionsTest-1840258741-project-member] Store glance_store._drivers.swift.store.SingleTenantStore doesn't support updating dynamic storage capabilities. Please overwrite 'update_capabilities' method of the store to implement updating logics if needed. {{(pid=99716) update_capabilities /opt/stack/data/venv/lib/python3.12/site-packages/glance_store/capabilities.py:91}}
Jul 22 09:55:28.030362 np0000005633 devstack@g-api.service[99716]: DEBUG glance_store.driver [None req-50891df7-9a29-483e-a62f-6c70abe8af34 tempest-VolumesActionsTest-1840258741 tempest-VolumesActionsTest-1840258741-project-member] Late loading location class glance_store._drivers.swift.store.StoreLocation {{(pid=99716) get_store_location_class /opt/stack/data/venv/lib/python3.12/site-packages/glance_store/driver.py:134}}
Jul 22 09:55:28.030362 np0000005633 devstack@g-api.service[99716]: DEBUG glance_store.location [None req-50891df7-9a29-483e-a62f-6c70abe8af34 tempest-VolumesActionsTest-1840258741 tempest-VolumesActionsTest-1840258741-project-member] Registering scheme swift+https with {'store': , 'location_class': , 'store_entry': 'swift'} {{(pid=99716) register_scheme_map /opt/stack/data/venv/lib/python3.12/site-packages/glance_store/location.py:146}}
Jul 22 09:55:28.030362 np0000005633 devstack@g-api.service[99716]: DEBUG glance_store.location [None req-50891df7-9a29-483e-a62f-6c70abe8af34 tempest-VolumesActionsTest-1840258741 tempest-VolumesActionsTest-1840258741-project-member] Registering scheme swift+https with {'store': , 'location_class': , 'store_entry': 'swift'} {{(pid=99716) register_scheme_map /opt/stack/data/venv/lib/python3.12/site-packages/glance_store/location.py:146}}
Jul 22 09:55:28.030362 np0000005633 devstack@g-api.service[99716]: DEBUG glance_store.location [None req-50891df7-9a29-483e-a62f-6c70abe8af34 tempest-VolumesActionsTest-1840258741 tempest-VolumesActionsTest-1840258741-project-member] Registering scheme swift with {'store': , 'location_class': , 'store_entry': 'swift'} {{(pid=99716) register_scheme_map /opt/stack/data/venv/lib/python3.12/site-packages/glance_store/location.py:146}}
Jul 22 09:55:28.031448 np0000005633 devstack@g-api.service[99716]: DEBUG glance_store.location [None req-50891df7-9a29-483e-a62f-6c70abe8af34 tempest-VolumesActionsTest-1840258741 tempest-VolumesActionsTest-1840258741-project-member] Registering scheme swift+https with {'store': , 'location_class': , 'store_entry': 'swift'} {{(pid=99716) register_scheme_map /opt/stack/data/venv/lib/python3.12/site-packages/glance_store/location.py:146}}
Jul 22 09:55:28.031448 np0000005633 devstack@g-api.service[99716]: DEBUG glance_store.location [None req-50891df7-9a29-483e-a62f-6c70abe8af34 tempest-VolumesActionsTest-1840258741 tempest-VolumesActionsTest-1840258741-project-member] Registering scheme swift with {'store': , 'location_class': , 'store_entry': 'swift'} {{(pid=99716) register_scheme_map /opt/stack/data/venv/lib/python3.12/site-packages/glance_store/location.py:146}}
Jul 22 09:55:28.031448 np0000005633 devstack@g-api.service[99716]: DEBUG glance_store.location [None req-50891df7-9a29-483e-a62f-6c70abe8af34 tempest-VolumesActionsTest-1840258741 tempest-VolumesActionsTest-1840258741-project-member] Registering scheme swift+http with {'store': , 'location_class': , 'store_entry': 'swift'} {{(pid=99716) register_scheme_map /opt/stack/data/venv/lib/python3.12/site-packages/glance_store/location.py:146}}
Jul 22 09:55:28.031448 np0000005633 devstack@g-api.service[99716]: DEBUG glance_store.location [None req-50891df7-9a29-483e-a62f-6c70abe8af34 tempest-VolumesActionsTest-1840258741 tempest-VolumesActionsTest-1840258741-project-member] Registering scheme swift+https with {'store': , 'location_class': , 'store_entry': 'swift'} {{(pid=99716) register_scheme_map /opt/stack/data/venv/lib/python3.12/site-packages/glance_store/location.py:146}}
Jul 22 09:55:28.031448 np0000005633 devstack@g-api.service[99716]: DEBUG glance_store.location [None req-50891df7-9a29-483e-a62f-6c70abe8af34 tempest-VolumesActionsTest-1840258741 tempest-VolumesActionsTest-1840258741-project-member] Registering scheme swift with {'store': , 'location_class': , 'store_entry': 'swift'} {{(pid=99716) register_scheme_map /opt/stack/data/venv/lib/python3.12/site-packages/glance_store/location.py:146}}
Jul 22 09:55:28.031448 np0000005633 devstack@g-api.service[99716]: DEBUG glance_store.location [None req-50891df7-9a29-483e-a62f-6c70abe8af34 tempest-VolumesActionsTest-1840258741 tempest-VolumesActionsTest-1840258741-project-member] Registering scheme swift+http with {'store': , 'location_class': , 'store_entry': 'swift'} {{(pid=99716) register_scheme_map /opt/stack/data/venv/lib/python3.12/site-packages/glance_store/location.py:146}}
Jul 22 09:55:28.031448 np0000005633 devstack@g-api.service[99716]: DEBUG glance_store.location [None req-50891df7-9a29-483e-a62f-6c70abe8af34 tempest-VolumesActionsTest-1840258741 tempest-VolumesActionsTest-1840258741-project-member] Registering scheme swift+config with {'store': , 'location_class': , 'store_entry': 'swift'} {{(pid=99716) register_scheme_map /opt/stack/data/venv/lib/python3.12/site-packages/glance_store/location.py:146}}
Jul 22 09:55:28.031448 np0000005633 devstack@g-api.service[99716]: DEBUG glance_store.backend [None req-50891df7-9a29-483e-a62f-6c70abe8af34 tempest-VolumesActionsTest-1840258741 tempest-VolumesActionsTest-1840258741-project-member] Skipping store.set_acls... not implemented. {{(pid=99716) set_acls /opt/stack/data/venv/lib/python3.12/site-packages/glance_store/backend.py:507}}
Jul 22 09:55:28.033957 np0000005633 devstack@g-api.service[99716]: [pid: 99716|app: 0|req: 97/295] 127.0.0.1 () {46 vars in 1158 bytes} [Wed Jul 22 09:55:11 2026] PUT /v2/images/e64c3612-c274-4dae-a03d-b1c982ab6259/file => generated 0 bytes in 16623 msecs (HTTP/1.1 204) 4 headers in 171 bytes (1 switches on core 0)
Jul 22 09:55:28.044783 np0000005633 devstack@g-api.service[99715]: DEBUG glance.api.middleware.version_negotiation [None req-76599da7-58c4-4df2-8a0b-c87c5b506144 tempest-VolumesActionsTest-1840258741 tempest-VolumesActionsTest-1840258741-project-member] Determining version of request: GET /v2/images/e64c3612-c274-4dae-a03d-b1c982ab6259 Accept: */* {{(pid=99715) process_request /opt/stack/glance/glance/api/middleware/version_negotiation.py:44}}
Jul 22 09:55:28.045366 np0000005633 devstack@g-api.service[99715]: DEBUG glance.api.middleware.version_negotiation [None req-76599da7-58c4-4df2-8a0b-c87c5b506144 tempest-VolumesActionsTest-1840258741 tempest-VolumesActionsTest-1840258741-project-member] Using url versioning {{(pid=99715) process_request /opt/stack/glance/glance/api/middleware/version_negotiation.py:57}}
Jul 22 09:55:28.045366 np0000005633 devstack@g-api.service[99715]: DEBUG glance.api.middleware.version_negotiation [None req-76599da7-58c4-4df2-8a0b-c87c5b506144 tempest-VolumesActionsTest-1840258741 tempest-VolumesActionsTest-1840258741-project-member] Matched version: v2 {{(pid=99715) process_request /opt/stack/glance/glance/api/middleware/version_negotiation.py:69}}
Jul 22 09:55:28.045490 np0000005633 devstack@g-api.service[99715]: DEBUG glance.api.middleware.version_negotiation [None req-76599da7-58c4-4df2-8a0b-c87c5b506144 tempest-VolumesActionsTest-1840258741 tempest-VolumesActionsTest-1840258741-project-member] new path /v2/images/e64c3612-c274-4dae-a03d-b1c982ab6259 {{(pid=99715) process_request /opt/stack/glance/glance/api/middleware/version_negotiation.py:70}}
Jul 22 09:55:28.059882 np0000005633 devstack@g-api.service[99715]: [pid: 99715|app: 0|req: 105/296] 127.0.0.1 () {44 vars in 1115 bytes} [Wed Jul 22 09:55:28 2026] GET /v2/images/e64c3612-c274-4dae-a03d-b1c982ab6259 => generated 822 bytes in 15 msecs (HTTP/1.1 200) 4 headers in 157 bytes (1 switches on core 0)
Jul 22 09:55:28.073206 np0000005633 devstack@g-api.service[99714]: DEBUG glance.api.middleware.version_negotiation [None req-80fd9f98-acd6-4bb2-a06a-ff5424c58253 tempest-VolumesActionsTest-1840258741 tempest-VolumesActionsTest-1840258741-project-member] Determining version of request: GET /v2/schemas/image Accept: */* {{(pid=99714) process_request /opt/stack/glance/glance/api/middleware/version_negotiation.py:44}}
Jul 22 09:55:28.074314 np0000005633 devstack@g-api.service[99714]: DEBUG glance.api.middleware.version_negotiation [None req-80fd9f98-acd6-4bb2-a06a-ff5424c58253 tempest-VolumesActionsTest-1840258741 tempest-VolumesActionsTest-1840258741-project-member] Using url versioning {{(pid=99714) process_request /opt/stack/glance/glance/api/middleware/version_negotiation.py:57}}
Jul 22 09:55:28.074613 np0000005633 devstack@g-api.service[99714]: DEBUG glance.api.middleware.version_negotiation [None req-80fd9f98-acd6-4bb2-a06a-ff5424c58253 tempest-VolumesActionsTest-1840258741 tempest-VolumesActionsTest-1840258741-project-member] Matched version: v2 {{(pid=99714) process_request /opt/stack/glance/glance/api/middleware/version_negotiation.py:69}}
Jul 22 09:55:28.074759 np0000005633 devstack@g-api.service[99714]: DEBUG glance.api.middleware.version_negotiation [None req-80fd9f98-acd6-4bb2-a06a-ff5424c58253 tempest-VolumesActionsTest-1840258741 tempest-VolumesActionsTest-1840258741-project-member] new path /v2/schemas/image {{(pid=99714) process_request /opt/stack/glance/glance/api/middleware/version_negotiation.py:70}}
Jul 22 09:55:28.079052 np0000005633 devstack@g-api.service[99714]: [pid: 99714|app: 0|req: 95/297] 127.0.0.1 () {44 vars in 1055 bytes} [Wed Jul 22 09:55:28 2026] GET /v2/schemas/image => generated 6083 bytes in 6 msecs (HTTP/1.1 200) 4 headers in 158 bytes (1 switches on core 0)
Jul 22 09:55:28.089380 np0000005633 devstack@g-api.service[99716]: DEBUG glance.api.middleware.version_negotiation [None req-50891df7-9a29-483e-a62f-6c70abe8af34 tempest-VolumesActionsTest-1840258741 tempest-VolumesActionsTest-1840258741-project-member] Determining version of request: GET /v2/schemas/image Accept: */* {{(pid=99716) process_request /opt/stack/glance/glance/api/middleware/version_negotiation.py:44}}
Jul 22 09:55:28.089670 np0000005633 devstack@g-api.service[99716]: DEBUG glance.api.middleware.version_negotiation [None req-50891df7-9a29-483e-a62f-6c70abe8af34 tempest-VolumesActionsTest-1840258741 tempest-VolumesActionsTest-1840258741-project-member] Using url versioning {{(pid=99716) process_request /opt/stack/glance/glance/api/middleware/version_negotiation.py:57}}
Jul 22 09:55:28.089888 np0000005633 devstack@g-api.service[99716]: DEBUG glance.api.middleware.version_negotiation [None req-50891df7-9a29-483e-a62f-6c70abe8af34 tempest-VolumesActionsTest-1840258741 tempest-VolumesActionsTest-1840258741-project-member] Matched version: v2 {{(pid=99716) process_request /opt/stack/glance/glance/api/middleware/version_negotiation.py:69}}
Jul 22 09:55:28.090063 np0000005633 devstack@g-api.service[99716]: DEBUG glance.api.middleware.version_negotiation [None req-50891df7-9a29-483e-a62f-6c70abe8af34 tempest-VolumesActionsTest-1840258741 tempest-VolumesActionsTest-1840258741-project-member] new path /v2/schemas/image {{(pid=99716) process_request /opt/stack/glance/glance/api/middleware/version_negotiation.py:70}}
Jul 22 09:55:28.093448 np0000005633 devstack@g-api.service[99716]: [pid: 99716|app: 0|req: 98/298] 127.0.0.1 () {44 vars in 1055 bytes} [Wed Jul 22 09:55:28 2026] GET /v2/schemas/image => generated 6083 bytes in 4 msecs (HTTP/1.1 200) 4 headers in 158 bytes (1 switches on core 0)
Jul 22 09:55:28.694073 np0000005633 devstack@g-api.service[99715]: DEBUG glance.api.middleware.version_negotiation [None req-50891df7-9a29-483e-a62f-6c70abe8af34 tempest-VolumesActionsTest-1840258741 tempest-VolumesActionsTest-1840258741-project-member] Determining version of request: GET /v2/images/e64c3612-c274-4dae-a03d-b1c982ab6259 Accept: application/json {{(pid=99715) process_request /opt/stack/glance/glance/api/middleware/version_negotiation.py:44}}
Jul 22 09:55:28.694073 np0000005633 devstack@g-api.service[99715]: DEBUG glance.api.middleware.version_negotiation [None req-50891df7-9a29-483e-a62f-6c70abe8af34 tempest-VolumesActionsTest-1840258741 tempest-VolumesActionsTest-1840258741-project-member] Using url versioning {{(pid=99715) process_request /opt/stack/glance/glance/api/middleware/version_negotiation.py:57}}
Jul 22 09:55:28.695649 np0000005633 devstack@g-api.service[99715]: DEBUG glance.api.middleware.version_negotiation [None req-50891df7-9a29-483e-a62f-6c70abe8af34 tempest-VolumesActionsTest-1840258741 tempest-VolumesActionsTest-1840258741-project-member] Matched version: v2 {{(pid=99715) process_request /opt/stack/glance/glance/api/middleware/version_negotiation.py:69}}
Jul 22 09:55:28.695943 np0000005633 devstack@g-api.service[99715]: DEBUG glance.api.middleware.version_negotiation [None req-50891df7-9a29-483e-a62f-6c70abe8af34 tempest-VolumesActionsTest-1840258741 tempest-VolumesActionsTest-1840258741-project-member] new path /v2/images/e64c3612-c274-4dae-a03d-b1c982ab6259 {{(pid=99715) process_request /opt/stack/glance/glance/api/middleware/version_negotiation.py:70}}
Jul 22 09:55:28.709628 np0000005633 devstack@g-api.service[99715]: [pid: 99715|app: 0|req: 106/299] 127.0.0.1 () {40 vars in 838 bytes} [Wed Jul 22 09:55:28 2026] GET /v2/images/e64c3612-c274-4dae-a03d-b1c982ab6259 => generated 822 bytes in 16 msecs (HTTP/1.1 200) 4 headers in 157 bytes (1 switches on core 0)
Jul 22 09:55:28.768586 np0000005633 devstack@g-api.service[99714]: DEBUG glance.api.middleware.version_negotiation [None req-50891df7-9a29-483e-a62f-6c70abe8af34 tempest-VolumesActionsTest-1840258741 tempest-VolumesActionsTest-1840258741-project-member] Determining version of request: GET /v2/images/e64c3612-c274-4dae-a03d-b1c982ab6259 Accept: application/json {{(pid=99714) process_request /opt/stack/glance/glance/api/middleware/version_negotiation.py:44}}
Jul 22 09:55:28.769287 np0000005633 devstack@g-api.service[99714]: DEBUG glance.api.middleware.version_negotiation [None req-50891df7-9a29-483e-a62f-6c70abe8af34 tempest-VolumesActionsTest-1840258741 tempest-VolumesActionsTest-1840258741-project-member] Using url versioning {{(pid=99714) process_request /opt/stack/glance/glance/api/middleware/version_negotiation.py:57}}
Jul 22 09:55:28.769590 np0000005633 devstack@g-api.service[99714]: DEBUG glance.api.middleware.version_negotiation [None req-50891df7-9a29-483e-a62f-6c70abe8af34 tempest-VolumesActionsTest-1840258741 tempest-VolumesActionsTest-1840258741-project-member] Matched version: v2 {{(pid=99714) process_request /opt/stack/glance/glance/api/middleware/version_negotiation.py:69}}
Jul 22 09:55:28.769694 np0000005633 devstack@g-api.service[99714]: DEBUG glance.api.middleware.version_negotiation [None req-50891df7-9a29-483e-a62f-6c70abe8af34 tempest-VolumesActionsTest-1840258741 tempest-VolumesActionsTest-1840258741-project-member] new path /v2/images/e64c3612-c274-4dae-a03d-b1c982ab6259 {{(pid=99714) process_request /opt/stack/glance/glance/api/middleware/version_negotiation.py:70}}
Jul 22 09:55:28.784295 np0000005633 devstack@g-api.service[99714]: [pid: 99714|app: 0|req: 96/300] 127.0.0.1 () {40 vars in 838 bytes} [Wed Jul 22 09:55:28 2026] GET /v2/images/e64c3612-c274-4dae-a03d-b1c982ab6259 => generated 822 bytes in 15 msecs (HTTP/1.1 200) 4 headers in 157 bytes (1 switches on core 0)
Jul 22 09:55:28.856412 np0000005633 devstack@g-api.service[99716]: DEBUG glance.api.middleware.version_negotiation [None req-50891df7-9a29-483e-a62f-6c70abe8af34 tempest-VolumesActionsTest-1840258741 tempest-VolumesActionsTest-1840258741-project-member] Determining version of request: GET /v2/schemas/image Accept: */* {{(pid=99716) process_request /opt/stack/glance/glance/api/middleware/version_negotiation.py:44}}
Jul 22 09:55:28.856814 np0000005633 devstack@g-api.service[99716]: DEBUG glance.api.middleware.version_negotiation [None req-50891df7-9a29-483e-a62f-6c70abe8af34 tempest-VolumesActionsTest-1840258741 tempest-VolumesActionsTest-1840258741-project-member] Using url versioning {{(pid=99716) process_request /opt/stack/glance/glance/api/middleware/version_negotiation.py:57}}
Jul 22 09:55:28.856814 np0000005633 devstack@g-api.service[99716]: DEBUG glance.api.middleware.version_negotiation [None req-50891df7-9a29-483e-a62f-6c70abe8af34 tempest-VolumesActionsTest-1840258741 tempest-VolumesActionsTest-1840258741-project-member] Matched version: v2 {{(pid=99716) process_request /opt/stack/glance/glance/api/middleware/version_negotiation.py:69}}
Jul 22 09:55:28.857020 np0000005633 devstack@g-api.service[99716]: DEBUG glance.api.middleware.version_negotiation [None req-50891df7-9a29-483e-a62f-6c70abe8af34 tempest-VolumesActionsTest-1840258741 tempest-VolumesActionsTest-1840258741-project-member] new path /v2/schemas/image {{(pid=99716) process_request /opt/stack/glance/glance/api/middleware/version_negotiation.py:70}}
Jul 22 09:55:28.860241 np0000005633 devstack@g-api.service[99716]: [pid: 99716|app: 0|req: 99/301] 127.0.0.1 () {44 vars in 1055 bytes} [Wed Jul 22 09:55:28 2026] GET /v2/schemas/image => generated 6083 bytes in 4 msecs (HTTP/1.1 200) 4 headers in 158 bytes (1 switches on core 0)
