Jul 22 09:48:28.922809 np0000005633 devstack@neutron-api.service[87549]: INFO neutron.db.ovn_revision_numbers_db [None req-77e9ea33-7eb5-4236-a24c-89254e3b8f70 admin admin] Successfully bumped revision number for resource bc466bd9-f08a-424b-b9f6-6125edfdf005 (type: security_group_rules) to 0
Jul 22 09:48:28.931623 np0000005633 devstack@neutron-api.service[87549]: INFO neutron.db.ovn_revision_numbers_db [None req-77e9ea33-7eb5-4236-a24c-89254e3b8f70 admin admin] Successfully bumped revision number for resource bfb6831a-64b3-4311-8919-5bb4f577c4c5 (type: security_group_rules) to 0
Jul 22 09:48:28.950668 np0000005633 devstack@neutron-api.service[87549]: DEBUG neutron.api.rpc.handlers.resources_rpc [None req-77e9ea33-7eb5-4236-a24c-89254e3b8f70 admin admin] Pushing event updated for resources: {'SecurityGroup': ['ID=f6edd8ca-0b46-48ad-a5f3-6ab790c05e3e,revision_number=1']} {{(pid=87549) push /opt/stack/neutron/neutron/api/rpc/handlers/resources_rpc.py:237}}
Jul 22 09:48:28.956527 np0000005633 devstack@neutron-api.service[87549]: DEBUG ovsdbapp.backend.ovs_idl.transaction [-] Running txn n=1 command(idx=0): CheckLivenessCommand(_result=None) {{(pid=87549) do_commit /opt/stack/data/venv/lib/python3.12/site-packages/ovsdbapp/backend/ovs_idl/transaction.py:89}}
Jul 22 09:48:28.958230 np0000005633 devstack@neutron-api.service[87549]: DEBUG neutron.plugins.ml2.drivers.ovn.mech_driver.ovsdb.ovsdb_monitor [-] Hash Ring: Node fa187a02c92457c18e4b7468f8903090 (host: np0000005633) handling event "update" for row bfd63b2a-7185-41a2-8bad-cbecac1faf4d (table: NB_Global) {{(pid=87549) notify /opt/stack/neutron/neutron/plugins/ml2/drivers/ovn/mech_driver/ovsdb/ovsdb_monitor.py:1013}}
Jul 22 09:48:28.959211 np0000005633 devstack@neutron-api.service[87550]: DEBUG neutron.plugins.ml2.drivers.ovn.mech_driver.ovsdb.ovsdb_monitor [-] Hash Ring: Node d110578bfb4c5048b3a9b62886541b06 (host: np0000005633) handling event "update" for row bfd63b2a-7185-41a2-8bad-cbecac1faf4d (table: NB_Global) {{(pid=87550) notify /opt/stack/neutron/neutron/plugins/ml2/drivers/ovn/mech_driver/ovsdb/ovsdb_monitor.py:1013}}
Jul 22 09:48:28.960512 np0000005633 devstack@neutron-api.service[87549]: DEBUG neutron.api.rpc.callbacks.version_manager [None req-77e9ea33-7eb5-4236-a24c-89254e3b8f70 admin admin] Tracked resource versions report:
Jul 22 09:48:28.960512 np0000005633 devstack@neutron-api.service[87549]: pushed versions:
Jul 22 09:48:28.960512 np0000005633 devstack@neutron-api.service[87549]: { 'AddressGroup': {'1.2'},
Jul 22 09:48:28.960512 np0000005633 devstack@neutron-api.service[87549]: 'Agent': {'1.1'},
Jul 22 09:48:28.960512 np0000005633 devstack@neutron-api.service[87549]: 'ConntrackHelper': {'1.0'},
Jul 22 09:48:28.960512 np0000005633 devstack@neutron-api.service[87549]: 'LocalIPAssociation': {'1.0'},
Jul 22 09:48:28.960512 np0000005633 devstack@neutron-api.service[87549]: 'Log': {'1.0'},
Jul 22 09:48:28.960512 np0000005633 devstack@neutron-api.service[87549]: 'NDPProxy': {'1.0'},
Jul 22 09:48:28.960512 np0000005633 devstack@neutron-api.service[87549]: 'Network': {'1.3'},
Jul 22 09:48:28.960512 np0000005633 devstack@neutron-api.service[87549]: 'Port': {'1.11'},
Jul 22 09:48:28.960512 np0000005633 devstack@neutron-api.service[87549]: 'PortForwarding': {'1.3'},
Jul 22 09:48:28.960512 np0000005633 devstack@neutron-api.service[87549]: 'QosPolicy': {'1.10'},
Jul 22 09:48:28.960512 np0000005633 devstack@neutron-api.service[87549]: 'SecurityGroup': {'1.6'},
Jul 22 09:48:28.960512 np0000005633 devstack@neutron-api.service[87549]: 'SecurityGroupRule': {'1.3'},
Jul 22 09:48:28.960512 np0000005633 devstack@neutron-api.service[87549]: 'SubPort': {'1.0'},
Jul 22 09:48:28.960512 np0000005633 devstack@neutron-api.service[87549]: 'Subnet': {'1.2'},
Jul 22 09:48:28.960512 np0000005633 devstack@neutron-api.service[87549]: 'Trunk': {'1.1'}}
Jul 22 09:48:28.960512 np0000005633 devstack@neutron-api.service[87549]: consumer versions:
Jul 22 09:48:28.960512 np0000005633 devstack@neutron-api.service[87549]: {}
Jul 22 09:48:28.960512 np0000005633 devstack@neutron-api.service[87549]: {{(pid=87549) report /opt/stack/neutron/neutron/api/rpc/callbacks/version_manager.py:183}}
Jul 22 09:48:28.962246 np0000005633 devstack@neutron-api.service[87550]: DEBUG neutron.plugins.ml2.drivers.ovn.mech_driver.ovsdb.ovsdb_monitor [-] Hash Ring: Node d110578bfb4c5048b3a9b62886541b06 (host: np0000005633) handling event "update" for row bfd63b2a-7185-41a2-8bad-cbecac1faf4d (table: NB_Global) {{(pid=87550) notify /opt/stack/neutron/neutron/plugins/ml2/drivers/ovn/mech_driver/ovsdb/ovsdb_monitor.py:1013}}
Jul 22 09:48:28.963987 np0000005633 devstack@neutron-api.service[87548]: DEBUG ovsdbapp.backend.ovs_idl.event [-] Matched UPDATE: ChassisAgentWriteEvent(events=('create', 'update'), table='Chassis_Private', conditions=None, old_conditions=None), priority=20 to row=Chassis_Private(uuid=c4581bec-6733-469b-a6ab-40ffdd8fa0f6, chassis=0a8bd30c-6232-4b72-b3ee-c52986914765, external_ids={'neutron:ovn-bridge': 'br-int', 'neutron:ovn-neutron-agent-id': '4c8915b8-5e15-51dc-b200-897f7b4721c0', 'neutron:ovn-neutron-agent-sb-cfg': '0'}, name='c5768fb1-c4a5-4c63-b056-6767ba176b77', nb_cfg=1, nb_cfg_timestamp=1784713708959) old=Chassis_Private(uuid=c4581bec-6733-469b-a6ab-40ffdd8fa0f6, nb_cfg=0, nb_cfg_timestamp=0) {{(pid=87548) matches /opt/stack/data/venv/lib/python3.12/site-packages/ovsdbapp/backend/ovs_idl/event.py:55}}
Jul 22 09:48:28.963987 np0000005633 devstack@neutron-api.service[87548]: DEBUG neutron.plugins.ml2.drivers.ovn.mech_driver.ovsdb.ovsdb_monitor [-] Hash Ring: Node 26c97857daed5df4aaa6b636de3f5c3b (host: np0000005633) handling event "update" for row c4581bec-6733-469b-a6ab-40ffdd8fa0f6 (table: Chassis_Private) {{(pid=87548) notify /opt/stack/neutron/neutron/plugins/ml2/drivers/ovn/mech_driver/ovsdb/ovsdb_monitor.py:1013}}
Jul 22 09:48:28.964387 np0000005633 devstack@neutron-api.service[87550]: DEBUG ovsdbapp.backend.ovs_idl.event [-] Matched UPDATE: ChassisAgentWriteEvent(events=('create', 'update'), table='Chassis_Private', conditions=None, old_conditions=None), priority=20 to row=Chassis_Private(uuid=c4581bec-6733-469b-a6ab-40ffdd8fa0f6, chassis=0a8bd30c-6232-4b72-b3ee-c52986914765, external_ids={'neutron:ovn-bridge': 'br-int', 'neutron:ovn-neutron-agent-id': '4c8915b8-5e15-51dc-b200-897f7b4721c0', 'neutron:ovn-neutron-agent-sb-cfg': '0'}, name='c5768fb1-c4a5-4c63-b056-6767ba176b77', nb_cfg=1, nb_cfg_timestamp=1784713708959) old=Chassis_Private(uuid=c4581bec-6733-469b-a6ab-40ffdd8fa0f6, nb_cfg=0, nb_cfg_timestamp=0) {{(pid=87550) matches /opt/stack/data/venv/lib/python3.12/site-packages/ovsdbapp/backend/ovs_idl/event.py:55}}
Jul 22 09:48:28.965194 np0000005633 devstack@neutron-api.service[87549]: DEBUG ovsdbapp.backend.ovs_idl.event [-] Matched UPDATE: ChassisAgentWriteEvent(events=('create', 'update'), table='Chassis_Private', conditions=None, old_conditions=None), priority=20 to row=Chassis_Private(uuid=c4581bec-6733-469b-a6ab-40ffdd8fa0f6, chassis=0a8bd30c-6232-4b72-b3ee-c52986914765, external_ids={'neutron:ovn-bridge': 'br-int', 'neutron:ovn-neutron-agent-id': '4c8915b8-5e15-51dc-b200-897f7b4721c0', 'neutron:ovn-neutron-agent-sb-cfg': '0'}, name='c5768fb1-c4a5-4c63-b056-6767ba176b77', nb_cfg=1, nb_cfg_timestamp=1784713708959) old=Chassis_Private(uuid=c4581bec-6733-469b-a6ab-40ffdd8fa0f6, nb_cfg=0, nb_cfg_timestamp=0) {{(pid=87549) matches /opt/stack/data/venv/lib/python3.12/site-packages/ovsdbapp/backend/ovs_idl/event.py:55}}
Jul 22 09:48:28.966969 np0000005633 devstack@neutron-api.service[87550]: DEBUG neutron.plugins.ml2.drivers.ovn.mech_driver.ovsdb.ovsdb_monitor [-] Hash Ring: Node d110578bfb4c5048b3a9b62886541b06 (host: np0000005633) handling event "update" for row bfd63b2a-7185-41a2-8bad-cbecac1faf4d (table: NB_Global) {{(pid=87550) notify /opt/stack/neutron/neutron/plugins/ml2/drivers/ovn/mech_driver/ovsdb/ovsdb_monitor.py:1013}}
Jul 22 09:48:28.966969 np0000005633 devstack@neutron-api.service[87550]: DEBUG neutron.plugins.ml2.drivers.ovn.mech_driver.ovsdb.ovsdb_monitor [-] Hash Ring: Node d110578bfb4c5048b3a9b62886541b06 (host: np0000005633) handling event "update" for row bfd63b2a-7185-41a2-8bad-cbecac1faf4d (table: NB_Global) {{(pid=87550) notify /opt/stack/neutron/neutron/plugins/ml2/drivers/ovn/mech_driver/ovsdb/ovsdb_monitor.py:1013}}
Jul 22 09:48:28.968408 np0000005633 devstack@neutron-api.service[87549]: DEBUG neutron.plugins.ml2.drivers.ovn.mech_driver.ovsdb.ovsdb_monitor [-] Hash Ring: Node fa187a02c92457c18e4b7468f8903090 (host: np0000005633) handling event "update" for row bfd63b2a-7185-41a2-8bad-cbecac1faf4d (table: NB_Global) {{(pid=87549) notify /opt/stack/neutron/neutron/plugins/ml2/drivers/ovn/mech_driver/ovsdb/ovsdb_monitor.py:1013}}
Jul 22 09:48:28.968670 np0000005633 devstack@neutron-api.service[87550]: DEBUG neutron.common.ovn.hash_ring_manager [-] Allow caching, nodes 3>=3 {{(pid=87550) _wait_startup_before_caching /opt/stack/neutron/neutron/common/ovn/hash_ring_manager.py:71}}
Jul 22 09:48:28.969510 np0000005633 devstack@neutron-api.service[87548]: DEBUG ovsdbapp.backend.ovs_idl.event [-] Matched UPDATE: ChassisOVNAgentWriteEvent(events=('create', 'update'), table='Chassis_Private', conditions=None, old_conditions=None), priority=20 to row=Chassis_Private(uuid=c4581bec-6733-469b-a6ab-40ffdd8fa0f6, chassis=0a8bd30c-6232-4b72-b3ee-c52986914765, external_ids={'neutron:ovn-bridge': 'br-int', 'neutron:ovn-neutron-agent-id': '4c8915b8-5e15-51dc-b200-897f7b4721c0', 'neutron:ovn-neutron-agent-sb-cfg': '1'}, name='c5768fb1-c4a5-4c63-b056-6767ba176b77', nb_cfg=1, nb_cfg_timestamp=1784713708959) old=Chassis_Private(uuid=c4581bec-6733-469b-a6ab-40ffdd8fa0f6, external_ids={'neutron:ovn-bridge': 'br-int', 'neutron:ovn-neutron-agent-id': '4c8915b8-5e15-51dc-b200-897f7b4721c0', 'neutron:ovn-neutron-agent-sb-cfg': '0'}) {{(pid=87548) matches /opt/stack/data/venv/lib/python3.12/site-packages/ovsdbapp/backend/ovs_idl/event.py:55}}
Jul 22 09:48:28.969860 np0000005633 devstack@neutron-api.service[87548]: DEBUG neutron.plugins.ml2.drivers.ovn.mech_driver.ovsdb.ovsdb_monitor [-] Hash Ring: Node 26c97857daed5df4aaa6b636de3f5c3b (host: np0000005633) handling event "update" for row c4581bec-6733-469b-a6ab-40ffdd8fa0f6 (table: Chassis_Private) {{(pid=87548) notify /opt/stack/neutron/neutron/plugins/ml2/drivers/ovn/mech_driver/ovsdb/ovsdb_monitor.py:1013}}
Jul 22 09:48:28.969920 np0000005633 devstack@neutron-api.service[87550]: DEBUG ovsdbapp.backend.ovs_idl.event [-] Matched UPDATE: ChassisOVNAgentWriteEvent(events=('create', 'update'), table='Chassis_Private', conditions=None, old_conditions=None), priority=20 to row=Chassis_Private(uuid=c4581bec-6733-469b-a6ab-40ffdd8fa0f6, chassis=0a8bd30c-6232-4b72-b3ee-c52986914765, external_ids={'neutron:ovn-bridge': 'br-int', 'neutron:ovn-neutron-agent-id': '4c8915b8-5e15-51dc-b200-897f7b4721c0', 'neutron:ovn-neutron-agent-sb-cfg': '1'}, name='c5768fb1-c4a5-4c63-b056-6767ba176b77', nb_cfg=1, nb_cfg_timestamp=1784713708959) old=Chassis_Private(uuid=c4581bec-6733-469b-a6ab-40ffdd8fa0f6, external_ids={'neutron:ovn-bridge': 'br-int', 'neutron:ovn-neutron-agent-id': '4c8915b8-5e15-51dc-b200-897f7b4721c0', 'neutron:ovn-neutron-agent-sb-cfg': '0'}) {{(pid=87550) matches /opt/stack/data/venv/lib/python3.12/site-packages/ovsdbapp/backend/ovs_idl/event.py:55}}
Jul 22 09:48:28.970696 np0000005633 devstack@neutron-api.service[87549]: DEBUG neutron.plugins.ml2.drivers.ovn.mech_driver.ovsdb.ovsdb_monitor [-] Hash Ring: Node fa187a02c92457c18e4b7468f8903090 (host: np0000005633) handling event "update" for row bfd63b2a-7185-41a2-8bad-cbecac1faf4d (table: NB_Global) {{(pid=87549) notify /opt/stack/neutron/neutron/plugins/ml2/drivers/ovn/mech_driver/ovsdb/ovsdb_monitor.py:1013}}
Jul 22 09:48:28.972922 np0000005633 devstack@neutron-api.service[87549]: DEBUG neutron.plugins.ml2.drivers.ovn.mech_driver.ovsdb.ovsdb_monitor [-] Hash Ring: Node fa187a02c92457c18e4b7468f8903090 (host: np0000005633) handling event "update" for row bfd63b2a-7185-41a2-8bad-cbecac1faf4d (table: NB_Global) {{(pid=87549) notify /opt/stack/neutron/neutron/plugins/ml2/drivers/ovn/mech_driver/ovsdb/ovsdb_monitor.py:1013}}
Jul 22 09:48:28.975350 np0000005633 devstack@neutron-api.service[87549]: DEBUG neutron.common.ovn.hash_ring_manager [-] Allow caching, nodes 3>=3 {{(pid=87549) _wait_startup_before_caching /opt/stack/neutron/neutron/common/ovn/hash_ring_manager.py:71}}
Jul 22 09:48:28.975525 np0000005633 devstack@neutron-api.service[87549]: DEBUG neutron.plugins.ml2.drivers.ovn.mech_driver.ovsdb.ovsdb_monitor [-] Hash Ring: Node fa187a02c92457c18e4b7468f8903090 (host: np0000005633) handling event "update" for row c4581bec-6733-469b-a6ab-40ffdd8fa0f6 (table: Chassis_Private) {{(pid=87549) notify /opt/stack/neutron/neutron/plugins/ml2/drivers/ovn/mech_driver/ovsdb/ovsdb_monitor.py:1013}}
Jul 22 09:48:28.977032 np0000005633 devstack@neutron-api.service[87549]: DEBUG ovsdbapp.backend.ovs_idl.event [-] Matched UPDATE: ChassisOVNAgentWriteEvent(events=('create', 'update'), table='Chassis_Private', conditions=None, old_conditions=None), priority=20 to row=Chassis_Private(uuid=c4581bec-6733-469b-a6ab-40ffdd8fa0f6, chassis=0a8bd30c-6232-4b72-b3ee-c52986914765, external_ids={'neutron:ovn-bridge': 'br-int', 'neutron:ovn-neutron-agent-id': '4c8915b8-5e15-51dc-b200-897f7b4721c0', 'neutron:ovn-neutron-agent-sb-cfg': '1'}, name='c5768fb1-c4a5-4c63-b056-6767ba176b77', nb_cfg=1, nb_cfg_timestamp=1784713708959) old=Chassis_Private(uuid=c4581bec-6733-469b-a6ab-40ffdd8fa0f6, external_ids={'neutron:ovn-bridge': 'br-int', 'neutron:ovn-neutron-agent-id': '4c8915b8-5e15-51dc-b200-897f7b4721c0', 'neutron:ovn-neutron-agent-sb-cfg': '0'}) {{(pid=87549) matches /opt/stack/data/venv/lib/python3.12/site-packages/ovsdbapp/backend/ovs_idl/event.py:55}}
Jul 22 09:48:28.977316 np0000005633 devstack@neutron-api.service[87549]: DEBUG neutron.plugins.ml2.drivers.ovn.mech_driver.ovsdb.ovsdb_monitor [-] Hash Ring: Node fa187a02c92457c18e4b7468f8903090 (host: np0000005633) handling event "update" for row c4581bec-6733-469b-a6ab-40ffdd8fa0f6 (table: Chassis_Private) {{(pid=87549) notify /opt/stack/neutron/neutron/plugins/ml2/drivers/ovn/mech_driver/ovsdb/ovsdb_monitor.py:1013}}
Jul 22 09:48:29.009928 np0000005633 devstack@neutron-api.service[87549]: DEBUG neutron.plugins.ml2.drivers.helpers [None req-77e9ea33-7eb5-4236-a24c-89254e3b8f70 admin admin] geneve segment allocate from pool success with {'geneve_vni': 30789} {{(pid=87549) allocate_partially_specified_segment /opt/stack/neutron/neutron/plugins/ml2/drivers/helpers.py:142}}
Jul 22 09:48:29.020427 np0000005633 devstack@neutron-api.service[87549]: DEBUG neutron_lib.callbacks.manager [None req-77e9ea33-7eb5-4236-a24c-89254e3b8f70 admin admin] Publish callbacks ['neutron.services.segments.db._add_segment_host_mapping_for_segment-7839097571982', 'neutron.plugins.ml2.plugin.Ml2Plugin._handle_segment_change-6121604'] for segment (0d233cac-797c-43fe-9df3-9aee1ae7bf02), precommit_create {{(pid=87549) _notify_loop /opt/stack/data/venv/lib/python3.12/site-packages/neutron_lib/callbacks/manager.py:184}}
Jul 22 09:48:29.020608 np0000005633 devstack@neutron-api.service[87549]: INFO neutron.db.segments_db [None req-77e9ea33-7eb5-4236-a24c-89254e3b8f70 admin admin] Added segment 0d233cac-797c-43fe-9df3-9aee1ae7bf02 of type geneve for network ee243331-e7a7-4d6d-8572-e3b6472bf55a
Jul 22 09:48:29.063026 np0000005633 devstack@neutron-api.service[87549]: DEBUG neutron_lib.callbacks.manager [None req-77e9ea33-7eb5-4236-a24c-89254e3b8f70 admin admin] Publish callbacks ['neutron.services.auto_allocate.db._ensure_external_network_default_value_callback-7839095922608'] for network (ee243331-e7a7-4d6d-8572-e3b6472bf55a), precommit_create {{(pid=87549) _notify_loop /opt/stack/data/venv/lib/python3.12/site-packages/neutron_lib/callbacks/manager.py:184}}
Jul 22 09:48:29.079402 np0000005633 devstack@neutron-api.service[87549]: DEBUG neutron.plugins.ml2.drivers.ovn.mech_driver.mech_driver [None req-77e9ea33-7eb5-4236-a24c-89254e3b8f70 admin admin] Validating network segment with type geneve, segmentation ID 30789, physical network None {{(pid=87549) _validate_network_segments /opt/stack/neutron/neutron/plugins/ml2/drivers/ovn/mech_driver/mech_driver.py:646}}
Jul 22 09:48:29.079553 np0000005633 devstack@neutron-api.service[87549]: DEBUG neutron.db.ovn_revision_numbers_db [None req-77e9ea33-7eb5-4236-a24c-89254e3b8f70 admin admin] create_initial_revision uuid=ee243331-e7a7-4d6d-8572-e3b6472bf55a, type=networks, rev=-1 {{(pid=87549) create_initial_revision /opt/stack/neutron/neutron/db/ovn_revision_numbers_db.py:98}}
Jul 22 09:48:29.095283 np0000005633 devstack@neutron-api.service[87549]: DEBUG neutron_lib.callbacks.manager [None req-77e9ea33-7eb5-4236-a24c-89254e3b8f70 admin admin] Publish callbacks ['neutron.plugins.ml2.ovo_rpc._ObjectChangeHandler.handle_event-3083034'] for network (ee243331-e7a7-4d6d-8572-e3b6472bf55a), after_create {{(pid=87549) _notify_loop /opt/stack/data/venv/lib/python3.12/site-packages/neutron_lib/callbacks/manager.py:184}}
Jul 22 09:48:29.146963 np0000005633 devstack@neutron-api.service[87549]: DEBUG neutron.api.rpc.handlers.resources_rpc [None req-77e9ea33-7eb5-4236-a24c-89254e3b8f70 admin admin] Pushing event updated for resources: {'Network': ['ID=ee243331-e7a7-4d6d-8572-e3b6472bf55a,revision_number=1']} {{(pid=87549) push /opt/stack/neutron/neutron/api/rpc/handlers/resources_rpc.py:237}}
Jul 22 09:48:29.155463 np0000005633 devstack@neutron-api.service[87549]: DEBUG ovsdbapp.backend.ovs_idl.transaction [-] Running txn n=1 command(idx=0): AddNetworkCommand(_result=None, network_uuid=ee243331-e7a7-4d6d-8572-e3b6472bf55a, may_exist=True, columns={'external_ids': {'neutron:network_name': 'private', 'neutron:mtu': '1372', 'neutron:revision_number': '1', 'neutron:availability_zone_hints': '', 'neutron:provnet-network-type': 'geneve'}, 'other_config': {'mcast_snoop': 'false', 'mcast_flood_unregistered': 'false', 'vlan-passthru': 'false'}}) {{(pid=87549) do_commit /opt/stack/data/venv/lib/python3.12/site-packages/ovsdbapp/backend/ovs_idl/transaction.py:89}}
Jul 22 09:48:29.155629 np0000005633 devstack@neutron-api.service[87549]: DEBUG neutron.common.ovn.utils [-] OVS persist_uuid supported=True {{(pid=87549) ovs_persist_uuid_supported /opt/stack/neutron/neutron/common/ovn/utils.py:1565}}
Jul 22 09:48:29.158393 np0000005633 devstack@neutron-api.service[87549]: DEBUG neutron.plugins.ml2.drivers.ovn.mech_driver.ovsdb.ovsdb_monitor [-] Hash Ring: Node fa187a02c92457c18e4b7468f8903090 (host: np0000005633) handling event "create" for row ee243331-e7a7-4d6d-8572-e3b6472bf55a (table: Logical_Switch) {{(pid=87549) notify /opt/stack/neutron/neutron/plugins/ml2/drivers/ovn/mech_driver/ovsdb/ovsdb_monitor.py:1013}}
Jul 22 09:48:29.159549 np0000005633 devstack@neutron-api.service[87550]: DEBUG neutron.plugins.ml2.drivers.ovn.mech_driver.ovsdb.ovsdb_monitor [-] Hash Ring: Node d110578bfb4c5048b3a9b62886541b06 (host: np0000005633) handling event "create" for row ee243331-e7a7-4d6d-8572-e3b6472bf55a (table: Logical_Switch) {{(pid=87550) notify /opt/stack/neutron/neutron/plugins/ml2/drivers/ovn/mech_driver/ovsdb/ovsdb_monitor.py:1013}}
Jul 22 09:48:29.164023 np0000005633 devstack@neutron-api.service[87550]: DEBUG neutron.plugins.ml2.drivers.ovn.mech_driver.ovsdb.ovsdb_monitor [-] Hash Ring: Node d110578bfb4c5048b3a9b62886541b06 (host: np0000005633) handling event "create" for row ffd3ed7d-a542-4251-a2f4-5e3aa1dabc3a (table: Datapath_Binding) {{(pid=87550) notify /opt/stack/neutron/neutron/plugins/ml2/drivers/ovn/mech_driver/ovsdb/ovsdb_monitor.py:1013}}
Jul 22 09:48:29.169834 np0000005633 devstack@neutron-api.service[87549]: DEBUG neutron.plugins.ml2.drivers.ovn.mech_driver.ovsdb.ovsdb_monitor [-] Hash Ring: Node fa187a02c92457c18e4b7468f8903090 (host: np0000005633) handling event "create" for row ffd3ed7d-a542-4251-a2f4-5e3aa1dabc3a (table: Datapath_Binding) {{(pid=87549) notify /opt/stack/neutron/neutron/plugins/ml2/drivers/ovn/mech_driver/ovsdb/ovsdb_monitor.py:1013}}
Jul 22 09:48:29.186777 np0000005633 devstack@neutron-api.service[87549]: INFO neutron.db.ovn_revision_numbers_db [None req-77e9ea33-7eb5-4236-a24c-89254e3b8f70 admin admin] Successfully bumped revision number for resource ee243331-e7a7-4d6d-8572-e3b6472bf55a (type: networks) to 1
Jul 22 09:48:29.246884 np0000005633 devstack@neutron-api.service[87549]: DEBUG neutron_lib.callbacks.manager [None req-77e9ea33-7eb5-4236-a24c-89254e3b8f70 admin admin] Publish callbacks ['neutron.plugins.ml2.plugin.SecurityGroupDbMixin._ensure_default_security_group_handler-6365650'] for port (None), before_create {{(pid=87549) _notify_loop /opt/stack/data/venv/lib/python3.12/site-packages/neutron_lib/callbacks/manager.py:184}}
Jul 22 09:48:29.346938 np0000005633 devstack@neutron-api.service[87549]: DEBUG neutron_lib.callbacks.manager [None req-77e9ea33-7eb5-4236-a24c-89254e3b8f70 admin admin] Publish callbacks ['neutron.plugins.ml2.drivers.ovn.mech_driver.mech_driver.OVNMechanismDriver._validate_allowed_address_pairs-322885'] for allowed_address_pair (74b71848-6258-4258-99e6-cfa0861f44fb), before_create {{(pid=87549) _notify_loop /opt/stack/data/venv/lib/python3.12/site-packages/neutron_lib/callbacks/manager.py:184}}
Jul 22 09:48:29.347491 np0000005633 devstack@neutron-api.service[87549]: DEBUG neutron_lib.callbacks.manager [None req-77e9ea33-7eb5-4236-a24c-89254e3b8f70 admin admin] Publish callbacks [] for port (74b71848-6258-4258-99e6-cfa0861f44fb), precommit_create {{(pid=87549) _notify_loop /opt/stack/data/venv/lib/python3.12/site-packages/neutron_lib/callbacks/manager.py:184}}
Jul 22 09:48:29.347694 np0000005633 devstack@neutron-api.service[87549]: DEBUG neutron.plugins.ml2.drivers.ovn.mech_driver.mech_driver [None req-77e9ea33-7eb5-4236-a24c-89254e3b8f70 admin admin] No provisioning block for port 74b71848-6258-4258-99e6-cfa0861f44fb since it does not have a host {{(pid=87549) _is_port_provisioning_required /opt/stack/neutron/neutron/plugins/ml2/drivers/ovn/mech_driver/mech_driver.py:899}}
Jul 22 09:48:29.347794 np0000005633 devstack@neutron-api.service[87549]: DEBUG neutron.db.ovn_revision_numbers_db [None req-77e9ea33-7eb5-4236-a24c-89254e3b8f70 admin admin] create_initial_revision uuid=74b71848-6258-4258-99e6-cfa0861f44fb, type=ports, rev=-1 {{(pid=87549) create_initial_revision /opt/stack/neutron/neutron/db/ovn_revision_numbers_db.py:98}}
Jul 22 09:48:29.397378 np0000005633 devstack@neutron-api.service[87549]: DEBUG neutron_lib.callbacks.manager [None req-77e9ea33-7eb5-4236-a24c-89254e3b8f70 admin admin] Publish callbacks ['neutron.plugins.ml2.ovo_rpc._ObjectChangeHandler.handle_event-3082994'] for port (74b71848-6258-4258-99e6-cfa0861f44fb), after_create {{(pid=87549) _notify_loop /opt/stack/data/venv/lib/python3.12/site-packages/neutron_lib/callbacks/manager.py:184}}
Jul 22 09:48:29.448677 np0000005633 devstack@neutron-api.service[87549]: DEBUG neutron.api.rpc.handlers.resources_rpc [None req-77e9ea33-7eb5-4236-a24c-89254e3b8f70 admin admin] Pushing event updated for resources: {'Port': ['ID=74b71848-6258-4258-99e6-cfa0861f44fb,revision_number=1']} {{(pid=87549) push /opt/stack/neutron/neutron/api/rpc/handlers/resources_rpc.py:237}}
Jul 22 09:48:29.488404 np0000005633 devstack@neutron-api.service[87549]: DEBUG neutron.plugins.ml2.drivers.ovn.mech_driver.ovsdb.commands [None req-77e9ea33-7eb5-4236-a24c-89254e3b8f70 admin admin] Converting tag [] to a tag_request {{(pid=87549) _tag_column_to_tag_request /opt/stack/neutron/neutron/plugins/ml2/drivers/ovn/mech_driver/ovsdb/commands.py:205}}
Jul 22 09:48:29.489189 np0000005633 devstack@neutron-api.service[87549]: DEBUG ovsdbapp.backend.ovs_idl.transaction [-] Running txn n=1 command(idx=0): AddLSwitchPortCommand(_result=None, lport=74b71848-6258-4258-99e6-cfa0861f44fb, lswitch=neutron-ee243331-e7a7-4d6d-8572-e3b6472bf55a, may_exist=True, network_uuid=ee243331-e7a7-4d6d-8572-e3b6472bf55a, columns={'addresses': ['fa:16:3e:ee:35:7c'], 'external_ids': {'neutron:port_name': '', 'neutron:device_id': 'ovnmeta-ee243331-e7a7-4d6d-8572-e3b6472bf55a', 'neutron:project_id': '2fcee0bf289c4fb890fab994023f3a0a', 'neutron:cidrs': '', 'neutron:device_owner': 'network:distributed', 'neutron:subnet_pool_addr_scope4': '', 'neutron:subnet_pool_addr_scope6': '', 'neutron:network_name': 'neutron-ee243331-e7a7-4d6d-8572-e3b6472bf55a', 'neutron:security_group_ids': '', 'neutron:revision_number': '1', 'neutron:vnic_type': 'normal', 'neutron:port_capabilities': '', 'neutron:mtu': '1372'}, 'parent_name': [], 'enabled': True, 'options': {}, 'type': 'localport', 'port_security': [], 'dhcpv4_options': [], 'dhcpv6_options': [], 'tag_request': []}) {{(pid=87549) do_commit /opt/stack/data/venv/lib/python3.12/site-packages/ovsdbapp/backend/ovs_idl/transaction.py:89}}
Jul 22 09:48:29.489730 np0000005633 devstack@neutron-api.service[87549]: DEBUG ovsdbapp.backend.ovs_idl.transaction [-] Running txn n=1 command(idx=1): QoSDelCommand(_result=None, switch=neutron-ee243331-e7a7-4d6d-8572-e3b6472bf55a, conditions=[('direction', '=', 'to-lport'), ('priority', '=', 2002), ('match', '=', 'outport == "74b71848-6258-4258-99e6-cfa0861f44fb"')], if_exists=True) {{(pid=87549) do_commit /opt/stack/data/venv/lib/python3.12/site-packages/ovsdbapp/backend/ovs_idl/transaction.py:89}}
Jul 22 09:48:29.489933 np0000005633 devstack@neutron-api.service[87549]: DEBUG ovsdbapp.backend.ovs_idl.transaction [-] Running txn n=1 command(idx=2): QoSDelCommand(_result=None, switch=neutron-ee243331-e7a7-4d6d-8572-e3b6472bf55a, conditions=[('direction', '=', 'from-lport'), ('priority', '=', 2002), ('match', '=', 'inport == "74b71848-6258-4258-99e6-cfa0861f44fb"')], if_exists=True) {{(pid=87549) do_commit /opt/stack/data/venv/lib/python3.12/site-packages/ovsdbapp/backend/ovs_idl/transaction.py:89}}
Jul 22 09:48:29.493920 np0000005633 devstack@neutron-api.service[87549]: DEBUG neutron.plugins.ml2.drivers.ovn.mech_driver.ovsdb.ovsdb_monitor [-] Hash Ring: Node fa187a02c92457c18e4b7468f8903090 (host: np0000005633) handling event "update" for row ee243331-e7a7-4d6d-8572-e3b6472bf55a (table: Logical_Switch) {{(pid=87549) notify /opt/stack/neutron/neutron/plugins/ml2/drivers/ovn/mech_driver/ovsdb/ovsdb_monitor.py:1013}}
Jul 22 09:48:29.494953 np0000005633 devstack@neutron-api.service[87549]: DEBUG neutron.plugins.ml2.drivers.ovn.mech_driver.ovsdb.ovsdb_monitor [-] Hash Ring: Node fa187a02c92457c18e4b7468f8903090 (host: np0000005633) handling event "create" for row e3802a1c-5b67-4714-8bc9-654883994c55 (table: Logical_Switch_Port) {{(pid=87549) notify /opt/stack/neutron/neutron/plugins/ml2/drivers/ovn/mech_driver/ovsdb/ovsdb_monitor.py:1013}}
Jul 22 09:48:29.496327 np0000005633 devstack@neutron-api.service[87548]: DEBUG neutron.plugins.ml2.drivers.ovn.mech_driver.ovsdb.ovsdb_monitor [-] Hash Ring: Node 26c97857daed5df4aaa6b636de3f5c3b (host: np0000005633) handling event "create" for row e3802a1c-5b67-4714-8bc9-654883994c55 (table: Logical_Switch_Port) {{(pid=87548) notify /opt/stack/neutron/neutron/plugins/ml2/drivers/ovn/mech_driver/ovsdb/ovsdb_monitor.py:1013}}
Jul 22 09:48:29.496467 np0000005633 devstack@neutron-api.service[87550]: DEBUG neutron.plugins.ml2.drivers.ovn.mech_driver.ovsdb.ovsdb_monitor [-] Hash Ring: Node d110578bfb4c5048b3a9b62886541b06 (host: np0000005633) handling event "update" for row ee243331-e7a7-4d6d-8572-e3b6472bf55a (table: Logical_Switch) {{(pid=87550) notify /opt/stack/neutron/neutron/plugins/ml2/drivers/ovn/mech_driver/ovsdb/ovsdb_monitor.py:1013}}
Jul 22 09:48:29.496963 np0000005633 devstack@neutron-api.service[87550]: DEBUG neutron.plugins.ml2.drivers.ovn.mech_driver.ovsdb.ovsdb_monitor [-] Hash Ring: Node d110578bfb4c5048b3a9b62886541b06 (host: np0000005633) handling event "create" for row e8442538-df4c-4ce8-894b-6cb0111c3ddd (table: Port_Binding) {{(pid=87550) notify /opt/stack/neutron/neutron/plugins/ml2/drivers/ovn/mech_driver/ovsdb/ovsdb_monitor.py:1013}}
Jul 22 09:48:29.497701 np0000005633 devstack@neutron-api.service[87548]: DEBUG ovsdbapp.backend.ovs_idl.event [-] Matched CREATE: LogicalSwitchPortCreateEvent(events=('create',), table='Logical_Switch_Port', conditions=[], old_conditions=None), priority=20 to row=Logical_Switch_Port(uuid=e3802a1c-5b67-4714-8bc9-654883994c55, addresses=['fa:16:3e:ee:35:7c'], dhcpv4_options=[], dhcpv6_options=[], dynamic_addresses=[], enabled=True, external_ids={'neutron:cidrs': '', 'neutron:device_id': 'ovnmeta-ee243331-e7a7-4d6d-8572-e3b6472bf55a', 'neutron:device_owner': 'network:distributed', 'neutron:mtu': '1372', 'neutron:network_name': 'neutron-ee243331-e7a7-4d6d-8572-e3b6472bf55a', 'neutron:port_capabilities': '', 'neutron:port_name': '', 'neutron:project_id': '2fcee0bf289c4fb890fab994023f3a0a', 'neutron:revision_number': '1', 'neutron:security_group_ids': '', 'neutron:subnet_pool_addr_scope4': '', 'neutron:subnet_pool_addr_scope6': '', 'neutron:vnic_type': 'normal'}, ha_chassis_group=[], mirror_rules=[], name='74b71848-6258-4258-99e6-cfa0861f44fb', options={}, parent_name=[], port_security=[], tag=[], tag_request=[], type='localport', up=[]) old= {{(pid=87548) matches /opt/stack/data/venv/lib/python3.12/site-packages/ovsdbapp/backend/ovs_idl/event.py:55}}
Jul 22 09:48:29.497820 np0000005633 devstack@neutron-api.service[87549]: DEBUG ovsdbapp.backend.ovs_idl.event [-] Matched CREATE: LogicalSwitchPortCreateEvent(events=('create',), table='Logical_Switch_Port', conditions=[], old_conditions=None), priority=20 to row=Logical_Switch_Port(uuid=e3802a1c-5b67-4714-8bc9-654883994c55, addresses=['fa:16:3e:ee:35:7c'], dhcpv4_options=[], dhcpv6_options=[], dynamic_addresses=[], enabled=True, external_ids={'neutron:cidrs': '', 'neutron:device_id': 'ovnmeta-ee243331-e7a7-4d6d-8572-e3b6472bf55a', 'neutron:device_owner': 'network:distributed', 'neutron:mtu': '1372', 'neutron:network_name': 'neutron-ee243331-e7a7-4d6d-8572-e3b6472bf55a', 'neutron:port_capabilities': '', 'neutron:port_name': '', 'neutron:project_id': '2fcee0bf289c4fb890fab994023f3a0a', 'neutron:revision_number': '1', 'neutron:security_group_ids': '', 'neutron:subnet_pool_addr_scope4': '', 'neutron:subnet_pool_addr_scope6': '', 'neutron:vnic_type': 'normal'}, ha_chassis_group=[], mirror_rules=[], name='74b71848-6258-4258-99e6-cfa0861f44fb', options={}, parent_name=[], port_security=[], tag=[], tag_request=[], type='localport', up=[]) old= {{(pid=87549) matches /opt/stack/data/venv/lib/python3.12/site-packages/ovsdbapp/backend/ovs_idl/event.py:55}}
Jul 22 09:48:29.498879 np0000005633 devstack@neutron-api.service[87549]: DEBUG neutron.plugins.ml2.drivers.ovn.mech_driver.ovsdb.ovsdb_monitor [-] Hash Ring: Node fa187a02c92457c18e4b7468f8903090 (host: np0000005633) handling event "create" for row e8442538-df4c-4ce8-894b-6cb0111c3ddd (table: Port_Binding) {{(pid=87549) notify /opt/stack/neutron/neutron/plugins/ml2/drivers/ovn/mech_driver/ovsdb/ovsdb_monitor.py:1013}}
Jul 22 09:48:29.499680 np0000005633 devstack@neutron-api.service[87549]: INFO neutron.plugins.ml2.drivers.ovn.mech_driver.mech_driver [-] OVN reports status down for port: 74b71848-6258-4258-99e6-cfa0861f44fb
Jul 22 09:48:29.500347 np0000005633 devstack@neutron-api.service[87548]: DEBUG neutron.plugins.ml2.drivers.ovn.mech_driver.ovsdb.ovsdb_monitor [-] Hash Ring: Node 26c97857daed5df4aaa6b636de3f5c3b (host: np0000005633) handling event "update" for row e3802a1c-5b67-4714-8bc9-654883994c55 (table: Logical_Switch_Port) {{(pid=87548) notify /opt/stack/neutron/neutron/plugins/ml2/drivers/ovn/mech_driver/ovsdb/ovsdb_monitor.py:1013}}
Jul 22 09:48:29.501629 np0000005633 devstack@neutron-api.service[87549]: DEBUG neutron.plugins.ml2.drivers.ovn.mech_driver.ovsdb.ovsdb_monitor [-] Hash Ring: Node fa187a02c92457c18e4b7468f8903090 (host: np0000005633) handling event "update" for row e3802a1c-5b67-4714-8bc9-654883994c55 (table: Logical_Switch_Port) {{(pid=87549) notify /opt/stack/neutron/neutron/plugins/ml2/drivers/ovn/mech_driver/ovsdb/ovsdb_monitor.py:1013}}
Jul 22 09:48:29.501751 np0000005633 devstack@neutron-api.service[87548]: INFO neutron.plugins.ml2.drivers.ovn.mech_driver.mech_driver [-] OVN reports status down for port: 74b71848-6258-4258-99e6-cfa0861f44fb
Jul 22 09:48:29.544095 np0000005633 devstack@neutron-api.service[87549]: INFO neutron.db.ovn_revision_numbers_db [None req-77e9ea33-7eb5-4236-a24c-89254e3b8f70 admin admin] Successfully bumped revision number for resource 74b71848-6258-4258-99e6-cfa0861f44fb (type: ports) to 1
Jul 22 09:48:29.551407 np0000005633 devstack@neutron-api.service[87549]: DEBUG neutron.pecan_wsgi.hooks.policy_enforcement [None req-77e9ea33-7eb5-4236-a24c-89254e3b8f70 admin admin] Attributes excluded by policy engine: ['standard_attr_id'] {{(pid=87549) _exclude_attributes_by_policy /opt/stack/neutron/neutron/pecan_wsgi/hooks/policy_enforcement.py:259}}
Jul 22 09:48:29.551845 np0000005633 devstack@neutron-api.service[87549]: DEBUG neutron_lib.callbacks.manager [None req-77e9ea33-7eb5-4236-a24c-89254e3b8f70 admin admin] Publish callbacks [] for network (None), before_response {{(pid=87549) _notify_loop /opt/stack/data/venv/lib/python3.12/site-packages/neutron_lib/callbacks/manager.py:184}}
Jul 22 09:48:29.556299 np0000005633 devstack@neutron-api.service[87548]: DEBUG neutron.db.provisioning_blocks [None req-f9989bc7-897c-476b-bb6e-77823b0f281a None None] Transition to ACTIVE for port object 74b71848-6258-4258-99e6-cfa0861f44fb will not be triggered until provisioned by entity L2. {{(pid=87548) add_provisioning_component /opt/stack/neutron/neutron/db/provisioning_blocks.py:74}}
Jul 22 09:48:29.579050 np0000005633 devstack@neutron-api.service[87549]: [pid: 87549|app: 0|req: 3/5] 10.4.3.252 () {68 vars in 1326 bytes} [Wed Jul 22 09:48:28 2026] POST /networking/v2.0/networks => generated 681 bytes in 1101 msecs (HTTP/1.1 201) 4 headers in 162 bytes (1 switches on core 0)
Jul 22 09:48:29.593461 np0000005633 devstack@neutron-api.service[87548]: DEBUG neutron.plugins.ml2.plugin [None req-f9989bc7-897c-476b-bb6e-77823b0f281a None None] Current status of the port 74b71848-6258-4258-99e6-cfa0861f44fb is: DOWN; New status is: DOWN {{(pid=87548) _update_individual_port_db_status /opt/stack/neutron/neutron/plugins/ml2/plugin.py:2473}}
Jul 22 09:48:29.594295 np0000005633 devstack@neutron-api.service[87548]: INFO neutron.plugins.ml2.drivers.ovn.mech_driver.ovsdb.extensions.qos [None req-f9989bc7-897c-476b-bb6e-77823b0f281a None None] Starting OVNClientQosExtension
Jul 22 09:48:29.594497 np0000005633 devstack@neutron-api.service[87548]: INFO neutron.plugins.ml2.drivers.ovn.mech_driver.ovsdb.extensions.placement [None req-f9989bc7-897c-476b-bb6e-77823b0f281a None None] Starting OVNClientPlacementExtension
Jul 22 09:48:29.595810 np0000005633 devstack@neutron-api.service[87548]: DEBUG ovsdbapp.backend.ovs_idl.transaction [-] Running txn n=1 command(idx=0): DbRemoveCommand(_result=None, table=Logical_Switch_Port, record=74b71848-6258-4258-99e6-cfa0861f44fb, column=external_ids, values=('neutron:host_id',), keyvalues={}, if_exists=True) {{(pid=87548) do_commit /opt/stack/data/venv/lib/python3.12/site-packages/ovsdbapp/backend/ovs_idl/transaction.py:89}}
Jul 22 09:48:29.600650 np0000005633 devstack@neutron-api.service[87549]: DEBUG neutron.db.provisioning_blocks [None req-974c2b3c-72ac-451a-879d-f48c3e69991a None None] Ignored duplicate provisioning block setup for port 74b71848-6258-4258-99e6-cfa0861f44fb by entity L2. {{(pid=87549) add_provisioning_component /opt/stack/neutron/neutron/db/provisioning_blocks.py:69}}
Jul 22 09:48:29.842332 np0000005633 devstack@neutron-api.service[87549]: DEBUG neutron.plugins.ml2.plugin [None req-974c2b3c-72ac-451a-879d-f48c3e69991a None None] Current status of the port 74b71848-6258-4258-99e6-cfa0861f44fb is: DOWN; New status is: DOWN {{(pid=87549) _update_individual_port_db_status /opt/stack/neutron/neutron/plugins/ml2/plugin.py:2473}}
Jul 22 09:48:29.843532 np0000005633 devstack@neutron-api.service[87549]: DEBUG ovsdbapp.backend.ovs_idl.transaction [-] Running txn n=1 command(idx=0): DbRemoveCommand(_result=None, table=Logical_Switch_Port, record=74b71848-6258-4258-99e6-cfa0861f44fb, column=external_ids, values=('neutron:host_id',), keyvalues={}, if_exists=True) {{(pid=87549) do_commit /opt/stack/data/venv/lib/python3.12/site-packages/ovsdbapp/backend/ovs_idl/transaction.py:89}}
Jul 22 09:48:29.892624 np0000005633 devstack@neutron-api.service[87550]: DEBUG neutron.pecan_wsgi.hooks.policy_enforcement [None req-6e038f0c-aa21-4781-9473-12305da4c190 admin admin] Attributes excluded by policy engine: ['standard_attr_id'] {{(pid=87550) _exclude_attributes_by_policy /opt/stack/neutron/neutron/pecan_wsgi/hooks/policy_enforcement.py:259}}
Jul 22 09:48:29.893731 np0000005633 devstack@neutron-api.service[87550]: [pid: 87550|app: 0|req: 2/6] 10.4.3.252 () {64 vars in 1384 bytes} [Wed Jul 22 09:48:29 2026] GET /networking/v2.0/networks/ee243331-e7a7-4d6d-8572-e3b6472bf55a => generated 662 bytes in 57 msecs (HTTP/1.1 200) 4 headers in 157 bytes (1 switches on core 0)
Jul 22 09:48:29.903435 np0000005633 devstack@neutron-api.service[87548]: DEBUG neutron.api.wsgi [None req-32e69d76-f2d0-4f91-81ef-5f499ba33e71 admin admin] Missing Content-Type {{(pid=87548) get_content_type /opt/stack/neutron/neutron/api/wsgi.py:80}}
Jul 22 09:48:29.910813 np0000005633 devstack@neutron-api.service[87548]: [pid: 87548|app: 0|req: 2/7] 10.4.3.252 () {64 vars in 1393 bytes} [Wed Jul 22 09:48:29 2026] GET /networking/v2.0/subnetpools/2f7140cf-b8f5-4828-9bad-d354d4efb351 => generated 533 bytes in 9 msecs (HTTP/1.1 200) 4 headers in 157 bytes (1 switches on core 0)
Jul 22 09:48:29.920438 np0000005633 devstack@neutron-api.service[87549]: DEBUG neutron.api.v2.base [None req-46a33b63-4a13-412c-a91f-dc7414f5216d admin admin] Request body: {'subnet': {'name': 'private-subnet', 'subnetpool_id': '2f7140cf-b8f5-4828-9bad-d354d4efb351', 'gateway_ip': '10.1.0.1', 'network_id': 'ee243331-e7a7-4d6d-8572-e3b6472bf55a', 'ip_version': 4}} {{(pid=87549) prepare_request_body /opt/stack/neutron/neutron/api/v2/base.py:727}}
Jul 22 09:48:29.935825 np0000005633 devstack@neutron-api.service[87549]: DEBUG neutron.pecan_wsgi.hooks.quota_enforcement [None req-46a33b63-4a13-412c-a91f-dc7414f5216d admin admin] Made reservation on behalf of 2fcee0bf289c4fb890fab994023f3a0a for: {'subnet': 1} {{(pid=87549) before /opt/stack/neutron/neutron/pecan_wsgi/hooks/quota_enforcement.py:66}}
Jul 22 09:48:29.938347 np0000005633 devstack@neutron-api.service[87549]: DEBUG neutron_lib.callbacks.manager [None req-46a33b63-4a13-412c-a91f-dc7414f5216d admin admin] Publish callbacks [] for subnet (None), before_create {{(pid=87549) _notify_loop /opt/stack/data/venv/lib/python3.12/site-packages/neutron_lib/callbacks/manager.py:184}}
Jul 22 09:48:30.061865 np0000005633 devstack@neutron-api.service[87549]: DEBUG neutron.db.ovn_revision_numbers_db [None req-46a33b63-4a13-412c-a91f-dc7414f5216d admin admin] create_initial_revision uuid=5587388c-1eca-485f-8f89-72f2a4e3ccbc, type=subnets, rev=-1 {{(pid=87549) create_initial_revision /opt/stack/neutron/neutron/db/ovn_revision_numbers_db.py:98}}
Jul 22 09:48:30.066817 np0000005633 devstack@neutron-api.service[87549]: DEBUG neutron_lib.callbacks.manager [None req-46a33b63-4a13-412c-a91f-dc7414f5216d admin admin] Publish callbacks ['neutron.plugins.ml2.ovo_rpc._ObjectChangeHandler.handle_event-3082982'] for subnet (5587388c-1eca-485f-8f89-72f2a4e3ccbc), after_create {{(pid=87549) _notify_loop /opt/stack/data/venv/lib/python3.12/site-packages/neutron_lib/callbacks/manager.py:184}}
Jul 22 09:48:30.079801 np0000005633 devstack@neutron-api.service[87549]: DEBUG neutron.api.rpc.handlers.resources_rpc [None req-46a33b63-4a13-412c-a91f-dc7414f5216d admin admin] Pushing event updated for resources: {'Subnet': ['ID=5587388c-1eca-485f-8f89-72f2a4e3ccbc,revision_number=0']} {{(pid=87549) push /opt/stack/neutron/neutron/api/rpc/handlers/resources_rpc.py:237}}
Jul 22 09:48:30.148394 np0000005633 devstack@neutron-api.service[87549]: DEBUG neutron_lib.callbacks.manager [None req-46a33b63-4a13-412c-a91f-dc7414f5216d admin admin] Publish callbacks ['neutron.plugins.ml2.plugin.SecurityGroupDbMixin._ensure_default_security_group_handler-6365650', 'neutron.services.ovn_l3.plugin.OVNL3RouterPlugin._port_update-7839095922448', 'neutron.db.l3_db.L3_NAT_dbonly_mixin._prevent_internal_ip_change_for_fip-7839097438822'] for port (74b71848-6258-4258-99e6-cfa0861f44fb), before_update {{(pid=87549) _notify_loop /opt/stack/data/venv/lib/python3.12/site-packages/neutron_lib/callbacks/manager.py:184}}
Jul 22 09:48:30.262946 np0000005633 devstack@neutron-api.service[87549]: DEBUG neutron.db.db_base_plugin_common [None req-46a33b63-4a13-412c-a91f-dc7414f5216d admin admin] Allocated IP 10.1.0.2 (ee243331-e7a7-4d6d-8572-e3b6472bf55a/5587388c-1eca-485f-8f89-72f2a4e3ccbc/74b71848-6258-4258-99e6-cfa0861f44fb) {{(pid=87549) _store_ip_allocation /opt/stack/neutron/neutron/db/db_base_plugin_common.py:131}}
Jul 22 09:48:30.354109 np0000005633 devstack@neutron-api.service[87549]: DEBUG neutron_lib.callbacks.manager [None req-46a33b63-4a13-412c-a91f-dc7414f5216d admin admin] Publish callbacks [] for port (74b71848-6258-4258-99e6-cfa0861f44fb), precommit_update {{(pid=87549) _notify_loop /opt/stack/data/venv/lib/python3.12/site-packages/neutron_lib/callbacks/manager.py:184}}
Jul 22 09:48:30.354339 np0000005633 devstack@neutron-api.service[87549]: DEBUG neutron.plugins.ml2.drivers.ovn.mech_driver.mech_driver [None req-46a33b63-4a13-412c-a91f-dc7414f5216d admin admin] No provisioning block for port 74b71848-6258-4258-99e6-cfa0861f44fb since it does not have a host {{(pid=87549) _is_port_provisioning_required /opt/stack/neutron/neutron/plugins/ml2/drivers/ovn/mech_driver/mech_driver.py:899}}
Jul 22 09:48:30.363806 np0000005633 devstack@neutron-api.service[87549]: DEBUG neutron_lib.callbacks.manager [None req-46a33b63-4a13-412c-a91f-dc7414f5216d admin admin] Publish callbacks ['neutron.plugins.ml2.ovo_rpc._ObjectChangeHandler.handle_event-3082994', 'neutron.services.ovn_l3.plugin.OVNL3RouterPlugin._port_update-7839095922448'] for port (74b71848-6258-4258-99e6-cfa0861f44fb), after_update {{(pid=87549) _notify_loop /opt/stack/data/venv/lib/python3.12/site-packages/neutron_lib/callbacks/manager.py:184}}
Jul 22 09:48:30.389882 np0000005633 devstack@neutron-api.service[87549]: DEBUG neutron.api.rpc.handlers.resources_rpc [None req-46a33b63-4a13-412c-a91f-dc7414f5216d admin admin] Pushing event updated for resources: {'Port': ['ID=74b71848-6258-4258-99e6-cfa0861f44fb,revision_number=2']} {{(pid=87549) push /opt/stack/neutron/neutron/api/rpc/handlers/resources_rpc.py:237}}
Jul 22 09:48:30.505783 np0000005633 devstack@neutron-api.service[87549]: DEBUG neutron.plugins.ml2.drivers.ovn.mech_driver.ovsdb.commands [None req-46a33b63-4a13-412c-a91f-dc7414f5216d admin admin] Converting tag [] to a tag_request {{(pid=87549) _tag_column_to_tag_request /opt/stack/neutron/neutron/plugins/ml2/drivers/ovn/mech_driver/ovsdb/commands.py:205}}
Jul 22 09:48:30.506527 np0000005633 devstack@neutron-api.service[87549]: DEBUG ovsdbapp.backend.ovs_idl.transaction [-] Running txn n=1 command(idx=0): CheckRevisionNumberCommand(_result=None, name=74b71848-6258-4258-99e6-cfa0861f44fb, resource={'id': '74b71848-6258-4258-99e6-cfa0861f44fb', 'name': '', 'network_id': 'ee243331-e7a7-4d6d-8572-e3b6472bf55a', 'project_id': '2fcee0bf289c4fb890fab994023f3a0a', 'mac_address': 'fa:16:3e:ee:35:7c', 'admin_state_up': True, 'status': 'DOWN', 'device_id': 'ovnmeta-ee243331-e7a7-4d6d-8572-e3b6472bf55a', 'device_owner': 'network:distributed', 'standard_attr_id': 14, 'fixed_ips': [{'subnet_id': '5587388c-1eca-485f-8f89-72f2a4e3ccbc', 'ip_address': '10.1.0.2'}], 'allowed_address_pairs': [], 'extra_dhcp_opts': [], 'security_groups': [], 'description': '', 'binding:vnic_type': 'normal', 'binding:profile': {}, 'binding:host_id': '', 'binding:vif_type': 'unbound', 'binding:vif_details': {}, 'port_security_enabled': False, 'tags': [], 'created_at': '2026-07-22T09:48:29Z', 'updated_at': '2026-07-22T09:48:30Z', 'revision_number': 2, 'tenant_id': '2fcee0bf289c4fb890fab994023f3a0a', 'network': {'id': 'ee243331-e7a7-4d6d-8572-e3b6472bf55a', 'name': 'private', 'tenant_id': '2fcee0bf289c4fb890fab994023f3a0a', 'project_id': '2fcee0bf289c4fb890fab994023f3a0a', 'admin_state_up': True, 'mtu': 1372, 'status': 'ACTIVE', 'subnets': ['5587388c-1eca-485f-8f89-72f2a4e3ccbc'], 'standard_attr_id': 12, 'shared': False, 'availability_zone_hints': [], 'availability_zones': [], 'ipv4_address_scope': None, 'ipv6_address_scope': None, 'router:external': False, 'qinq': False, 'vlan_transparent': False, 'description': '', 'port_security_enabled': True, 'tags': [], 'created_at': '2026-07-22T09:48:28Z', 'updated_at': '2026-07-22T09:48:29Z', 'revision_number': 2, 'provider:network_type': 'geneve', 'provider:physical_network': None, 'provider:segmentation_id': 30789}}, resource_type=ports, if_exists=True) {{(pid=87549) do_commit /opt/stack/data/venv/lib/python3.12/site-packages/ovsdbapp/backend/ovs_idl/transaction.py:89}}
Jul 22 09:48:30.506826 np0000005633 devstack@neutron-api.service[87549]: DEBUG ovsdbapp.backend.ovs_idl.transaction [-] Running txn n=1 command(idx=1): AddDHCPOptionsCommand(_result=None, columns={'cidr': '10.1.0.0/26', 'options': {'server_id': '10.1.0.1', 'lease_time': '43200', 'mtu': '1372', 'router': '10.1.0.1', 'server_mac': 'fa:16:3e:28:88:54', 'dns_server': '{127.0.0.53}', 'classless_static_route': '{169.254.169.254/32,10.1.0.2, 0.0.0.0/0,10.1.0.1}'}, 'external_ids': {'subnet_id': '5587388c-1eca-485f-8f89-72f2a4e3ccbc', 'neutron:network_id': 'ee243331-e7a7-4d6d-8572-e3b6472bf55a', 'neutron:revision_number': '0'}}, may_exist=True, subnet_id=5587388c-1eca-485f-8f89-72f2a4e3ccbc, port_id=None, new_insert=False) {{(pid=87549) do_commit /opt/stack/data/venv/lib/python3.12/site-packages/ovsdbapp/backend/ovs_idl/transaction.py:89}}
Jul 22 09:48:30.507057 np0000005633 devstack@neutron-api.service[87549]: DEBUG ovsdbapp.backend.ovs_idl.transaction [-] Running txn n=1 command(idx=2): SetLSwitchPortCommand(_result=None, lport=74b71848-6258-4258-99e6-cfa0861f44fb, external_ids_update=None, columns={'external_ids': {'neutron:port_name': '', 'neutron:device_id': 'ovnmeta-ee243331-e7a7-4d6d-8572-e3b6472bf55a', 'neutron:project_id': '2fcee0bf289c4fb890fab994023f3a0a', 'neutron:cidrs': '10.1.0.2/26', 'neutron:device_owner': 'network:distributed', 'neutron:subnet_pool_addr_scope4': '', 'neutron:subnet_pool_addr_scope6': '', 'neutron:network_name': 'neutron-ee243331-e7a7-4d6d-8572-e3b6472bf55a', 'neutron:security_group_ids': '', 'neutron:revision_number': '2', 'neutron:vnic_type': 'normal', 'neutron:port_capabilities': '', 'neutron:mtu': '1372'}, 'parent_name': [], 'options': {}, 'enabled': True, 'port_security': [], 'dhcpv4_options': [], 'dhcpv6_options': [], 'type': 'localport', 'addresses': ['fa:16:3e:ee:35:7c 10.1.0.2'], 'ha_chassis_group': [], 'tag_request': []}, if_exists=False) {{(pid=87549) do_commit /opt/stack/data/venv/lib/python3.12/site-packages/ovsdbapp/backend/ovs_idl/transaction.py:89}}
Jul 22 09:48:30.507583 np0000005633 devstack@neutron-api.service[87549]: DEBUG ovsdbapp.backend.ovs_idl.transaction [-] Running txn n=1 command(idx=3): PgDelPortCommand(_result=None, port_group=neutron_pg_drop, lsp=['74b71848-6258-4258-99e6-cfa0861f44fb'], if_exists=False) {{(pid=87549) do_commit /opt/stack/data/venv/lib/python3.12/site-packages/ovsdbapp/backend/ovs_idl/transaction.py:89}}
Jul 22 09:48:30.520391 np0000005633 devstack@neutron-api.service[87549]: DEBUG neutron.plugins.ml2.drivers.ovn.mech_driver.ovsdb.ovsdb_monitor [-] Hash Ring: Node fa187a02c92457c18e4b7468f8903090 (host: np0000005633) handling event "create" for row e431edab-869d-4518-bfb0-62f280034452 (table: DHCP_Options) {{(pid=87549) notify /opt/stack/neutron/neutron/plugins/ml2/drivers/ovn/mech_driver/ovsdb/ovsdb_monitor.py:1013}}
Jul 22 09:48:30.520552 np0000005633 devstack@neutron-api.service[87549]: DEBUG neutron.plugins.ml2.drivers.ovn.mech_driver.ovsdb.ovsdb_monitor [-] Hash Ring: Node fa187a02c92457c18e4b7468f8903090 (host: np0000005633) handling event "update" for row e3802a1c-5b67-4714-8bc9-654883994c55 (table: Logical_Switch_Port) {{(pid=87549) notify /opt/stack/neutron/neutron/plugins/ml2/drivers/ovn/mech_driver/ovsdb/ovsdb_monitor.py:1013}}
Jul 22 09:48:30.523843 np0000005633 devstack@neutron-api.service[87548]: DEBUG neutron.plugins.ml2.drivers.ovn.mech_driver.ovsdb.ovsdb_monitor [-] Hash Ring: Node 26c97857daed5df4aaa6b636de3f5c3b (host: np0000005633) handling event "update" for row e3802a1c-5b67-4714-8bc9-654883994c55 (table: Logical_Switch_Port) {{(pid=87548) notify /opt/stack/neutron/neutron/plugins/ml2/drivers/ovn/mech_driver/ovsdb/ovsdb_monitor.py:1013}}
Jul 22 09:48:30.524244 np0000005633 devstack@neutron-api.service[87550]: DEBUG neutron.plugins.ml2.drivers.ovn.mech_driver.ovsdb.ovsdb_monitor [-] Hash Ring: Node d110578bfb4c5048b3a9b62886541b06 (host: np0000005633) handling event "update" for row e8442538-df4c-4ce8-894b-6cb0111c3ddd (table: Port_Binding) {{(pid=87550) notify /opt/stack/neutron/neutron/plugins/ml2/drivers/ovn/mech_driver/ovsdb/ovsdb_monitor.py:1013}}
Jul 22 09:48:30.524331 np0000005633 devstack@neutron-api.service[87549]: DEBUG neutron.plugins.ml2.drivers.ovn.mech_driver.ovsdb.ovsdb_monitor [-] Hash Ring: Node fa187a02c92457c18e4b7468f8903090 (host: np0000005633) handling event "update" for row e8442538-df4c-4ce8-894b-6cb0111c3ddd (table: Port_Binding) {{(pid=87549) notify /opt/stack/neutron/neutron/plugins/ml2/drivers/ovn/mech_driver/ovsdb/ovsdb_monitor.py:1013}}
Jul 22 09:48:30.546905 np0000005633 devstack@neutron-api.service[87549]: INFO neutron.db.ovn_revision_numbers_db [None req-46a33b63-4a13-412c-a91f-dc7414f5216d admin admin] Successfully bumped revision number for resource 74b71848-6258-4258-99e6-cfa0861f44fb (type: ports) to 2
