May 27 22:36:50.426116 np0000001562 devstack@n-api.service[83695]: DEBUG nova.policy [None req-8a6af1e5-e463-4281-9d9f-b28c1dc0b985 tempest-ServerBootFromVolumeStableRescueTest-1547156014 tempest-ServerBootFromVolumeStableRescueTest-1547156014-project-member] Policy check for os_compute_api:os-extended-server-attributes failed with credentials {'is_admin': False, 'user_id': '8c3b666e9bcf41db82f18a799dd592f8', 'user_domain_id': 'default', 'system_scope': None, 'domain_id': None, 'project_id': 'aa786b9084d44690909aa79001f59d0b', 'project_domain_id': 'default', 'roles': ['member', 'reader'], 'is_admin_project': True, 'service_user_id': None, 'service_user_domain_id': None, 'service_project_id': None, 'service_project_domain_id': None, 'service_roles': []} {{(pid=83695) authorize /opt/stack/nova/nova/policy.py:192}}
May 27 22:36:50.430877 np0000001562 devstack@n-api.service[83695]: DEBUG nova.policy [None req-8a6af1e5-e463-4281-9d9f-b28c1dc0b985 tempest-ServerBootFromVolumeStableRescueTest-1547156014 tempest-ServerBootFromVolumeStableRescueTest-1547156014-project-member] Policy check for os_compute_api:servers:show:host_status failed with credentials {'is_admin': False, 'user_id': '8c3b666e9bcf41db82f18a799dd592f8', 'user_domain_id': 'default', 'system_scope': None, 'domain_id': None, 'project_id': 'aa786b9084d44690909aa79001f59d0b', 'project_domain_id': 'default', 'roles': ['member', 'reader'], 'is_admin_project': True, 'service_user_id': None, 'service_user_domain_id': None, 'service_project_id': None, 'service_project_domain_id': None, 'service_roles': []} {{(pid=83695) authorize /opt/stack/nova/nova/policy.py:192}}
May 27 22:36:50.431553 np0000001562 devstack@n-api.service[83695]: DEBUG nova.policy [None req-8a6af1e5-e463-4281-9d9f-b28c1dc0b985 tempest-ServerBootFromVolumeStableRescueTest-1547156014 tempest-ServerBootFromVolumeStableRescueTest-1547156014-project-member] Policy check for os_compute_api:servers:show:host_status:unknown-only failed with credentials {'is_admin': False, 'user_id': '8c3b666e9bcf41db82f18a799dd592f8', 'user_domain_id': 'default', 'system_scope': None, 'domain_id': None, 'project_id': 'aa786b9084d44690909aa79001f59d0b', 'project_domain_id': 'default', 'roles': ['member', 'reader'], 'is_admin_project': True, 'service_user_id': None, 'service_user_domain_id': None, 'service_project_id': None, 'service_project_domain_id': None, 'service_roles': []} {{(pid=83695) authorize /opt/stack/nova/nova/policy.py:192}}
May 27 22:36:50.442456 np0000001562 devstack@n-api.service[83695]: INFO nova.api.openstack.requestlog [None req-8a6af1e5-e463-4281-9d9f-b28c1dc0b985 tempest-ServerBootFromVolumeStableRescueTest-1547156014 tempest-ServerBootFromVolumeStableRescueTest-1547156014-project-member] 10.4.3.129 "GET /compute/v2.1/servers/8f88c03d-2e31-40af-a8c2-358fe3db42ac" status: 200 len: 1449 microversion: 2.87 time: 0.120570
May 27 22:36:50.443746 np0000001562 devstack@n-api.service[83695]: [pid: 83695|app: 0|req: 131/267] 10.4.3.129 () {68 vars in 1395 bytes} [Wed May 27 22:36:50 2026] GET /compute/v2.1/servers/8f88c03d-2e31-40af-a8c2-358fe3db42ac => generated 1449 bytes in 121 msecs (HTTP/1.1 200) 9 headers in 360 bytes (1 switches on core 0)
May 27 22:36:50.680246 np0000001562 devstack@n-api.service[83694]: DEBUG nova.api.openstack.wsgi [req-596b12d4-f798-433c-936f-d590e28770c8 req-25662b77-73aa-4c0c-9cbc-fd3d9f0c6127 service nova] Action: 'create', calling method: >, body: {"events": [{"name": "network-changed", "server_uuid": "9dc573a8-81b0-4b42-b633-fa65513a2706", "tag": "ae85e704-d2e9-4c80-ae00-b4a9fa65410e"}]} {{(pid=83694) _process_stack /opt/stack/nova/nova/api/openstack/wsgi.py:549}}
May 27 22:36:50.690649 np0000001562 devstack@n-api.service[83694]: DEBUG oslo_concurrency.lockutils [req-596b12d4-f798-433c-936f-d590e28770c8 req-25662b77-73aa-4c0c-9cbc-fd3d9f0c6127 service nova] Acquiring lock "be9e702e-b26f-495d-b1b4-21a38bbaf6f9" by "nova.context.set_target_cell..get_or_set_cached_cell_and_set_connections" {{(pid=83694) inner /opt/stack/data/venv/lib/python3.12/site-packages/oslo_concurrency/lockutils.py:511}}
May 27 22:36:50.690850 np0000001562 devstack@n-api.service[83694]: DEBUG oslo_concurrency.lockutils [req-596b12d4-f798-433c-936f-d590e28770c8 req-25662b77-73aa-4c0c-9cbc-fd3d9f0c6127 service nova] Lock "be9e702e-b26f-495d-b1b4-21a38bbaf6f9" acquired by "nova.context.set_target_cell..get_or_set_cached_cell_and_set_connections" :: waited 0.000s {{(pid=83694) inner /opt/stack/data/venv/lib/python3.12/site-packages/oslo_concurrency/lockutils.py:524}}
May 27 22:36:50.691022 np0000001562 devstack@n-api.service[83694]: DEBUG oslo_concurrency.lockutils [req-596b12d4-f798-433c-936f-d590e28770c8 req-25662b77-73aa-4c0c-9cbc-fd3d9f0c6127 service nova] Lock "be9e702e-b26f-495d-b1b4-21a38bbaf6f9" "released" by "nova.context.set_target_cell..get_or_set_cached_cell_and_set_connections" :: held 0.000s {{(pid=83694) inner /opt/stack/data/venv/lib/python3.12/site-packages/oslo_concurrency/lockutils.py:543}}
May 27 22:36:50.698642 np0000001562 devstack@n-api.service[83694]: INFO nova.api.openstack.compute.server_external_events [req-596b12d4-f798-433c-936f-d590e28770c8 req-25662b77-73aa-4c0c-9cbc-fd3d9f0c6127 service nova] Creating event network-changed:ae85e704-d2e9-4c80-ae00-b4a9fa65410e for instance 9dc573a8-81b0-4b42-b633-fa65513a2706 on np0000001562
May 27 22:36:50.699011 np0000001562 devstack@n-api.service[83694]: DEBUG nova.compute.rpcapi [req-596b12d4-f798-433c-936f-d590e28770c8 req-25662b77-73aa-4c0c-9cbc-fd3d9f0c6127 service nova] RPC: Sending the message to topic: compute-alt {{(pid=83694) prepare_for_alt_rpcserver /opt/stack/nova/nova/compute/rpcapi.py:595}}
May 27 22:36:50.705526 np0000001562 devstack@n-api.service[83694]: INFO nova.api.openstack.requestlog [req-596b12d4-f798-433c-936f-d590e28770c8 req-25662b77-73aa-4c0c-9cbc-fd3d9f0c6127 service nova] 10.4.3.129 "POST /compute/v2.1/os-server-external-events" status: 200 len: 179 microversion: 2.1 time: 0.026523
May 27 22:36:50.705526 np0000001562 devstack@n-api.service[83694]: [pid: 83694|app: 0|req: 137/268] 10.4.3.129 () {72 vars in 1432 bytes} [Wed May 27 22:36:50 2026] POST /compute/v2.1/os-server-external-events => generated 179 bytes in 27 msecs (HTTP/1.1 200) 9 headers in 357 bytes (1 switches on core 0)
May 27 22:36:51.158963 np0000001562 devstack@n-api.service[83695]: DEBUG nova.api.openstack.wsgi [None req-c514df9d-510f-491a-8cba-30d97cb4184d tempest-VolumesGetTestJSON-334688637 tempest-VolumesGetTestJSON-334688637-project-member] Calling method '>' {{(pid=83695) _process_stack /opt/stack/nova/nova/api/openstack/wsgi.py:551}}
May 27 22:36:51.255907 np0000001562 devstack@n-api.service[83695]: INFO nova.api.openstack.requestlog [None req-c514df9d-510f-491a-8cba-30d97cb4184d tempest-VolumesGetTestJSON-334688637 tempest-VolumesGetTestJSON-334688637-project-member] 10.4.3.129 "GET /compute/v2.1/os-volumes/38d72d88-9278-491e-baec-634222f12824" status: 200 len: 350 microversion: 2.1 time: 0.098780
May 27 22:36:51.256392 np0000001562 devstack@n-api.service[83695]: [pid: 83695|app: 0|req: 132/269] 10.4.3.129 () {66 vars in 1363 bytes} [Wed May 27 22:36:51 2026] GET /compute/v2.1/os-volumes/38d72d88-9278-491e-baec-634222f12824 => generated 350 bytes in 103 msecs (HTTP/1.1 200) 9 headers in 357 bytes (1 switches on core 0)
May 27 22:36:51.353837 np0000001562 devstack@n-api.service[83694]: DEBUG nova.api.openstack.wsgi [req-d1d13f5e-3cac-4adc-8649-a2a19cdfa57f req-4536d97c-0804-4e55-8fc5-55bcc90fbf57 service nova] Action: 'create', calling method: >, body: {"events": [{"server_uuid": "d367366b-ff19-4abb-9250-5b6cf5821f25", "name": "network-vif-plugged", "status": "completed", "tag": "6ee21c5f-bf46-4113-bd52-4ed97e67f319"}]} {{(pid=83694) _process_stack /opt/stack/nova/nova/api/openstack/wsgi.py:549}}
May 27 22:36:51.368191 np0000001562 devstack@n-api.service[83694]: DEBUG oslo_concurrency.lockutils [req-d1d13f5e-3cac-4adc-8649-a2a19cdfa57f req-4536d97c-0804-4e55-8fc5-55bcc90fbf57 service nova] Acquiring lock "be9e702e-b26f-495d-b1b4-21a38bbaf6f9" by "nova.context.set_target_cell..get_or_set_cached_cell_and_set_connections" {{(pid=83694) inner /opt/stack/data/venv/lib/python3.12/site-packages/oslo_concurrency/lockutils.py:511}}
May 27 22:36:51.369328 np0000001562 devstack@n-api.service[83694]: DEBUG oslo_concurrency.lockutils [req-d1d13f5e-3cac-4adc-8649-a2a19cdfa57f req-4536d97c-0804-4e55-8fc5-55bcc90fbf57 service nova] Lock "be9e702e-b26f-495d-b1b4-21a38bbaf6f9" acquired by "nova.context.set_target_cell..get_or_set_cached_cell_and_set_connections" :: waited 0.000s {{(pid=83694) inner /opt/stack/data/venv/lib/python3.12/site-packages/oslo_concurrency/lockutils.py:524}}
May 27 22:36:51.369512 np0000001562 devstack@n-api.service[83694]: DEBUG oslo_concurrency.lockutils [req-d1d13f5e-3cac-4adc-8649-a2a19cdfa57f req-4536d97c-0804-4e55-8fc5-55bcc90fbf57 service nova] Lock "be9e702e-b26f-495d-b1b4-21a38bbaf6f9" "released" by "nova.context.set_target_cell..get_or_set_cached_cell_and_set_connections" :: held 0.001s {{(pid=83694) inner /opt/stack/data/venv/lib/python3.12/site-packages/oslo_concurrency/lockutils.py:543}}
May 27 22:36:51.386620 np0000001562 devstack@n-api.service[83695]: DEBUG nova.api.openstack.wsgi [None req-bbbcf624-9a35-427c-b455-2e56e2d31a0b tempest-TaggedBootDevicesTest_v242-650463179 tempest-TaggedBootDevicesTest_v242-650463179-project-member] Calling method '>' {{(pid=83695) _process_stack /opt/stack/nova/nova/api/openstack/wsgi.py:551}}
May 27 22:36:51.392560 np0000001562 devstack@n-api.service[83694]: INFO nova.api.openstack.compute.server_external_events [req-d1d13f5e-3cac-4adc-8649-a2a19cdfa57f req-4536d97c-0804-4e55-8fc5-55bcc90fbf57 service nova] Creating event network-vif-plugged:6ee21c5f-bf46-4113-bd52-4ed97e67f319 for instance d367366b-ff19-4abb-9250-5b6cf5821f25 on np0000001562
May 27 22:36:51.392785 np0000001562 devstack@n-api.service[83695]: DEBUG nova.compute.api [None req-bbbcf624-9a35-427c-b455-2e56e2d31a0b tempest-TaggedBootDevicesTest_v242-650463179 tempest-TaggedBootDevicesTest_v242-650463179-project-member] [instance: d367366b-ff19-4abb-9250-5b6cf5821f25] Fetching instance by UUID {{(pid=83695) get /opt/stack/nova/nova/compute/api.py:3056}}
May 27 22:36:51.393399 np0000001562 devstack@n-api.service[83694]: DEBUG nova.compute.rpcapi [req-d1d13f5e-3cac-4adc-8649-a2a19cdfa57f req-4536d97c-0804-4e55-8fc5-55bcc90fbf57 service nova] RPC: Sending the message to topic: compute-alt {{(pid=83694) prepare_for_alt_rpcserver /opt/stack/nova/nova/compute/rpcapi.py:595}}
May 27 22:36:51.404361 np0000001562 devstack@n-api.service[83695]: DEBUG oslo_concurrency.lockutils [None req-bbbcf624-9a35-427c-b455-2e56e2d31a0b tempest-TaggedBootDevicesTest_v242-650463179 tempest-TaggedBootDevicesTest_v242-650463179-project-member] Acquiring lock "be9e702e-b26f-495d-b1b4-21a38bbaf6f9" by "nova.context.set_target_cell..get_or_set_cached_cell_and_set_connections" {{(pid=83695) inner /opt/stack/data/venv/lib/python3.12/site-packages/oslo_concurrency/lockutils.py:511}}
May 27 22:36:51.404568 np0000001562 devstack@n-api.service[83695]: DEBUG oslo_concurrency.lockutils [None req-bbbcf624-9a35-427c-b455-2e56e2d31a0b tempest-TaggedBootDevicesTest_v242-650463179 tempest-TaggedBootDevicesTest_v242-650463179-project-member] Lock "be9e702e-b26f-495d-b1b4-21a38bbaf6f9" acquired by "nova.context.set_target_cell..get_or_set_cached_cell_and_set_connections" :: waited 0.000s {{(pid=83695) inner /opt/stack/data/venv/lib/python3.12/site-packages/oslo_concurrency/lockutils.py:524}}
May 27 22:36:51.404801 np0000001562 devstack@n-api.service[83695]: DEBUG oslo_concurrency.lockutils [None req-bbbcf624-9a35-427c-b455-2e56e2d31a0b tempest-TaggedBootDevicesTest_v242-650463179 tempest-TaggedBootDevicesTest_v242-650463179-project-member] Lock "be9e702e-b26f-495d-b1b4-21a38bbaf6f9" "released" by "nova.context.set_target_cell..get_or_set_cached_cell_and_set_connections" :: held 0.000s {{(pid=83695) inner /opt/stack/data/venv/lib/python3.12/site-packages/oslo_concurrency/lockutils.py:543}}
May 27 22:36:51.405241 np0000001562 devstack@n-api.service[83695]: DEBUG oslo_concurrency.lockutils [None req-bbbcf624-9a35-427c-b455-2e56e2d31a0b tempest-TaggedBootDevicesTest_v242-650463179 tempest-TaggedBootDevicesTest_v242-650463179-project-member] Acquiring lock "be9e702e-b26f-495d-b1b4-21a38bbaf6f9" by "nova.context.set_target_cell..get_or_set_cached_cell_and_set_connections" {{(pid=83695) inner /opt/stack/data/venv/lib/python3.12/site-packages/oslo_concurrency/lockutils.py:511}}
May 27 22:36:51.405549 np0000001562 devstack@n-api.service[83695]: DEBUG oslo_concurrency.lockutils [None req-bbbcf624-9a35-427c-b455-2e56e2d31a0b tempest-TaggedBootDevicesTest_v242-650463179 tempest-TaggedBootDevicesTest_v242-650463179-project-member] Lock "be9e702e-b26f-495d-b1b4-21a38bbaf6f9" acquired by "nova.context.set_target_cell..get_or_set_cached_cell_and_set_connections" :: waited 0.000s {{(pid=83695) inner /opt/stack/data/venv/lib/python3.12/site-packages/oslo_concurrency/lockutils.py:524}}
May 27 22:36:51.405837 np0000001562 devstack@n-api.service[83695]: DEBUG oslo_concurrency.lockutils [None req-bbbcf624-9a35-427c-b455-2e56e2d31a0b tempest-TaggedBootDevicesTest_v242-650463179 tempest-TaggedBootDevicesTest_v242-650463179-project-member] Lock "be9e702e-b26f-495d-b1b4-21a38bbaf6f9" "released" by "nova.context.set_target_cell..get_or_set_cached_cell_and_set_connections" :: held 0.000s {{(pid=83695) inner /opt/stack/data/venv/lib/python3.12/site-packages/oslo_concurrency/lockutils.py:543}}
May 27 22:36:51.409203 np0000001562 devstack@n-api.service[83694]: INFO nova.api.openstack.requestlog [req-d1d13f5e-3cac-4adc-8649-a2a19cdfa57f req-4536d97c-0804-4e55-8fc5-55bcc90fbf57 service nova] 10.4.3.129 "POST /compute/v2.1/os-server-external-events" status: 200 len: 183 microversion: 2.1 time: 0.057495
May 27 22:36:51.409786 np0000001562 devstack@n-api.service[83694]: [pid: 83694|app: 0|req: 138/270] 10.4.3.129 () {72 vars in 1432 bytes} [Wed May 27 22:36:51 2026] POST /compute/v2.1/os-server-external-events => generated 183 bytes in 63 msecs (HTTP/1.1 200) 9 headers in 357 bytes (1 switches on core 0)
May 27 22:36:51.443114 np0000001562 devstack@n-api.service[83695]: WARNING neutronclient.v2_0.client [None req-bbbcf624-9a35-427c-b455-2e56e2d31a0b tempest-TaggedBootDevicesTest_v242-650463179 tempest-TaggedBootDevicesTest_v242-650463179-project-member] The python binding code in neutronclient is deprecated in favor of OpenstackSDK, please use that as this will be removed in a future release.
May 27 22:36:51.482924 np0000001562 devstack@n-api.service[83694]: DEBUG nova.api.openstack.wsgi [None req-7e091ac2-d1a2-40ac-8a1d-7f7f00131612 tempest-ServerBootFromVolumeStableRescueTest-1547156014 tempest-ServerBootFromVolumeStableRescueTest-1547156014-project-member] Calling method '>' {{(pid=83694) _process_stack /opt/stack/nova/nova/api/openstack/wsgi.py:551}}
May 27 22:36:51.496750 np0000001562 devstack@n-api.service[83694]: DEBUG nova.compute.api [None req-7e091ac2-d1a2-40ac-8a1d-7f7f00131612 tempest-ServerBootFromVolumeStableRescueTest-1547156014 tempest-ServerBootFromVolumeStableRescueTest-1547156014-project-member] [instance: 8f88c03d-2e31-40af-a8c2-358fe3db42ac] Fetching instance by UUID {{(pid=83694) get /opt/stack/nova/nova/compute/api.py:3056}}
May 27 22:36:51.511941 np0000001562 devstack@n-api.service[83694]: DEBUG oslo_concurrency.lockutils [None req-7e091ac2-d1a2-40ac-8a1d-7f7f00131612 tempest-ServerBootFromVolumeStableRescueTest-1547156014 tempest-ServerBootFromVolumeStableRescueTest-1547156014-project-member] Acquiring lock "be9e702e-b26f-495d-b1b4-21a38bbaf6f9" by "nova.context.set_target_cell..get_or_set_cached_cell_and_set_connections" {{(pid=83694) inner /opt/stack/data/venv/lib/python3.12/site-packages/oslo_concurrency/lockutils.py:511}}
May 27 22:36:51.512087 np0000001562 devstack@n-api.service[83694]: DEBUG oslo_concurrency.lockutils [None req-7e091ac2-d1a2-40ac-8a1d-7f7f00131612 tempest-ServerBootFromVolumeStableRescueTest-1547156014 tempest-ServerBootFromVolumeStableRescueTest-1547156014-project-member] Lock "be9e702e-b26f-495d-b1b4-21a38bbaf6f9" acquired by "nova.context.set_target_cell..get_or_set_cached_cell_and_set_connections" :: waited 0.000s {{(pid=83694) inner /opt/stack/data/venv/lib/python3.12/site-packages/oslo_concurrency/lockutils.py:524}}
May 27 22:36:51.512344 np0000001562 devstack@n-api.service[83694]: DEBUG oslo_concurrency.lockutils [None req-7e091ac2-d1a2-40ac-8a1d-7f7f00131612 tempest-ServerBootFromVolumeStableRescueTest-1547156014 tempest-ServerBootFromVolumeStableRescueTest-1547156014-project-member] Lock "be9e702e-b26f-495d-b1b4-21a38bbaf6f9" "released" by "nova.context.set_target_cell..get_or_set_cached_cell_and_set_connections" :: held 0.000s {{(pid=83694) inner /opt/stack/data/venv/lib/python3.12/site-packages/oslo_concurrency/lockutils.py:543}}
May 27 22:36:51.512994 np0000001562 devstack@n-api.service[83694]: DEBUG oslo_concurrency.lockutils [None req-7e091ac2-d1a2-40ac-8a1d-7f7f00131612 tempest-ServerBootFromVolumeStableRescueTest-1547156014 tempest-ServerBootFromVolumeStableRescueTest-1547156014-project-member] Acquiring lock "be9e702e-b26f-495d-b1b4-21a38bbaf6f9" by "nova.context.set_target_cell..get_or_set_cached_cell_and_set_connections" {{(pid=83694) inner /opt/stack/data/venv/lib/python3.12/site-packages/oslo_concurrency/lockutils.py:511}}
May 27 22:36:51.516485 np0000001562 devstack@n-api.service[83694]: DEBUG oslo_concurrency.lockutils [None req-7e091ac2-d1a2-40ac-8a1d-7f7f00131612 tempest-ServerBootFromVolumeStableRescueTest-1547156014 tempest-ServerBootFromVolumeStableRescueTest-1547156014-project-member] Lock "be9e702e-b26f-495d-b1b4-21a38bbaf6f9" acquired by "nova.context.set_target_cell..get_or_set_cached_cell_and_set_connections" :: waited 0.001s {{(pid=83694) inner /opt/stack/data/venv/lib/python3.12/site-packages/oslo_concurrency/lockutils.py:524}}
May 27 22:36:51.516485 np0000001562 devstack@n-api.service[83694]: DEBUG oslo_concurrency.lockutils [None req-7e091ac2-d1a2-40ac-8a1d-7f7f00131612 tempest-ServerBootFromVolumeStableRescueTest-1547156014 tempest-ServerBootFromVolumeStableRescueTest-1547156014-project-member] Lock "be9e702e-b26f-495d-b1b4-21a38bbaf6f9" "released" by "nova.context.set_target_cell..get_or_set_cached_cell_and_set_connections" :: held 0.000s {{(pid=83694) inner /opt/stack/data/venv/lib/python3.12/site-packages/oslo_concurrency/lockutils.py:543}}
May 27 22:36:51.547899 np0000001562 devstack@n-api.service[83694]: WARNING neutronclient.v2_0.client [None req-7e091ac2-d1a2-40ac-8a1d-7f7f00131612 tempest-ServerBootFromVolumeStableRescueTest-1547156014 tempest-ServerBootFromVolumeStableRescueTest-1547156014-project-member] The python binding code in neutronclient is deprecated in favor of OpenstackSDK, please use that as this will be removed in a future release.
May 27 22:36:51.864072 np0000001562 devstack@n-api.service[83694]: DEBUG nova.policy [None req-7e091ac2-d1a2-40ac-8a1d-7f7f00131612 tempest-ServerBootFromVolumeStableRescueTest-1547156014 tempest-ServerBootFromVolumeStableRescueTest-1547156014-project-member] Policy check for os_compute_api:os-extended-server-attributes failed with credentials {'is_admin': False, 'user_id': '8c3b666e9bcf41db82f18a799dd592f8', 'user_domain_id': 'default', 'system_scope': None, 'domain_id': None, 'project_id': 'aa786b9084d44690909aa79001f59d0b', 'project_domain_id': 'default', 'roles': ['member', 'reader'], 'is_admin_project': True, 'service_user_id': None, 'service_user_domain_id': None, 'service_project_id': None, 'service_project_domain_id': None, 'service_roles': []} {{(pid=83694) authorize /opt/stack/nova/nova/policy.py:192}}
May 27 22:36:51.889199 np0000001562 devstack@n-api.service[83694]: DEBUG nova.policy [None req-7e091ac2-d1a2-40ac-8a1d-7f7f00131612 tempest-ServerBootFromVolumeStableRescueTest-1547156014 tempest-ServerBootFromVolumeStableRescueTest-1547156014-project-member] Policy check for os_compute_api:servers:show:host_status failed with credentials {'is_admin': False, 'user_id': '8c3b666e9bcf41db82f18a799dd592f8', 'user_domain_id': 'default', 'system_scope': None, 'domain_id': None, 'project_id': 'aa786b9084d44690909aa79001f59d0b', 'project_domain_id': 'default', 'roles': ['member', 'reader'], 'is_admin_project': True, 'service_user_id': None, 'service_user_domain_id': None, 'service_project_id': None, 'service_project_domain_id': None, 'service_roles': []} {{(pid=83694) authorize /opt/stack/nova/nova/policy.py:192}}
May 27 22:36:51.893331 np0000001562 devstack@n-api.service[83694]: DEBUG nova.policy [None req-7e091ac2-d1a2-40ac-8a1d-7f7f00131612 tempest-ServerBootFromVolumeStableRescueTest-1547156014 tempest-ServerBootFromVolumeStableRescueTest-1547156014-project-member] Policy check for os_compute_api:servers:show:host_status:unknown-only failed with credentials {'is_admin': False, 'user_id': '8c3b666e9bcf41db82f18a799dd592f8', 'user_domain_id': 'default', 'system_scope': None, 'domain_id': None, 'project_id': 'aa786b9084d44690909aa79001f59d0b', 'project_domain_id': 'default', 'roles': ['member', 'reader'], 'is_admin_project': True, 'service_user_id': None, 'service_user_domain_id': None, 'service_project_id': None, 'service_project_domain_id': None, 'service_roles': []} {{(pid=83694) authorize /opt/stack/nova/nova/policy.py:192}}
May 27 22:36:51.907194 np0000001562 devstack@n-api.service[83694]: INFO nova.api.openstack.requestlog [None req-7e091ac2-d1a2-40ac-8a1d-7f7f00131612 tempest-ServerBootFromVolumeStableRescueTest-1547156014 tempest-ServerBootFromVolumeStableRescueTest-1547156014-project-member] 10.4.3.129 "GET /compute/v2.1/servers/8f88c03d-2e31-40af-a8c2-358fe3db42ac" status: 200 len: 1449 microversion: 2.87 time: 0.444478
May 27 22:36:51.907194 np0000001562 devstack@n-api.service[83694]: [pid: 83694|app: 0|req: 139/271] 10.4.3.129 () {68 vars in 1395 bytes} [Wed May 27 22:36:51 2026] GET /compute/v2.1/servers/8f88c03d-2e31-40af-a8c2-358fe3db42ac => generated 1449 bytes in 445 msecs (HTTP/1.1 200) 9 headers in 360 bytes (1 switches on core 0)
May 27 22:36:52.272811 np0000001562 devstack@n-api.service[83694]: DEBUG nova.api.openstack.wsgi [None req-d5bd8d18-7a7b-48a9-a9d3-510b9d89e471 tempest-VolumesGetTestJSON-334688637 tempest-VolumesGetTestJSON-334688637-project-member] Calling method '>' {{(pid=83694) _process_stack /opt/stack/nova/nova/api/openstack/wsgi.py:551}}
May 27 22:36:52.329335 np0000001562 devstack@n-api.service[83694]: INFO nova.api.openstack.requestlog [None req-d5bd8d18-7a7b-48a9-a9d3-510b9d89e471 tempest-VolumesGetTestJSON-334688637 tempest-VolumesGetTestJSON-334688637-project-member] 10.4.3.129 "GET /compute/v2.1/os-volumes/38d72d88-9278-491e-baec-634222f12824" status: 200 len: 350 microversion: 2.1 time: 0.058337
May 27 22:36:52.329427 np0000001562 devstack@n-api.service[83694]: [pid: 83694|app: 0|req: 140/272] 10.4.3.129 () {66 vars in 1363 bytes} [Wed May 27 22:36:52 2026] GET /compute/v2.1/os-volumes/38d72d88-9278-491e-baec-634222f12824 => generated 350 bytes in 59 msecs (HTTP/1.1 200) 9 headers in 357 bytes (1 switches on core 0)
May 27 22:36:52.338788 np0000001562 devstack@n-api.service[83695]: DEBUG nova.policy [None req-bbbcf624-9a35-427c-b455-2e56e2d31a0b tempest-TaggedBootDevicesTest_v242-650463179 tempest-TaggedBootDevicesTest_v242-650463179-project-member] Policy check for os_compute_api:os-extended-server-attributes failed with credentials {'is_admin': False, 'user_id': '6cbd394fa5f34443baa82ee5d2f7129c', 'user_domain_id': 'default', 'system_scope': None, 'domain_id': None, 'project_id': 'befb9657408046d591af149cbd0ba3f7', 'project_domain_id': 'default', 'roles': ['member', 'reader'], 'is_admin_project': True, 'service_user_id': None, 'service_user_domain_id': None, 'service_project_id': None, 'service_project_domain_id': None, 'service_roles': []} {{(pid=83695) authorize /opt/stack/nova/nova/policy.py:192}}
May 27 22:36:52.349131 np0000001562 devstack@n-api.service[83695]: DEBUG nova.policy [None req-bbbcf624-9a35-427c-b455-2e56e2d31a0b tempest-TaggedBootDevicesTest_v242-650463179 tempest-TaggedBootDevicesTest_v242-650463179-project-member] Policy check for os_compute_api:servers:show:host_status failed with credentials {'is_admin': False, 'user_id': '6cbd394fa5f34443baa82ee5d2f7129c', 'user_domain_id': 'default', 'system_scope': None, 'domain_id': None, 'project_id': 'befb9657408046d591af149cbd0ba3f7', 'project_domain_id': 'default', 'roles': ['member', 'reader'], 'is_admin_project': True, 'service_user_id': None, 'service_user_domain_id': None, 'service_project_id': None, 'service_project_domain_id': None, 'service_roles': []} {{(pid=83695) authorize /opt/stack/nova/nova/policy.py:192}}
May 27 22:36:52.349797 np0000001562 devstack@n-api.service[83695]: DEBUG nova.policy [None req-bbbcf624-9a35-427c-b455-2e56e2d31a0b tempest-TaggedBootDevicesTest_v242-650463179 tempest-TaggedBootDevicesTest_v242-650463179-project-member] Policy check for os_compute_api:servers:show:host_status:unknown-only failed with credentials {'is_admin': False, 'user_id': '6cbd394fa5f34443baa82ee5d2f7129c', 'user_domain_id': 'default', 'system_scope': None, 'domain_id': None, 'project_id': 'befb9657408046d591af149cbd0ba3f7', 'project_domain_id': 'default', 'roles': ['member', 'reader'], 'is_admin_project': True, 'service_user_id': None, 'service_user_domain_id': None, 'service_project_id': None, 'service_project_domain_id': None, 'service_roles': []} {{(pid=83695) authorize /opt/stack/nova/nova/policy.py:192}}
May 27 22:36:52.354416 np0000001562 devstack@n-api.service[83695]: INFO nova.api.openstack.requestlog [None req-bbbcf624-9a35-427c-b455-2e56e2d31a0b tempest-TaggedBootDevicesTest_v242-650463179 tempest-TaggedBootDevicesTest_v242-650463179-project-member] 10.4.3.129 "GET /compute/v2.1/servers/d367366b-ff19-4abb-9250-5b6cf5821f25" status: 200 len: 1872 microversion: 2.42 time: 0.970346
May 27 22:36:52.354759 np0000001562 devstack@n-api.service[83695]: [pid: 83695|app: 0|req: 133/273] 10.4.3.129 () {68 vars in 1395 bytes} [Wed May 27 22:36:51 2026] GET /compute/v2.1/servers/d367366b-ff19-4abb-9250-5b6cf5821f25 => generated 1872 bytes in 971 msecs (HTTP/1.1 200) 9 headers in 360 bytes (1 switches on core 0)
May 27 22:36:52.811443 np0000001562 devstack@n-api.service[83694]: DEBUG nova.api.openstack.wsgi [req-dd0e524c-d9d8-4699-b075-a73185a42199 req-791e06c3-3dfb-4051-af86-115e6e3c681e service nova] Action: 'create', calling method: >, body: {"events": [{"server_uuid": "d367366b-ff19-4abb-9250-5b6cf5821f25", "name": "network-vif-plugged", "status": "completed", "tag": "2eac2a04-a83e-4bff-b5d7-562487225792"}, {"server_uuid": "d367366b-ff19-4abb-9250-5b6cf5821f25", "name": "network-vif-plugged", "status": "completed", "tag": "2eac2a04-a83e-4bff-b5d7-562487225792"}, {"server_uuid": "d367366b-ff19-4abb-9250-5b6cf5821f25", "name": "network-vif-plugged", "status": "completed", "tag": "7f42c632-c405-47d5-97c9-7eb07fd94a30"}, {"server_uuid": "d367366b-ff19-4abb-9250-5b6cf5821f25", "name": "network-vif-plugged", "status": "completed", "tag": "7f42c632-c405-47d5-97c9-7eb07fd94a30"}, {"server_uuid": "d367366b-ff19-4abb-9250-5b6cf5821f25", "name": "network-vif-plugged", "status": "completed", "tag": "38e06ef9-e17e-4a24-9e58-0e73a2055a08"}]} {{(pid=83694) _process_stack /opt/stack/nova/nova/api/openstack/wsgi.py:549}}
May 27 22:36:52.825727 np0000001562 devstack@n-api.service[83694]: DEBUG oslo_concurrency.lockutils [req-dd0e524c-d9d8-4699-b075-a73185a42199 req-791e06c3-3dfb-4051-af86-115e6e3c681e service nova] Acquiring lock "be9e702e-b26f-495d-b1b4-21a38bbaf6f9" by "nova.context.set_target_cell..get_or_set_cached_cell_and_set_connections" {{(pid=83694) inner /opt/stack/data/venv/lib/python3.12/site-packages/oslo_concurrency/lockutils.py:511}}
May 27 22:36:52.825812 np0000001562 devstack@n-api.service[83694]: DEBUG oslo_concurrency.lockutils [req-dd0e524c-d9d8-4699-b075-a73185a42199 req-791e06c3-3dfb-4051-af86-115e6e3c681e service nova] Lock "be9e702e-b26f-495d-b1b4-21a38bbaf6f9" acquired by "nova.context.set_target_cell..get_or_set_cached_cell_and_set_connections" :: waited 0.000s {{(pid=83694) inner /opt/stack/data/venv/lib/python3.12/site-packages/oslo_concurrency/lockutils.py:524}}
May 27 22:36:52.826032 np0000001562 devstack@n-api.service[83694]: DEBUG oslo_concurrency.lockutils [req-dd0e524c-d9d8-4699-b075-a73185a42199 req-791e06c3-3dfb-4051-af86-115e6e3c681e service nova] Lock "be9e702e-b26f-495d-b1b4-21a38bbaf6f9" "released" by "nova.context.set_target_cell..get_or_set_cached_cell_and_set_connections" :: held 0.000s {{(pid=83694) inner /opt/stack/data/venv/lib/python3.12/site-packages/oslo_concurrency/lockutils.py:543}}
May 27 22:36:52.836242 np0000001562 devstack@n-api.service[83694]: INFO nova.api.openstack.compute.server_external_events [req-dd0e524c-d9d8-4699-b075-a73185a42199 req-791e06c3-3dfb-4051-af86-115e6e3c681e service nova] Creating event network-vif-plugged:2eac2a04-a83e-4bff-b5d7-562487225792 for instance d367366b-ff19-4abb-9250-5b6cf5821f25 on np0000001562
May 27 22:36:52.836516 np0000001562 devstack@n-api.service[83694]: INFO nova.api.openstack.compute.server_external_events [req-dd0e524c-d9d8-4699-b075-a73185a42199 req-791e06c3-3dfb-4051-af86-115e6e3c681e service nova] Creating event network-vif-plugged:2eac2a04-a83e-4bff-b5d7-562487225792 for instance d367366b-ff19-4abb-9250-5b6cf5821f25 on np0000001562
May 27 22:36:52.836654 np0000001562 devstack@n-api.service[83694]: INFO nova.api.openstack.compute.server_external_events [req-dd0e524c-d9d8-4699-b075-a73185a42199 req-791e06c3-3dfb-4051-af86-115e6e3c681e service nova] Creating event network-vif-plugged:7f42c632-c405-47d5-97c9-7eb07fd94a30 for instance d367366b-ff19-4abb-9250-5b6cf5821f25 on np0000001562
May 27 22:36:52.836902 np0000001562 devstack@n-api.service[83694]: INFO nova.api.openstack.compute.server_external_events [req-dd0e524c-d9d8-4699-b075-a73185a42199 req-791e06c3-3dfb-4051-af86-115e6e3c681e service nova] Creating event network-vif-plugged:7f42c632-c405-47d5-97c9-7eb07fd94a30 for instance d367366b-ff19-4abb-9250-5b6cf5821f25 on np0000001562
May 27 22:36:52.837110 np0000001562 devstack@n-api.service[83694]: INFO nova.api.openstack.compute.server_external_events [req-dd0e524c-d9d8-4699-b075-a73185a42199 req-791e06c3-3dfb-4051-af86-115e6e3c681e service nova] Creating event network-vif-plugged:38e06ef9-e17e-4a24-9e58-0e73a2055a08 for instance d367366b-ff19-4abb-9250-5b6cf5821f25 on np0000001562
May 27 22:36:52.837596 np0000001562 devstack@n-api.service[83694]: DEBUG nova.compute.rpcapi [req-dd0e524c-d9d8-4699-b075-a73185a42199 req-791e06c3-3dfb-4051-af86-115e6e3c681e service nova] RPC: Sending the message to topic: compute-alt {{(pid=83694) prepare_for_alt_rpcserver /opt/stack/nova/nova/compute/rpcapi.py:595}}
May 27 22:36:52.843726 np0000001562 devstack@n-api.service[83694]: INFO nova.api.openstack.requestlog [req-dd0e524c-d9d8-4699-b075-a73185a42199 req-791e06c3-3dfb-4051-af86-115e6e3c681e service nova] 10.4.3.129 "POST /compute/v2.1/os-server-external-events" status: 200 len: 867 microversion: 2.1 time: 0.038081
May 27 22:36:52.844100 np0000001562 devstack@n-api.service[83694]: [pid: 83694|app: 0|req: 141/274] 10.4.3.129 () {72 vars in 1432 bytes} [Wed May 27 22:36:52 2026] POST /compute/v2.1/os-server-external-events => generated 867 bytes in 39 msecs (HTTP/1.1 200) 9 headers in 357 bytes (1 switches on core 0)
May 27 22:36:52.930605 np0000001562 devstack@n-api.service[83695]: DEBUG nova.api.openstack.wsgi [None req-6109406b-3723-4e61-bb31-2b5ff4cd123a tempest-ServerBootFromVolumeStableRescueTest-1547156014 tempest-ServerBootFromVolumeStableRescueTest-1547156014-project-member] Calling method '>' {{(pid=83695) _process_stack /opt/stack/nova/nova/api/openstack/wsgi.py:551}}
May 27 22:36:52.932836 np0000001562 devstack@n-api.service[83695]: DEBUG nova.compute.api [None req-6109406b-3723-4e61-bb31-2b5ff4cd123a tempest-ServerBootFromVolumeStableRescueTest-1547156014 tempest-ServerBootFromVolumeStableRescueTest-1547156014-project-member] [instance: 8f88c03d-2e31-40af-a8c2-358fe3db42ac] Fetching instance by UUID {{(pid=83695) get /opt/stack/nova/nova/compute/api.py:3056}}
May 27 22:36:52.941322 np0000001562 devstack@n-api.service[83695]: DEBUG oslo_concurrency.lockutils [None req-6109406b-3723-4e61-bb31-2b5ff4cd123a tempest-ServerBootFromVolumeStableRescueTest-1547156014 tempest-ServerBootFromVolumeStableRescueTest-1547156014-project-member] Acquiring lock "be9e702e-b26f-495d-b1b4-21a38bbaf6f9" by "nova.context.set_target_cell..get_or_set_cached_cell_and_set_connections" {{(pid=83695) inner /opt/stack/data/venv/lib/python3.12/site-packages/oslo_concurrency/lockutils.py:511}}
May 27 22:36:52.941838 np0000001562 devstack@n-api.service[83695]: DEBUG oslo_concurrency.lockutils [None req-6109406b-3723-4e61-bb31-2b5ff4cd123a tempest-ServerBootFromVolumeStableRescueTest-1547156014 tempest-ServerBootFromVolumeStableRescueTest-1547156014-project-member] Lock "be9e702e-b26f-495d-b1b4-21a38bbaf6f9" acquired by "nova.context.set_target_cell..get_or_set_cached_cell_and_set_connections" :: waited 0.000s {{(pid=83695) inner /opt/stack/data/venv/lib/python3.12/site-packages/oslo_concurrency/lockutils.py:524}}
May 27 22:36:52.942442 np0000001562 devstack@n-api.service[83695]: DEBUG oslo_concurrency.lockutils [None req-6109406b-3723-4e61-bb31-2b5ff4cd123a tempest-ServerBootFromVolumeStableRescueTest-1547156014 tempest-ServerBootFromVolumeStableRescueTest-1547156014-project-member] Lock "be9e702e-b26f-495d-b1b4-21a38bbaf6f9" "released" by "nova.context.set_target_cell..get_or_set_cached_cell_and_set_connections" :: held 0.001s {{(pid=83695) inner /opt/stack/data/venv/lib/python3.12/site-packages/oslo_concurrency/lockutils.py:543}}
May 27 22:36:52.943775 np0000001562 devstack@n-api.service[83695]: DEBUG oslo_concurrency.lockutils [None req-6109406b-3723-4e61-bb31-2b5ff4cd123a tempest-ServerBootFromVolumeStableRescueTest-1547156014 tempest-ServerBootFromVolumeStableRescueTest-1547156014-project-member] Acquiring lock "be9e702e-b26f-495d-b1b4-21a38bbaf6f9" by "nova.context.set_target_cell..get_or_set_cached_cell_and_set_connections" {{(pid=83695) inner /opt/stack/data/venv/lib/python3.12/site-packages/oslo_concurrency/lockutils.py:511}}
May 27 22:36:52.944115 np0000001562 devstack@n-api.service[83695]: DEBUG oslo_concurrency.lockutils [None req-6109406b-3723-4e61-bb31-2b5ff4cd123a tempest-ServerBootFromVolumeStableRescueTest-1547156014 tempest-ServerBootFromVolumeStableRescueTest-1547156014-project-member] Lock "be9e702e-b26f-495d-b1b4-21a38bbaf6f9" acquired by "nova.context.set_target_cell..get_or_set_cached_cell_and_set_connections" :: waited 0.001s {{(pid=83695) inner /opt/stack/data/venv/lib/python3.12/site-packages/oslo_concurrency/lockutils.py:524}}
May 27 22:36:52.944498 np0000001562 devstack@n-api.service[83695]: DEBUG oslo_concurrency.lockutils [None req-6109406b-3723-4e61-bb31-2b5ff4cd123a tempest-ServerBootFromVolumeStableRescueTest-1547156014 tempest-ServerBootFromVolumeStableRescueTest-1547156014-project-member] Lock "be9e702e-b26f-495d-b1b4-21a38bbaf6f9" "released" by "nova.context.set_target_cell..get_or_set_cached_cell_and_set_connections" :: held 0.000s {{(pid=83695) inner /opt/stack/data/venv/lib/python3.12/site-packages/oslo_concurrency/lockutils.py:543}}
May 27 22:36:52.966820 np0000001562 devstack@n-api.service[83695]: WARNING neutronclient.v2_0.client [None req-6109406b-3723-4e61-bb31-2b5ff4cd123a tempest-ServerBootFromVolumeStableRescueTest-1547156014 tempest-ServerBootFromVolumeStableRescueTest-1547156014-project-member] The python binding code in neutronclient is deprecated in favor of OpenstackSDK, please use that as this will be removed in a future release.
May 27 22:36:53.045644 np0000001562 devstack@n-api.service[83695]: DEBUG nova.policy [None req-6109406b-3723-4e61-bb31-2b5ff4cd123a tempest-ServerBootFromVolumeStableRescueTest-1547156014 tempest-ServerBootFromVolumeStableRescueTest-1547156014-project-member] Policy check for os_compute_api:os-extended-server-attributes failed with credentials {'is_admin': False, 'user_id': '8c3b666e9bcf41db82f18a799dd592f8', 'user_domain_id': 'default', 'system_scope': None, 'domain_id': None, 'project_id': 'aa786b9084d44690909aa79001f59d0b', 'project_domain_id': 'default', 'roles': ['member', 'reader'], 'is_admin_project': True, 'service_user_id': None, 'service_user_domain_id': None, 'service_project_id': None, 'service_project_domain_id': None, 'service_roles': []} {{(pid=83695) authorize /opt/stack/nova/nova/policy.py:192}}
May 27 22:36:53.052128 np0000001562 devstack@n-api.service[83695]: DEBUG nova.policy [None req-6109406b-3723-4e61-bb31-2b5ff4cd123a tempest-ServerBootFromVolumeStableRescueTest-1547156014 tempest-ServerBootFromVolumeStableRescueTest-1547156014-project-member] Policy check for os_compute_api:servers:show:host_status failed with credentials {'is_admin': False, 'user_id': '8c3b666e9bcf41db82f18a799dd592f8', 'user_domain_id': 'default', 'system_scope': None, 'domain_id': None, 'project_id': 'aa786b9084d44690909aa79001f59d0b', 'project_domain_id': 'default', 'roles': ['member', 'reader'], 'is_admin_project': True, 'service_user_id': None, 'service_user_domain_id': None, 'service_project_id': None, 'service_project_domain_id': None, 'service_roles': []} {{(pid=83695) authorize /opt/stack/nova/nova/policy.py:192}}
May 27 22:36:53.052668 np0000001562 devstack@n-api.service[83695]: DEBUG nova.policy [None req-6109406b-3723-4e61-bb31-2b5ff4cd123a tempest-ServerBootFromVolumeStableRescueTest-1547156014 tempest-ServerBootFromVolumeStableRescueTest-1547156014-project-member] Policy check for os_compute_api:servers:show:host_status:unknown-only failed with credentials {'is_admin': False, 'user_id': '8c3b666e9bcf41db82f18a799dd592f8', 'user_domain_id': 'default', 'system_scope': None, 'domain_id': None, 'project_id': 'aa786b9084d44690909aa79001f59d0b', 'project_domain_id': 'default', 'roles': ['member', 'reader'], 'is_admin_project': True, 'service_user_id': None, 'service_user_domain_id': None, 'service_project_id': None, 'service_project_domain_id': None, 'service_roles': []} {{(pid=83695) authorize /opt/stack/nova/nova/policy.py:192}}
May 27 22:36:53.059610 np0000001562 devstack@n-api.service[83695]: INFO nova.api.openstack.requestlog [None req-6109406b-3723-4e61-bb31-2b5ff4cd123a tempest-ServerBootFromVolumeStableRescueTest-1547156014 tempest-ServerBootFromVolumeStableRescueTest-1547156014-project-member] 10.4.3.129 "GET /compute/v2.1/servers/8f88c03d-2e31-40af-a8c2-358fe3db42ac" status: 200 len: 1457 microversion: 2.87 time: 0.130737
May 27 22:36:53.059942 np0000001562 devstack@n-api.service[83695]: [pid: 83695|app: 0|req: 134/275] 10.4.3.129 () {68 vars in 1395 bytes} [Wed May 27 22:36:52 2026] GET /compute/v2.1/servers/8f88c03d-2e31-40af-a8c2-358fe3db42ac => generated 1457 bytes in 131 msecs (HTTP/1.1 200) 9 headers in 360 bytes (1 switches on core 0)
May 27 22:36:53.346774 np0000001562 devstack@n-api.service[83694]: DEBUG nova.api.openstack.wsgi [None req-7494fe62-8750-46fe-b650-19631bbfcefb tempest-VolumesGetTestJSON-334688637 tempest-VolumesGetTestJSON-334688637-project-member] Calling method '>' {{(pid=83694) _process_stack /opt/stack/nova/nova/api/openstack/wsgi.py:551}}
May 27 22:36:53.371693 np0000001562 devstack@n-api.service[83695]: DEBUG nova.api.openstack.wsgi [None req-3594273f-dc2e-4e53-93bf-8b7d907f5507 tempest-TaggedBootDevicesTest_v242-650463179 tempest-TaggedBootDevicesTest_v242-650463179-project-member] Calling method '>' {{(pid=83695) _process_stack /opt/stack/nova/nova/api/openstack/wsgi.py:551}}
May 27 22:36:53.373682 np0000001562 devstack@n-api.service[83695]: DEBUG nova.compute.api [None req-3594273f-dc2e-4e53-93bf-8b7d907f5507 tempest-TaggedBootDevicesTest_v242-650463179 tempest-TaggedBootDevicesTest_v242-650463179-project-member] [instance: d367366b-ff19-4abb-9250-5b6cf5821f25] Fetching instance by UUID {{(pid=83695) get /opt/stack/nova/nova/compute/api.py:3056}}
May 27 22:36:53.379588 np0000001562 devstack@n-api.service[83695]: DEBUG oslo_concurrency.lockutils [None req-3594273f-dc2e-4e53-93bf-8b7d907f5507 tempest-TaggedBootDevicesTest_v242-650463179 tempest-TaggedBootDevicesTest_v242-650463179-project-member] Acquiring lock "be9e702e-b26f-495d-b1b4-21a38bbaf6f9" by "nova.context.set_target_cell..get_or_set_cached_cell_and_set_connections" {{(pid=83695) inner /opt/stack/data/venv/lib/python3.12/site-packages/oslo_concurrency/lockutils.py:511}}
May 27 22:36:53.379875 np0000001562 devstack@n-api.service[83695]: DEBUG oslo_concurrency.lockutils [None req-3594273f-dc2e-4e53-93bf-8b7d907f5507 tempest-TaggedBootDevicesTest_v242-650463179 tempest-TaggedBootDevicesTest_v242-650463179-project-member] Lock "be9e702e-b26f-495d-b1b4-21a38bbaf6f9" acquired by "nova.context.set_target_cell..get_or_set_cached_cell_and_set_connections" :: waited 0.000s {{(pid=83695) inner /opt/stack/data/venv/lib/python3.12/site-packages/oslo_concurrency/lockutils.py:524}}
May 27 22:36:53.380102 np0000001562 devstack@n-api.service[83695]: DEBUG oslo_concurrency.lockutils [None req-3594273f-dc2e-4e53-93bf-8b7d907f5507 tempest-TaggedBootDevicesTest_v242-650463179 tempest-TaggedBootDevicesTest_v242-650463179-project-member] Lock "be9e702e-b26f-495d-b1b4-21a38bbaf6f9" "released" by "nova.context.set_target_cell..get_or_set_cached_cell_and_set_connections" :: held 0.000s {{(pid=83695) inner /opt/stack/data/venv/lib/python3.12/site-packages/oslo_concurrency/lockutils.py:543}}
May 27 22:36:53.380544 np0000001562 devstack@n-api.service[83695]: DEBUG oslo_concurrency.lockutils [None req-3594273f-dc2e-4e53-93bf-8b7d907f5507 tempest-TaggedBootDevicesTest_v242-650463179 tempest-TaggedBootDevicesTest_v242-650463179-project-member] Acquiring lock "be9e702e-b26f-495d-b1b4-21a38bbaf6f9" by "nova.context.set_target_cell..get_or_set_cached_cell_and_set_connections" {{(pid=83695) inner /opt/stack/data/venv/lib/python3.12/site-packages/oslo_concurrency/lockutils.py:511}}
May 27 22:36:53.380859 np0000001562 devstack@n-api.service[83695]: DEBUG oslo_concurrency.lockutils [None req-3594273f-dc2e-4e53-93bf-8b7d907f5507 tempest-TaggedBootDevicesTest_v242-650463179 tempest-TaggedBootDevicesTest_v242-650463179-project-member] Lock "be9e702e-b26f-495d-b1b4-21a38bbaf6f9" acquired by "nova.context.set_target_cell..get_or_set_cached_cell_and_set_connections" :: waited 0.000s {{(pid=83695) inner /opt/stack/data/venv/lib/python3.12/site-packages/oslo_concurrency/lockutils.py:524}}
May 27 22:36:53.381132 np0000001562 devstack@n-api.service[83695]: DEBUG oslo_concurrency.lockutils [None req-3594273f-dc2e-4e53-93bf-8b7d907f5507 tempest-TaggedBootDevicesTest_v242-650463179 tempest-TaggedBootDevicesTest_v242-650463179-project-member] Lock "be9e702e-b26f-495d-b1b4-21a38bbaf6f9" "released" by "nova.context.set_target_cell..get_or_set_cached_cell_and_set_connections" :: held 0.000s {{(pid=83695) inner /opt/stack/data/venv/lib/python3.12/site-packages/oslo_concurrency/lockutils.py:543}}
May 27 22:36:53.400643 np0000001562 devstack@n-api.service[83694]: INFO nova.api.openstack.requestlog [None req-7494fe62-8750-46fe-b650-19631bbfcefb tempest-VolumesGetTestJSON-334688637 tempest-VolumesGetTestJSON-334688637-project-member] 10.4.3.129 "GET /compute/v2.1/os-volumes/38d72d88-9278-491e-baec-634222f12824" status: 200 len: 350 microversion: 2.1 time: 0.059848
May 27 22:36:53.402353 np0000001562 devstack@n-api.service[83694]: [pid: 83694|app: 0|req: 142/276] 10.4.3.129 () {66 vars in 1363 bytes} [Wed May 27 22:36:53 2026] GET /compute/v2.1/os-volumes/38d72d88-9278-491e-baec-634222f12824 => generated 350 bytes in 62 msecs (HTTP/1.1 200) 9 headers in 357 bytes (1 switches on core 0)
May 27 22:36:53.403842 np0000001562 devstack@n-api.service[83695]: WARNING neutronclient.v2_0.client [None req-3594273f-dc2e-4e53-93bf-8b7d907f5507 tempest-TaggedBootDevicesTest_v242-650463179 tempest-TaggedBootDevicesTest_v242-650463179-project-member] The python binding code in neutronclient is deprecated in favor of OpenstackSDK, please use that as this will be removed in a future release.
May 27 22:36:53.493740 np0000001562 devstack@n-api.service[83694]: DEBUG nova.api.openstack.wsgi [req-e286b467-640a-445c-ae9d-ebbcae3d636d req-132f39c0-8099-4022-8118-0e29419a1faa service nova] Action: 'create', calling method: >, body: {"events": [{"server_uuid": "d367366b-ff19-4abb-9250-5b6cf5821f25", "name": "network-vif-plugged", "status": "completed", "tag": "6ee21c5f-bf46-4113-bd52-4ed97e67f319"}, {"server_uuid": "d367366b-ff19-4abb-9250-5b6cf5821f25", "name": "network-vif-plugged", "status": "completed", "tag": "c81141ee-ef91-47fc-9bc9-f4dfcf4831b7"}, {"server_uuid": "d367366b-ff19-4abb-9250-5b6cf5821f25", "name": "network-vif-plugged", "status": "completed", "tag": "c81141ee-ef91-47fc-9bc9-f4dfcf4831b7"}, {"server_uuid": "d367366b-ff19-4abb-9250-5b6cf5821f25", "name": "network-vif-plugged", "status": "completed", "tag": "82d39464-54b8-45fd-a327-057b148ba048"}, {"server_uuid": "d367366b-ff19-4abb-9250-5b6cf5821f25", "name": "network-vif-plugged", "status": "completed", "tag": "82d39464-54b8-45fd-a327-057b148ba048"}]} {{(pid=83694) _process_stack /opt/stack/nova/nova/api/openstack/wsgi.py:549}}
May 27 22:36:53.498948 np0000001562 devstack@n-api.service[83694]: DEBUG oslo_concurrency.lockutils [req-e286b467-640a-445c-ae9d-ebbcae3d636d req-132f39c0-8099-4022-8118-0e29419a1faa service nova] Acquiring lock "be9e702e-b26f-495d-b1b4-21a38bbaf6f9" by "nova.context.set_target_cell..get_or_set_cached_cell_and_set_connections" {{(pid=83694) inner /opt/stack/data/venv/lib/python3.12/site-packages/oslo_concurrency/lockutils.py:511}}
May 27 22:36:53.499311 np0000001562 devstack@n-api.service[83694]: DEBUG oslo_concurrency.lockutils [req-e286b467-640a-445c-ae9d-ebbcae3d636d req-132f39c0-8099-4022-8118-0e29419a1faa service nova] Lock "be9e702e-b26f-495d-b1b4-21a38bbaf6f9" acquired by "nova.context.set_target_cell..get_or_set_cached_cell_and_set_connections" :: waited 0.000s {{(pid=83694) inner /opt/stack/data/venv/lib/python3.12/site-packages/oslo_concurrency/lockutils.py:524}}
May 27 22:36:53.499576 np0000001562 devstack@n-api.service[83694]: DEBUG oslo_concurrency.lockutils [req-e286b467-640a-445c-ae9d-ebbcae3d636d req-132f39c0-8099-4022-8118-0e29419a1faa service nova] Lock "be9e702e-b26f-495d-b1b4-21a38bbaf6f9" "released" by "nova.context.set_target_cell..get_or_set_cached_cell_and_set_connections" :: held 0.000s {{(pid=83694) inner /opt/stack/data/venv/lib/python3.12/site-packages/oslo_concurrency/lockutils.py:543}}
May 27 22:36:53.505860 np0000001562 devstack@n-api.service[83694]: INFO nova.api.openstack.compute.server_external_events [req-e286b467-640a-445c-ae9d-ebbcae3d636d req-132f39c0-8099-4022-8118-0e29419a1faa service nova] Creating event network-vif-plugged:6ee21c5f-bf46-4113-bd52-4ed97e67f319 for instance d367366b-ff19-4abb-9250-5b6cf5821f25 on np0000001562
May 27 22:36:53.506468 np0000001562 devstack@n-api.service[83694]: INFO nova.api.openstack.compute.server_external_events [req-e286b467-640a-445c-ae9d-ebbcae3d636d req-132f39c0-8099-4022-8118-0e29419a1faa service nova] Creating event network-vif-plugged:c81141ee-ef91-47fc-9bc9-f4dfcf4831b7 for instance d367366b-ff19-4abb-9250-5b6cf5821f25 on np0000001562
May 27 22:36:53.506750 np0000001562 devstack@n-api.service[83694]: INFO nova.api.openstack.compute.server_external_events [req-e286b467-640a-445c-ae9d-ebbcae3d636d req-132f39c0-8099-4022-8118-0e29419a1faa service nova] Creating event network-vif-plugged:c81141ee-ef91-47fc-9bc9-f4dfcf4831b7 for instance d367366b-ff19-4abb-9250-5b6cf5821f25 on np0000001562
May 27 22:36:53.506996 np0000001562 devstack@n-api.service[83694]: INFO nova.api.openstack.compute.server_external_events [req-e286b467-640a-445c-ae9d-ebbcae3d636d req-132f39c0-8099-4022-8118-0e29419a1faa service nova] Creating event network-vif-plugged:82d39464-54b8-45fd-a327-057b148ba048 for instance d367366b-ff19-4abb-9250-5b6cf5821f25 on np0000001562
May 27 22:36:53.507247 np0000001562 devstack@n-api.service[83694]: INFO nova.api.openstack.compute.server_external_events [req-e286b467-640a-445c-ae9d-ebbcae3d636d req-132f39c0-8099-4022-8118-0e29419a1faa service nova] Creating event network-vif-plugged:82d39464-54b8-45fd-a327-057b148ba048 for instance d367366b-ff19-4abb-9250-5b6cf5821f25 on np0000001562
May 27 22:36:53.507767 np0000001562 devstack@n-api.service[83694]: DEBUG nova.compute.rpcapi [req-e286b467-640a-445c-ae9d-ebbcae3d636d req-132f39c0-8099-4022-8118-0e29419a1faa service nova] RPC: Sending the message to topic: compute-alt {{(pid=83694) prepare_for_alt_rpcserver /opt/stack/nova/nova/compute/rpcapi.py:595}}
May 27 22:36:53.513173 np0000001562 devstack@n-api.service[83694]: INFO nova.api.openstack.requestlog [req-e286b467-640a-445c-ae9d-ebbcae3d636d req-132f39c0-8099-4022-8118-0e29419a1faa service nova] 10.4.3.129 "POST /compute/v2.1/os-server-external-events" status: 200 len: 867 microversion: 2.1 time: 0.022680
May 27 22:36:53.513585 np0000001562 devstack@n-api.service[83694]: [pid: 83694|app: 0|req: 143/277] 10.4.3.129 () {72 vars in 1432 bytes} [Wed May 27 22:36:53 2026] POST /compute/v2.1/os-server-external-events => generated 867 bytes in 23 msecs (HTTP/1.1 200) 9 headers in 357 bytes (1 switches on core 0)
