May 14 06:55:46.259589 np0000000753 nova-scheduler[95476]: DEBUG cotyledon.oslo_config_glue [-] oslo_limit.auth_type = None {{(pid=95476) log_opt_values /opt/stack/data/venv/lib/python3.12/site-packages/oslo_config/cfg.py:3006}}
May 14 06:55:46.259589 np0000000753 nova-scheduler[95476]: DEBUG cotyledon.oslo_config_glue [-] oslo_limit.cafile = None {{(pid=95476) log_opt_values /opt/stack/data/venv/lib/python3.12/site-packages/oslo_config/cfg.py:3006}}
May 14 06:55:46.259589 np0000000753 nova-scheduler[95476]: DEBUG cotyledon.oslo_config_glue [-] oslo_limit.certfile = None {{(pid=95476) log_opt_values /opt/stack/data/venv/lib/python3.12/site-packages/oslo_config/cfg.py:3006}}
May 14 06:55:46.259589 np0000000753 nova-scheduler[95476]: DEBUG cotyledon.oslo_config_glue [-] oslo_limit.collect_timing = False {{(pid=95476) log_opt_values /opt/stack/data/venv/lib/python3.12/site-packages/oslo_config/cfg.py:3006}}
May 14 06:55:46.259589 np0000000753 nova-scheduler[95476]: DEBUG cotyledon.oslo_config_glue [-] oslo_limit.connect_retries = None {{(pid=95476) log_opt_values /opt/stack/data/venv/lib/python3.12/site-packages/oslo_config/cfg.py:3006}}
May 14 06:55:46.259869 np0000000753 nova-scheduler[95476]: DEBUG cotyledon.oslo_config_glue [-] oslo_limit.connect_retry_delay = None {{(pid=95476) log_opt_values /opt/stack/data/venv/lib/python3.12/site-packages/oslo_config/cfg.py:3006}}
May 14 06:55:46.259869 np0000000753 nova-scheduler[95476]: DEBUG cotyledon.oslo_config_glue [-] oslo_limit.endpoint_id = None {{(pid=95476) log_opt_values /opt/stack/data/venv/lib/python3.12/site-packages/oslo_config/cfg.py:3006}}
May 14 06:55:46.259869 np0000000753 nova-scheduler[95476]: DEBUG cotyledon.oslo_config_glue [-] oslo_limit.endpoint_interface = public {{(pid=95476) log_opt_values /opt/stack/data/venv/lib/python3.12/site-packages/oslo_config/cfg.py:3006}}
May 14 06:55:46.259869 np0000000753 nova-scheduler[95476]: DEBUG cotyledon.oslo_config_glue [-] oslo_limit.endpoint_override = None {{(pid=95476) log_opt_values /opt/stack/data/venv/lib/python3.12/site-packages/oslo_config/cfg.py:3006}}
May 14 06:55:46.259869 np0000000753 nova-scheduler[95476]: DEBUG cotyledon.oslo_config_glue [-] oslo_limit.endpoint_region_name = None {{(pid=95476) log_opt_values /opt/stack/data/venv/lib/python3.12/site-packages/oslo_config/cfg.py:3006}}
May 14 06:55:46.259869 np0000000753 nova-scheduler[95476]: DEBUG cotyledon.oslo_config_glue [-] oslo_limit.endpoint_service_name = None {{(pid=95476) log_opt_values /opt/stack/data/venv/lib/python3.12/site-packages/oslo_config/cfg.py:3006}}
May 14 06:55:46.259869 np0000000753 nova-scheduler[95476]: DEBUG cotyledon.oslo_config_glue [-] oslo_limit.endpoint_service_type = None {{(pid=95476) log_opt_values /opt/stack/data/venv/lib/python3.12/site-packages/oslo_config/cfg.py:3006}}
May 14 06:55:46.259869 np0000000753 nova-scheduler[95476]: DEBUG cotyledon.oslo_config_glue [-] oslo_limit.insecure = False {{(pid=95476) log_opt_values /opt/stack/data/venv/lib/python3.12/site-packages/oslo_config/cfg.py:3006}}
May 14 06:55:46.259869 np0000000753 nova-scheduler[95476]: DEBUG cotyledon.oslo_config_glue [-] oslo_limit.keyfile = None {{(pid=95476) log_opt_values /opt/stack/data/venv/lib/python3.12/site-packages/oslo_config/cfg.py:3006}}
May 14 06:55:46.260168 np0000000753 nova-scheduler[95476]: DEBUG cotyledon.oslo_config_glue [-] oslo_limit.max_version = None {{(pid=95476) log_opt_values /opt/stack/data/venv/lib/python3.12/site-packages/oslo_config/cfg.py:3006}}
May 14 06:55:46.260168 np0000000753 nova-scheduler[95476]: DEBUG cotyledon.oslo_config_glue [-] oslo_limit.min_version = None {{(pid=95476) log_opt_values /opt/stack/data/venv/lib/python3.12/site-packages/oslo_config/cfg.py:3006}}
May 14 06:55:46.260168 np0000000753 nova-scheduler[95476]: DEBUG cotyledon.oslo_config_glue [-] oslo_limit.region_name = None {{(pid=95476) log_opt_values /opt/stack/data/venv/lib/python3.12/site-packages/oslo_config/cfg.py:3006}}
May 14 06:55:46.260168 np0000000753 nova-scheduler[95476]: DEBUG cotyledon.oslo_config_glue [-] oslo_limit.retriable_status_codes = None {{(pid=95476) log_opt_values /opt/stack/data/venv/lib/python3.12/site-packages/oslo_config/cfg.py:3006}}
May 14 06:55:46.260168 np0000000753 nova-scheduler[95476]: DEBUG cotyledon.oslo_config_glue [-] oslo_limit.service_name = None {{(pid=95476) log_opt_values /opt/stack/data/venv/lib/python3.12/site-packages/oslo_config/cfg.py:3006}}
May 14 06:55:46.260168 np0000000753 nova-scheduler[95476]: DEBUG cotyledon.oslo_config_glue [-] oslo_limit.service_type = None {{(pid=95476) log_opt_values /opt/stack/data/venv/lib/python3.12/site-packages/oslo_config/cfg.py:3006}}
May 14 06:55:46.260168 np0000000753 nova-scheduler[95476]: DEBUG cotyledon.oslo_config_glue [-] oslo_limit.split_loggers = False {{(pid=95476) log_opt_values /opt/stack/data/venv/lib/python3.12/site-packages/oslo_config/cfg.py:3006}}
May 14 06:55:46.260168 np0000000753 nova-scheduler[95476]: DEBUG cotyledon.oslo_config_glue [-] oslo_limit.status_code_retries = None {{(pid=95476) log_opt_values /opt/stack/data/venv/lib/python3.12/site-packages/oslo_config/cfg.py:3006}}
May 14 06:55:46.260168 np0000000753 nova-scheduler[95476]: DEBUG cotyledon.oslo_config_glue [-] oslo_limit.status_code_retry_delay = None {{(pid=95476) log_opt_values /opt/stack/data/venv/lib/python3.12/site-packages/oslo_config/cfg.py:3006}}
May 14 06:55:46.260470 np0000000753 nova-scheduler[95476]: DEBUG cotyledon.oslo_config_glue [-] oslo_limit.timeout = None {{(pid=95476) log_opt_values /opt/stack/data/venv/lib/python3.12/site-packages/oslo_config/cfg.py:3006}}
May 14 06:55:46.260470 np0000000753 nova-scheduler[95476]: DEBUG cotyledon.oslo_config_glue [-] oslo_limit.valid_interfaces = None {{(pid=95476) log_opt_values /opt/stack/data/venv/lib/python3.12/site-packages/oslo_config/cfg.py:3006}}
May 14 06:55:46.260470 np0000000753 nova-scheduler[95476]: DEBUG cotyledon.oslo_config_glue [-] oslo_limit.version = None {{(pid=95476) log_opt_values /opt/stack/data/venv/lib/python3.12/site-packages/oslo_config/cfg.py:3006}}
May 14 06:55:46.260470 np0000000753 nova-scheduler[95476]: DEBUG cotyledon.oslo_config_glue [-] oslo_reports.file_event_handler = None {{(pid=95476) log_opt_values /opt/stack/data/venv/lib/python3.12/site-packages/oslo_config/cfg.py:3006}}
May 14 06:55:46.260470 np0000000753 nova-scheduler[95476]: DEBUG cotyledon.oslo_config_glue [-] oslo_reports.file_event_handler_interval = 1 {{(pid=95476) log_opt_values /opt/stack/data/venv/lib/python3.12/site-packages/oslo_config/cfg.py:3006}}
May 14 06:55:46.260470 np0000000753 nova-scheduler[95476]: DEBUG cotyledon.oslo_config_glue [-] oslo_reports.log_dir = None {{(pid=95476) log_opt_values /opt/stack/data/venv/lib/python3.12/site-packages/oslo_config/cfg.py:3006}}
May 14 06:55:46.260470 np0000000753 nova-scheduler[95476]: DEBUG cotyledon.oslo_config_glue [-] ******************************************************************************** {{(pid=95476) log_opt_values /opt/stack/data/venv/lib/python3.12/site-packages/oslo_config/cfg.py:3013}}
May 14 06:55:46.260470 np0000000753 nova-scheduler[95476]: DEBUG cotyledon._service_worker [-] Run service ServiceWrapper(2) [95476] {{(pid=95476) wait_forever /opt/stack/data/venv/lib/python3.12/site-packages/cotyledon/_service_worker.py:218}}
May 14 06:55:46.260470 np0000000753 nova-scheduler[95476]: INFO nova.service [-] Starting scheduler node (version 33.1.0)
May 14 06:55:46.260736 np0000000753 nova-scheduler[95472]: INFO dbcounter [None req-f31e7aff-118a-489f-8d9d-92e9aaae1a53 None None] Registered counter for database nova_cell0
May 14 06:55:46.260775 np0000000753 nova-scheduler[95476]: INFO dbcounter [None req-eb642e4c-5ca3-477c-a79a-5dd2e333d859 None None] Registered counter for database nova_cell0
May 14 06:55:46.260816 np0000000753 nova-scheduler[95474]: DEBUG oslo_db.sqlalchemy.engines [None req-cfc1010b-d2ad-4ec7-8970-162cf205de5d None None] MySQL server mode set to STRICT_TRANS_TABLES,STRICT_ALL_TABLES,NO_ZERO_IN_DATE,NO_ZERO_DATE,ERROR_FOR_DIVISION_BY_ZERO,TRADITIONAL,NO_ENGINE_SUBSTITUTION {{(pid=95474) _check_effective_sql_mode /opt/stack/data/venv/lib/python3.12/site-packages/oslo_db/sqlalchemy/engines.py:325}}
May 14 06:55:46.260855 np0000000753 nova-scheduler[95472]: DEBUG oslo_db.sqlalchemy.engines [None req-f31e7aff-118a-489f-8d9d-92e9aaae1a53 None None] MySQL server mode set to STRICT_TRANS_TABLES,STRICT_ALL_TABLES,NO_ZERO_IN_DATE,NO_ZERO_DATE,ERROR_FOR_DIVISION_BY_ZERO,TRADITIONAL,NO_ENGINE_SUBSTITUTION {{(pid=95472) _check_effective_sql_mode /opt/stack/data/venv/lib/python3.12/site-packages/oslo_db/sqlalchemy/engines.py:325}}
May 14 06:55:46.260898 np0000000753 nova-scheduler[95476]: DEBUG oslo_db.sqlalchemy.engines [None req-eb642e4c-5ca3-477c-a79a-5dd2e333d859 None None] MySQL server mode set to STRICT_TRANS_TABLES,STRICT_ALL_TABLES,NO_ZERO_IN_DATE,NO_ZERO_DATE,ERROR_FOR_DIVISION_BY_ZERO,TRADITIONAL,NO_ENGINE_SUBSTITUTION {{(pid=95476) _check_effective_sql_mode /opt/stack/data/venv/lib/python3.12/site-packages/oslo_db/sqlalchemy/engines.py:325}}
May 14 06:55:46.260948 np0000000753 nova-scheduler[95472]: DEBUG dbcounter [-] [95472] Writer thread running {{(pid=95472) stat_writer /opt/stack/data/venv/lib/python3.12/site-packages/dbcounter.py:102}}
May 14 06:55:46.260995 np0000000753 nova-scheduler[95474]: DEBUG dbcounter [-] [95474] Writer thread running {{(pid=95474) stat_writer /opt/stack/data/venv/lib/python3.12/site-packages/dbcounter.py:102}}
May 14 06:55:46.261034 np0000000753 nova-scheduler[95476]: DEBUG dbcounter [-] [95476] Writer thread running {{(pid=95476) stat_writer /opt/stack/data/venv/lib/python3.12/site-packages/dbcounter.py:102}}
May 14 06:55:46.261085 np0000000753 nova-scheduler[95472]: DEBUG nova.service [None req-f31e7aff-118a-489f-8d9d-92e9aaae1a53 None None] Creating RPC server for service: nova-scheduler on topic: scheduler {{(pid=95472) start /opt/stack/nova/nova/service.py:195}}
May 14 06:55:46.263558 np0000000753 nova-scheduler[95476]: DEBUG nova.service [None req-eb642e4c-5ca3-477c-a79a-5dd2e333d859 None None] Creating RPC server for service: nova-scheduler on topic: scheduler {{(pid=95476) start /opt/stack/nova/nova/service.py:195}}
May 14 06:55:46.267228 np0000000753 nova-scheduler[95474]: DEBUG nova.service [None req-cfc1010b-d2ad-4ec7-8970-162cf205de5d None None] Creating RPC server for service: nova-scheduler on topic: scheduler {{(pid=95474) start /opt/stack/nova/nova/service.py:195}}
May 14 06:55:46.294504 np0000000753 nova-scheduler[95472]: DEBUG nova.service [None req-f31e7aff-118a-489f-8d9d-92e9aaae1a53 None None] Join ServiceGroup membership for this service scheduler {{(pid=95472) start /opt/stack/nova/nova/service.py:221}}
May 14 06:55:46.295276 np0000000753 nova-scheduler[95472]: DEBUG nova.servicegroup.drivers.db [None req-f31e7aff-118a-489f-8d9d-92e9aaae1a53 None None] DB_Driver: join new ServiceGroup member np0000000753 to the scheduler group, service = {{(pid=95472) join /opt/stack/nova/nova/servicegroup/drivers/db.py:44}}
May 14 06:55:46.296124 np0000000753 nova-scheduler[95476]: DEBUG nova.service [None req-eb642e4c-5ca3-477c-a79a-5dd2e333d859 None None] Join ServiceGroup membership for this service scheduler {{(pid=95476) start /opt/stack/nova/nova/service.py:221}}
May 14 06:55:46.296376 np0000000753 nova-scheduler[95476]: DEBUG nova.servicegroup.drivers.db [None req-eb642e4c-5ca3-477c-a79a-5dd2e333d859 None None] DB_Driver: join new ServiceGroup member np0000000753 to the scheduler group, service = {{(pid=95476) join /opt/stack/nova/nova/servicegroup/drivers/db.py:44}}
May 14 06:55:46.298511 np0000000753 nova-scheduler[95474]: DEBUG nova.service [None req-cfc1010b-d2ad-4ec7-8970-162cf205de5d None None] Join ServiceGroup membership for this service scheduler {{(pid=95474) start /opt/stack/nova/nova/service.py:221}}
May 14 06:55:46.298784 np0000000753 nova-scheduler[95474]: DEBUG nova.servicegroup.drivers.db [None req-cfc1010b-d2ad-4ec7-8970-162cf205de5d None None] DB_Driver: join new ServiceGroup member np0000000753 to the scheduler group, service = {{(pid=95474) join /opt/stack/nova/nova/servicegroup/drivers/db.py:44}}
May 14 06:55:51.310464 np0000000753 nova-scheduler[95472]: DEBUG oslo.service.backend._threading.loopingcall [-] Fixed interval looping call 'nova.servicegroup.drivers.db.DbDriver._report_state' sleeping for 119.99 seconds {{(pid=95472) _run_loop /opt/stack/data/venv/lib/python3.12/site-packages/oslo_service/backend/_threading/loopingcall.py:125}}
May 14 06:55:51.315310 np0000000753 nova-scheduler[95474]: DEBUG oslo.service.backend._threading.loopingcall [-] Fixed interval looping call 'nova.servicegroup.drivers.db.DbDriver._report_state' sleeping for 119.99 seconds {{(pid=95474) _run_loop /opt/stack/data/venv/lib/python3.12/site-packages/oslo_service/backend/_threading/loopingcall.py:125}}
May 14 06:55:51.316039 np0000000753 nova-scheduler[95476]: DEBUG oslo.service.backend._threading.loopingcall [-] Fixed interval looping call 'nova.servicegroup.drivers.db.DbDriver._report_state' sleeping for 119.98 seconds {{(pid=95476) _run_loop /opt/stack/data/venv/lib/python3.12/site-packages/oslo_service/backend/_threading/loopingcall.py:125}}
May 14 06:55:54.914101 np0000000753 nova-scheduler[94203]: DEBUG dbcounter [-] [94203] Writing DB stats nova_api:SELECT=3 {{(pid=94203) stat_writer /opt/stack/data/venv/lib/python3.12/site-packages/dbcounter.py:115}}
May 14 06:55:55.006274 np0000000753 nova-scheduler[94203]: DEBUG dbcounter [-] [94203] Writing DB stats nova_cell0:SELECT=1 {{(pid=94203) stat_writer /opt/stack/data/venv/lib/python3.12/site-packages/dbcounter.py:115}}
May 14 06:55:55.011787 np0000000753 nova-scheduler[94203]: DEBUG dbcounter [-] [94203] Writing DB stats nova_cell1:SELECT=1 {{(pid=94203) stat_writer /opt/stack/data/venv/lib/python3.12/site-packages/dbcounter.py:115}}
May 14 06:55:57.298661 np0000000753 nova-scheduler[95476]: DEBUG oslo.service.backend._threading.loopingcall [None req-39a2ba6e-57dd-4863-a9c4-aced628b2589 None None] Dynamic interval looping call 'nova.service.Service.periodic_tasks' sleeping for 60.00 seconds {{(pid=95476) _run_loop /opt/stack/data/venv/lib/python3.12/site-packages/oslo_service/backend/_threading/loopingcall.py:125}}
May 14 06:56:01.307778 np0000000753 nova-scheduler[95472]: DEBUG dbcounter [-] [95472] Writing DB stats nova_cell0:SELECT=4,nova_cell0:INSERT=1,nova_cell0:UPDATE=1 {{(pid=95472) stat_writer /opt/stack/data/venv/lib/python3.12/site-packages/dbcounter.py:115}}
May 14 06:56:01.310811 np0000000753 nova-scheduler[95476]: DEBUG dbcounter [-] [95476] Writing DB stats nova_cell0:SELECT=5,nova_cell0:INSERT=1 {{(pid=95476) stat_writer /opt/stack/data/venv/lib/python3.12/site-packages/dbcounter.py:115}}
May 14 06:56:01.311155 np0000000753 nova-scheduler[95474]: DEBUG dbcounter [-] [95474] Writing DB stats nova_cell0:SELECT=5,nova_cell0:INSERT=1 {{(pid=95474) stat_writer /opt/stack/data/venv/lib/python3.12/site-packages/dbcounter.py:115}}
May 14 06:56:25.297247 np0000000753 nova-scheduler[95472]: DEBUG oslo.service.backend._threading.loopingcall [None req-05be54c7-682d-4633-a4ef-6dbbc2249cc2 None None] Dynamic interval looping call 'nova.service.Service.periodic_tasks' sleeping for 60.00 seconds {{(pid=95472) _run_loop /opt/stack/data/venv/lib/python3.12/site-packages/oslo_service/backend/_threading/loopingcall.py:125}}
May 14 06:56:37.301354 np0000000753 nova-scheduler[95474]: DEBUG oslo.service.backend._threading.loopingcall [None req-82662109-2b60-4e10-8d9d-99bd4255c0fb None None] Dynamic interval looping call 'nova.service.Service.periodic_tasks' sleeping for 60.00 seconds {{(pid=95474) _run_loop /opt/stack/data/venv/lib/python3.12/site-packages/oslo_service/backend/_threading/loopingcall.py:125}}
May 14 06:56:57.299375 np0000000753 nova-scheduler[95476]: DEBUG oslo.service.backend._threading.loopingcall [None req-39a2ba6e-57dd-4863-a9c4-aced628b2589 None None] Dynamic interval looping call 'nova.service.Service.periodic_tasks' sleeping for 60.00 seconds {{(pid=95476) _run_loop /opt/stack/data/venv/lib/python3.12/site-packages/oslo_service/backend/_threading/loopingcall.py:125}}
May 14 06:57:25.297729 np0000000753 nova-scheduler[95472]: DEBUG oslo.service.backend._threading.loopingcall [None req-05be54c7-682d-4633-a4ef-6dbbc2249cc2 None None] Dynamic interval looping call 'nova.service.Service.periodic_tasks' sleeping for 60.00 seconds {{(pid=95472) _run_loop /opt/stack/data/venv/lib/python3.12/site-packages/oslo_service/backend/_threading/loopingcall.py:125}}
May 14 06:57:37.301865 np0000000753 nova-scheduler[95474]: DEBUG oslo.service.backend._threading.loopingcall [None req-82662109-2b60-4e10-8d9d-99bd4255c0fb None None] Dynamic interval looping call 'nova.service.Service.periodic_tasks' sleeping for 60.00 seconds {{(pid=95474) _run_loop /opt/stack/data/venv/lib/python3.12/site-packages/oslo_service/backend/_threading/loopingcall.py:125}}
May 14 06:57:51.303929 np0000000753 nova-scheduler[95476]: DEBUG oslo.service.backend._threading.loopingcall [-] Fixed interval looping call 'nova.servicegroup.drivers.db.DbDriver._report_state' sleeping for 119.99 seconds {{(pid=95476) _run_loop /opt/stack/data/venv/lib/python3.12/site-packages/oslo_service/backend/_threading/loopingcall.py:125}}
May 14 06:57:51.304397 np0000000753 nova-scheduler[95472]: DEBUG oslo.service.backend._threading.loopingcall [-] Fixed interval looping call 'nova.servicegroup.drivers.db.DbDriver._report_state' sleeping for 120.00 seconds {{(pid=95472) _run_loop /opt/stack/data/venv/lib/python3.12/site-packages/oslo_service/backend/_threading/loopingcall.py:125}}
May 14 06:57:51.308893 np0000000753 nova-scheduler[95474]: DEBUG oslo.service.backend._threading.loopingcall [-] Fixed interval looping call 'nova.servicegroup.drivers.db.DbDriver._report_state' sleeping for 120.00 seconds {{(pid=95474) _run_loop /opt/stack/data/venv/lib/python3.12/site-packages/oslo_service/backend/_threading/loopingcall.py:125}}
May 14 06:57:57.299901 np0000000753 nova-scheduler[95476]: DEBUG oslo.service.backend._threading.loopingcall [None req-39a2ba6e-57dd-4863-a9c4-aced628b2589 None None] Dynamic interval looping call 'nova.service.Service.periodic_tasks' sleeping for 60.00 seconds {{(pid=95476) _run_loop /opt/stack/data/venv/lib/python3.12/site-packages/oslo_service/backend/_threading/loopingcall.py:125}}
May 14 06:58:01.301947 np0000000753 nova-scheduler[95476]: DEBUG dbcounter [-] [95476] Writing DB stats nova_cell0:SELECT=1,nova_cell0:UPDATE=1 {{(pid=95476) stat_writer /opt/stack/data/venv/lib/python3.12/site-packages/dbcounter.py:115}}
May 14 06:58:01.303754 np0000000753 nova-scheduler[95472]: DEBUG dbcounter [-] [95472] Writing DB stats nova_cell0:SELECT=1,nova_cell0:UPDATE=1 {{(pid=95472) stat_writer /opt/stack/data/venv/lib/python3.12/site-packages/dbcounter.py:115}}
May 14 06:58:01.306997 np0000000753 nova-scheduler[95474]: DEBUG dbcounter [-] [95474] Writing DB stats nova_cell0:SELECT=1 {{(pid=95474) stat_writer /opt/stack/data/venv/lib/python3.12/site-packages/dbcounter.py:115}}
May 14 06:58:25.298502 np0000000753 nova-scheduler[95472]: DEBUG oslo.service.backend._threading.loopingcall [None req-05be54c7-682d-4633-a4ef-6dbbc2249cc2 None None] Dynamic interval looping call 'nova.service.Service.periodic_tasks' sleeping for 60.00 seconds {{(pid=95472) _run_loop /opt/stack/data/venv/lib/python3.12/site-packages/oslo_service/backend/_threading/loopingcall.py:125}}
May 14 06:58:34.391968 np0000000753 nova-scheduler[95472]: DEBUG nova.scheduler.manager [None req-a2c337dd-2ebf-4908-92dd-d6a6f886e081 tempest-ServerBootFromVolumeStableRescueTest-2042087244 tempest-ServerBootFromVolumeStableRescueTest-2042087244-project-member] Starting to schedule for instances: ['78f9af30-ab5b-4910-845f-2c2d9c2a5b16'] {{(pid=95472) select_destinations /opt/stack/nova/nova/scheduler/manager.py:210}}
May 14 06:58:34.394251 np0000000753 nova-scheduler[95472]: DEBUG nova.scheduler.request_filter [None req-a2c337dd-2ebf-4908-92dd-d6a6f886e081 tempest-ServerBootFromVolumeStableRescueTest-2042087244 tempest-ServerBootFromVolumeStableRescueTest-2042087244-project-member] compute_status_filter request filter added forbidden trait COMPUTE_STATUS_DISABLED {{(pid=95472) compute_status_filter /opt/stack/nova/nova/scheduler/request_filter.py:253}}
May 14 06:58:34.394251 np0000000753 nova-scheduler[95472]: DEBUG nova.scheduler.request_filter [None req-a2c337dd-2ebf-4908-92dd-d6a6f886e081 tempest-ServerBootFromVolumeStableRescueTest-2042087244 tempest-ServerBootFromVolumeStableRescueTest-2042087244-project-member] Request filter 'compute_status_filter' took 0.0 seconds {{(pid=95472) wrapper /opt/stack/nova/nova/scheduler/request_filter.py:46}}
May 14 06:58:34.394251 np0000000753 nova-scheduler[95472]: DEBUG nova.scheduler.request_filter [None req-a2c337dd-2ebf-4908-92dd-d6a6f886e081 tempest-ServerBootFromVolumeStableRescueTest-2042087244 tempest-ServerBootFromVolumeStableRescueTest-2042087244-project-member] Request filter 'accelerators_filter' took 0.0 seconds {{(pid=95472) wrapper /opt/stack/nova/nova/scheduler/request_filter.py:46}}
May 14 06:58:34.394251 np0000000753 nova-scheduler[95472]: DEBUG nova.scheduler.request_filter [None req-a2c337dd-2ebf-4908-92dd-d6a6f886e081 tempest-ServerBootFromVolumeStableRescueTest-2042087244 tempest-ServerBootFromVolumeStableRescueTest-2042087244-project-member] Request filter 'packed_virtqueue_filter' took 0.0 seconds {{(pid=95472) wrapper /opt/stack/nova/nova/scheduler/request_filter.py:46}}
May 14 06:58:34.394251 np0000000753 nova-scheduler[95472]: DEBUG nova.scheduler.request_filter [None req-a2c337dd-2ebf-4908-92dd-d6a6f886e081 tempest-ServerBootFromVolumeStableRescueTest-2042087244 tempest-ServerBootFromVolumeStableRescueTest-2042087244-project-member] Request filter 'remote_managed_ports_filter' took 0.0 seconds {{(pid=95472) wrapper /opt/stack/nova/nova/scheduler/request_filter.py:46}}
May 14 06:58:34.394449 np0000000753 nova-scheduler[95472]: DEBUG nova.scheduler.request_filter [None req-a2c337dd-2ebf-4908-92dd-d6a6f886e081 tempest-ServerBootFromVolumeStableRescueTest-2042087244 tempest-ServerBootFromVolumeStableRescueTest-2042087244-project-member] ephemeral_encryption_filter skipped {{(pid=95472) ephemeral_encryption_filter /opt/stack/nova/nova/scheduler/request_filter.py:426}}
May 14 06:58:34.394757 np0000000753 nova-scheduler[95472]: DEBUG nova.scheduler.request_filter [None req-a2c337dd-2ebf-4908-92dd-d6a6f886e081 tempest-ServerBootFromVolumeStableRescueTest-2042087244 tempest-ServerBootFromVolumeStableRescueTest-2042087244-project-member] virtio_sound_filter skipped {{(pid=95472) virtio_sound_filter /opt/stack/nova/nova/scheduler/request_filter.py:460}}
May 14 06:58:34.395027 np0000000753 nova-scheduler[95472]: DEBUG nova.scheduler.request_filter [None req-a2c337dd-2ebf-4908-92dd-d6a6f886e081 tempest-ServerBootFromVolumeStableRescueTest-2042087244 tempest-ServerBootFromVolumeStableRescueTest-2042087244-project-member] tpm_secret_security_filter skipped {{(pid=95472) tpm_secret_security_filter /opt/stack/nova/nova/scheduler/request_filter.py:477}}
May 14 06:58:35.026423 np0000000753 nova-scheduler[95472]: INFO nova.utils [None req-a2c337dd-2ebf-4908-92dd-d6a6f886e081 tempest-ServerBootFromVolumeStableRescueTest-2042087244 tempest-ServerBootFromVolumeStableRescueTest-2042087244-project-member] The cell worker thread pool ForkProcess-1.cell_worker is initialized
May 14 06:58:35.026960 np0000000753 nova-scheduler[95472]: DEBUG oslo_concurrency.lockutils [None req-a2c337dd-2ebf-4908-92dd-d6a6f886e081 tempest-ServerBootFromVolumeStableRescueTest-2042087244 tempest-ServerBootFromVolumeStableRescueTest-2042087244-project-member] Acquiring lock "71d464df-c7e7-47aa-8f32-bc655bd9b4c7" by "nova.context.set_target_cell..get_or_set_cached_cell_and_set_connections" {{(pid=95472) inner /opt/stack/data/venv/lib/python3.12/site-packages/oslo_concurrency/lockutils.py:506}}
May 14 06:58:35.027602 np0000000753 nova-scheduler[95472]: DEBUG oslo_concurrency.lockutils [None req-a2c337dd-2ebf-4908-92dd-d6a6f886e081 tempest-ServerBootFromVolumeStableRescueTest-2042087244 tempest-ServerBootFromVolumeStableRescueTest-2042087244-project-member] Lock "71d464df-c7e7-47aa-8f32-bc655bd9b4c7" acquired by "nova.context.set_target_cell..get_or_set_cached_cell_and_set_connections" :: waited 0.000s {{(pid=95472) inner /opt/stack/data/venv/lib/python3.12/site-packages/oslo_concurrency/lockutils.py:519}}
May 14 06:58:35.028347 np0000000753 nova-scheduler[95472]: DEBUG oslo_concurrency.lockutils [None req-a2c337dd-2ebf-4908-92dd-d6a6f886e081 tempest-ServerBootFromVolumeStableRescueTest-2042087244 tempest-ServerBootFromVolumeStableRescueTest-2042087244-project-member] Lock "71d464df-c7e7-47aa-8f32-bc655bd9b4c7" "released" by "nova.context.set_target_cell..get_or_set_cached_cell_and_set_connections" :: held 0.001s {{(pid=95472) inner /opt/stack/data/venv/lib/python3.12/site-packages/oslo_concurrency/lockutils.py:538}}
May 14 06:58:35.029898 np0000000753 nova-scheduler[95472]: INFO dbcounter [None req-a2c337dd-2ebf-4908-92dd-d6a6f886e081 tempest-ServerBootFromVolumeStableRescueTest-2042087244 tempest-ServerBootFromVolumeStableRescueTest-2042087244-project-member] Registered counter for database nova_cell1
May 14 06:58:35.040363 np0000000753 nova-scheduler[95472]: DEBUG oslo_db.sqlalchemy.engines [None req-a2c337dd-2ebf-4908-92dd-d6a6f886e081 tempest-ServerBootFromVolumeStableRescueTest-2042087244 tempest-ServerBootFromVolumeStableRescueTest-2042087244-project-member] MySQL server mode set to STRICT_TRANS_TABLES,STRICT_ALL_TABLES,NO_ZERO_IN_DATE,NO_ZERO_DATE,ERROR_FOR_DIVISION_BY_ZERO,TRADITIONAL,NO_ENGINE_SUBSTITUTION {{(pid=95472) _check_effective_sql_mode /opt/stack/data/venv/lib/python3.12/site-packages/oslo_db/sqlalchemy/engines.py:325}}
May 14 06:58:35.057585 np0000000753 nova-scheduler[95472]: DEBUG dbcounter [-] [95472] Writer thread running {{(pid=95472) stat_writer /opt/stack/data/venv/lib/python3.12/site-packages/dbcounter.py:102}}
May 14 06:58:35.071319 np0000000753 nova-scheduler[95472]: DEBUG oslo_db.sqlalchemy.engines [None req-a2c337dd-2ebf-4908-92dd-d6a6f886e081 tempest-ServerBootFromVolumeStableRescueTest-2042087244 tempest-ServerBootFromVolumeStableRescueTest-2042087244-project-member] Parent process 94203 forked (95472) with an open database connection, which is being discarded and recreated. {{(pid=95472) checkout /opt/stack/data/venv/lib/python3.12/site-packages/oslo_db/sqlalchemy/engines.py:402}}
May 14 06:58:35.076928 np0000000753 nova-scheduler[95472]: DEBUG dbcounter [-] [95472] Writer thread running {{(pid=95472) stat_writer /opt/stack/data/venv/lib/python3.12/site-packages/dbcounter.py:102}}
May 14 06:58:35.082402 np0000000753 nova-scheduler[95472]: DEBUG oslo_concurrency.lockutils [None req-a2c337dd-2ebf-4908-92dd-d6a6f886e081 tempest-ServerBootFromVolumeStableRescueTest-2042087244 tempest-ServerBootFromVolumeStableRescueTest-2042087244-project-member] Acquiring lock "71d464df-c7e7-47aa-8f32-bc655bd9b4c7" by "nova.context.set_target_cell..get_or_set_cached_cell_and_set_connections" {{(pid=95472) inner /opt/stack/data/venv/lib/python3.12/site-packages/oslo_concurrency/lockutils.py:506}}
May 14 06:58:35.082540 np0000000753 nova-scheduler[95472]: DEBUG oslo_concurrency.lockutils [None req-a2c337dd-2ebf-4908-92dd-d6a6f886e081 tempest-ServerBootFromVolumeStableRescueTest-2042087244 tempest-ServerBootFromVolumeStableRescueTest-2042087244-project-member] Lock "71d464df-c7e7-47aa-8f32-bc655bd9b4c7" acquired by "nova.context.set_target_cell..get_or_set_cached_cell_and_set_connections" :: waited 0.000s {{(pid=95472) inner /opt/stack/data/venv/lib/python3.12/site-packages/oslo_concurrency/lockutils.py:519}}
May 14 06:58:35.082651 np0000000753 nova-scheduler[95472]: DEBUG oslo_concurrency.lockutils [None req-a2c337dd-2ebf-4908-92dd-d6a6f886e081 tempest-ServerBootFromVolumeStableRescueTest-2042087244 tempest-ServerBootFromVolumeStableRescueTest-2042087244-project-member] Lock "71d464df-c7e7-47aa-8f32-bc655bd9b4c7" "released" by "nova.context.set_target_cell..get_or_set_cached_cell_and_set_connections" :: held 0.000s {{(pid=95472) inner /opt/stack/data/venv/lib/python3.12/site-packages/oslo_concurrency/lockutils.py:538}}
May 14 06:58:35.087862 np0000000753 nova-scheduler[95472]: DEBUG oslo_concurrency.lockutils [None req-a2c337dd-2ebf-4908-92dd-d6a6f886e081 tempest-ServerBootFromVolumeStableRescueTest-2042087244 tempest-ServerBootFromVolumeStableRescueTest-2042087244-project-member] Acquiring lock "('np0000000753', 'np0000000753')" by "nova.scheduler.host_manager.HostState.update.._locked_update" {{(pid=95472) inner /opt/stack/data/venv/lib/python3.12/site-packages/oslo_concurrency/lockutils.py:506}}
May 14 06:58:35.088673 np0000000753 nova-scheduler[95472]: DEBUG oslo_concurrency.lockutils [None req-a2c337dd-2ebf-4908-92dd-d6a6f886e081 tempest-ServerBootFromVolumeStableRescueTest-2042087244 tempest-ServerBootFromVolumeStableRescueTest-2042087244-project-member] Lock "('np0000000753', 'np0000000753')" acquired by "nova.scheduler.host_manager.HostState.update.._locked_update" :: waited 0.000s {{(pid=95472) inner /opt/stack/data/venv/lib/python3.12/site-packages/oslo_concurrency/lockutils.py:519}}
May 14 06:58:35.089398 np0000000753 nova-scheduler[95472]: DEBUG nova.scheduler.host_manager [None req-a2c337dd-2ebf-4908-92dd-d6a6f886e081 tempest-ServerBootFromVolumeStableRescueTest-2042087244 tempest-ServerBootFromVolumeStableRescueTest-2042087244-project-member] Update host state from compute node: ComputeNode(cpu_allocation_ratio=4.0,cpu_info='{"arch": "x86_64", "model": "EPYC-Milan", "vendor": "AMD", "topology": {"cells": 1, "sockets": 12, "cores": 1, "threads": 1}, "maxphysaddr": {"mode": "emulate", "bits": 40}, "features": ["f16c", "rdrand", "umip", "amd-psfd", "svm", "cmov", "topoext", "skip-l1dfl-vmentry", "sse4.1", "pause-filter", "syscall", "sha-ni", "pcid", "pschange-mc-no", "nrip-save", "vme", "mds-no", "rdseed", "sse2", "ssse3", "npt", "smep", "tsc", "sse4.2", "gds-no", "cr8legacy", "cx16", "mca", "lbrv", "xsaves", "pse", "virt-ssbd", "de", "popcnt", "erms", "movbe", "amd-ssbd", "pat", "rdctl-no", "stibp-always-on", "wbnoinvd", "fpu", "lfence-always-serializing", "pfthreshold", "vgif", "spec-ctrl", "misalignsse", "fma", "arat", "apic", "avx2", "pclmuldq", "xgetbv1", "vmcb-clean", "v-vmsave-vmload", "adx", "invpcid", "avx", "perfctr_core", "x2apic", "flushbyasid", "xsaveerptr", "null-sel-clr-base", "ibrs", "pae", "3dnowprefetch", "mce", "cmp_legacy", "tsc-scale", "mmx", "pse36", "xsaveopt", "rdtscp", "pku", "mmxext", "fsgsbase", "fxsr_opt", "nx", "stibp", "ssbd", "osvw", "fsrm", "arch-capabilities", "msr", "aes", "clflush", "ibpb", "vaes", "rdpid", "bmi2", "clzero", "abm", "xsavec", "lahf_lm", "pni", "tsc_adjust", "mtrr", "clwb", "pdpe1gb", "hypervisor", "bmi1", "vpclmulqdq", "cx8", "lm", "smap", "svme-addr-chk", "fxsr", "tsc-deadline", "amd-stibp", "clflushopt", "xsave", "no-nested-data-bp", "pge", "sse", "sep", "sse4a"]}',created_at=2026-05-14T06:56:10Z,current_workload=0,deleted=False,deleted_at=None,disk_allocation_ratio=1.0,disk_available_least=74,free_disk_gb=95,free_ram_mb=23518,host='np0000000753',host_ip=10.4.3.110,hypervisor_hostname='np0000000753',hypervisor_type='QEMU',hypervisor_version=8002002,id=1,local_gb=95,local_gb_used=0,mapped=1,memory_mb=24030,memory_mb_used=512,metrics='[]',numa_topology='{"nova_object.name": "NUMATopology", "nova_object.namespace": "nova", "nova_object.version": "1.2", "nova_object.data": {"cells": [{"nova_object.name": "NUMACell", "nova_object.namespace": "nova", "nova_object.version": "1.5", "nova_object.data": {"id": 0, "cpuset": [0, 1, 2, 3, 4, 5, 6, 7, 8, 9, 10, 11], "pcpuset": [0, 1, 2, 3, 4, 5, 6, 7, 8, 9, 10, 11], "memory": 24030, "cpu_usage": 0, "memory_usage": 0, "pinned_cpus": [], "siblings": [[6], [2], [5], [11], [8], [4], [1], [7], [10], [0], [3], [9]], "mempages": [{"nova_object.name": "NUMAPagesTopology", "nova_object.namespace": "nova", "nova_object.version": "1.1", "nova_object.data": {"size_kb": 4, "total": 6151799, "used": 0, "reserved": 0}, "nova_object.changes": ["used", "size_kb", "reserved", "total"]}, {"nova_object.name": "NUMAPagesTopology", "nova_object.namespace": "nova", "nova_object.version": "1.1", "nova_object.data": {"size_kb": 2048, "total": 0, "used": 0, "reserved": 0}, "nova_object.changes": ["used", "size_kb", "reserved", "total"]}, {"nova_object.name": "NUMAPagesTopology", "nova_object.namespace": "nova", "nova_object.version": "1.1", "nova_object.data": {"size_kb": 1048576, "total": 0, "used": 0, "reserved": 0}, "nova_object.changes": ["used", "size_kb", "reserved", "total"]}], "network_metadata": {"nova_object.name": "NetworkMetadata", "nova_object.namespace": "nova", "nova_object.version": "1.0", "nova_object.data": {"physnets": [], "tunneled": false}, "nova_object.changes": ["physnets", "tunneled"]}, "socket": null}, "nova_object.changes": ["mempages", "memory", "cpuset", "socket", "pcpuset", "id", "network_metadata", "cpu_usage", "pinned_cpus", "memory_usage", "siblings"]}]}, "nova_object.changes": ["cells"]}',pci_device_pools=PciDevicePoolList,ram_allocation_ratio=1.0,running_vms=0,service_id=3,stats={failed_builds='0',uptime=' 06:57:56 up 25 min, 2 users, load average: 1.70, 1.62, 0.93
May 14 06:58:35.089398 np0000000753 nova-scheduler[95472]: '},supported_hv_specs=[HVSpec,HVSpec,HVSpec,HVSpec,HVSpec,HVSpec,HVSpec,HVSpec,HVSpec,HVSpec,HVSpec,HVSpec,HVSpec,HVSpec,HVSpec,HVSpec,HVSpec,HVSpec,HVSpec,HVSpec,HVSpec,HVSpec,HVSpec,HVSpec,HVSpec],updated_at=2026-05-14T06:57:59Z,uuid=e65570b9-37cd-40f3-9e98-b598bfbc2c29,vcpus=12,vcpus_used=0) {{(pid=95472) _locked_update /opt/stack/nova/nova/scheduler/host_manager.py:168}}
May 14 06:58:35.090311 np0000000753 nova-scheduler[95472]: DEBUG nova.scheduler.host_manager [None req-a2c337dd-2ebf-4908-92dd-d6a6f886e081 tempest-ServerBootFromVolumeStableRescueTest-2042087244 tempest-ServerBootFromVolumeStableRescueTest-2042087244-project-member] Update host state with aggregates: [] {{(pid=95472) _locked_update /opt/stack/nova/nova/scheduler/host_manager.py:171}}
May 14 06:58:35.090456 np0000000753 nova-scheduler[95472]: DEBUG nova.scheduler.host_manager [None req-a2c337dd-2ebf-4908-92dd-d6a6f886e081 tempest-ServerBootFromVolumeStableRescueTest-2042087244 tempest-ServerBootFromVolumeStableRescueTest-2042087244-project-member] Update host state with service dict: {'id': 3, 'uuid': 'f51cb502-f23e-4f90-96a8-8d1d0ccd4940', 'host': 'np0000000753', 'binary': 'nova-compute', 'topic': 'compute', 'report_count': 2, 'disabled': False, 'disabled_reason': None, 'last_seen_up': datetime.datetime(2026, 5, 14, 6, 58, 19, tzinfo=datetime.timezone.utc), 'forced_down': False, 'version': 72, 'created_at': datetime.datetime(2026, 5, 14, 6, 56, 9, tzinfo=datetime.timezone.utc), 'updated_at': datetime.datetime(2026, 5, 14, 6, 58, 19, tzinfo=datetime.timezone.utc), 'deleted_at': None, 'deleted': False} {{(pid=95472) _locked_update /opt/stack/nova/nova/scheduler/host_manager.py:174}}
May 14 06:58:35.090600 np0000000753 nova-scheduler[95472]: DEBUG nova.scheduler.host_manager [None req-a2c337dd-2ebf-4908-92dd-d6a6f886e081 tempest-ServerBootFromVolumeStableRescueTest-2042087244 tempest-ServerBootFromVolumeStableRescueTest-2042087244-project-member] Update host state with instances: [] {{(pid=95472) _locked_update /opt/stack/nova/nova/scheduler/host_manager.py:177}}
May 14 06:58:35.090779 np0000000753 nova-scheduler[95472]: DEBUG oslo_concurrency.lockutils [None req-a2c337dd-2ebf-4908-92dd-d6a6f886e081 tempest-ServerBootFromVolumeStableRescueTest-2042087244 tempest-ServerBootFromVolumeStableRescueTest-2042087244-project-member] Lock "('np0000000753', 'np0000000753')" "released" by "nova.scheduler.host_manager.HostState.update.._locked_update" :: held 0.003s {{(pid=95472) inner /opt/stack/data/venv/lib/python3.12/site-packages/oslo_concurrency/lockutils.py:538}}
May 14 06:58:35.091372 np0000000753 nova-scheduler[95472]: DEBUG nova.filters [None req-a2c337dd-2ebf-4908-92dd-d6a6f886e081 tempest-ServerBootFromVolumeStableRescueTest-2042087244 tempest-ServerBootFromVolumeStableRescueTest-2042087244-project-member] Starting with 1 host(s) {{(pid=95472) get_filtered_objects /opt/stack/nova/nova/filters.py:70}}
May 14 06:58:35.091656 np0000000753 nova-scheduler[95472]: DEBUG nova.filters [None req-a2c337dd-2ebf-4908-92dd-d6a6f886e081 tempest-ServerBootFromVolumeStableRescueTest-2042087244 tempest-ServerBootFromVolumeStableRescueTest-2042087244-project-member] Filter ComputeFilter returned 1 host(s) {{(pid=95472) get_filtered_objects /opt/stack/nova/nova/filters.py:102}}
May 14 06:58:35.091827 np0000000753 nova-scheduler[95472]: DEBUG nova.filters [None req-a2c337dd-2ebf-4908-92dd-d6a6f886e081 tempest-ServerBootFromVolumeStableRescueTest-2042087244 tempest-ServerBootFromVolumeStableRescueTest-2042087244-project-member] Filter ComputeCapabilitiesFilter returned 1 host(s) {{(pid=95472) get_filtered_objects /opt/stack/nova/nova/filters.py:102}}
May 14 06:58:35.092077 np0000000753 nova-scheduler[95472]: DEBUG nova.filters [None req-a2c337dd-2ebf-4908-92dd-d6a6f886e081 tempest-ServerBootFromVolumeStableRescueTest-2042087244 tempest-ServerBootFromVolumeStableRescueTest-2042087244-project-member] Filter ImagePropertiesFilter returned 1 host(s) {{(pid=95472) get_filtered_objects /opt/stack/nova/nova/filters.py:102}}
May 14 06:58:35.092217 np0000000753 nova-scheduler[95472]: DEBUG nova.filters [None req-a2c337dd-2ebf-4908-92dd-d6a6f886e081 tempest-ServerBootFromVolumeStableRescueTest-2042087244 tempest-ServerBootFromVolumeStableRescueTest-2042087244-project-member] Filter ServerGroupAntiAffinityFilter returned 1 host(s) {{(pid=95472) get_filtered_objects /opt/stack/nova/nova/filters.py:102}}
May 14 06:58:35.092414 np0000000753 nova-scheduler[95472]: DEBUG nova.filters [None req-a2c337dd-2ebf-4908-92dd-d6a6f886e081 tempest-ServerBootFromVolumeStableRescueTest-2042087244 tempest-ServerBootFromVolumeStableRescueTest-2042087244-project-member] Filter ServerGroupAffinityFilter returned 1 host(s) {{(pid=95472) get_filtered_objects /opt/stack/nova/nova/filters.py:102}}
May 14 06:58:35.092515 np0000000753 nova-scheduler[95472]: DEBUG nova.filters [None req-a2c337dd-2ebf-4908-92dd-d6a6f886e081 tempest-ServerBootFromVolumeStableRescueTest-2042087244 tempest-ServerBootFromVolumeStableRescueTest-2042087244-project-member] Filter SameHostFilter returned 1 host(s) {{(pid=95472) get_filtered_objects /opt/stack/nova/nova/filters.py:102}}
May 14 06:58:35.092575 np0000000753 nova-scheduler[95472]: DEBUG nova.filters [None req-a2c337dd-2ebf-4908-92dd-d6a6f886e081 tempest-ServerBootFromVolumeStableRescueTest-2042087244 tempest-ServerBootFromVolumeStableRescueTest-2042087244-project-member] Filter DifferentHostFilter returned 1 host(s) {{(pid=95472) get_filtered_objects /opt/stack/nova/nova/filters.py:102}}
May 14 06:58:35.092701 np0000000753 nova-scheduler[95472]: DEBUG nova.scheduler.manager [None req-a2c337dd-2ebf-4908-92dd-d6a6f886e081 tempest-ServerBootFromVolumeStableRescueTest-2042087244 tempest-ServerBootFromVolumeStableRescueTest-2042087244-project-member] Filtered [(np0000000753, np0000000753) ram: 23518MB disk: 75776MB io_ops: 0 instances: 0, allocation_candidates: 1] {{(pid=95472) _get_sorted_hosts /opt/stack/nova/nova/scheduler/manager.py:743}}
May 14 06:58:35.092988 np0000000753 nova-scheduler[95472]: DEBUG nova.scheduler.manager [None req-a2c337dd-2ebf-4908-92dd-d6a6f886e081 tempest-ServerBootFromVolumeStableRescueTest-2042087244 tempest-ServerBootFromVolumeStableRescueTest-2042087244-project-member] Weighed [WeighedHost [host: (np0000000753, np0000000753) ram: 23518MB disk: 75776MB io_ops: 0 instances: 0, allocation_candidates: 1, weight: 0.0]] {{(pid=95472) _get_sorted_hosts /opt/stack/nova/nova/scheduler/manager.py:765}}
May 14 06:58:35.093084 np0000000753 nova-scheduler[95472]: DEBUG nova.scheduler.utils [None req-a2c337dd-2ebf-4908-92dd-d6a6f886e081 tempest-ServerBootFromVolumeStableRescueTest-2042087244 tempest-ServerBootFromVolumeStableRescueTest-2042087244-project-member] Attempting to claim resources in the placement API for instance 78f9af30-ab5b-4910-845f-2c2d9c2a5b16 {{(pid=95472) claim_resources /opt/stack/nova/nova/scheduler/utils.py:1304}}
May 14 06:58:35.267929 np0000000753 nova-scheduler[95472]: DEBUG nova.scheduler.manager [None req-a2c337dd-2ebf-4908-92dd-d6a6f886e081 tempest-ServerBootFromVolumeStableRescueTest-2042087244 tempest-ServerBootFromVolumeStableRescueTest-2042087244-project-member] [instance: 78f9af30-ab5b-4910-845f-2c2d9c2a5b16] Selected host: (np0000000753, np0000000753) ram: 23518MB disk: 75776MB io_ops: 0 instances: 0, allocation_candidates: 1 {{(pid=95472) _consume_selected_host /opt/stack/nova/nova/scheduler/manager.py:625}}
May 14 06:58:35.268165 np0000000753 nova-scheduler[95472]: DEBUG oslo_concurrency.lockutils [None req-a2c337dd-2ebf-4908-92dd-d6a6f886e081 tempest-ServerBootFromVolumeStableRescueTest-2042087244 tempest-ServerBootFromVolumeStableRescueTest-2042087244-project-member] Acquiring lock "('np0000000753', 'np0000000753')" by "nova.scheduler.host_manager.HostState.consume_from_request.._locked" {{(pid=95472) inner /opt/stack/data/venv/lib/python3.12/site-packages/oslo_concurrency/lockutils.py:506}}
May 14 06:58:35.268303 np0000000753 nova-scheduler[95472]: DEBUG oslo_concurrency.lockutils [None req-a2c337dd-2ebf-4908-92dd-d6a6f886e081 tempest-ServerBootFromVolumeStableRescueTest-2042087244 tempest-ServerBootFromVolumeStableRescueTest-2042087244-project-member] Lock "('np0000000753', 'np0000000753')" acquired by "nova.scheduler.host_manager.HostState.consume_from_request.._locked" :: waited 0.000s {{(pid=95472) inner /opt/stack/data/venv/lib/python3.12/site-packages/oslo_concurrency/lockutils.py:519}}
May 14 06:58:35.268456 np0000000753 nova-scheduler[95472]: DEBUG oslo_concurrency.lockutils [None req-a2c337dd-2ebf-4908-92dd-d6a6f886e081 tempest-ServerBootFromVolumeStableRescueTest-2042087244 tempest-ServerBootFromVolumeStableRescueTest-2042087244-project-member] Lock "('np0000000753', 'np0000000753')" "released" by "nova.scheduler.host_manager.HostState.consume_from_request.._locked" :: held 0.000s {{(pid=95472) inner /opt/stack/data/venv/lib/python3.12/site-packages/oslo_concurrency/lockutils.py:538}}
May 14 06:58:37.302339 np0000000753 nova-scheduler[95474]: DEBUG oslo.service.backend._threading.loopingcall [None req-82662109-2b60-4e10-8d9d-99bd4255c0fb None None] Dynamic interval looping call 'nova.service.Service.periodic_tasks' sleeping for 60.00 seconds {{(pid=95474) _run_loop /opt/stack/data/venv/lib/python3.12/site-packages/oslo_service/backend/_threading/loopingcall.py:125}}
May 14 06:58:38.811391 np0000000753 nova-scheduler[95476]: DEBUG nova.scheduler.manager [None req-5b1cba71-721b-407e-95cc-329839f69e1a tempest-ServerActionsTestOtherA-1294133044 tempest-ServerActionsTestOtherA-1294133044-project-member] Starting to schedule for instances: ['859cce9a-bd50-4676-80cc-92d4a6fec895'] {{(pid=95476) select_destinations /opt/stack/nova/nova/scheduler/manager.py:210}}
May 14 06:58:38.812881 np0000000753 nova-scheduler[95476]: DEBUG nova.scheduler.request_filter [None req-5b1cba71-721b-407e-95cc-329839f69e1a tempest-ServerActionsTestOtherA-1294133044 tempest-ServerActionsTestOtherA-1294133044-project-member] compute_status_filter request filter added forbidden trait COMPUTE_STATUS_DISABLED {{(pid=95476) compute_status_filter /opt/stack/nova/nova/scheduler/request_filter.py:253}}
May 14 06:58:38.812881 np0000000753 nova-scheduler[95476]: DEBUG nova.scheduler.request_filter [None req-5b1cba71-721b-407e-95cc-329839f69e1a tempest-ServerActionsTestOtherA-1294133044 tempest-ServerActionsTestOtherA-1294133044-project-member] Request filter 'compute_status_filter' took 0.0 seconds {{(pid=95476) wrapper /opt/stack/nova/nova/scheduler/request_filter.py:46}}
May 14 06:58:38.812881 np0000000753 nova-scheduler[95476]: DEBUG nova.scheduler.request_filter [None req-5b1cba71-721b-407e-95cc-329839f69e1a tempest-ServerActionsTestOtherA-1294133044 tempest-ServerActionsTestOtherA-1294133044-project-member] Request filter 'accelerators_filter' took 0.0 seconds {{(pid=95476) wrapper /opt/stack/nova/nova/scheduler/request_filter.py:46}}
May 14 06:58:38.813269 np0000000753 nova-scheduler[95476]: DEBUG nova.scheduler.request_filter [None req-5b1cba71-721b-407e-95cc-329839f69e1a tempest-ServerActionsTestOtherA-1294133044 tempest-ServerActionsTestOtherA-1294133044-project-member] Request filter 'packed_virtqueue_filter' took 0.0 seconds {{(pid=95476) wrapper /opt/stack/nova/nova/scheduler/request_filter.py:46}}
May 14 06:58:38.813630 np0000000753 nova-scheduler[95476]: DEBUG nova.scheduler.request_filter [None req-5b1cba71-721b-407e-95cc-329839f69e1a tempest-ServerActionsTestOtherA-1294133044 tempest-ServerActionsTestOtherA-1294133044-project-member] Request filter 'remote_managed_ports_filter' took 0.0 seconds {{(pid=95476) wrapper /opt/stack/nova/nova/scheduler/request_filter.py:46}}
May 14 06:58:38.813855 np0000000753 nova-scheduler[95476]: DEBUG nova.scheduler.request_filter [None req-5b1cba71-721b-407e-95cc-329839f69e1a tempest-ServerActionsTestOtherA-1294133044 tempest-ServerActionsTestOtherA-1294133044-project-member] ephemeral_encryption_filter skipped {{(pid=95476) ephemeral_encryption_filter /opt/stack/nova/nova/scheduler/request_filter.py:426}}
May 14 06:58:38.814399 np0000000753 nova-scheduler[95476]: DEBUG nova.scheduler.request_filter [None req-5b1cba71-721b-407e-95cc-329839f69e1a tempest-ServerActionsTestOtherA-1294133044 tempest-ServerActionsTestOtherA-1294133044-project-member] virtio_sound_filter skipped {{(pid=95476) virtio_sound_filter /opt/stack/nova/nova/scheduler/request_filter.py:460}}
May 14 06:58:38.814633 np0000000753 nova-scheduler[95476]: DEBUG nova.scheduler.request_filter [None req-5b1cba71-721b-407e-95cc-329839f69e1a tempest-ServerActionsTestOtherA-1294133044 tempest-ServerActionsTestOtherA-1294133044-project-member] tpm_secret_security_filter skipped {{(pid=95476) tpm_secret_security_filter /opt/stack/nova/nova/scheduler/request_filter.py:477}}
May 14 06:58:38.947349 np0000000753 nova-scheduler[95476]: INFO nova.utils [None req-5b1cba71-721b-407e-95cc-329839f69e1a tempest-ServerActionsTestOtherA-1294133044 tempest-ServerActionsTestOtherA-1294133044-project-member] The cell worker thread pool ForkProcess-3.cell_worker is initialized
May 14 06:58:38.947797 np0000000753 nova-scheduler[95476]: DEBUG oslo_concurrency.lockutils [None req-5b1cba71-721b-407e-95cc-329839f69e1a tempest-ServerActionsTestOtherA-1294133044 tempest-ServerActionsTestOtherA-1294133044-project-member] Acquiring lock "71d464df-c7e7-47aa-8f32-bc655bd9b4c7" by "nova.context.set_target_cell..get_or_set_cached_cell_and_set_connections" {{(pid=95476) inner /opt/stack/data/venv/lib/python3.12/site-packages/oslo_concurrency/lockutils.py:506}}
May 14 06:58:38.948161 np0000000753 nova-scheduler[95476]: DEBUG oslo_concurrency.lockutils [None req-5b1cba71-721b-407e-95cc-329839f69e1a tempest-ServerActionsTestOtherA-1294133044 tempest-ServerActionsTestOtherA-1294133044-project-member] Lock "71d464df-c7e7-47aa-8f32-bc655bd9b4c7" acquired by "nova.context.set_target_cell..get_or_set_cached_cell_and_set_connections" :: waited 0.000s {{(pid=95476) inner /opt/stack/data/venv/lib/python3.12/site-packages/oslo_concurrency/lockutils.py:519}}
May 14 06:58:38.950567 np0000000753 nova-scheduler[95476]: DEBUG oslo_concurrency.lockutils [None req-5b1cba71-721b-407e-95cc-329839f69e1a tempest-ServerActionsTestOtherA-1294133044 tempest-ServerActionsTestOtherA-1294133044-project-member] Lock "71d464df-c7e7-47aa-8f32-bc655bd9b4c7" "released" by "nova.context.set_target_cell..get_or_set_cached_cell_and_set_connections" :: held 0.002s {{(pid=95476) inner /opt/stack/data/venv/lib/python3.12/site-packages/oslo_concurrency/lockutils.py:538}}
May 14 06:58:38.953263 np0000000753 nova-scheduler[95476]: INFO dbcounter [None req-5b1cba71-721b-407e-95cc-329839f69e1a tempest-ServerActionsTestOtherA-1294133044 tempest-ServerActionsTestOtherA-1294133044-project-member] Registered counter for database nova_cell1
May 14 06:58:38.960346 np0000000753 nova-scheduler[95476]: DEBUG oslo_db.sqlalchemy.engines [None req-5b1cba71-721b-407e-95cc-329839f69e1a tempest-ServerActionsTestOtherA-1294133044 tempest-ServerActionsTestOtherA-1294133044-project-member] MySQL server mode set to STRICT_TRANS_TABLES,STRICT_ALL_TABLES,NO_ZERO_IN_DATE,NO_ZERO_DATE,ERROR_FOR_DIVISION_BY_ZERO,TRADITIONAL,NO_ENGINE_SUBSTITUTION {{(pid=95476) _check_effective_sql_mode /opt/stack/data/venv/lib/python3.12/site-packages/oslo_db/sqlalchemy/engines.py:325}}
May 14 06:58:38.968616 np0000000753 nova-scheduler[95476]: DEBUG dbcounter [-] [95476] Writer thread running {{(pid=95476) stat_writer /opt/stack/data/venv/lib/python3.12/site-packages/dbcounter.py:102}}
May 14 06:58:38.989844 np0000000753 nova-scheduler[95476]: DEBUG dbcounter [-] [95476] Writer thread running {{(pid=95476) stat_writer /opt/stack/data/venv/lib/python3.12/site-packages/dbcounter.py:102}}
May 14 06:58:38.994133 np0000000753 nova-scheduler[95476]: DEBUG oslo_concurrency.lockutils [None req-5b1cba71-721b-407e-95cc-329839f69e1a tempest-ServerActionsTestOtherA-1294133044 tempest-ServerActionsTestOtherA-1294133044-project-member] Acquiring lock "71d464df-c7e7-47aa-8f32-bc655bd9b4c7" by "nova.context.set_target_cell..get_or_set_cached_cell_and_set_connections" {{(pid=95476) inner /opt/stack/data/venv/lib/python3.12/site-packages/oslo_concurrency/lockutils.py:506}}
