Jun 16 18:23:27.777766 np0000002978 devstack@neutron-api.service[86810]: DEBUG neutron.plugins.ml2.drivers.ovn.mech_driver.ovsdb.ovsdb_monitor [None req-822fccd6-dde9-4ee8-8dd5-c1c8f318edad None None] Hash Ring: Node f8c30b973d365618b702d9271ef5fa29 (host: np0000002978) handling event "create" for row 008a5a8a-fd67-4395-beb4-d09f9cd9b2fa (table: ACL) {{(pid=86810) notify /opt/stack/neutron/neutron/plugins/ml2/drivers/ovn/mech_driver/ovsdb/ovsdb_monitor.py:1015}}
Jun 16 18:23:27.778570 np0000002978 devstack@neutron-api.service[86810]: DEBUG neutron.plugins.ml2.drivers.ovn.mech_driver.ovsdb.ovsdb_monitor [None req-822fccd6-dde9-4ee8-8dd5-c1c8f318edad None None] Touching Hash Ring node "f8c30b973d365618b702d9271ef5fa29" from IDL notify handler {{(pid=86810) notify /opt/stack/neutron/neutron/plugins/ml2/drivers/ovn/mech_driver/ovsdb/ovsdb_monitor.py:1007}}
Jun 16 18:23:27.779632 np0000002978 devstack@neutron-api.service[86811]: DEBUG neutron.plugins.ml2.drivers.ovn.mech_driver.ovsdb.ovsdb_monitor [None req-e288f3d9-c1a0-4fb2-b81a-7d5674136366 None None] Hash Ring: Node e08132abdda1542c9190e875a3330b43 (host: np0000002978) handling event "create" for row 3acdb70f-74c4-430a-8d05-66a3bf489151 (table: Port_Group) {{(pid=86811) notify /opt/stack/neutron/neutron/plugins/ml2/drivers/ovn/mech_driver/ovsdb/ovsdb_monitor.py:1015}}
Jun 16 18:23:27.781342 np0000002978 devstack@neutron-api.service[86810]: DEBUG neutron.plugins.ml2.drivers.ovn.mech_driver.ovsdb.ovsdb_monitor [None req-822fccd6-dde9-4ee8-8dd5-c1c8f318edad None None] Hash Ring: Node f8c30b973d365618b702d9271ef5fa29 (host: np0000002978) handling event "create" for row e45084d2-3cf8-477d-9738-b72d4dbd7952 (table: ACL) {{(pid=86810) notify /opt/stack/neutron/neutron/plugins/ml2/drivers/ovn/mech_driver/ovsdb/ovsdb_monitor.py:1015}}
Jun 16 18:23:27.807976 np0000002978 devstack@neutron-api.service[86810]: INFO neutron.db.ovn_revision_numbers_db [None req-4d0f37c8-7cd3-4c02-8fa4-c3d94d850ea4 admin admin] Successfully bumped revision number for resource 12903375-ef6f-4e71-9a6c-bdba2198de96 (type: security_groups) to 1
Jun 16 18:23:27.822681 np0000002978 devstack@neutron-api.service[86810]: INFO neutron.db.ovn_revision_numbers_db [None req-4d0f37c8-7cd3-4c02-8fa4-c3d94d850ea4 admin admin] Successfully bumped revision number for resource 1bcc5be5-d36e-4f47-9def-d867733c1459 (type: security_group_rules) to 0
Jun 16 18:23:27.830594 np0000002978 devstack@neutron-api.service[86810]: INFO neutron.db.ovn_revision_numbers_db [None req-4d0f37c8-7cd3-4c02-8fa4-c3d94d850ea4 admin admin] Successfully bumped revision number for resource 30dbe0df-e689-47bf-b78f-3d0428512915 (type: security_group_rules) to 0
Jun 16 18:23:27.839293 np0000002978 devstack@neutron-api.service[86810]: INFO neutron.db.ovn_revision_numbers_db [None req-4d0f37c8-7cd3-4c02-8fa4-c3d94d850ea4 admin admin] Successfully bumped revision number for resource 41b93285-343a-4c19-a2d3-91b23adf9af4 (type: security_group_rules) to 0
Jun 16 18:23:27.848088 np0000002978 devstack@neutron-api.service[86810]: INFO neutron.db.ovn_revision_numbers_db [None req-4d0f37c8-7cd3-4c02-8fa4-c3d94d850ea4 admin admin] Successfully bumped revision number for resource 4a2b1fec-d5f5-4cd4-ac7e-56b544736505 (type: security_group_rules) to 0
Jun 16 18:23:27.867818 np0000002978 devstack@neutron-api.service[86810]: DEBUG neutron.api.rpc.handlers.resources_rpc [None req-4d0f37c8-7cd3-4c02-8fa4-c3d94d850ea4 admin admin] Pushing event updated for resources: {'SecurityGroup': ['ID=12903375-ef6f-4e71-9a6c-bdba2198de96,revision_number=1']} {{(pid=86810) push /opt/stack/neutron/neutron/api/rpc/handlers/resources_rpc.py:237}}
Jun 16 18:23:27.888192 np0000002978 devstack@neutron-api.service[86810]: [pid: 86810|app: 0|req: 22/42] 10.4.3.177 () {66 vars in 1389 bytes} [Tue Jun 16 18:23:27 2026] GET /networking/v2.0/security-groups?project_id=158e6b14a1fd4703b54df22cc8eb57b5&name=default => generated 2921 bytes in 418 msecs (HTTP/1.1 200) 4 headers in 158 bytes (1 switches on core 0)
Jun 16 18:23:27.916436 np0000002978 devstack@neutron-api.service[86811]: DEBUG neutron_lib.callbacks.manager [None req-0a46f3dd-368b-4b81-9201-7eebd7596a2a admin admin] Publish callbacks [] for security_group (12903375-ef6f-4e71-9a6c-bdba2198de96), before_delete {{(pid=86811) _notify_loop /opt/stack/data/venv/lib/python3.12/site-packages/neutron_lib/callbacks/manager.py:184}}
Jun 16 18:23:27.930778 np0000002978 devstack@neutron-api.service[86811]: DEBUG neutron_lib.callbacks.manager [None req-0a46f3dd-368b-4b81-9201-7eebd7596a2a admin admin] Publish callbacks ['neutron.plugins.ml2.drivers.ovn.mech_driver.mech_driver.OVNMechanismDriver._delete_security_group_precommit-825888'] for security_group (12903375-ef6f-4e71-9a6c-bdba2198de96), precommit_delete {{(pid=86811) _notify_loop /opt/stack/data/venv/lib/python3.12/site-packages/neutron_lib/callbacks/manager.py:184}}
Jun 16 18:23:27.952508 np0000002978 devstack@neutron-api.service[86811]: DEBUG neutron.db.ovn_revision_numbers_db [None req-0a46f3dd-368b-4b81-9201-7eebd7596a2a admin admin] delete_revision(41b93285-343a-4c19-a2d3-91b23adf9af4) {{(pid=86811) delete_revision /opt/stack/neutron/neutron/db/ovn_revision_numbers_db.py:112}}
Jun 16 18:23:27.955333 np0000002978 devstack@neutron-api.service[86811]: DEBUG neutron.db.ovn_revision_numbers_db [None req-0a46f3dd-368b-4b81-9201-7eebd7596a2a admin admin] delete_revision(4a2b1fec-d5f5-4cd4-ac7e-56b544736505) {{(pid=86811) delete_revision /opt/stack/neutron/neutron/db/ovn_revision_numbers_db.py:112}}
Jun 16 18:23:27.957153 np0000002978 devstack@neutron-api.service[86811]: DEBUG ovsdbapp.backend.ovs_idl.transaction [None req-e288f3d9-c1a0-4fb2-b81a-7d5674136366 None None] Running txn n=1 command(idx=0): PgAclDelCommand(_result=None, entity=pg_12903375_ef6f_4e71_9a6c_bdba2198de96, if_exists=False, conditions=[('direction', '=', 'to-lport'), ('priority', '=', 1002), ('match', '=', 'outport == @pg_12903375_ef6f_4e71_9a6c_bdba2198de96 && ip6 && ip6.src == $pg_12903375_ef6f_4e71_9a6c_bdba2198de96_ip6')]) {{(pid=86811) do_commit /opt/stack/data/venv/lib/python3.12/site-packages/ovsdbapp/backend/ovs_idl/transaction.py:89}}
Jun 16 18:23:27.958064 np0000002978 devstack@neutron-api.service[86811]: DEBUG ovsdbapp.backend.ovs_idl.transaction [None req-e288f3d9-c1a0-4fb2-b81a-7d5674136366 None None] Running txn n=1 command(idx=1): PgAclDelCommand(_result=None, entity=pg_12903375_ef6f_4e71_9a6c_bdba2198de96, if_exists=False, conditions=[('direction', '=', 'to-lport'), ('priority', '=', 1002), ('match', '=', 'outport == @pg_12903375_ef6f_4e71_9a6c_bdba2198de96 && ip4 && ip4.src == $pg_12903375_ef6f_4e71_9a6c_bdba2198de96_ip4')]) {{(pid=86811) do_commit /opt/stack/data/venv/lib/python3.12/site-packages/ovsdbapp/backend/ovs_idl/transaction.py:89}}
Jun 16 18:23:27.960508 np0000002978 devstack@neutron-api.service[86811]: DEBUG neutron.plugins.ml2.drivers.ovn.mech_driver.ovsdb.ovsdb_monitor [None req-e288f3d9-c1a0-4fb2-b81a-7d5674136366 None None] Touching Hash Ring node "e08132abdda1542c9190e875a3330b43" from IDL notify handler {{(pid=86811) notify /opt/stack/neutron/neutron/plugins/ml2/drivers/ovn/mech_driver/ovsdb/ovsdb_monitor.py:1007}}
Jun 16 18:23:27.962186 np0000002978 devstack@neutron-api.service[86810]: DEBUG neutron.plugins.ml2.drivers.ovn.mech_driver.ovsdb.ovsdb_monitor [None req-822fccd6-dde9-4ee8-8dd5-c1c8f318edad None None] Touching Hash Ring node "f8c30b973d365618b702d9271ef5fa29" from IDL notify handler {{(pid=86810) notify /opt/stack/neutron/neutron/plugins/ml2/drivers/ovn/mech_driver/ovsdb/ovsdb_monitor.py:1007}}
Jun 16 18:23:27.965334 np0000002978 devstack@neutron-api.service[86811]: DEBUG neutron.plugins.ml2.drivers.ovn.mech_driver.ovsdb.ovsdb_monitor [None req-e288f3d9-c1a0-4fb2-b81a-7d5674136366 None None] Hash Ring: Node e08132abdda1542c9190e875a3330b43 (host: np0000002978) handling event "delete" for row dd0be74d-50d8-472e-86c0-fb22d2987bc1 (table: ACL) {{(pid=86811) notify /opt/stack/neutron/neutron/plugins/ml2/drivers/ovn/mech_driver/ovsdb/ovsdb_monitor.py:1015}}
Jun 16 18:23:27.965495 np0000002978 devstack@neutron-api.service[86810]: DEBUG neutron.plugins.ml2.drivers.ovn.mech_driver.ovsdb.ovsdb_monitor [None req-822fccd6-dde9-4ee8-8dd5-c1c8f318edad None None] Hash Ring: Node f8c30b973d365618b702d9271ef5fa29 (host: np0000002978) handling event "delete" for row e45084d2-3cf8-477d-9738-b72d4dbd7952 (table: ACL) {{(pid=86810) notify /opt/stack/neutron/neutron/plugins/ml2/drivers/ovn/mech_driver/ovsdb/ovsdb_monitor.py:1015}}
Jun 16 18:23:27.966087 np0000002978 devstack@neutron-api.service[86811]: DEBUG neutron.plugins.ml2.drivers.ovn.mech_driver.ovsdb.ovsdb_monitor [None req-e288f3d9-c1a0-4fb2-b81a-7d5674136366 None None] Touching Hash Ring node "e08132abdda1542c9190e875a3330b43" from IDL notify handler {{(pid=86811) notify /opt/stack/neutron/neutron/plugins/ml2/drivers/ovn/mech_driver/ovsdb/ovsdb_monitor.py:1007}}
Jun 16 18:23:27.967962 np0000002978 devstack@neutron-api.service[86811]: DEBUG neutron.plugins.ml2.drivers.ovn.mech_driver.ovsdb.ovsdb_monitor [None req-e288f3d9-c1a0-4fb2-b81a-7d5674136366 None None] Hash Ring: Node e08132abdda1542c9190e875a3330b43 (host: np0000002978) handling event "update" for row 3acdb70f-74c4-430a-8d05-66a3bf489151 (table: Port_Group) {{(pid=86811) notify /opt/stack/neutron/neutron/plugins/ml2/drivers/ovn/mech_driver/ovsdb/ovsdb_monitor.py:1015}}
Jun 16 18:23:27.994912 np0000002978 devstack@neutron-api.service[86811]: DEBUG neutron_lib.callbacks.manager [None req-0a46f3dd-368b-4b81-9201-7eebd7596a2a admin admin] Publish callbacks ['neutron.plugins.ml2.drivers.ovn.mech_driver.mech_driver.OVNMechanismDriver._delete_security_group-825950', 'neutron.plugins.ml2.ovo_rpc._ObjectChangeHandler.handle_event-3862723'] for security_group (12903375-ef6f-4e71-9a6c-bdba2198de96), after_delete {{(pid=86811) _notify_loop /opt/stack/data/venv/lib/python3.12/site-packages/neutron_lib/callbacks/manager.py:184}}
Jun 16 18:23:27.995418 np0000002978 devstack@neutron-api.service[86811]: DEBUG ovsdbapp.backend.ovs_idl.transaction [None req-e288f3d9-c1a0-4fb2-b81a-7d5674136366 None None] Running txn n=1 command(idx=0): PgDelCommand(_result=None, name=pg_12903375_ef6f_4e71_9a6c_bdba2198de96, if_exists=True) {{(pid=86811) do_commit /opt/stack/data/venv/lib/python3.12/site-packages/ovsdbapp/backend/ovs_idl/transaction.py:89}}
Jun 16 18:23:27.997600 np0000002978 devstack@neutron-api.service[86811]: DEBUG neutron.plugins.ml2.drivers.ovn.mech_driver.ovsdb.ovsdb_monitor [None req-e288f3d9-c1a0-4fb2-b81a-7d5674136366 None None] Touching Hash Ring node "e08132abdda1542c9190e875a3330b43" from IDL notify handler {{(pid=86811) notify /opt/stack/neutron/neutron/plugins/ml2/drivers/ovn/mech_driver/ovsdb/ovsdb_monitor.py:1007}}
Jun 16 18:23:27.997850 np0000002978 devstack@neutron-api.service[86810]: DEBUG neutron.plugins.ml2.drivers.ovn.mech_driver.ovsdb.ovsdb_monitor [None req-822fccd6-dde9-4ee8-8dd5-c1c8f318edad None None] Touching Hash Ring node "f8c30b973d365618b702d9271ef5fa29" from IDL notify handler {{(pid=86810) notify /opt/stack/neutron/neutron/plugins/ml2/drivers/ovn/mech_driver/ovsdb/ovsdb_monitor.py:1007}}
Jun 16 18:23:27.999707 np0000002978 devstack@neutron-api.service[86811]: DEBUG neutron.plugins.ml2.drivers.ovn.mech_driver.ovsdb.ovsdb_monitor [None req-e288f3d9-c1a0-4fb2-b81a-7d5674136366 None None] Hash Ring: Node e08132abdda1542c9190e875a3330b43 (host: np0000002978) handling event "delete" for row 3b38caf7-b4dc-486e-8211-5d28563f7959 (table: ACL) {{(pid=86811) notify /opt/stack/neutron/neutron/plugins/ml2/drivers/ovn/mech_driver/ovsdb/ovsdb_monitor.py:1015}}
Jun 16 18:23:28.000402 np0000002978 devstack@neutron-api.service[86811]: DEBUG neutron.plugins.ml2.drivers.ovn.mech_driver.ovsdb.ovsdb_monitor [None req-e288f3d9-c1a0-4fb2-b81a-7d5674136366 None None] Touching Hash Ring node "e08132abdda1542c9190e875a3330b43" from IDL notify handler {{(pid=86811) notify /opt/stack/neutron/neutron/plugins/ml2/drivers/ovn/mech_driver/ovsdb/ovsdb_monitor.py:1007}}
Jun 16 18:23:28.000863 np0000002978 devstack@neutron-api.service[86810]: DEBUG neutron.plugins.ml2.drivers.ovn.mech_driver.ovsdb.ovsdb_monitor [None req-822fccd6-dde9-4ee8-8dd5-c1c8f318edad None None] Hash Ring: Node f8c30b973d365618b702d9271ef5fa29 (host: np0000002978) handling event "delete" for row 008a5a8a-fd67-4395-beb4-d09f9cd9b2fa (table: ACL) {{(pid=86810) notify /opt/stack/neutron/neutron/plugins/ml2/drivers/ovn/mech_driver/ovsdb/ovsdb_monitor.py:1015}}
Jun 16 18:23:28.002338 np0000002978 devstack@neutron-api.service[86811]: DEBUG neutron.plugins.ml2.drivers.ovn.mech_driver.ovsdb.ovsdb_monitor [None req-e288f3d9-c1a0-4fb2-b81a-7d5674136366 None None] Hash Ring: Node e08132abdda1542c9190e875a3330b43 (host: np0000002978) handling event "delete" for row 3acdb70f-74c4-430a-8d05-66a3bf489151 (table: Port_Group) {{(pid=86811) notify /opt/stack/neutron/neutron/plugins/ml2/drivers/ovn/mech_driver/ovsdb/ovsdb_monitor.py:1015}}
Jun 16 18:23:28.002890 np0000002978 devstack@neutron-api.service[86811]: DEBUG neutron.db.ovn_revision_numbers_db [None req-0a46f3dd-368b-4b81-9201-7eebd7596a2a admin admin] delete_revision(12903375-ef6f-4e71-9a6c-bdba2198de96) {{(pid=86811) delete_revision /opt/stack/neutron/neutron/db/ovn_revision_numbers_db.py:112}}
Jun 16 18:23:28.006962 np0000002978 devstack@neutron-api.service[86811]: DEBUG neutron.db.ovn_revision_numbers_db [None req-0a46f3dd-368b-4b81-9201-7eebd7596a2a admin admin] delete_revisions(['1bcc5be5-d36e-4f47-9def-d867733c1459', '30dbe0df-e689-47bf-b78f-3d0428512915']) {{(pid=86811) delete_revisions /opt/stack/neutron/neutron/db/ovn_revision_numbers_db.py:127}}
Jun 16 18:23:28.014497 np0000002978 devstack@neutron-api.service[86811]: DEBUG neutron.api.rpc.handlers.resources_rpc [None req-0a46f3dd-368b-4b81-9201-7eebd7596a2a admin admin] Pushing event deleted for resources: {'SecurityGroup': ['ID=12903375-ef6f-4e71-9a6c-bdba2198de96,revision_number=None']} {{(pid=86811) push /opt/stack/neutron/neutron/api/rpc/handlers/resources_rpc.py:237}}
Jun 16 18:23:28.017264 np0000002978 devstack@neutron-api.service[86811]: DEBUG neutron_lib.callbacks.manager [None req-0a46f3dd-368b-4b81-9201-7eebd7596a2a admin admin] Publish callbacks [] for security_group (None), before_response {{(pid=86811) _notify_loop /opt/stack/data/venv/lib/python3.12/site-packages/neutron_lib/callbacks/manager.py:184}}
Jun 16 18:23:28.017603 np0000002978 devstack@neutron-api.service[86811]: [pid: 86811|app: 0|req: 21/43] 10.4.3.177 () {66 vars in 1390 bytes} [Tue Jun 16 18:23:27 2026] DELETE /networking/v2.0/security-groups/12903375-ef6f-4e71-9a6c-bdba2198de96 => generated 0 bytes in 124 msecs (HTTP/1.1 204) 2 headers in 112 bytes (1 switches on core 0)
Jun 16 18:23:38.000134 np0000002978 devstack@neutron-api.service[86810]: DEBUG dbcounter [-] [86810] Writing DB stats neutron:UPDATE=11,neutron:SELECT=58,neutron:INSERT=16 {{(pid=86810) stat_writer /opt/stack/data/venv/lib/python3.12/site-packages/dbcounter.py:115}}
Jun 16 18:23:38.012745 np0000002978 devstack@neutron-api.service[86811]: DEBUG dbcounter [-] [86811] Writing DB stats neutron:UPDATE=8,neutron:SELECT=42,neutron:DELETE=8 {{(pid=86811) stat_writer /opt/stack/data/venv/lib/python3.12/site-packages/dbcounter.py:115}}
Jun 16 18:23:41.905443 np0000002978 devstack@neutron-api.service[86810]: DEBUG futurist.periodics [-] Submitting periodic callback 'neutron.plugins.ml2.drivers.ovn.mech_driver.ovsdb.maintenance.HashRingHealthCheckPeriodics.touch_hash_ring_node' {{(pid=86810) _process_scheduled /opt/stack/data/venv/lib/python3.12/site-packages/futurist/periodics.py:784}}
Jun 16 18:23:41.905928 np0000002978 devstack@neutron-api.service[86810]: DEBUG neutron.plugins.ml2.drivers.ovn.mech_driver.ovsdb.maintenance [-] Touching Hash Ring node "f8c30b973d365618b702d9271ef5fa29" from periodic health check thread {{(pid=86810) touch_hash_ring_node /opt/stack/neutron/neutron/plugins/ml2/drivers/ovn/mech_driver/ovsdb/maintenance.py:1418}}
Jun 16 18:23:42.701263 np0000002978 devstack@neutron-api.service[86811]: DEBUG futurist.periodics [-] Submitting periodic callback 'neutron.plugins.ml2.drivers.ovn.mech_driver.ovsdb.maintenance.HashRingHealthCheckPeriodics.touch_hash_ring_node' {{(pid=86811) _process_scheduled /opt/stack/data/venv/lib/python3.12/site-packages/futurist/periodics.py:784}}
Jun 16 18:23:42.701778 np0000002978 devstack@neutron-api.service[86811]: DEBUG neutron.plugins.ml2.drivers.ovn.mech_driver.ovsdb.maintenance [-] Touching Hash Ring node "e08132abdda1542c9190e875a3330b43" from periodic health check thread {{(pid=86811) touch_hash_ring_node /opt/stack/neutron/neutron/plugins/ml2/drivers/ovn/mech_driver/ovsdb/maintenance.py:1418}}
Jun 16 18:23:51.911622 np0000002978 devstack@neutron-api.service[86810]: DEBUG dbcounter [-] [86810] Writing DB stats neutron:UPDATE=1,neutron:SELECT=1 {{(pid=86810) stat_writer /opt/stack/data/venv/lib/python3.12/site-packages/dbcounter.py:115}}
Jun 16 18:23:52.708292 np0000002978 devstack@neutron-api.service[86811]: DEBUG dbcounter [-] [86811] Writing DB stats neutron:UPDATE=1,neutron:SELECT=1 {{(pid=86811) stat_writer /opt/stack/data/venv/lib/python3.12/site-packages/dbcounter.py:115}}
Jun 16 18:23:56.905978 np0000002978 devstack@neutron-api.service[86810]: DEBUG futurist.periodics [-] Submitting periodic callback 'neutron.plugins.ml2.drivers.ovn.mech_driver.ovsdb.maintenance.HashRingHealthCheckPeriodics.touch_hash_ring_node' {{(pid=86810) _process_scheduled /opt/stack/data/venv/lib/python3.12/site-packages/futurist/periodics.py:784}}
Jun 16 18:23:56.906455 np0000002978 devstack@neutron-api.service[86810]: DEBUG neutron.plugins.ml2.drivers.ovn.mech_driver.ovsdb.maintenance [-] Touching Hash Ring node "f8c30b973d365618b702d9271ef5fa29" from periodic health check thread {{(pid=86810) touch_hash_ring_node /opt/stack/neutron/neutron/plugins/ml2/drivers/ovn/mech_driver/ovsdb/maintenance.py:1418}}
Jun 16 18:23:57.701939 np0000002978 devstack@neutron-api.service[86811]: DEBUG futurist.periodics [-] Submitting periodic callback 'neutron.plugins.ml2.drivers.ovn.mech_driver.ovsdb.maintenance.HashRingHealthCheckPeriodics.touch_hash_ring_node' {{(pid=86811) _process_scheduled /opt/stack/data/venv/lib/python3.12/site-packages/futurist/periodics.py:784}}
Jun 16 18:23:57.702370 np0000002978 devstack@neutron-api.service[86811]: DEBUG neutron.plugins.ml2.drivers.ovn.mech_driver.ovsdb.maintenance [-] Touching Hash Ring node "e08132abdda1542c9190e875a3330b43" from periodic health check thread {{(pid=86811) touch_hash_ring_node /opt/stack/neutron/neutron/plugins/ml2/drivers/ovn/mech_driver/ovsdb/maintenance.py:1418}}
Jun 16 18:24:01.863047 np0000002978 devstack@neutron-api.service[86810]: DEBUG neutron.api.v2.base [None req-976ce367-d20a-4aa4-844f-916be751a411 admin admin] Request body: {'network': {'name': 'tempest-TestVolumeSwap-2006977588-network', 'project_id': 'f20bfaf4025d423db6019b4c368f9ced'}} {{(pid=86810) prepare_request_body /opt/stack/neutron/neutron/api/v2/base.py:727}}
Jun 16 18:24:01.877178 np0000002978 devstack@neutron-api.service[86810]: DEBUG neutron.pecan_wsgi.hooks.quota_enforcement [None req-976ce367-d20a-4aa4-844f-916be751a411 admin admin] Made reservation on behalf of f20bfaf4025d423db6019b4c368f9ced for: {'network': 1} {{(pid=86810) before /opt/stack/neutron/neutron/pecan_wsgi/hooks/quota_enforcement.py:66}}
Jun 16 18:24:01.879879 np0000002978 devstack@neutron-api.service[86810]: DEBUG neutron_lib.callbacks.manager [None req-976ce367-d20a-4aa4-844f-916be751a411 admin admin] Publish callbacks ['neutron.plugins.ml2.plugin.SecurityGroupDbMixin._ensure_default_security_group_handler-62815'] for network (None), before_create {{(pid=86810) _notify_loop /opt/stack/data/venv/lib/python3.12/site-packages/neutron_lib/callbacks/manager.py:184}}
Jun 16 18:24:01.884335 np0000002978 devstack@neutron-api.service[86810]: DEBUG neutron_lib.callbacks.manager [None req-976ce367-d20a-4aa4-844f-916be751a411 admin admin] Publish callbacks [] for security_group (None), before_create {{(pid=86810) _notify_loop /opt/stack/data/venv/lib/python3.12/site-packages/neutron_lib/callbacks/manager.py:184}}
Jun 16 18:24:01.939495 np0000002978 devstack@neutron-api.service[86810]: DEBUG neutron_lib.callbacks.manager [None req-976ce367-d20a-4aa4-844f-916be751a411 admin admin] Publish callbacks ['neutron.plugins.ml2.drivers.ovn.mech_driver.mech_driver.OVNMechanismDriver._create_security_group_precommit-821701'] for security_group (0896f5b5-dc06-4713-a3ae-e869a3cc0ee9), precommit_create {{(pid=86810) _notify_loop /opt/stack/data/venv/lib/python3.12/site-packages/neutron_lib/callbacks/manager.py:184}}
Jun 16 18:24:01.939699 np0000002978 devstack@neutron-api.service[86810]: DEBUG neutron.db.ovn_revision_numbers_db [None req-976ce367-d20a-4aa4-844f-916be751a411 admin admin] create_initial_revision uuid=0896f5b5-dc06-4713-a3ae-e869a3cc0ee9, type=security_groups, rev=-1 {{(pid=86810) create_initial_revision /opt/stack/neutron/neutron/db/ovn_revision_numbers_db.py:98}}
Jun 16 18:24:01.941337 np0000002978 devstack@neutron-api.service[86810]: DEBUG neutron.db.ovn_revision_numbers_db [None req-976ce367-d20a-4aa4-844f-916be751a411 admin admin] create_initial_revision uuid=739f7b1f-629e-4740-aaca-b2c9ba02248c, type=security_group_rules, rev=-1 {{(pid=86810) create_initial_revision /opt/stack/neutron/neutron/db/ovn_revision_numbers_db.py:98}}
Jun 16 18:24:01.942913 np0000002978 devstack@neutron-api.service[86810]: DEBUG neutron.db.ovn_revision_numbers_db [None req-976ce367-d20a-4aa4-844f-916be751a411 admin admin] create_initial_revision uuid=b49aa4c1-fb54-4327-8fe4-13cde9a38f46, type=security_group_rules, rev=-1 {{(pid=86810) create_initial_revision /opt/stack/neutron/neutron/db/ovn_revision_numbers_db.py:98}}
Jun 16 18:24:01.945236 np0000002978 devstack@neutron-api.service[86810]: DEBUG neutron.db.ovn_revision_numbers_db [None req-976ce367-d20a-4aa4-844f-916be751a411 admin admin] create_initial_revision uuid=e2d3a9e8-38ac-4493-bb9b-ad90c7be966c, type=security_group_rules, rev=-1 {{(pid=86810) create_initial_revision /opt/stack/neutron/neutron/db/ovn_revision_numbers_db.py:98}}
Jun 16 18:24:01.946704 np0000002978 devstack@neutron-api.service[86810]: DEBUG neutron.db.ovn_revision_numbers_db [None req-976ce367-d20a-4aa4-844f-916be751a411 admin admin] create_initial_revision uuid=fa4470a8-1f31-487c-88df-a463c13ff398, type=security_group_rules, rev=-1 {{(pid=86810) create_initial_revision /opt/stack/neutron/neutron/db/ovn_revision_numbers_db.py:98}}
Jun 16 18:24:01.956186 np0000002978 devstack@neutron-api.service[86810]: DEBUG neutron_lib.callbacks.manager [None req-976ce367-d20a-4aa4-844f-916be751a411 admin admin] Publish callbacks ['neutron.plugins.ml2.drivers.ovn.mech_driver.mech_driver.OVNMechanismDriver._create_security_group-821707', 'neutron.plugins.ml2.ovo_rpc._ObjectChangeHandler.handle_event-3215482'] for security_group (0896f5b5-dc06-4713-a3ae-e869a3cc0ee9), after_create {{(pid=86810) _notify_loop /opt/stack/data/venv/lib/python3.12/site-packages/neutron_lib/callbacks/manager.py:184}}
Jun 16 18:24:01.956879 np0000002978 devstack@neutron-api.service[86810]: DEBUG ovsdbapp.backend.ovs_idl.transaction [None req-822fccd6-dde9-4ee8-8dd5-c1c8f318edad None None] Running txn n=1 command(idx=0): PgAddCommand(_result=None, name=pg_0896f5b5_dc06_4713_a3ae_e869a3cc0ee9, may_exist=False, columns={'acls': [], 'external_ids': {'neutron:security_group_id': '0896f5b5-dc06-4713-a3ae-e869a3cc0ee9'}}) {{(pid=86810) do_commit /opt/stack/data/venv/lib/python3.12/site-packages/ovsdbapp/backend/ovs_idl/transaction.py:89}}
Jun 16 18:24:01.957275 np0000002978 devstack@neutron-api.service[86810]: DEBUG ovsdbapp.backend.ovs_idl.transaction [None req-822fccd6-dde9-4ee8-8dd5-c1c8f318edad None None] Running txn n=1 command(idx=1): PgAclAddCommand(_result=None, entity=pg_0896f5b5_dc06_4713_a3ae_e869a3cc0ee9, direction=to-lport, priority=1002, match=outport == @pg_0896f5b5_dc06_4713_a3ae_e869a3cc0ee9 && ip6 && ip6.src == $pg_0896f5b5_dc06_4713_a3ae_e869a3cc0ee9_ip6, action=allow-related, log=False, may_exist=True, severity=[], name=[], meter=[], external_ids={'neutron:security_group_rule_id': '739f7b1f-629e-4740-aaca-b2c9ba02248c'}) {{(pid=86810) do_commit /opt/stack/data/venv/lib/python3.12/site-packages/ovsdbapp/backend/ovs_idl/transaction.py:89}}
Jun 16 18:24:01.957640 np0000002978 devstack@neutron-api.service[86810]: DEBUG ovsdbapp.backend.ovs_idl.transaction [None req-822fccd6-dde9-4ee8-8dd5-c1c8f318edad None None] Running txn n=1 command(idx=2): PgAclAddCommand(_result=None, entity=pg_0896f5b5_dc06_4713_a3ae_e869a3cc0ee9, direction=from-lport, priority=1002, match=inport == @pg_0896f5b5_dc06_4713_a3ae_e869a3cc0ee9 && ip4, action=allow-related, log=False, may_exist=True, severity=[], name=[], meter=[], external_ids={'neutron:security_group_rule_id': 'b49aa4c1-fb54-4327-8fe4-13cde9a38f46'}) {{(pid=86810) do_commit /opt/stack/data/venv/lib/python3.12/site-packages/ovsdbapp/backend/ovs_idl/transaction.py:89}}
Jun 16 18:24:01.958373 np0000002978 devstack@neutron-api.service[86810]: DEBUG ovsdbapp.backend.ovs_idl.transaction [None req-822fccd6-dde9-4ee8-8dd5-c1c8f318edad None None] Running txn n=1 command(idx=3): PgAclAddCommand(_result=None, entity=pg_0896f5b5_dc06_4713_a3ae_e869a3cc0ee9, direction=from-lport, priority=1002, match=inport == @pg_0896f5b5_dc06_4713_a3ae_e869a3cc0ee9 && ip6, action=allow-related, log=False, may_exist=True, severity=[], name=[], meter=[], external_ids={'neutron:security_group_rule_id': 'e2d3a9e8-38ac-4493-bb9b-ad90c7be966c'}) {{(pid=86810) do_commit /opt/stack/data/venv/lib/python3.12/site-packages/ovsdbapp/backend/ovs_idl/transaction.py:89}}
Jun 16 18:24:01.958373 np0000002978 devstack@neutron-api.service[86810]: DEBUG ovsdbapp.backend.ovs_idl.transaction [None req-822fccd6-dde9-4ee8-8dd5-c1c8f318edad None None] Running txn n=1 command(idx=4): PgAclAddCommand(_result=None, entity=pg_0896f5b5_dc06_4713_a3ae_e869a3cc0ee9, direction=to-lport, priority=1002, match=outport == @pg_0896f5b5_dc06_4713_a3ae_e869a3cc0ee9 && ip4 && ip4.src == $pg_0896f5b5_dc06_4713_a3ae_e869a3cc0ee9_ip4, action=allow-related, log=False, may_exist=True, severity=[], name=[], meter=[], external_ids={'neutron:security_group_rule_id': 'fa4470a8-1f31-487c-88df-a463c13ff398'}) {{(pid=86810) do_commit /opt/stack/data/venv/lib/python3.12/site-packages/ovsdbapp/backend/ovs_idl/transaction.py:89}}
Jun 16 18:24:01.968627 np0000002978 devstack@neutron-api.service[86811]: DEBUG neutron.common.ovn.hash_ring_manager [None req-e288f3d9-c1a0-4fb2-b81a-7d5674136366 None None] Hash Ring loaded. 2 active nodes. 0 offline nodes {{(pid=86811) _load_hash_ring /opt/stack/neutron/neutron/common/ovn/hash_ring_manager.py:102}}
Jun 16 18:24:01.968627 np0000002978 devstack@neutron-api.service[86811]: DEBUG neutron.plugins.ml2.drivers.ovn.mech_driver.ovsdb.ovsdb_monitor [None req-e288f3d9-c1a0-4fb2-b81a-7d5674136366 None None] Hash Ring: Node e08132abdda1542c9190e875a3330b43 (host: np0000002978) handling event "create" for row 3e8da5d8-f7ad-455a-98c0-369dc8c14b02 (table: ACL) {{(pid=86811) notify /opt/stack/neutron/neutron/plugins/ml2/drivers/ovn/mech_driver/ovsdb/ovsdb_monitor.py:1015}}
Jun 16 18:24:01.969014 np0000002978 devstack@neutron-api.service[86811]: DEBUG neutron.plugins.ml2.drivers.ovn.mech_driver.ovsdb.ovsdb_monitor [None req-e288f3d9-c1a0-4fb2-b81a-7d5674136366 None None] Hash Ring: Node e08132abdda1542c9190e875a3330b43 (host: np0000002978) handling event "create" for row 7653778f-bfc5-45d0-bbd7-b4726c9be362 (table: ACL) {{(pid=86811) notify /opt/stack/neutron/neutron/plugins/ml2/drivers/ovn/mech_driver/ovsdb/ovsdb_monitor.py:1015}}
Jun 16 18:24:01.969014 np0000002978 devstack@neutron-api.service[86811]: DEBUG neutron.plugins.ml2.drivers.ovn.mech_driver.ovsdb.ovsdb_monitor [None req-e288f3d9-c1a0-4fb2-b81a-7d5674136366 None None] Hash Ring: Node e08132abdda1542c9190e875a3330b43 (host: np0000002978) handling event "create" for row e132b4f3-ba83-44fd-8ffb-a4848a231dfb (table: ACL) {{(pid=86811) notify /opt/stack/neutron/neutron/plugins/ml2/drivers/ovn/mech_driver/ovsdb/ovsdb_monitor.py:1015}}
Jun 16 18:24:01.969172 np0000002978 devstack@neutron-api.service[86811]: DEBUG neutron.plugins.ml2.drivers.ovn.mech_driver.ovsdb.ovsdb_monitor [None req-e288f3d9-c1a0-4fb2-b81a-7d5674136366 None None] Hash Ring: Node e08132abdda1542c9190e875a3330b43 (host: np0000002978) handling event "create" for row 13ad529a-8cb7-471d-9768-cd65f504b63c (table: Port_Group) {{(pid=86811) notify /opt/stack/neutron/neutron/plugins/ml2/drivers/ovn/mech_driver/ovsdb/ovsdb_monitor.py:1015}}
Jun 16 18:24:01.975348 np0000002978 devstack@neutron-api.service[86810]: DEBUG neutron.common.ovn.hash_ring_manager [None req-822fccd6-dde9-4ee8-8dd5-c1c8f318edad None None] Hash Ring loaded. 2 active nodes. 0 offline nodes {{(pid=86810) _load_hash_ring /opt/stack/neutron/neutron/common/ovn/hash_ring_manager.py:102}}
Jun 16 18:24:01.976009 np0000002978 devstack@neutron-api.service[86810]: DEBUG neutron.plugins.ml2.drivers.ovn.mech_driver.ovsdb.ovsdb_monitor [None req-822fccd6-dde9-4ee8-8dd5-c1c8f318edad None None] Hash Ring: Node f8c30b973d365618b702d9271ef5fa29 (host: np0000002978) handling event "create" for row 7927ad60-d16f-413c-95b4-af96497bf996 (table: ACL) {{(pid=86810) notify /opt/stack/neutron/neutron/plugins/ml2/drivers/ovn/mech_driver/ovsdb/ovsdb_monitor.py:1015}}
Jun 16 18:24:01.993828 np0000002978 devstack@neutron-api.service[86810]: INFO neutron.db.ovn_revision_numbers_db [None req-976ce367-d20a-4aa4-844f-916be751a411 admin admin] Successfully bumped revision number for resource 0896f5b5-dc06-4713-a3ae-e869a3cc0ee9 (type: security_groups) to 1
Jun 16 18:24:02.005568 np0000002978 devstack@neutron-api.service[86810]: INFO neutron.db.ovn_revision_numbers_db [None req-976ce367-d20a-4aa4-844f-916be751a411 admin admin] Successfully bumped revision number for resource 739f7b1f-629e-4740-aaca-b2c9ba02248c (type: security_group_rules) to 0
Jun 16 18:24:02.018001 np0000002978 devstack@neutron-api.service[86810]: INFO neutron.db.ovn_revision_numbers_db [None req-976ce367-d20a-4aa4-844f-916be751a411 admin admin] Successfully bumped revision number for resource b49aa4c1-fb54-4327-8fe4-13cde9a38f46 (type: security_group_rules) to 0
Jun 16 18:24:02.030595 np0000002978 devstack@neutron-api.service[86810]: INFO neutron.db.ovn_revision_numbers_db [None req-976ce367-d20a-4aa4-844f-916be751a411 admin admin] Successfully bumped revision number for resource e2d3a9e8-38ac-4493-bb9b-ad90c7be966c (type: security_group_rules) to 0
Jun 16 18:24:02.044742 np0000002978 devstack@neutron-api.service[86810]: INFO neutron.db.ovn_revision_numbers_db [None req-976ce367-d20a-4aa4-844f-916be751a411 admin admin] Successfully bumped revision number for resource fa4470a8-1f31-487c-88df-a463c13ff398 (type: security_group_rules) to 0
Jun 16 18:24:02.064636 np0000002978 devstack@neutron-api.service[86810]: DEBUG neutron.api.rpc.handlers.resources_rpc [None req-976ce367-d20a-4aa4-844f-916be751a411 admin admin] Pushing event updated for resources: {'SecurityGroup': ['ID=0896f5b5-dc06-4713-a3ae-e869a3cc0ee9,revision_number=1']} {{(pid=86810) push /opt/stack/neutron/neutron/api/rpc/handlers/resources_rpc.py:237}}
Jun 16 18:24:02.069201 np0000002978 devstack@neutron-api.service[86810]: DEBUG ovsdbapp.backend.ovs_idl.transaction [None req-822fccd6-dde9-4ee8-8dd5-c1c8f318edad None None] Running txn n=1 command(idx=0): CheckLivenessCommand(_result=None) {{(pid=86810) do_commit /opt/stack/data/venv/lib/python3.12/site-packages/ovsdbapp/backend/ovs_idl/transaction.py:89}}
Jun 16 18:24:02.071704 np0000002978 devstack@neutron-api.service[86811]: DEBUG neutron.plugins.ml2.drivers.ovn.mech_driver.ovsdb.ovsdb_monitor [None req-e288f3d9-c1a0-4fb2-b81a-7d5674136366 None None] Hash Ring: Node e08132abdda1542c9190e875a3330b43 (host: np0000002978) handling event "update" for row 3c7c6f19-3558-4ead-90e5-bc7d849ea85a (table: NB_Global) {{(pid=86811) notify /opt/stack/neutron/neutron/plugins/ml2/drivers/ovn/mech_driver/ovsdb/ovsdb_monitor.py:1015}}
Jun 16 18:24:02.073168 np0000002978 devstack@neutron-api.service[86811]: DEBUG neutron.plugins.ml2.drivers.ovn.mech_driver.ovsdb.ovsdb_monitor [None req-e288f3d9-c1a0-4fb2-b81a-7d5674136366 None None] Hash Ring: Node e08132abdda1542c9190e875a3330b43 (host: np0000002978) handling event "update" for row 3c7c6f19-3558-4ead-90e5-bc7d849ea85a (table: NB_Global) {{(pid=86811) notify /opt/stack/neutron/neutron/plugins/ml2/drivers/ovn/mech_driver/ovsdb/ovsdb_monitor.py:1015}}
Jun 16 18:24:02.074600 np0000002978 devstack@neutron-api.service[86810]: DEBUG neutron.plugins.ml2.drivers.ovn.mech_driver.ovsdb.ovsdb_monitor [None req-d3f52b65-950c-4466-8e91-691ad2b3c6ec None None] ChassisAgentWriteEvent : Matched Chassis_Private, update, None None {{(pid=86810) matches /opt/stack/neutron/neutron/plugins/ml2/drivers/ovn/mech_driver/ovsdb/ovsdb_monitor.py:64}}
Jun 16 18:24:02.075421 np0000002978 devstack@neutron-api.service[86811]: DEBUG neutron.plugins.ml2.drivers.ovn.mech_driver.ovsdb.ovsdb_monitor [None req-e288f3d9-c1a0-4fb2-b81a-7d5674136366 None None] Hash Ring: Node e08132abdda1542c9190e875a3330b43 (host: np0000002978) handling event "update" for row 3c7c6f19-3558-4ead-90e5-bc7d849ea85a (table: NB_Global) {{(pid=86811) notify /opt/stack/neutron/neutron/plugins/ml2/drivers/ovn/mech_driver/ovsdb/ovsdb_monitor.py:1015}}
Jun 16 18:24:02.076866 np0000002978 devstack@neutron-api.service[86811]: DEBUG neutron.plugins.ml2.drivers.ovn.mech_driver.ovsdb.ovsdb_monitor [None req-c98684d9-85ca-461f-a974-76cb91df4101 None None] ChassisAgentWriteEvent : Matched Chassis_Private, update, None None {{(pid=86811) matches /opt/stack/neutron/neutron/plugins/ml2/drivers/ovn/mech_driver/ovsdb/ovsdb_monitor.py:64}}
Jun 16 18:24:02.081733 np0000002978 devstack@neutron-api.service[86811]: DEBUG neutron.plugins.ml2.drivers.ovn.mech_driver.ovsdb.ovsdb_monitor [None req-e288f3d9-c1a0-4fb2-b81a-7d5674136366 None None] Hash Ring: Node e08132abdda1542c9190e875a3330b43 (host: np0000002978) handling event "update" for row 3c7c6f19-3558-4ead-90e5-bc7d849ea85a (table: NB_Global) {{(pid=86811) notify /opt/stack/neutron/neutron/plugins/ml2/drivers/ovn/mech_driver/ovsdb/ovsdb_monitor.py:1015}}
Jun 16 18:24:02.086343 np0000002978 devstack@neutron-api.service[86810]: DEBUG neutron.api.rpc.callbacks.version_manager [None req-976ce367-d20a-4aa4-844f-916be751a411 admin admin] Tracked resource versions report:
Jun 16 18:24:02.086343 np0000002978 devstack@neutron-api.service[86810]: pushed versions:
Jun 16 18:24:02.086343 np0000002978 devstack@neutron-api.service[86810]: { 'AddressGroup': {'1.2'},
Jun 16 18:24:02.086343 np0000002978 devstack@neutron-api.service[86810]: 'Agent': {'1.1'},
Jun 16 18:24:02.086343 np0000002978 devstack@neutron-api.service[86810]: 'ConntrackHelper': {'1.0'},
Jun 16 18:24:02.086343 np0000002978 devstack@neutron-api.service[86810]: 'LocalIPAssociation': {'1.0'},
Jun 16 18:24:02.086343 np0000002978 devstack@neutron-api.service[86810]: 'Log': {'1.0'},
Jun 16 18:24:02.086343 np0000002978 devstack@neutron-api.service[86810]: 'NDPProxy': {'1.0'},
Jun 16 18:24:02.086343 np0000002978 devstack@neutron-api.service[86810]: 'Network': {'1.3'},
Jun 16 18:24:02.086343 np0000002978 devstack@neutron-api.service[86810]: 'Port': {'1.11'},
Jun 16 18:24:02.086343 np0000002978 devstack@neutron-api.service[86810]: 'PortForwarding': {'1.3'},
Jun 16 18:24:02.086343 np0000002978 devstack@neutron-api.service[86810]: 'QosPolicy': {'1.10'},
Jun 16 18:24:02.086343 np0000002978 devstack@neutron-api.service[86810]: 'SecurityGroup': {'1.6'},
Jun 16 18:24:02.086343 np0000002978 devstack@neutron-api.service[86810]: 'SecurityGroupRule': {'1.3'},
Jun 16 18:24:02.086343 np0000002978 devstack@neutron-api.service[86810]: 'SubPort': {'1.0'},
Jun 16 18:24:02.086343 np0000002978 devstack@neutron-api.service[86810]: 'Subnet': {'1.2'},
Jun 16 18:24:02.086343 np0000002978 devstack@neutron-api.service[86810]: 'Trunk': {'1.1'}}
Jun 16 18:24:02.086343 np0000002978 devstack@neutron-api.service[86810]: consumer versions:
Jun 16 18:24:02.086343 np0000002978 devstack@neutron-api.service[86810]: { OVN Controller Gateway agent@np0000002978: {},
Jun 16 18:24:02.086343 np0000002978 devstack@neutron-api.service[86810]: OVN Neutron agent@np0000002978: {}}
Jun 16 18:24:02.086343 np0000002978 devstack@neutron-api.service[86810]: {{(pid=86810) report /opt/stack/neutron/neutron/api/rpc/callbacks/version_manager.py:183}}
Jun 16 18:24:02.087035 np0000002978 devstack@neutron-api.service[86811]: DEBUG neutron.common.ovn.hash_ring_manager [None req-c98684d9-85ca-461f-a974-76cb91df4101 None None] Hash Ring loaded. 2 active nodes. 0 offline nodes {{(pid=86811) _load_hash_ring /opt/stack/neutron/neutron/common/ovn/hash_ring_manager.py:102}}
Jun 16 18:24:02.097222 np0000002978 devstack@neutron-api.service[86810]: DEBUG neutron.common.ovn.hash_ring_manager [None req-d3f52b65-950c-4466-8e91-691ad2b3c6ec None None] Hash Ring loaded. 2 active nodes. 0 offline nodes {{(pid=86810) _load_hash_ring /opt/stack/neutron/neutron/common/ovn/hash_ring_manager.py:102}}
Jun 16 18:24:02.097222 np0000002978 devstack@neutron-api.service[86810]: DEBUG neutron.plugins.ml2.drivers.ovn.mech_driver.ovsdb.ovsdb_monitor [None req-d3f52b65-950c-4466-8e91-691ad2b3c6ec None None] Hash Ring: Node f8c30b973d365618b702d9271ef5fa29 (host: np0000002978) handling event "update" for row e40de3a2-f7f7-4d42-a8b1-8188c636dcbe (table: Chassis_Private) {{(pid=86810) notify /opt/stack/neutron/neutron/plugins/ml2/drivers/ovn/mech_driver/ovsdb/ovsdb_monitor.py:1015}}
Jun 16 18:24:02.114574 np0000002978 devstack@neutron-api.service[86810]: DEBUG neutron.plugins.ml2.drivers.helpers [None req-976ce367-d20a-4aa4-844f-916be751a411 admin admin] geneve segment allocate from pool success with {'geneve_vni': 15696} {{(pid=86810) allocate_partially_specified_segment /opt/stack/neutron/neutron/plugins/ml2/drivers/helpers.py:142}}
Jun 16 18:24:02.120111 np0000002978 devstack@neutron-api.service[86810]: DEBUG neutron_lib.callbacks.manager [None req-976ce367-d20a-4aa4-844f-916be751a411 admin admin] Publish callbacks ['neutron.plugins.ml2.plugin.Ml2Plugin._handle_segment_change-310867'] for segment (191105c6-e6a9-4417-8b15-7a3281855eaf), precommit_create {{(pid=86810) _notify_loop /opt/stack/data/venv/lib/python3.12/site-packages/neutron_lib/callbacks/manager.py:184}}
Jun 16 18:24:02.120257 np0000002978 devstack@neutron-api.service[86810]: INFO neutron.db.segments_db [None req-976ce367-d20a-4aa4-844f-916be751a411 admin admin] Added segment 191105c6-e6a9-4417-8b15-7a3281855eaf of type geneve for network bdd42c36-b9e1-47a1-8487-c5c20cfdf21a
Jun 16 18:24:02.131852 np0000002978 devstack@neutron-api.service[86810]: DEBUG neutron_lib.callbacks.manager [None req-976ce367-d20a-4aa4-844f-916be751a411 admin admin] Publish callbacks ['neutron.services.auto_allocate.db._ensure_external_network_default_value_callback-8325593969304'] for network (bdd42c36-b9e1-47a1-8487-c5c20cfdf21a), precommit_create {{(pid=86810) _notify_loop /opt/stack/data/venv/lib/python3.12/site-packages/neutron_lib/callbacks/manager.py:184}}
Jun 16 18:24:02.140531 np0000002978 devstack@neutron-api.service[86810]: DEBUG neutron.plugins.ml2.drivers.ovn.mech_driver.mech_driver [None req-976ce367-d20a-4aa4-844f-916be751a411 admin admin] Validating network segment with type geneve, segmentation ID 15696, physical network None {{(pid=86810) _validate_network_segments /opt/stack/neutron/neutron/plugins/ml2/drivers/ovn/mech_driver/mech_driver.py:643}}
Jun 16 18:24:02.140641 np0000002978 devstack@neutron-api.service[86810]: DEBUG neutron.db.ovn_revision_numbers_db [None req-976ce367-d20a-4aa4-844f-916be751a411 admin admin] create_initial_revision uuid=bdd42c36-b9e1-47a1-8487-c5c20cfdf21a, type=networks, rev=-1 {{(pid=86810) create_initial_revision /opt/stack/neutron/neutron/db/ovn_revision_numbers_db.py:98}}
Jun 16 18:24:02.149147 np0000002978 devstack@neutron-api.service[86810]: DEBUG neutron_lib.callbacks.manager [None req-976ce367-d20a-4aa4-844f-916be751a411 admin admin] Publish callbacks ['neutron.plugins.ml2.ovo_rpc._ObjectChangeHandler.handle_event-3215481'] for network (bdd42c36-b9e1-47a1-8487-c5c20cfdf21a), after_create {{(pid=86810) _notify_loop /opt/stack/data/venv/lib/python3.12/site-packages/neutron_lib/callbacks/manager.py:184}}
Jun 16 18:24:02.161046 np0000002978 devstack@neutron-api.service[86810]: DEBUG neutron.api.rpc.handlers.resources_rpc [None req-976ce367-d20a-4aa4-844f-916be751a411 admin admin] Pushing event updated for resources: {'Network': ['ID=bdd42c36-b9e1-47a1-8487-c5c20cfdf21a,revision_number=1']} {{(pid=86810) push /opt/stack/neutron/neutron/api/rpc/handlers/resources_rpc.py:237}}
Jun 16 18:24:02.168990 np0000002978 devstack@neutron-api.service[86810]: DEBUG ovsdbapp.backend.ovs_idl.transaction [None req-822fccd6-dde9-4ee8-8dd5-c1c8f318edad None None] Running txn n=1 command(idx=0): AddNetworkCommand(_result=None, network_uuid=bdd42c36-b9e1-47a1-8487-c5c20cfdf21a, may_exist=True, columns={'external_ids': {'neutron:network_name': 'tempest-TestVolumeSwap-2006977588-network', 'neutron:mtu': '1372', 'neutron:revision_number': '1', 'neutron:availability_zone_hints': '', 'neutron:provnet-network-type': 'geneve'}, 'other_config': {'mcast_snoop': 'false', 'mcast_flood_unregistered': 'false', 'vlan-passthru': 'false'}}) {{(pid=86810) do_commit /opt/stack/data/venv/lib/python3.12/site-packages/ovsdbapp/backend/ovs_idl/transaction.py:89}}
Jun 16 18:24:02.170773 np0000002978 devstack@neutron-api.service[86811]: DEBUG neutron.plugins.ml2.drivers.ovn.mech_driver.ovsdb.ovsdb_monitor [None req-e288f3d9-c1a0-4fb2-b81a-7d5674136366 None None] Hash Ring: Node e08132abdda1542c9190e875a3330b43 (host: np0000002978) handling event "create" for row bdd42c36-b9e1-47a1-8487-c5c20cfdf21a (table: Logical_Switch) {{(pid=86811) notify /opt/stack/neutron/neutron/plugins/ml2/drivers/ovn/mech_driver/ovsdb/ovsdb_monitor.py:1015}}
Jun 16 18:24:02.172263 np0000002978 devstack@neutron-api.service[86810]: DEBUG neutron.plugins.ml2.drivers.ovn.mech_driver.ovsdb.ovsdb_monitor [None req-d3f52b65-950c-4466-8e91-691ad2b3c6ec None None] Hash Ring: Node f8c30b973d365618b702d9271ef5fa29 (host: np0000002978) handling event "create" for row 73ffb4fe-a3bb-491a-900f-5f1da3d12649 (table: Datapath_Binding) {{(pid=86810) notify /opt/stack/neutron/neutron/plugins/ml2/drivers/ovn/mech_driver/ovsdb/ovsdb_monitor.py:1015}}
Jun 16 18:24:02.191382 np0000002978 devstack@neutron-api.service[86810]: INFO neutron.db.ovn_revision_numbers_db [None req-976ce367-d20a-4aa4-844f-916be751a411 admin admin] Successfully bumped revision number for resource bdd42c36-b9e1-47a1-8487-c5c20cfdf21a (type: networks) to 1
Jun 16 18:24:02.202564 np0000002978 devstack@neutron-api.service[86810]: DEBUG neutron_lib.callbacks.manager [None req-976ce367-d20a-4aa4-844f-916be751a411 admin admin] Publish callbacks ['neutron.plugins.ml2.plugin.SecurityGroupDbMixin._ensure_default_security_group_handler-62815'] for port (None), before_create {{(pid=86810) _notify_loop /opt/stack/data/venv/lib/python3.12/site-packages/neutron_lib/callbacks/manager.py:184}}
Jun 16 18:24:02.261257 np0000002978 devstack@neutron-api.service[86810]: DEBUG neutron_lib.callbacks.manager [None req-976ce367-d20a-4aa4-844f-916be751a411 admin admin] Publish callbacks ['neutron.plugins.ml2.drivers.ovn.mech_driver.mech_driver.OVNMechanismDriver._validate_allowed_address_pairs-819801'] for allowed_address_pair (b93d73ae-19ec-4462-afe6-ad584938fd5f), before_create {{(pid=86810) _notify_loop /opt/stack/data/venv/lib/python3.12/site-packages/neutron_lib/callbacks/manager.py:184}}
Jun 16 18:24:02.261875 np0000002978 devstack@neutron-api.service[86810]: DEBUG neutron_lib.callbacks.manager [None req-976ce367-d20a-4aa4-844f-916be751a411 admin admin] Publish callbacks [] for port (b93d73ae-19ec-4462-afe6-ad584938fd5f), precommit_create {{(pid=86810) _notify_loop /opt/stack/data/venv/lib/python3.12/site-packages/neutron_lib/callbacks/manager.py:184}}
Jun 16 18:24:02.262054 np0000002978 devstack@neutron-api.service[86810]: DEBUG neutron.plugins.ml2.drivers.ovn.mech_driver.mech_driver [None req-976ce367-d20a-4aa4-844f-916be751a411 admin admin] No provisioning block for port b93d73ae-19ec-4462-afe6-ad584938fd5f since it does not have a host {{(pid=86810) _is_port_provisioning_required /opt/stack/neutron/neutron/plugins/ml2/drivers/ovn/mech_driver/mech_driver.py:896}}
Jun 16 18:24:02.262184 np0000002978 devstack@neutron-api.service[86810]: DEBUG neutron.db.ovn_revision_numbers_db [None req-976ce367-d20a-4aa4-844f-916be751a411 admin admin] create_initial_revision uuid=b93d73ae-19ec-4462-afe6-ad584938fd5f, type=ports, rev=-1 {{(pid=86810) create_initial_revision /opt/stack/neutron/neutron/db/ovn_revision_numbers_db.py:98}}
Jun 16 18:24:02.290685 np0000002978 devstack@neutron-api.service[86810]: DEBUG neutron_lib.callbacks.manager [None req-976ce367-d20a-4aa4-844f-916be751a411 admin admin] Publish callbacks ['neutron.plugins.ml2.ovo_rpc._ObjectChangeHandler.handle_event-3215462'] for port (b93d73ae-19ec-4462-afe6-ad584938fd5f), after_create {{(pid=86810) _notify_loop /opt/stack/data/venv/lib/python3.12/site-packages/neutron_lib/callbacks/manager.py:184}}
Jun 16 18:24:02.317456 np0000002978 devstack@neutron-api.service[86810]: DEBUG neutron.api.rpc.handlers.resources_rpc [None req-976ce367-d20a-4aa4-844f-916be751a411 admin admin] Pushing event updated for resources: {'Port': ['ID=b93d73ae-19ec-4462-afe6-ad584938fd5f,revision_number=1']} {{(pid=86810) push /opt/stack/neutron/neutron/api/rpc/handlers/resources_rpc.py:237}}
Jun 16 18:24:02.322168 np0000002978 devstack@neutron-api.service[86810]: DEBUG neutron.plugins.ml2.drivers.ovn.mech_driver.ovsdb.commands [None req-976ce367-d20a-4aa4-844f-916be751a411 admin admin] Converting tag [] to a tag_request {{(pid=86810) _tag_column_to_tag_request /opt/stack/neutron/neutron/plugins/ml2/drivers/ovn/mech_driver/ovsdb/commands.py:205}}
Jun 16 18:24:02.323908 np0000002978 devstack@neutron-api.service[86810]: DEBUG ovsdbapp.backend.ovs_idl.transaction [None req-822fccd6-dde9-4ee8-8dd5-c1c8f318edad None None] Running txn n=1 command(idx=0): AddLSwitchPortCommand(_result=None, lport=b93d73ae-19ec-4462-afe6-ad584938fd5f, lswitch=neutron-bdd42c36-b9e1-47a1-8487-c5c20cfdf21a, may_exist=True, network_uuid=bdd42c36-b9e1-47a1-8487-c5c20cfdf21a, columns={'addresses': ['fa:16:3e:94:f9:30'], 'external_ids': {'neutron:port_name': '', 'neutron:device_id': 'ovnmeta-bdd42c36-b9e1-47a1-8487-c5c20cfdf21a', 'neutron:project_id': 'f20bfaf4025d423db6019b4c368f9ced', 'neutron:cidrs': '', 'neutron:device_owner': 'network:distributed', 'neutron:subnet_pool_addr_scope4': '', 'neutron:subnet_pool_addr_scope6': '', 'neutron:network_name': 'neutron-bdd42c36-b9e1-47a1-8487-c5c20cfdf21a', 'neutron:security_group_ids': '', 'neutron:revision_number': '1', 'neutron:vnic_type': 'normal', 'neutron:port_capabilities': '', 'neutron:mtu': '1372'}, 'parent_name': [], 'enabled': True, 'options': {}, 'type': 'localport', 'port_security': [], 'dhcpv4_options': [], 'dhcpv6_options': [], 'tag_request': []}) {{(pid=86810) do_commit /opt/stack/data/venv/lib/python3.12/site-packages/ovsdbapp/backend/ovs_idl/transaction.py:89}}
Jun 16 18:24:02.323908 np0000002978 devstack@neutron-api.service[86810]: DEBUG ovsdbapp.backend.ovs_idl.transaction [None req-822fccd6-dde9-4ee8-8dd5-c1c8f318edad None None] Running txn n=1 command(idx=1): QoSDelCommand(_result=None, switch=neutron-bdd42c36-b9e1-47a1-8487-c5c20cfdf21a, conditions=[('direction', '=', 'to-lport'), ('priority', '=', 2002), ('match', '=', 'outport == "b93d73ae-19ec-4462-afe6-ad584938fd5f"')], if_exists=True) {{(pid=86810) do_commit /opt/stack/data/venv/lib/python3.12/site-packages/ovsdbapp/backend/ovs_idl/transaction.py:89}}
Jun 16 18:24:02.323908 np0000002978 devstack@neutron-api.service[86810]: DEBUG ovsdbapp.backend.ovs_idl.transaction [None req-822fccd6-dde9-4ee8-8dd5-c1c8f318edad None None] Running txn n=1 command(idx=2): QoSDelCommand(_result=None, switch=neutron-bdd42c36-b9e1-47a1-8487-c5c20cfdf21a, conditions=[('direction', '=', 'from-lport'), ('priority', '=', 2002), ('match', '=', 'inport == "b93d73ae-19ec-4462-afe6-ad584938fd5f"')], if_exists=True) {{(pid=86810) do_commit /opt/stack/data/venv/lib/python3.12/site-packages/ovsdbapp/backend/ovs_idl/transaction.py:89}}
Jun 16 18:24:02.340110 np0000002978 devstack@neutron-api.service[86811]: DEBUG neutron.plugins.ml2.drivers.ovn.mech_driver.ovsdb.ovsdb_monitor [None req-e288f3d9-c1a0-4fb2-b81a-7d5674136366 None None] Hash Ring: Node e08132abdda1542c9190e875a3330b43 (host: np0000002978) handling event "update" for row bdd42c36-b9e1-47a1-8487-c5c20cfdf21a (table: Logical_Switch) {{(pid=86811) notify /opt/stack/neutron/neutron/plugins/ml2/drivers/ovn/mech_driver/ovsdb/ovsdb_monitor.py:1015}}
Jun 16 18:24:02.340110 np0000002978 devstack@neutron-api.service[86811]: DEBUG neutron.plugins.ml2.drivers.ovn.mech_driver.ovsdb.ovsdb_monitor [None req-e288f3d9-c1a0-4fb2-b81a-7d5674136366 None None] Hash Ring: Node e08132abdda1542c9190e875a3330b43 (host: np0000002978) handling event "create" for row 0ee04c0a-865b-47bf-ac18-d287ae4bcf87 (table: Logical_Switch_Port) {{(pid=86811) notify /opt/stack/neutron/neutron/plugins/ml2/drivers/ovn/mech_driver/ovsdb/ovsdb_monitor.py:1015}}
