Jul 31 10:04:49.055834 np0000006203 nova-scheduler[93448]: DEBUG cotyledon.oslo_config_glue [-] oslo_messaging_rabbit.kombu_reconnect_splay = 0.0 {{(pid=93448) log_opt_values /opt/stack/data/venv/lib/python3.12/site-packages/oslo_config/cfg.py:3253}}
Jul 31 10:04:49.055834 np0000006203 nova-scheduler[93448]: DEBUG cotyledon.oslo_config_glue [-] oslo_messaging_rabbit.processname = nova-scheduler {{(pid=93448) log_opt_values /opt/stack/data/venv/lib/python3.12/site-packages/oslo_config/cfg.py:3253}}
Jul 31 10:04:49.055834 np0000006203 nova-scheduler[93448]: DEBUG cotyledon.oslo_config_glue [-] oslo_messaging_rabbit.rabbit_ha_queues = False {{(pid=93448) log_opt_values /opt/stack/data/venv/lib/python3.12/site-packages/oslo_config/cfg.py:3253}}
Jul 31 10:04:49.055834 np0000006203 nova-scheduler[93448]: DEBUG cotyledon.oslo_config_glue [-] oslo_messaging_rabbit.rabbit_interval_max = 30 {{(pid=93448) log_opt_values /opt/stack/data/venv/lib/python3.12/site-packages/oslo_config/cfg.py:3253}}
Jul 31 10:04:49.055834 np0000006203 nova-scheduler[93448]: DEBUG cotyledon.oslo_config_glue [-] oslo_messaging_rabbit.rabbit_login_method = AMQPLAIN {{(pid=93448) log_opt_values /opt/stack/data/venv/lib/python3.12/site-packages/oslo_config/cfg.py:3253}}
Jul 31 10:04:49.055834 np0000006203 nova-scheduler[93448]: DEBUG cotyledon.oslo_config_glue [-] oslo_messaging_rabbit.rabbit_qos_prefetch_count = 0 {{(pid=93448) log_opt_values /opt/stack/data/venv/lib/python3.12/site-packages/oslo_config/cfg.py:3253}}
Jul 31 10:04:49.055834 np0000006203 nova-scheduler[93448]: DEBUG cotyledon.oslo_config_glue [-] oslo_messaging_rabbit.rabbit_quorum_delivery_limit = 0 {{(pid=93448) log_opt_values /opt/stack/data/venv/lib/python3.12/site-packages/oslo_config/cfg.py:3253}}
Jul 31 10:04:49.055834 np0000006203 nova-scheduler[93448]: DEBUG cotyledon.oslo_config_glue [-] oslo_messaging_rabbit.rabbit_quorum_max_memory_bytes = 0 {{(pid=93448) log_opt_values /opt/stack/data/venv/lib/python3.12/site-packages/oslo_config/cfg.py:3253}}
Jul 31 10:04:49.056096 np0000006203 nova-scheduler[93448]: DEBUG cotyledon.oslo_config_glue [-] oslo_messaging_rabbit.rabbit_quorum_max_memory_length = 0 {{(pid=93448) log_opt_values /opt/stack/data/venv/lib/python3.12/site-packages/oslo_config/cfg.py:3253}}
Jul 31 10:04:49.056096 np0000006203 nova-scheduler[93448]: DEBUG cotyledon.oslo_config_glue [-] oslo_messaging_rabbit.rabbit_quorum_queue = False {{(pid=93448) log_opt_values /opt/stack/data/venv/lib/python3.12/site-packages/oslo_config/cfg.py:3253}}
Jul 31 10:04:49.056096 np0000006203 nova-scheduler[93448]: DEBUG cotyledon.oslo_config_glue [-] oslo_messaging_rabbit.rabbit_retry_backoff = 2 {{(pid=93448) log_opt_values /opt/stack/data/venv/lib/python3.12/site-packages/oslo_config/cfg.py:3253}}
Jul 31 10:04:49.056096 np0000006203 nova-scheduler[93448]: DEBUG cotyledon.oslo_config_glue [-] oslo_messaging_rabbit.rabbit_retry_interval = 1 {{(pid=93448) log_opt_values /opt/stack/data/venv/lib/python3.12/site-packages/oslo_config/cfg.py:3253}}
Jul 31 10:04:49.056096 np0000006203 nova-scheduler[93448]: DEBUG cotyledon.oslo_config_glue [-] oslo_messaging_rabbit.rabbit_stream_fanout = False {{(pid=93448) log_opt_values /opt/stack/data/venv/lib/python3.12/site-packages/oslo_config/cfg.py:3253}}
Jul 31 10:04:49.056096 np0000006203 nova-scheduler[93448]: DEBUG cotyledon.oslo_config_glue [-] oslo_messaging_rabbit.rabbit_transient_queues_ttl = 1800 {{(pid=93448) log_opt_values /opt/stack/data/venv/lib/python3.12/site-packages/oslo_config/cfg.py:3253}}
Jul 31 10:04:49.056096 np0000006203 nova-scheduler[93448]: DEBUG cotyledon.oslo_config_glue [-] oslo_messaging_rabbit.rabbit_transient_quorum_queue = False {{(pid=93448) log_opt_values /opt/stack/data/venv/lib/python3.12/site-packages/oslo_config/cfg.py:3253}}
Jul 31 10:04:49.056096 np0000006203 nova-scheduler[93448]: DEBUG cotyledon.oslo_config_glue [-] oslo_messaging_rabbit.rpc_conn_pool_size = 30 {{(pid=93448) log_opt_values /opt/stack/data/venv/lib/python3.12/site-packages/oslo_config/cfg.py:3253}}
Jul 31 10:04:49.056283 np0000006203 nova-scheduler[93448]: DEBUG cotyledon.oslo_config_glue [-] oslo_messaging_rabbit.ssl = False {{(pid=93448) log_opt_values /opt/stack/data/venv/lib/python3.12/site-packages/oslo_config/cfg.py:3253}}
Jul 31 10:04:49.056283 np0000006203 nova-scheduler[93448]: DEBUG cotyledon.oslo_config_glue [-] oslo_messaging_rabbit.ssl_ca_file = {{(pid=93448) log_opt_values /opt/stack/data/venv/lib/python3.12/site-packages/oslo_config/cfg.py:3253}}
Jul 31 10:04:49.056283 np0000006203 nova-scheduler[93448]: DEBUG cotyledon.oslo_config_glue [-] oslo_messaging_rabbit.ssl_cert_file = {{(pid=93448) log_opt_values /opt/stack/data/venv/lib/python3.12/site-packages/oslo_config/cfg.py:3253}}
Jul 31 10:04:49.056283 np0000006203 nova-scheduler[93448]: DEBUG cotyledon.oslo_config_glue [-] oslo_messaging_rabbit.ssl_enforce_fips_mode = False {{(pid=93448) log_opt_values /opt/stack/data/venv/lib/python3.12/site-packages/oslo_config/cfg.py:3253}}
Jul 31 10:04:49.056474 np0000006203 nova-scheduler[93448]: DEBUG cotyledon.oslo_config_glue [-] oslo_messaging_rabbit.ssl_enforce_hostname_verification = True {{(pid=93448) log_opt_values /opt/stack/data/venv/lib/python3.12/site-packages/oslo_config/cfg.py:3253}}
Jul 31 10:04:49.056474 np0000006203 nova-scheduler[93448]: DEBUG cotyledon.oslo_config_glue [-] oslo_messaging_rabbit.ssl_key_file = {{(pid=93448) log_opt_values /opt/stack/data/venv/lib/python3.12/site-packages/oslo_config/cfg.py:3253}}
Jul 31 10:04:49.056474 np0000006203 nova-scheduler[93448]: DEBUG cotyledon.oslo_config_glue [-] oslo_messaging_rabbit.ssl_version = {{(pid=93448) log_opt_values /opt/stack/data/venv/lib/python3.12/site-packages/oslo_config/cfg.py:3253}}
Jul 31 10:04:49.056474 np0000006203 nova-scheduler[93448]: DEBUG cotyledon.oslo_config_glue [-] oslo_messaging_rabbit.use_queue_manager = False {{(pid=93448) log_opt_values /opt/stack/data/venv/lib/python3.12/site-packages/oslo_config/cfg.py:3253}}
Jul 31 10:04:49.056613 np0000006203 nova-scheduler[93448]: DEBUG cotyledon.oslo_config_glue [-] oslo_messaging_notifications.driver = ['messagingv2'] {{(pid=93448) log_opt_values /opt/stack/data/venv/lib/python3.12/site-packages/oslo_config/cfg.py:3253}}
Jul 31 10:04:49.056613 np0000006203 nova-scheduler[93448]: DEBUG cotyledon.oslo_config_glue [-] oslo_messaging_notifications.retry = -1 {{(pid=93448) log_opt_values /opt/stack/data/venv/lib/python3.12/site-packages/oslo_config/cfg.py:3253}}
Jul 31 10:04:49.056613 np0000006203 nova-scheduler[93448]: DEBUG cotyledon.oslo_config_glue [-] oslo_messaging_notifications.topics = ['notifications'] {{(pid=93448) log_opt_values /opt/stack/data/venv/lib/python3.12/site-packages/oslo_config/cfg.py:3253}}
Jul 31 10:04:49.056709 np0000006203 nova-scheduler[93448]: DEBUG cotyledon.oslo_config_glue [-] oslo_messaging_notifications.transport_url = **** {{(pid=93448) log_opt_values /opt/stack/data/venv/lib/python3.12/site-packages/oslo_config/cfg.py:3253}}
Jul 31 10:04:49.056709 np0000006203 nova-scheduler[93448]: DEBUG cotyledon.oslo_config_glue [-] oslo_limit.auth_section = None {{(pid=93448) log_opt_values /opt/stack/data/venv/lib/python3.12/site-packages/oslo_config/cfg.py:3253}}
Jul 31 10:04:49.056758 np0000006203 nova-scheduler[93448]: DEBUG cotyledon.oslo_config_glue [-] oslo_limit.auth_type = None {{(pid=93448) log_opt_values /opt/stack/data/venv/lib/python3.12/site-packages/oslo_config/cfg.py:3253}}
Jul 31 10:04:49.056810 np0000006203 nova-scheduler[93448]: DEBUG cotyledon.oslo_config_glue [-] oslo_limit.cafile = None {{(pid=93448) log_opt_values /opt/stack/data/venv/lib/python3.12/site-packages/oslo_config/cfg.py:3253}}
Jul 31 10:04:49.056881 np0000006203 nova-scheduler[93448]: DEBUG cotyledon.oslo_config_glue [-] oslo_limit.certfile = None {{(pid=93448) log_opt_values /opt/stack/data/venv/lib/python3.12/site-packages/oslo_config/cfg.py:3253}}
Jul 31 10:04:49.056881 np0000006203 nova-scheduler[93448]: DEBUG cotyledon.oslo_config_glue [-] oslo_limit.collect_timing = False {{(pid=93448) log_opt_values /opt/stack/data/venv/lib/python3.12/site-packages/oslo_config/cfg.py:3253}}
Jul 31 10:04:49.056948 np0000006203 nova-scheduler[93448]: DEBUG cotyledon.oslo_config_glue [-] oslo_limit.connect_retries = None {{(pid=93448) log_opt_values /opt/stack/data/venv/lib/python3.12/site-packages/oslo_config/cfg.py:3253}}
Jul 31 10:04:49.058227 np0000006203 nova-scheduler[93448]: DEBUG cotyledon.oslo_config_glue [-] oslo_limit.connect_retry_delay = None {{(pid=93448) log_opt_values /opt/stack/data/venv/lib/python3.12/site-packages/oslo_config/cfg.py:3253}}
Jul 31 10:04:49.058227 np0000006203 nova-scheduler[93448]: DEBUG cotyledon.oslo_config_glue [-] oslo_limit.endpoint_id = None {{(pid=93448) log_opt_values /opt/stack/data/venv/lib/python3.12/site-packages/oslo_config/cfg.py:3253}}
Jul 31 10:04:49.058227 np0000006203 nova-scheduler[93448]: DEBUG cotyledon.oslo_config_glue [-] oslo_limit.endpoint_interface = public {{(pid=93448) log_opt_values /opt/stack/data/venv/lib/python3.12/site-packages/oslo_config/cfg.py:3253}}
Jul 31 10:04:49.058227 np0000006203 nova-scheduler[93448]: DEBUG cotyledon.oslo_config_glue [-] oslo_limit.endpoint_override = None {{(pid=93448) log_opt_values /opt/stack/data/venv/lib/python3.12/site-packages/oslo_config/cfg.py:3253}}
Jul 31 10:04:49.058227 np0000006203 nova-scheduler[93448]: DEBUG cotyledon.oslo_config_glue [-] oslo_limit.endpoint_region_name = None {{(pid=93448) log_opt_values /opt/stack/data/venv/lib/python3.12/site-packages/oslo_config/cfg.py:3253}}
Jul 31 10:04:49.058227 np0000006203 nova-scheduler[93448]: DEBUG cotyledon.oslo_config_glue [-] oslo_limit.endpoint_service_name = None {{(pid=93448) log_opt_values /opt/stack/data/venv/lib/python3.12/site-packages/oslo_config/cfg.py:3253}}
Jul 31 10:04:49.058227 np0000006203 nova-scheduler[93448]: DEBUG cotyledon.oslo_config_glue [-] oslo_limit.endpoint_service_type = None {{(pid=93448) log_opt_values /opt/stack/data/venv/lib/python3.12/site-packages/oslo_config/cfg.py:3253}}
Jul 31 10:04:49.058227 np0000006203 nova-scheduler[93448]: DEBUG cotyledon.oslo_config_glue [-] oslo_limit.insecure = False {{(pid=93448) log_opt_values /opt/stack/data/venv/lib/python3.12/site-packages/oslo_config/cfg.py:3253}}
Jul 31 10:04:49.058227 np0000006203 nova-scheduler[93448]: DEBUG cotyledon.oslo_config_glue [-] oslo_limit.keyfile = None {{(pid=93448) log_opt_values /opt/stack/data/venv/lib/python3.12/site-packages/oslo_config/cfg.py:3253}}
Jul 31 10:04:49.058463 np0000006203 nova-scheduler[93448]: DEBUG cotyledon.oslo_config_glue [-] oslo_limit.max_version = None {{(pid=93448) log_opt_values /opt/stack/data/venv/lib/python3.12/site-packages/oslo_config/cfg.py:3253}}
Jul 31 10:04:49.058463 np0000006203 nova-scheduler[93448]: DEBUG cotyledon.oslo_config_glue [-] oslo_limit.min_version = None {{(pid=93448) log_opt_values /opt/stack/data/venv/lib/python3.12/site-packages/oslo_config/cfg.py:3253}}
Jul 31 10:04:49.058463 np0000006203 nova-scheduler[93448]: DEBUG cotyledon.oslo_config_glue [-] oslo_limit.region_name = None {{(pid=93448) log_opt_values /opt/stack/data/venv/lib/python3.12/site-packages/oslo_config/cfg.py:3253}}
Jul 31 10:04:49.058463 np0000006203 nova-scheduler[93448]: DEBUG cotyledon.oslo_config_glue [-] oslo_limit.retriable_status_codes = None {{(pid=93448) log_opt_values /opt/stack/data/venv/lib/python3.12/site-packages/oslo_config/cfg.py:3253}}
Jul 31 10:04:49.058463 np0000006203 nova-scheduler[93448]: DEBUG cotyledon.oslo_config_glue [-] oslo_limit.service_name = None {{(pid=93448) log_opt_values /opt/stack/data/venv/lib/python3.12/site-packages/oslo_config/cfg.py:3253}}
Jul 31 10:04:49.058463 np0000006203 nova-scheduler[93448]: DEBUG cotyledon.oslo_config_glue [-] oslo_limit.service_type = None {{(pid=93448) log_opt_values /opt/stack/data/venv/lib/python3.12/site-packages/oslo_config/cfg.py:3253}}
Jul 31 10:04:49.058463 np0000006203 nova-scheduler[93448]: DEBUG cotyledon.oslo_config_glue [-] oslo_limit.split_loggers = False {{(pid=93448) log_opt_values /opt/stack/data/venv/lib/python3.12/site-packages/oslo_config/cfg.py:3253}}
Jul 31 10:04:49.058463 np0000006203 nova-scheduler[93448]: DEBUG cotyledon.oslo_config_glue [-] oslo_limit.status_code_retries = None {{(pid=93448) log_opt_values /opt/stack/data/venv/lib/python3.12/site-packages/oslo_config/cfg.py:3253}}
Jul 31 10:04:49.058463 np0000006203 nova-scheduler[93448]: DEBUG cotyledon.oslo_config_glue [-] oslo_limit.status_code_retry_delay = None {{(pid=93448) log_opt_values /opt/stack/data/venv/lib/python3.12/site-packages/oslo_config/cfg.py:3253}}
Jul 31 10:04:49.058661 np0000006203 nova-scheduler[93448]: DEBUG cotyledon.oslo_config_glue [-] oslo_limit.timeout = None {{(pid=93448) log_opt_values /opt/stack/data/venv/lib/python3.12/site-packages/oslo_config/cfg.py:3253}}
Jul 31 10:04:49.058661 np0000006203 nova-scheduler[93448]: DEBUG cotyledon.oslo_config_glue [-] oslo_limit.valid_interfaces = None {{(pid=93448) log_opt_values /opt/stack/data/venv/lib/python3.12/site-packages/oslo_config/cfg.py:3253}}
Jul 31 10:04:49.058661 np0000006203 nova-scheduler[93448]: DEBUG cotyledon.oslo_config_glue [-] oslo_limit.version = None {{(pid=93448) log_opt_values /opt/stack/data/venv/lib/python3.12/site-packages/oslo_config/cfg.py:3253}}
Jul 31 10:04:49.058661 np0000006203 nova-scheduler[93448]: DEBUG cotyledon.oslo_config_glue [-] oslo_reports.file_event_handler = None {{(pid=93448) log_opt_values /opt/stack/data/venv/lib/python3.12/site-packages/oslo_config/cfg.py:3253}}
Jul 31 10:04:49.058661 np0000006203 nova-scheduler[93448]: DEBUG cotyledon.oslo_config_glue [-] oslo_reports.file_event_handler_interval = 1 {{(pid=93448) log_opt_values /opt/stack/data/venv/lib/python3.12/site-packages/oslo_config/cfg.py:3253}}
Jul 31 10:04:49.058661 np0000006203 nova-scheduler[93448]: DEBUG cotyledon.oslo_config_glue [-] oslo_reports.log_dir = None {{(pid=93448) log_opt_values /opt/stack/data/venv/lib/python3.12/site-packages/oslo_config/cfg.py:3253}}
Jul 31 10:04:49.058661 np0000006203 nova-scheduler[93448]: DEBUG cotyledon.oslo_config_glue [-] ******************************************************************************** {{(pid=93448) log_opt_values /opt/stack/data/venv/lib/python3.12/site-packages/oslo_config/cfg.py:3260}}
Jul 31 10:04:49.058661 np0000006203 nova-scheduler[93448]: DEBUG cotyledon._service_worker [-] Run service ServiceWrapper(2) [93448] {{(pid=93448) wait_forever /opt/stack/data/venv/lib/python3.12/site-packages/cotyledon/_service_worker.py:218}}
Jul 31 10:04:49.060087 np0000006203 nova-scheduler[93448]: INFO nova.service [-] Starting scheduler node (version 33.1.0)
Jul 31 10:04:49.062899 np0000006203 nova-scheduler[93444]: DEBUG nova.service [None req-b8d0d05f-133f-43b1-97ab-b2503367b436 None None] Creating RPC server for service: nova-scheduler on topic: scheduler {{(pid=93444) start /opt/stack/nova/nova/service.py:196}}
Jul 31 10:04:49.066251 np0000006203 nova-scheduler[93448]: INFO dbcounter [None req-298bf4ee-b439-43a8-954a-aafa105d6f6f None None] Registered counter for database nova_cell0
Jul 31 10:04:49.068240 np0000006203 nova-scheduler[93446]: DEBUG nova.service [None req-af3f479a-9f44-47f0-9a9e-b184e03fb4cb None None] Creating RPC server for service: nova-scheduler on topic: scheduler {{(pid=93446) start /opt/stack/nova/nova/service.py:196}}
Jul 31 10:04:49.089217 np0000006203 nova-scheduler[93444]: DEBUG nova.service [None req-b8d0d05f-133f-43b1-97ab-b2503367b436 None None] Join ServiceGroup membership for this service scheduler {{(pid=93444) start /opt/stack/nova/nova/service.py:222}}
Jul 31 10:04:49.089419 np0000006203 nova-scheduler[93444]: DEBUG nova.servicegroup.drivers.db [None req-b8d0d05f-133f-43b1-97ab-b2503367b436 None None] DB_Driver: join new ServiceGroup member np0000006203 to the scheduler group, service = {{(pid=93444) join /opt/stack/nova/nova/servicegroup/drivers/db.py:44}}
Jul 31 10:04:49.092096 np0000006203 nova-scheduler[93446]: DEBUG nova.service [None req-af3f479a-9f44-47f0-9a9e-b184e03fb4cb None None] Join ServiceGroup membership for this service scheduler {{(pid=93446) start /opt/stack/nova/nova/service.py:222}}
Jul 31 10:04:49.092557 np0000006203 nova-scheduler[93446]: DEBUG nova.servicegroup.drivers.db [None req-af3f479a-9f44-47f0-9a9e-b184e03fb4cb None None] DB_Driver: join new ServiceGroup member np0000006203 to the scheduler group, service = {{(pid=93446) join /opt/stack/nova/nova/servicegroup/drivers/db.py:44}}
Jul 31 10:04:49.118440 np0000006203 nova-scheduler[93448]: DEBUG oslo_db.sqlalchemy.engines [None req-298bf4ee-b439-43a8-954a-aafa105d6f6f None None] MySQL server mode set to STRICT_TRANS_TABLES,STRICT_ALL_TABLES,NO_ZERO_IN_DATE,NO_ZERO_DATE,ERROR_FOR_DIVISION_BY_ZERO,TRADITIONAL,NO_ENGINE_SUBSTITUTION {{(pid=93448) _check_effective_sql_mode /opt/stack/data/venv/lib/python3.12/site-packages/oslo_db/sqlalchemy/engines.py:325}}
Jul 31 10:04:49.129520 np0000006203 nova-scheduler[93448]: DEBUG dbcounter [-] [93448] Writer thread running {{(pid=93448) stat_writer /opt/stack/data/venv/lib/python3.12/site-packages/dbcounter.py:102}}
Jul 31 10:04:49.132513 np0000006203 nova-scheduler[93448]: DEBUG nova.service [None req-298bf4ee-b439-43a8-954a-aafa105d6f6f None None] Creating RPC server for service: nova-scheduler on topic: scheduler {{(pid=93448) start /opt/stack/nova/nova/service.py:196}}
Jul 31 10:04:49.150119 np0000006203 nova-scheduler[93448]: DEBUG nova.service [None req-298bf4ee-b439-43a8-954a-aafa105d6f6f None None] Join ServiceGroup membership for this service scheduler {{(pid=93448) start /opt/stack/nova/nova/service.py:222}}
Jul 31 10:04:49.150524 np0000006203 nova-scheduler[93448]: DEBUG nova.servicegroup.drivers.db [None req-298bf4ee-b439-43a8-954a-aafa105d6f6f None None] DB_Driver: join new ServiceGroup member np0000006203 to the scheduler group, service = {{(pid=93448) join /opt/stack/nova/nova/servicegroup/drivers/db.py:44}}
Jul 31 10:04:54.115387 np0000006203 nova-scheduler[93444]: DEBUG oslo.service.backend._threading.loopingcall [-] Fixed interval looping call 'nova.servicegroup.drivers.db.DbDriver._report_state' sleeping for 119.98 seconds {{(pid=93444) _run_loop /opt/stack/data/venv/lib/python3.12/site-packages/oslo_service/backend/_threading/loopingcall.py:125}}
Jul 31 10:04:54.115825 np0000006203 nova-scheduler[93446]: DEBUG oslo.service.backend._threading.loopingcall [-] Fixed interval looping call 'nova.servicegroup.drivers.db.DbDriver._report_state' sleeping for 119.98 seconds {{(pid=93446) _run_loop /opt/stack/data/venv/lib/python3.12/site-packages/oslo_service/backend/_threading/loopingcall.py:125}}
Jul 31 10:04:54.161913 np0000006203 nova-scheduler[93448]: DEBUG oslo.service.backend._threading.loopingcall [-] Fixed interval looping call 'nova.servicegroup.drivers.db.DbDriver._report_state' sleeping for 119.99 seconds {{(pid=93448) _run_loop /opt/stack/data/venv/lib/python3.12/site-packages/oslo_service/backend/_threading/loopingcall.py:125}}
Jul 31 10:04:57.669747 np0000006203 nova-scheduler[92237]: DEBUG dbcounter [-] [92237] Writing DB stats nova_api:SELECT=3 {{(pid=92237) stat_writer /opt/stack/data/venv/lib/python3.12/site-packages/dbcounter.py:115}}
Jul 31 10:04:57.805557 np0000006203 nova-scheduler[92237]: DEBUG dbcounter [-] [92237] Writing DB stats nova_cell0:SELECT=1 {{(pid=92237) stat_writer /opt/stack/data/venv/lib/python3.12/site-packages/dbcounter.py:115}}
Jul 31 10:04:57.810139 np0000006203 nova-scheduler[92237]: DEBUG dbcounter [-] [92237] Writing DB stats nova_cell1:SELECT=1 {{(pid=92237) stat_writer /opt/stack/data/venv/lib/python3.12/site-packages/dbcounter.py:115}}
Jul 31 10:05:02.153006 np0000006203 nova-scheduler[93448]: DEBUG oslo.service.backend._threading.loopingcall [None req-ba617b71-d85e-4f04-a822-cd898f3918d4 None None] Dynamic interval looping call 'nova.service.Service.periodic_tasks' sleeping for 60.00 seconds {{(pid=93448) _run_loop /opt/stack/data/venv/lib/python3.12/site-packages/oslo_service/backend/_threading/loopingcall.py:125}}
Jul 31 10:05:04.096891 np0000006203 nova-scheduler[93446]: DEBUG oslo.service.backend._threading.loopingcall [None req-ffaaffc4-4f85-44a5-b596-238c10c9f174 None None] Dynamic interval looping call 'nova.service.Service.periodic_tasks' sleeping for 60.00 seconds {{(pid=93446) _run_loop /opt/stack/data/venv/lib/python3.12/site-packages/oslo_service/backend/_threading/loopingcall.py:125}}
Jul 31 10:05:04.105205 np0000006203 nova-scheduler[93444]: DEBUG dbcounter [-] [93444] Writing DB stats nova_cell0:SELECT=4,nova_cell0:INSERT=1,nova_cell0:UPDATE=1 {{(pid=93444) stat_writer /opt/stack/data/venv/lib/python3.12/site-packages/dbcounter.py:115}}
Jul 31 10:05:04.111704 np0000006203 nova-scheduler[93446]: DEBUG dbcounter [-] [93446] Writing DB stats nova_cell0:SELECT=5,nova_cell0:INSERT=1,nova_cell0:UPDATE=1 {{(pid=93446) stat_writer /opt/stack/data/venv/lib/python3.12/site-packages/dbcounter.py:115}}
Jul 31 10:05:04.159140 np0000006203 nova-scheduler[93448]: DEBUG dbcounter [-] [93448] Writing DB stats nova_cell0:SELECT=3 {{(pid=93448) stat_writer /opt/stack/data/venv/lib/python3.12/site-packages/dbcounter.py:115}}
Jul 31 10:05:22.094396 np0000006203 nova-scheduler[93444]: DEBUG oslo.service.backend._threading.loopingcall [None req-8d5bb720-60e1-4a6c-9aad-51008db7bcce None None] Dynamic interval looping call 'nova.service.Service.periodic_tasks' sleeping for 60.00 seconds {{(pid=93444) _run_loop /opt/stack/data/venv/lib/python3.12/site-packages/oslo_service/backend/_threading/loopingcall.py:125}}
Jul 31 10:06:02.153971 np0000006203 nova-scheduler[93448]: DEBUG oslo.service.backend._threading.loopingcall [None req-ba617b71-d85e-4f04-a822-cd898f3918d4 None None] Dynamic interval looping call 'nova.service.Service.periodic_tasks' sleeping for 60.00 seconds {{(pid=93448) _run_loop /opt/stack/data/venv/lib/python3.12/site-packages/oslo_service/backend/_threading/loopingcall.py:125}}
Jul 31 10:06:04.097465 np0000006203 nova-scheduler[93446]: DEBUG oslo.service.backend._threading.loopingcall [None req-ffaaffc4-4f85-44a5-b596-238c10c9f174 None None] Dynamic interval looping call 'nova.service.Service.periodic_tasks' sleeping for 60.00 seconds {{(pid=93446) _run_loop /opt/stack/data/venv/lib/python3.12/site-packages/oslo_service/backend/_threading/loopingcall.py:125}}
Jul 31 10:06:22.094817 np0000006203 nova-scheduler[93444]: DEBUG oslo.service.backend._threading.loopingcall [None req-8d5bb720-60e1-4a6c-9aad-51008db7bcce None None] Dynamic interval looping call 'nova.service.Service.periodic_tasks' sleeping for 60.00 seconds {{(pid=93444) _run_loop /opt/stack/data/venv/lib/python3.12/site-packages/oslo_service/backend/_threading/loopingcall.py:125}}
Jul 31 10:06:54.105533 np0000006203 nova-scheduler[93444]: DEBUG oslo.service.backend._threading.loopingcall [-] Fixed interval looping call 'nova.servicegroup.drivers.db.DbDriver._report_state' sleeping for 119.99 seconds {{(pid=93444) _run_loop /opt/stack/data/venv/lib/python3.12/site-packages/oslo_service/backend/_threading/loopingcall.py:125}}
Jul 31 10:06:54.106039 np0000006203 nova-scheduler[93446]: DEBUG oslo.service.backend._threading.loopingcall [-] Fixed interval looping call 'nova.servicegroup.drivers.db.DbDriver._report_state' sleeping for 119.99 seconds {{(pid=93446) _run_loop /opt/stack/data/venv/lib/python3.12/site-packages/oslo_service/backend/_threading/loopingcall.py:125}}
Jul 31 10:06:54.155325 np0000006203 nova-scheduler[93448]: DEBUG oslo.service.backend._threading.loopingcall [-] Fixed interval looping call 'nova.servicegroup.drivers.db.DbDriver._report_state' sleeping for 120.00 seconds {{(pid=93448) _run_loop /opt/stack/data/venv/lib/python3.12/site-packages/oslo_service/backend/_threading/loopingcall.py:125}}
Jul 31 10:07:02.154170 np0000006203 nova-scheduler[93448]: DEBUG oslo.service.backend._threading.loopingcall [None req-ba617b71-d85e-4f04-a822-cd898f3918d4 None None] Dynamic interval looping call 'nova.service.Service.periodic_tasks' sleeping for 60.00 seconds {{(pid=93448) _run_loop /opt/stack/data/venv/lib/python3.12/site-packages/oslo_service/backend/_threading/loopingcall.py:125}}
Jul 31 10:07:04.098213 np0000006203 nova-scheduler[93446]: DEBUG oslo.service.backend._threading.loopingcall [None req-ffaaffc4-4f85-44a5-b596-238c10c9f174 None None] Dynamic interval looping call 'nova.service.Service.periodic_tasks' sleeping for 60.00 seconds {{(pid=93446) _run_loop /opt/stack/data/venv/lib/python3.12/site-packages/oslo_service/backend/_threading/loopingcall.py:125}}
Jul 31 10:07:04.102469 np0000006203 nova-scheduler[93444]: DEBUG dbcounter [-] [93444] Writing DB stats nova_cell0:SELECT=1,nova_cell0:UPDATE=1 {{(pid=93444) stat_writer /opt/stack/data/venv/lib/python3.12/site-packages/dbcounter.py:115}}
Jul 31 10:07:04.103868 np0000006203 nova-scheduler[93446]: DEBUG dbcounter [-] [93446] Writing DB stats nova_cell0:SELECT=1,nova_cell0:UPDATE=1 {{(pid=93446) stat_writer /opt/stack/data/venv/lib/python3.12/site-packages/dbcounter.py:115}}
Jul 31 10:07:04.153882 np0000006203 nova-scheduler[93448]: DEBUG dbcounter [-] [93448] Writing DB stats nova_cell0:SELECT=1 {{(pid=93448) stat_writer /opt/stack/data/venv/lib/python3.12/site-packages/dbcounter.py:115}}
Jul 31 10:07:18.858991 np0000006203 nova-scheduler[93444]: DEBUG nova.scheduler.manager [None req-1474d191-e531-4a92-9a71-f913d18032ff tempest-DeleteServersTestJSON-570245457 tempest-DeleteServersTestJSON-570245457-project-member] Starting to schedule for instances: ['b46e1c20-9721-4df7-b25c-aafe8e7e6cd9'] {{(pid=93444) select_destinations /opt/stack/nova/nova/scheduler/manager.py:209}}
Jul 31 10:07:18.859901 np0000006203 nova-scheduler[93444]: DEBUG nova.scheduler.request_filter [None req-1474d191-e531-4a92-9a71-f913d18032ff tempest-DeleteServersTestJSON-570245457 tempest-DeleteServersTestJSON-570245457-project-member] compute_status_filter request filter added forbidden trait COMPUTE_STATUS_DISABLED {{(pid=93444) compute_status_filter /opt/stack/nova/nova/scheduler/request_filter.py:253}}
Jul 31 10:07:18.859901 np0000006203 nova-scheduler[93444]: DEBUG nova.scheduler.request_filter [None req-1474d191-e531-4a92-9a71-f913d18032ff tempest-DeleteServersTestJSON-570245457 tempest-DeleteServersTestJSON-570245457-project-member] Request filter 'compute_status_filter' took 0.0 seconds {{(pid=93444) wrapper /opt/stack/nova/nova/scheduler/request_filter.py:46}}
Jul 31 10:07:18.859901 np0000006203 nova-scheduler[93444]: DEBUG nova.scheduler.request_filter [None req-1474d191-e531-4a92-9a71-f913d18032ff tempest-DeleteServersTestJSON-570245457 tempest-DeleteServersTestJSON-570245457-project-member] Request filter 'accelerators_filter' took 0.0 seconds {{(pid=93444) wrapper /opt/stack/nova/nova/scheduler/request_filter.py:46}}
Jul 31 10:07:18.859901 np0000006203 nova-scheduler[93444]: DEBUG nova.scheduler.request_filter [None req-1474d191-e531-4a92-9a71-f913d18032ff tempest-DeleteServersTestJSON-570245457 tempest-DeleteServersTestJSON-570245457-project-member] Request filter 'packed_virtqueue_filter' took 0.0 seconds {{(pid=93444) wrapper /opt/stack/nova/nova/scheduler/request_filter.py:46}}
Jul 31 10:07:18.860226 np0000006203 nova-scheduler[93444]: DEBUG nova.scheduler.request_filter [None req-1474d191-e531-4a92-9a71-f913d18032ff tempest-DeleteServersTestJSON-570245457 tempest-DeleteServersTestJSON-570245457-project-member] Request filter 'remote_managed_ports_filter' took 0.0 seconds {{(pid=93444) wrapper /opt/stack/nova/nova/scheduler/request_filter.py:46}}
Jul 31 10:07:18.860315 np0000006203 nova-scheduler[93444]: DEBUG nova.scheduler.request_filter [None req-1474d191-e531-4a92-9a71-f913d18032ff tempest-DeleteServersTestJSON-570245457 tempest-DeleteServersTestJSON-570245457-project-member] ephemeral_encryption_filter skipped {{(pid=93444) ephemeral_encryption_filter /opt/stack/nova/nova/scheduler/request_filter.py:426}}
Jul 31 10:07:18.860473 np0000006203 nova-scheduler[93444]: DEBUG nova.scheduler.request_filter [None req-1474d191-e531-4a92-9a71-f913d18032ff tempest-DeleteServersTestJSON-570245457 tempest-DeleteServersTestJSON-570245457-project-member] virtio_sound_filter skipped {{(pid=93444) virtio_sound_filter /opt/stack/nova/nova/scheduler/request_filter.py:460}}
Jul 31 10:07:18.860643 np0000006203 nova-scheduler[93444]: DEBUG nova.scheduler.request_filter [None req-1474d191-e531-4a92-9a71-f913d18032ff tempest-DeleteServersTestJSON-570245457 tempest-DeleteServersTestJSON-570245457-project-member] tpm_secret_security_filter skipped {{(pid=93444) tpm_secret_security_filter /opt/stack/nova/nova/scheduler/request_filter.py:477}}
Jul 31 10:07:19.289508 np0000006203 nova-scheduler[93446]: DEBUG nova.scheduler.manager [None req-432926b2-37fd-4cd5-a3b8-d76b5c23fdb9 tempest-ServerBootFromVolumeStableRescueTest-259283965 tempest-ServerBootFromVolumeStableRescueTest-259283965-project-member] Starting to schedule for instances: ['75af1fdb-e23a-4971-a273-a29ed54b55cd'] {{(pid=93446) select_destinations /opt/stack/nova/nova/scheduler/manager.py:209}}
Jul 31 10:07:19.290616 np0000006203 nova-scheduler[93446]: DEBUG nova.scheduler.request_filter [None req-432926b2-37fd-4cd5-a3b8-d76b5c23fdb9 tempest-ServerBootFromVolumeStableRescueTest-259283965 tempest-ServerBootFromVolumeStableRescueTest-259283965-project-member] compute_status_filter request filter added forbidden trait COMPUTE_STATUS_DISABLED {{(pid=93446) compute_status_filter /opt/stack/nova/nova/scheduler/request_filter.py:253}}
Jul 31 10:07:19.290805 np0000006203 nova-scheduler[93446]: DEBUG nova.scheduler.request_filter [None req-432926b2-37fd-4cd5-a3b8-d76b5c23fdb9 tempest-ServerBootFromVolumeStableRescueTest-259283965 tempest-ServerBootFromVolumeStableRescueTest-259283965-project-member] Request filter 'compute_status_filter' took 0.0 seconds {{(pid=93446) wrapper /opt/stack/nova/nova/scheduler/request_filter.py:46}}
Jul 31 10:07:19.291194 np0000006203 nova-scheduler[93446]: DEBUG nova.scheduler.request_filter [None req-432926b2-37fd-4cd5-a3b8-d76b5c23fdb9 tempest-ServerBootFromVolumeStableRescueTest-259283965 tempest-ServerBootFromVolumeStableRescueTest-259283965-project-member] Request filter 'accelerators_filter' took 0.0 seconds {{(pid=93446) wrapper /opt/stack/nova/nova/scheduler/request_filter.py:46}}
Jul 31 10:07:19.291435 np0000006203 nova-scheduler[93446]: DEBUG nova.scheduler.request_filter [None req-432926b2-37fd-4cd5-a3b8-d76b5c23fdb9 tempest-ServerBootFromVolumeStableRescueTest-259283965 tempest-ServerBootFromVolumeStableRescueTest-259283965-project-member] Request filter 'packed_virtqueue_filter' took 0.0 seconds {{(pid=93446) wrapper /opt/stack/nova/nova/scheduler/request_filter.py:46}}
Jul 31 10:07:19.291737 np0000006203 nova-scheduler[93446]: DEBUG nova.scheduler.request_filter [None req-432926b2-37fd-4cd5-a3b8-d76b5c23fdb9 tempest-ServerBootFromVolumeStableRescueTest-259283965 tempest-ServerBootFromVolumeStableRescueTest-259283965-project-member] Request filter 'remote_managed_ports_filter' took 0.0 seconds {{(pid=93446) wrapper /opt/stack/nova/nova/scheduler/request_filter.py:46}}
Jul 31 10:07:19.292067 np0000006203 nova-scheduler[93446]: DEBUG nova.scheduler.request_filter [None req-432926b2-37fd-4cd5-a3b8-d76b5c23fdb9 tempest-ServerBootFromVolumeStableRescueTest-259283965 tempest-ServerBootFromVolumeStableRescueTest-259283965-project-member] ephemeral_encryption_filter skipped {{(pid=93446) ephemeral_encryption_filter /opt/stack/nova/nova/scheduler/request_filter.py:426}}
Jul 31 10:07:19.292318 np0000006203 nova-scheduler[93446]: DEBUG nova.scheduler.request_filter [None req-432926b2-37fd-4cd5-a3b8-d76b5c23fdb9 tempest-ServerBootFromVolumeStableRescueTest-259283965 tempest-ServerBootFromVolumeStableRescueTest-259283965-project-member] virtio_sound_filter skipped {{(pid=93446) virtio_sound_filter /opt/stack/nova/nova/scheduler/request_filter.py:460}}
Jul 31 10:07:19.292524 np0000006203 nova-scheduler[93446]: DEBUG nova.scheduler.request_filter [None req-432926b2-37fd-4cd5-a3b8-d76b5c23fdb9 tempest-ServerBootFromVolumeStableRescueTest-259283965 tempest-ServerBootFromVolumeStableRescueTest-259283965-project-member] tpm_secret_security_filter skipped {{(pid=93446) tpm_secret_security_filter /opt/stack/nova/nova/scheduler/request_filter.py:477}}
Jul 31 10:07:19.543592 np0000006203 nova-scheduler[93448]: DEBUG nova.scheduler.manager [None req-5e976d37-4fab-4968-b6ef-135724961b0c tempest-ImageDependencyTests-80721935 tempest-ImageDependencyTests-80721935-project-member] Starting to schedule for instances: ['87e9c22d-b09a-4a7e-ae11-d24a83232ae5'] {{(pid=93448) select_destinations /opt/stack/nova/nova/scheduler/manager.py:209}}
Jul 31 10:07:19.544421 np0000006203 nova-scheduler[93448]: DEBUG nova.scheduler.request_filter [None req-5e976d37-4fab-4968-b6ef-135724961b0c tempest-ImageDependencyTests-80721935 tempest-ImageDependencyTests-80721935-project-member] compute_status_filter request filter added forbidden trait COMPUTE_STATUS_DISABLED {{(pid=93448) compute_status_filter /opt/stack/nova/nova/scheduler/request_filter.py:253}}
Jul 31 10:07:19.544573 np0000006203 nova-scheduler[93448]: DEBUG nova.scheduler.request_filter [None req-5e976d37-4fab-4968-b6ef-135724961b0c tempest-ImageDependencyTests-80721935 tempest-ImageDependencyTests-80721935-project-member] Request filter 'compute_status_filter' took 0.0 seconds {{(pid=93448) wrapper /opt/stack/nova/nova/scheduler/request_filter.py:46}}
Jul 31 10:07:19.544857 np0000006203 nova-scheduler[93448]: DEBUG nova.scheduler.request_filter [None req-5e976d37-4fab-4968-b6ef-135724961b0c tempest-ImageDependencyTests-80721935 tempest-ImageDependencyTests-80721935-project-member] Request filter 'accelerators_filter' took 0.0 seconds {{(pid=93448) wrapper /opt/stack/nova/nova/scheduler/request_filter.py:46}}
Jul 31 10:07:19.545124 np0000006203 nova-scheduler[93448]: DEBUG nova.scheduler.request_filter [None req-5e976d37-4fab-4968-b6ef-135724961b0c tempest-ImageDependencyTests-80721935 tempest-ImageDependencyTests-80721935-project-member] Request filter 'packed_virtqueue_filter' took 0.0 seconds {{(pid=93448) wrapper /opt/stack/nova/nova/scheduler/request_filter.py:46}}
Jul 31 10:07:19.545357 np0000006203 nova-scheduler[93448]: DEBUG nova.scheduler.request_filter [None req-5e976d37-4fab-4968-b6ef-135724961b0c tempest-ImageDependencyTests-80721935 tempest-ImageDependencyTests-80721935-project-member] Request filter 'remote_managed_ports_filter' took 0.0 seconds {{(pid=93448) wrapper /opt/stack/nova/nova/scheduler/request_filter.py:46}}
Jul 31 10:07:19.545504 np0000006203 nova-scheduler[93448]: DEBUG nova.scheduler.request_filter [None req-5e976d37-4fab-4968-b6ef-135724961b0c tempest-ImageDependencyTests-80721935 tempest-ImageDependencyTests-80721935-project-member] ephemeral_encryption_filter skipped {{(pid=93448) ephemeral_encryption_filter /opt/stack/nova/nova/scheduler/request_filter.py:426}}
Jul 31 10:07:19.545675 np0000006203 nova-scheduler[93448]: DEBUG nova.scheduler.request_filter [None req-5e976d37-4fab-4968-b6ef-135724961b0c tempest-ImageDependencyTests-80721935 tempest-ImageDependencyTests-80721935-project-member] virtio_sound_filter skipped {{(pid=93448) virtio_sound_filter /opt/stack/nova/nova/scheduler/request_filter.py:460}}
Jul 31 10:07:19.545849 np0000006203 nova-scheduler[93448]: DEBUG nova.scheduler.request_filter [None req-5e976d37-4fab-4968-b6ef-135724961b0c tempest-ImageDependencyTests-80721935 tempest-ImageDependencyTests-80721935-project-member] tpm_secret_security_filter skipped {{(pid=93448) tpm_secret_security_filter /opt/stack/nova/nova/scheduler/request_filter.py:477}}
Jul 31 10:07:19.632886 np0000006203 nova-scheduler[93444]: INFO nova.utils [None req-1474d191-e531-4a92-9a71-f913d18032ff tempest-DeleteServersTestJSON-570245457 tempest-DeleteServersTestJSON-570245457-project-member] The cell worker thread pool ForkProcess-1.cell_worker is initialized
Jul 31 10:07:19.633299 np0000006203 nova-scheduler[93444]: DEBUG oslo_concurrency.lockutils [None req-1474d191-e531-4a92-9a71-f913d18032ff tempest-DeleteServersTestJSON-570245457 tempest-DeleteServersTestJSON-570245457-project-member] Acquiring lock "e743f029-cfcc-4f61-a6da-bcd2526d0b25" by "nova.context.set_target_cell..get_or_set_cached_cell_and_set_connections" {{(pid=93444) inner /opt/stack/data/venv/lib/python3.12/site-packages/oslo_concurrency/lockutils.py:512}}
Jul 31 10:07:19.633420 np0000006203 nova-scheduler[93444]: DEBUG oslo_concurrency.lockutils [None req-1474d191-e531-4a92-9a71-f913d18032ff tempest-DeleteServersTestJSON-570245457 tempest-DeleteServersTestJSON-570245457-project-member] Lock "e743f029-cfcc-4f61-a6da-bcd2526d0b25" acquired by "nova.context.set_target_cell..get_or_set_cached_cell_and_set_connections" :: waited 0.000s {{(pid=93444) inner /opt/stack/data/venv/lib/python3.12/site-packages/oslo_concurrency/lockutils.py:525}}
Jul 31 10:07:19.635382 np0000006203 nova-scheduler[93444]: DEBUG oslo_concurrency.lockutils [None req-1474d191-e531-4a92-9a71-f913d18032ff tempest-DeleteServersTestJSON-570245457 tempest-DeleteServersTestJSON-570245457-project-member] Lock "e743f029-cfcc-4f61-a6da-bcd2526d0b25" "released" by "nova.context.set_target_cell..get_or_set_cached_cell_and_set_connections" :: held 0.002s {{(pid=93444) inner /opt/stack/data/venv/lib/python3.12/site-packages/oslo_concurrency/lockutils.py:544}}
Jul 31 10:07:19.637034 np0000006203 nova-scheduler[93444]: INFO dbcounter [None req-1474d191-e531-4a92-9a71-f913d18032ff tempest-DeleteServersTestJSON-570245457 tempest-DeleteServersTestJSON-570245457-project-member] Registered counter for database nova_cell1
Jul 31 10:07:19.673195 np0000006203 nova-scheduler[93444]: DEBUG oslo_db.sqlalchemy.engines [None req-1474d191-e531-4a92-9a71-f913d18032ff tempest-DeleteServersTestJSON-570245457 tempest-DeleteServersTestJSON-570245457-project-member] MySQL server mode set to STRICT_TRANS_TABLES,STRICT_ALL_TABLES,NO_ZERO_IN_DATE,NO_ZERO_DATE,ERROR_FOR_DIVISION_BY_ZERO,TRADITIONAL,NO_ENGINE_SUBSTITUTION {{(pid=93444) _check_effective_sql_mode /opt/stack/data/venv/lib/python3.12/site-packages/oslo_db/sqlalchemy/engines.py:325}}
Jul 31 10:07:19.680042 np0000006203 nova-scheduler[93444]: DEBUG dbcounter [-] [93444] Writer thread running {{(pid=93444) stat_writer /opt/stack/data/venv/lib/python3.12/site-packages/dbcounter.py:102}}
Jul 31 10:07:19.684517 np0000006203 nova-scheduler[93448]: INFO nova.utils [None req-5e976d37-4fab-4968-b6ef-135724961b0c tempest-ImageDependencyTests-80721935 tempest-ImageDependencyTests-80721935-project-member] The cell worker thread pool ForkProcess-3.cell_worker is initialized
Jul 31 10:07:19.685149 np0000006203 nova-scheduler[93448]: DEBUG oslo_concurrency.lockutils [None req-5e976d37-4fab-4968-b6ef-135724961b0c tempest-ImageDependencyTests-80721935 tempest-ImageDependencyTests-80721935-project-member] Acquiring lock "e743f029-cfcc-4f61-a6da-bcd2526d0b25" by "nova.context.set_target_cell..get_or_set_cached_cell_and_set_connections" {{(pid=93448) inner /opt/stack/data/venv/lib/python3.12/site-packages/oslo_concurrency/lockutils.py:512}}
Jul 31 10:07:19.685632 np0000006203 nova-scheduler[93448]: DEBUG oslo_concurrency.lockutils [None req-5e976d37-4fab-4968-b6ef-135724961b0c tempest-ImageDependencyTests-80721935 tempest-ImageDependencyTests-80721935-project-member] Lock "e743f029-cfcc-4f61-a6da-bcd2526d0b25" acquired by "nova.context.set_target_cell..get_or_set_cached_cell_and_set_connections" :: waited 0.000s {{(pid=93448) inner /opt/stack/data/venv/lib/python3.12/site-packages/oslo_concurrency/lockutils.py:525}}
Jul 31 10:07:19.687533 np0000006203 nova-scheduler[93448]: DEBUG oslo_concurrency.lockutils [None req-5e976d37-4fab-4968-b6ef-135724961b0c tempest-ImageDependencyTests-80721935 tempest-ImageDependencyTests-80721935-project-member] Lock "e743f029-cfcc-4f61-a6da-bcd2526d0b25" "released" by "nova.context.set_target_cell..get_or_set_cached_cell_and_set_connections" :: held 0.002s {{(pid=93448) inner /opt/stack/data/venv/lib/python3.12/site-packages/oslo_concurrency/lockutils.py:544}}
Jul 31 10:07:19.689764 np0000006203 nova-scheduler[93448]: INFO dbcounter [None req-5e976d37-4fab-4968-b6ef-135724961b0c tempest-ImageDependencyTests-80721935 tempest-ImageDependencyTests-80721935-project-member] Registered counter for database nova_cell1
Jul 31 10:07:19.693406 np0000006203 nova-scheduler[93444]: DEBUG oslo_db.sqlalchemy.engines [None req-1474d191-e531-4a92-9a71-f913d18032ff tempest-DeleteServersTestJSON-570245457 tempest-DeleteServersTestJSON-570245457-project-member] Parent process 92237 forked (93444) with an open database connection, which is being discarded and recreated. {{(pid=93444) checkout /opt/stack/data/venv/lib/python3.12/site-packages/oslo_db/sqlalchemy/engines.py:402}}
Jul 31 10:07:19.731975 np0000006203 nova-scheduler[93444]: DEBUG dbcounter [-] [93444] Writer thread running {{(pid=93444) stat_writer /opt/stack/data/venv/lib/python3.12/site-packages/dbcounter.py:102}}
Jul 31 10:07:19.735787 np0000006203 nova-scheduler[93444]: DEBUG oslo_concurrency.lockutils [None req-1474d191-e531-4a92-9a71-f913d18032ff tempest-DeleteServersTestJSON-570245457 tempest-DeleteServersTestJSON-570245457-project-member] Acquiring lock "e743f029-cfcc-4f61-a6da-bcd2526d0b25" by "nova.context.set_target_cell..get_or_set_cached_cell_and_set_connections" {{(pid=93444) inner /opt/stack/data/venv/lib/python3.12/site-packages/oslo_concurrency/lockutils.py:512}}
Jul 31 10:07:19.735787 np0000006203 nova-scheduler[93444]: DEBUG oslo_concurrency.lockutils [None req-1474d191-e531-4a92-9a71-f913d18032ff tempest-DeleteServersTestJSON-570245457 tempest-DeleteServersTestJSON-570245457-project-member] Lock "e743f029-cfcc-4f61-a6da-bcd2526d0b25" acquired by "nova.context.set_target_cell..get_or_set_cached_cell_and_set_connections" :: waited 0.000s {{(pid=93444) inner /opt/stack/data/venv/lib/python3.12/site-packages/oslo_concurrency/lockutils.py:525}}
Jul 31 10:07:19.735787 np0000006203 nova-scheduler[93444]: DEBUG oslo_concurrency.lockutils [None req-1474d191-e531-4a92-9a71-f913d18032ff tempest-DeleteServersTestJSON-570245457 tempest-DeleteServersTestJSON-570245457-project-member] Lock "e743f029-cfcc-4f61-a6da-bcd2526d0b25" "released" by "nova.context.set_target_cell..get_or_set_cached_cell_and_set_connections" :: held 0.000s {{(pid=93444) inner /opt/stack/data/venv/lib/python3.12/site-packages/oslo_concurrency/lockutils.py:544}}
Jul 31 10:07:19.736195 np0000006203 nova-scheduler[93448]: DEBUG oslo_db.sqlalchemy.engines [None req-5e976d37-4fab-4968-b6ef-135724961b0c tempest-ImageDependencyTests-80721935 tempest-ImageDependencyTests-80721935-project-member] MySQL server mode set to STRICT_TRANS_TABLES,STRICT_ALL_TABLES,NO_ZERO_IN_DATE,NO_ZERO_DATE,ERROR_FOR_DIVISION_BY_ZERO,TRADITIONAL,NO_ENGINE_SUBSTITUTION {{(pid=93448) _check_effective_sql_mode /opt/stack/data/venv/lib/python3.12/site-packages/oslo_db/sqlalchemy/engines.py:325}}
Jul 31 10:07:19.739356 np0000006203 nova-scheduler[93444]: DEBUG oslo_concurrency.lockutils [None req-1474d191-e531-4a92-9a71-f913d18032ff tempest-DeleteServersTestJSON-570245457 tempest-DeleteServersTestJSON-570245457-project-member] Acquiring lock "np0000006203-np0000006203" by "nova.scheduler.host_manager.HostState.update.._locked_update" {{(pid=93444) inner /opt/stack/data/venv/lib/python3.12/site-packages/oslo_concurrency/lockutils.py:512}}
Jul 31 10:07:19.739497 np0000006203 nova-scheduler[93444]: DEBUG oslo_concurrency.lockutils [None req-1474d191-e531-4a92-9a71-f913d18032ff tempest-DeleteServersTestJSON-570245457 tempest-DeleteServersTestJSON-570245457-project-member] Lock "np0000006203-np0000006203" acquired by "nova.scheduler.host_manager.HostState.update.._locked_update" :: waited 0.000s {{(pid=93444) inner /opt/stack/data/venv/lib/python3.12/site-packages/oslo_concurrency/lockutils.py:525}}
Jul 31 10:07:19.741085 np0000006203 nova-scheduler[93444]: DEBUG nova.scheduler.host_manager [None req-1474d191-e531-4a92-9a71-f913d18032ff tempest-DeleteServersTestJSON-570245457 tempest-DeleteServersTestJSON-570245457-project-member] Update host state from compute node: ComputeNode(cpu_allocation_ratio=4.0,cpu_info='{"arch": "x86_64", "model": "EPYC-Milan", "vendor": "AMD", "topology": {"cells": 1, "sockets": 16, "cores": 1, "threads": 1}, "maxphysaddr": {"mode": "emulate", "bits": 40}, "features": ["rdctl-no", "erms", "syscall", "amd-psfd", "svm", "xsaves", "xsaveerptr", "virt-ssbd", "tsc-deadline", "fsgsbase", "pni", "adx", "sse4.1", "invpcid", "f16c", "rdseed", "mce", "clwb", "v-vmsave-vmload", "vaes", "pcid", "osvw", "rdrand", "spec-ctrl", "wbnoinvd", "x2apic", "cx16", "pclmuldq", "ssse3", "tsc-scale", "tsc", "rdpid", "sep", "fsrm", "lfence-always-serializing", "skip-l1dfl-vmentry", "vme", "3dnowprefetch", "sha-ni", "flushbyasid", "stibp-always-on", "lm", "npt", "pschange-mc-no", "vgif", "svme-addr-chk", "mds-no", "gds-no", "lahf_lm", "fxsr", "umip", "cmov", "mmxext", "pause-filter", "nx", "xsavec", "pse", "clzero", "movbe", "xgetbv1", "amd-ssbd", "arch-capabilities", "no-nested-data-bp", "mmx", "pse36", "mca", "pfthreshold", "pae", "lbrv", "rdtscp", "stibp", "fxsr_opt", "xsave", "sse2", "misalignsse", "abm", "clflush", "xsaveopt", "arat", "pat", "sse", "amd-stibp", "fma", "avx", "ibpb", "null-sel-clr-base", "ssbd", "topoext", "pge", "hypervisor", "cr8legacy", "popcnt", "aes", "de", "cx8", "pdpe1gb", "tsc_adjust", "vmcb-clean", "clflushopt", "smap", "avx2", "cmp_legacy", "sse4.2", "msr", "bmi2", "apic", "nrip-save", "sse4a", "bmi1", "vpclmulqdq", "ibrs", "pku", "fpu", "perfctr_core", "smep", "mtrr"]}',created_at=2026-07-31T10:05:10Z,current_workload=0,deleted=False,deleted_at=None,disk_allocation_ratio=1.0,disk_available_least=73,free_disk_gb=95,free_ram_mb=62765,host='np0000006203',host_ip=10.4.3.200,hypervisor_hostname='np0000006203',hypervisor_type='QEMU',hypervisor_version=8002002,id=1,local_gb=95,local_gb_used=0,mapped=1,memory_mb=63277,memory_mb_used=512,metrics='[]',numa_topology='{"nova_object.name": "NUMATopology", "nova_object.namespace": "nova", "nova_object.version": "1.2", "nova_object.data": {"cells": [{"nova_object.name": "NUMACell", "nova_object.namespace": "nova", "nova_object.version": "1.5", "nova_object.data": {"id": 0, "cpuset": [0, 1, 2, 3, 4, 5, 6, 7, 8, 9, 10, 11, 12, 13, 14, 15], "pcpuset": [0, 1, 2, 3, 4, 5, 6, 7, 8, 9, 10, 11, 12, 13, 14, 15], "memory": 63277, "cpu_usage": 0, "memory_usage": 0, "pinned_cpus": [], "siblings": [[6], [12], [2], [15], [5], [11], [8], [14], [4], [1], [7], [10], [0], [13], [3], [9]], "mempages": [{"nova_object.name": "NUMAPagesTopology", "nova_object.namespace": "nova", "nova_object.version": "1.1", "nova_object.data": {"size_kb": 4, "total": 16177928, "used": 0, "reserved": 0}, "nova_object.changes": ["size_kb", "total", "used", "reserved"]}, {"nova_object.name": "NUMAPagesTopology", "nova_object.namespace": "nova", "nova_object.version": "1.1", "nova_object.data": {"size_kb": 2048, "total": 41, "used": 0, "reserved": 0}, "nova_object.changes": ["size_kb", "total", "used", "reserved"]}, {"nova_object.name": "NUMAPagesTopology", "nova_object.namespace": "nova", "nova_object.version": "1.1", "nova_object.data": {"size_kb": 1048576, "total": 0, "used": 0, "reserved": 0}, "nova_object.changes": ["size_kb", "total", "used", "reserved"]}], "network_metadata": {"nova_object.name": "NetworkMetadata", "nova_object.namespace": "nova", "nova_object.version": "1.0", "nova_object.data": {"physnets": [], "tunneled": false}, "nova_object.changes": ["tunneled", "physnets"]}, "socket": null}, "nova_object.changes": ["id", "memory", "pinned_cpus", "siblings", "cpuset", "pcpuset", "cpu_usage", "mempages", "memory_usage", "socket", "network_metadata"]}]}, "nova_object.changes": ["cells"]}',pci_device_pools=PciDevicePoolList,ram_allocation_ratio=1.0,running_vms=0,service_id=3,stats={failed_builds='0',uptime=' 10:06:58 up 13 min, 2 users, load average: 1.51, 1.43, 0.84
Jul 31 10:07:19.741085 np0000006203 nova-scheduler[93444]: '},supported_hv_specs=[HVSpec,HVSpec,HVSpec,HVSpec,HVSpec,HVSpec,HVSpec,HVSpec,HVSpec,HVSpec,HVSpec,HVSpec,HVSpec,HVSpec,HVSpec,HVSpec,HVSpec,HVSpec,HVSpec,HVSpec,HVSpec,HVSpec,HVSpec,HVSpec,HVSpec],updated_at=2026-07-31T10:06:59Z,uuid=d72499b7-ce35-4760-9e7b-107d2b0feda9,vcpus=16,vcpus_used=0) {{(pid=93444) _locked_update /opt/stack/nova/nova/scheduler/host_manager.py:168}}
Jul 31 10:07:19.742010 np0000006203 nova-scheduler[93444]: DEBUG nova.scheduler.host_manager [None req-1474d191-e531-4a92-9a71-f913d18032ff tempest-DeleteServersTestJSON-570245457 tempest-DeleteServersTestJSON-570245457-project-member] Update host state with aggregates: [] {{(pid=93444) _locked_update /opt/stack/nova/nova/scheduler/host_manager.py:171}}
Jul 31 10:07:19.742275 np0000006203 nova-scheduler[93444]: DEBUG nova.scheduler.host_manager [None req-1474d191-e531-4a92-9a71-f913d18032ff tempest-DeleteServersTestJSON-570245457 tempest-DeleteServersTestJSON-570245457-project-member] Update host state with service dict: {'id': 3, 'uuid': '6cc16e8b-ed45-45ac-aece-07dfd0b13ca6', 'host': 'np0000006203', 'binary': 'nova-compute', 'topic': 'compute', 'report_count': 2, 'disabled': False, 'disabled_reason': None, 'last_seen_up': datetime.datetime(2026, 7, 31, 10, 7, 16, tzinfo=datetime.timezone.utc), 'forced_down': False, 'version': 72, 'created_at': datetime.datetime(2026, 7, 31, 10, 5, 10, tzinfo=datetime.timezone.utc), 'updated_at': datetime.datetime(2026, 7, 31, 10, 7, 16, tzinfo=datetime.timezone.utc), 'deleted_at': None, 'deleted': False} {{(pid=93444) _locked_update /opt/stack/nova/nova/scheduler/host_manager.py:174}}
Jul 31 10:07:19.742486 np0000006203 nova-scheduler[93444]: DEBUG nova.scheduler.host_manager [None req-1474d191-e531-4a92-9a71-f913d18032ff tempest-DeleteServersTestJSON-570245457 tempest-DeleteServersTestJSON-570245457-project-member] Update host state with instances: [] {{(pid=93444) _locked_update /opt/stack/nova/nova/scheduler/host_manager.py:177}}
