Jul 31 10:04:54.257143 np0000006203 nova-conductor[95853]: DEBUG cotyledon.oslo_config_glue [-] oslo_messaging_rabbit.rabbit_qos_prefetch_count = 0 {{(pid=95853) log_opt_values /opt/stack/data/venv/lib/python3.12/site-packages/oslo_config/cfg.py:3253}}
Jul 31 10:04:54.257143 np0000006203 nova-conductor[95853]: DEBUG cotyledon.oslo_config_glue [-] oslo_messaging_rabbit.rabbit_quorum_delivery_limit = 0 {{(pid=95853) log_opt_values /opt/stack/data/venv/lib/python3.12/site-packages/oslo_config/cfg.py:3253}}
Jul 31 10:04:54.257430 np0000006203 nova-conductor[95853]: DEBUG cotyledon.oslo_config_glue [-] oslo_messaging_rabbit.rabbit_quorum_max_memory_bytes = 0 {{(pid=95853) log_opt_values /opt/stack/data/venv/lib/python3.12/site-packages/oslo_config/cfg.py:3253}}
Jul 31 10:04:54.257430 np0000006203 nova-conductor[95853]: DEBUG cotyledon.oslo_config_glue [-] oslo_messaging_rabbit.rabbit_quorum_max_memory_length = 0 {{(pid=95853) log_opt_values /opt/stack/data/venv/lib/python3.12/site-packages/oslo_config/cfg.py:3253}}
Jul 31 10:04:54.257430 np0000006203 nova-conductor[95853]: DEBUG cotyledon.oslo_config_glue [-] oslo_messaging_rabbit.rabbit_quorum_queue = False {{(pid=95853) log_opt_values /opt/stack/data/venv/lib/python3.12/site-packages/oslo_config/cfg.py:3253}}
Jul 31 10:04:54.257430 np0000006203 nova-conductor[95853]: DEBUG cotyledon.oslo_config_glue [-] oslo_messaging_rabbit.rabbit_retry_backoff = 2 {{(pid=95853) log_opt_values /opt/stack/data/venv/lib/python3.12/site-packages/oslo_config/cfg.py:3253}}
Jul 31 10:04:54.257430 np0000006203 nova-conductor[95853]: DEBUG cotyledon.oslo_config_glue [-] oslo_messaging_rabbit.rabbit_retry_interval = 1 {{(pid=95853) log_opt_values /opt/stack/data/venv/lib/python3.12/site-packages/oslo_config/cfg.py:3253}}
Jul 31 10:04:54.257430 np0000006203 nova-conductor[95853]: DEBUG cotyledon.oslo_config_glue [-] oslo_messaging_rabbit.rabbit_stream_fanout = False {{(pid=95853) log_opt_values /opt/stack/data/venv/lib/python3.12/site-packages/oslo_config/cfg.py:3253}}
Jul 31 10:04:54.257430 np0000006203 nova-conductor[95853]: DEBUG cotyledon.oslo_config_glue [-] oslo_messaging_rabbit.rabbit_transient_queues_ttl = 1800 {{(pid=95853) log_opt_values /opt/stack/data/venv/lib/python3.12/site-packages/oslo_config/cfg.py:3253}}
Jul 31 10:04:54.257430 np0000006203 nova-conductor[95853]: DEBUG cotyledon.oslo_config_glue [-] oslo_messaging_rabbit.rabbit_transient_quorum_queue = False {{(pid=95853) log_opt_values /opt/stack/data/venv/lib/python3.12/site-packages/oslo_config/cfg.py:3253}}
Jul 31 10:04:54.257678 np0000006203 nova-conductor[95853]: DEBUG cotyledon.oslo_config_glue [-] oslo_messaging_rabbit.rpc_conn_pool_size = 30 {{(pid=95853) log_opt_values /opt/stack/data/venv/lib/python3.12/site-packages/oslo_config/cfg.py:3253}}
Jul 31 10:04:54.257678 np0000006203 nova-conductor[95853]: DEBUG cotyledon.oslo_config_glue [-] oslo_messaging_rabbit.ssl = False {{(pid=95853) log_opt_values /opt/stack/data/venv/lib/python3.12/site-packages/oslo_config/cfg.py:3253}}
Jul 31 10:04:54.257678 np0000006203 nova-conductor[95853]: DEBUG cotyledon.oslo_config_glue [-] oslo_messaging_rabbit.ssl_ca_file = {{(pid=95853) log_opt_values /opt/stack/data/venv/lib/python3.12/site-packages/oslo_config/cfg.py:3253}}
Jul 31 10:04:54.257678 np0000006203 nova-conductor[95853]: DEBUG cotyledon.oslo_config_glue [-] oslo_messaging_rabbit.ssl_cert_file = {{(pid=95853) log_opt_values /opt/stack/data/venv/lib/python3.12/site-packages/oslo_config/cfg.py:3253}}
Jul 31 10:04:54.257678 np0000006203 nova-conductor[95853]: DEBUG cotyledon.oslo_config_glue [-] oslo_messaging_rabbit.ssl_enforce_fips_mode = False {{(pid=95853) log_opt_values /opt/stack/data/venv/lib/python3.12/site-packages/oslo_config/cfg.py:3253}}
Jul 31 10:04:54.257678 np0000006203 nova-conductor[95853]: DEBUG cotyledon.oslo_config_glue [-] oslo_messaging_rabbit.ssl_enforce_hostname_verification = True {{(pid=95853) log_opt_values /opt/stack/data/venv/lib/python3.12/site-packages/oslo_config/cfg.py:3253}}
Jul 31 10:04:54.257678 np0000006203 nova-conductor[95853]: DEBUG cotyledon.oslo_config_glue [-] oslo_messaging_rabbit.ssl_key_file = {{(pid=95853) log_opt_values /opt/stack/data/venv/lib/python3.12/site-packages/oslo_config/cfg.py:3253}}
Jul 31 10:04:54.257678 np0000006203 nova-conductor[95853]: DEBUG cotyledon.oslo_config_glue [-] oslo_messaging_rabbit.ssl_version = {{(pid=95853) log_opt_values /opt/stack/data/venv/lib/python3.12/site-packages/oslo_config/cfg.py:3253}}
Jul 31 10:04:54.257678 np0000006203 nova-conductor[95853]: DEBUG cotyledon.oslo_config_glue [-] oslo_messaging_rabbit.use_queue_manager = False {{(pid=95853) log_opt_values /opt/stack/data/venv/lib/python3.12/site-packages/oslo_config/cfg.py:3253}}
Jul 31 10:04:54.258052 np0000006203 nova-conductor[95853]: DEBUG cotyledon.oslo_config_glue [-] oslo_messaging_notifications.driver = ['messagingv2'] {{(pid=95853) log_opt_values /opt/stack/data/venv/lib/python3.12/site-packages/oslo_config/cfg.py:3253}}
Jul 31 10:04:54.258052 np0000006203 nova-conductor[95853]: DEBUG cotyledon.oslo_config_glue [-] oslo_messaging_notifications.retry = -1 {{(pid=95853) log_opt_values /opt/stack/data/venv/lib/python3.12/site-packages/oslo_config/cfg.py:3253}}
Jul 31 10:04:54.258052 np0000006203 nova-conductor[95853]: DEBUG cotyledon.oslo_config_glue [-] oslo_messaging_notifications.topics = ['notifications'] {{(pid=95853) log_opt_values /opt/stack/data/venv/lib/python3.12/site-packages/oslo_config/cfg.py:3253}}
Jul 31 10:04:54.258052 np0000006203 nova-conductor[95853]: DEBUG cotyledon.oslo_config_glue [-] oslo_messaging_notifications.transport_url = **** {{(pid=95853) log_opt_values /opt/stack/data/venv/lib/python3.12/site-packages/oslo_config/cfg.py:3253}}
Jul 31 10:04:54.258052 np0000006203 nova-conductor[95853]: DEBUG cotyledon.oslo_config_glue [-] oslo_limit.auth_section = None {{(pid=95853) log_opt_values /opt/stack/data/venv/lib/python3.12/site-packages/oslo_config/cfg.py:3253}}
Jul 31 10:04:54.258052 np0000006203 nova-conductor[95853]: DEBUG cotyledon.oslo_config_glue [-] oslo_limit.auth_type = None {{(pid=95853) log_opt_values /opt/stack/data/venv/lib/python3.12/site-packages/oslo_config/cfg.py:3253}}
Jul 31 10:04:54.258052 np0000006203 nova-conductor[95853]: DEBUG cotyledon.oslo_config_glue [-] oslo_limit.cafile = None {{(pid=95853) log_opt_values /opt/stack/data/venv/lib/python3.12/site-packages/oslo_config/cfg.py:3253}}
Jul 31 10:04:54.258052 np0000006203 nova-conductor[95853]: DEBUG cotyledon.oslo_config_glue [-] oslo_limit.certfile = None {{(pid=95853) log_opt_values /opt/stack/data/venv/lib/python3.12/site-packages/oslo_config/cfg.py:3253}}
Jul 31 10:04:54.258052 np0000006203 nova-conductor[95853]: DEBUG cotyledon.oslo_config_glue [-] oslo_limit.collect_timing = False {{(pid=95853) log_opt_values /opt/stack/data/venv/lib/python3.12/site-packages/oslo_config/cfg.py:3253}}
Jul 31 10:04:54.258228 np0000006203 nova-conductor[95853]: DEBUG cotyledon.oslo_config_glue [-] oslo_limit.connect_retries = None {{(pid=95853) log_opt_values /opt/stack/data/venv/lib/python3.12/site-packages/oslo_config/cfg.py:3253}}
Jul 31 10:04:54.258228 np0000006203 nova-conductor[95853]: DEBUG cotyledon.oslo_config_glue [-] oslo_limit.connect_retry_delay = None {{(pid=95853) log_opt_values /opt/stack/data/venv/lib/python3.12/site-packages/oslo_config/cfg.py:3253}}
Jul 31 10:04:54.258228 np0000006203 nova-conductor[95853]: DEBUG cotyledon.oslo_config_glue [-] oslo_limit.endpoint_id = None {{(pid=95853) log_opt_values /opt/stack/data/venv/lib/python3.12/site-packages/oslo_config/cfg.py:3253}}
Jul 31 10:04:54.258228 np0000006203 nova-conductor[95853]: DEBUG cotyledon.oslo_config_glue [-] oslo_limit.endpoint_interface = public {{(pid=95853) log_opt_values /opt/stack/data/venv/lib/python3.12/site-packages/oslo_config/cfg.py:3253}}
Jul 31 10:04:54.258228 np0000006203 nova-conductor[95853]: DEBUG cotyledon.oslo_config_glue [-] oslo_limit.endpoint_override = None {{(pid=95853) log_opt_values /opt/stack/data/venv/lib/python3.12/site-packages/oslo_config/cfg.py:3253}}
Jul 31 10:04:54.258228 np0000006203 nova-conductor[95853]: DEBUG cotyledon.oslo_config_glue [-] oslo_limit.endpoint_region_name = None {{(pid=95853) log_opt_values /opt/stack/data/venv/lib/python3.12/site-packages/oslo_config/cfg.py:3253}}
Jul 31 10:04:54.258228 np0000006203 nova-conductor[95853]: DEBUG cotyledon.oslo_config_glue [-] oslo_limit.endpoint_service_name = None {{(pid=95853) log_opt_values /opt/stack/data/venv/lib/python3.12/site-packages/oslo_config/cfg.py:3253}}
Jul 31 10:04:54.258228 np0000006203 nova-conductor[95853]: DEBUG cotyledon.oslo_config_glue [-] oslo_limit.endpoint_service_type = None {{(pid=95853) log_opt_values /opt/stack/data/venv/lib/python3.12/site-packages/oslo_config/cfg.py:3253}}
Jul 31 10:04:54.258228 np0000006203 nova-conductor[95853]: DEBUG cotyledon.oslo_config_glue [-] oslo_limit.insecure = False {{(pid=95853) log_opt_values /opt/stack/data/venv/lib/python3.12/site-packages/oslo_config/cfg.py:3253}}
Jul 31 10:04:54.258431 np0000006203 nova-conductor[95853]: DEBUG cotyledon.oslo_config_glue [-] oslo_limit.keyfile = None {{(pid=95853) log_opt_values /opt/stack/data/venv/lib/python3.12/site-packages/oslo_config/cfg.py:3253}}
Jul 31 10:04:54.258431 np0000006203 nova-conductor[95853]: DEBUG cotyledon.oslo_config_glue [-] oslo_limit.max_version = None {{(pid=95853) log_opt_values /opt/stack/data/venv/lib/python3.12/site-packages/oslo_config/cfg.py:3253}}
Jul 31 10:04:54.258431 np0000006203 nova-conductor[95853]: DEBUG cotyledon.oslo_config_glue [-] oslo_limit.min_version = None {{(pid=95853) log_opt_values /opt/stack/data/venv/lib/python3.12/site-packages/oslo_config/cfg.py:3253}}
Jul 31 10:04:54.258431 np0000006203 nova-conductor[95853]: DEBUG cotyledon.oslo_config_glue [-] oslo_limit.region_name = None {{(pid=95853) log_opt_values /opt/stack/data/venv/lib/python3.12/site-packages/oslo_config/cfg.py:3253}}
Jul 31 10:04:54.258431 np0000006203 nova-conductor[95853]: DEBUG cotyledon.oslo_config_glue [-] oslo_limit.retriable_status_codes = None {{(pid=95853) log_opt_values /opt/stack/data/venv/lib/python3.12/site-packages/oslo_config/cfg.py:3253}}
Jul 31 10:04:54.258431 np0000006203 nova-conductor[95853]: DEBUG cotyledon.oslo_config_glue [-] oslo_limit.service_name = None {{(pid=95853) log_opt_values /opt/stack/data/venv/lib/python3.12/site-packages/oslo_config/cfg.py:3253}}
Jul 31 10:04:54.258431 np0000006203 nova-conductor[95853]: DEBUG cotyledon.oslo_config_glue [-] oslo_limit.service_type = None {{(pid=95853) log_opt_values /opt/stack/data/venv/lib/python3.12/site-packages/oslo_config/cfg.py:3253}}
Jul 31 10:04:54.258431 np0000006203 nova-conductor[95853]: DEBUG cotyledon.oslo_config_glue [-] oslo_limit.split_loggers = False {{(pid=95853) log_opt_values /opt/stack/data/venv/lib/python3.12/site-packages/oslo_config/cfg.py:3253}}
Jul 31 10:04:54.258431 np0000006203 nova-conductor[95853]: DEBUG cotyledon.oslo_config_glue [-] oslo_limit.status_code_retries = None {{(pid=95853) log_opt_values /opt/stack/data/venv/lib/python3.12/site-packages/oslo_config/cfg.py:3253}}
Jul 31 10:04:54.258616 np0000006203 nova-conductor[95853]: DEBUG cotyledon.oslo_config_glue [-] oslo_limit.status_code_retry_delay = None {{(pid=95853) log_opt_values /opt/stack/data/venv/lib/python3.12/site-packages/oslo_config/cfg.py:3253}}
Jul 31 10:04:54.258616 np0000006203 nova-conductor[95853]: DEBUG cotyledon.oslo_config_glue [-] oslo_limit.timeout = None {{(pid=95853) log_opt_values /opt/stack/data/venv/lib/python3.12/site-packages/oslo_config/cfg.py:3253}}
Jul 31 10:04:54.258616 np0000006203 nova-conductor[95853]: DEBUG cotyledon.oslo_config_glue [-] oslo_limit.valid_interfaces = None {{(pid=95853) log_opt_values /opt/stack/data/venv/lib/python3.12/site-packages/oslo_config/cfg.py:3253}}
Jul 31 10:04:54.258616 np0000006203 nova-conductor[95853]: DEBUG cotyledon.oslo_config_glue [-] oslo_limit.version = None {{(pid=95853) log_opt_values /opt/stack/data/venv/lib/python3.12/site-packages/oslo_config/cfg.py:3253}}
Jul 31 10:04:54.258616 np0000006203 nova-conductor[95853]: DEBUG cotyledon.oslo_config_glue [-] oslo_reports.file_event_handler = None {{(pid=95853) log_opt_values /opt/stack/data/venv/lib/python3.12/site-packages/oslo_config/cfg.py:3253}}
Jul 31 10:04:54.258616 np0000006203 nova-conductor[95853]: DEBUG cotyledon.oslo_config_glue [-] oslo_reports.file_event_handler_interval = 1 {{(pid=95853) log_opt_values /opt/stack/data/venv/lib/python3.12/site-packages/oslo_config/cfg.py:3253}}
Jul 31 10:04:54.258616 np0000006203 nova-conductor[95853]: DEBUG cotyledon.oslo_config_glue [-] oslo_reports.log_dir = None {{(pid=95853) log_opt_values /opt/stack/data/venv/lib/python3.12/site-packages/oslo_config/cfg.py:3253}}
Jul 31 10:04:54.258616 np0000006203 nova-conductor[95853]: DEBUG cotyledon.oslo_config_glue [-] ******************************************************************************** {{(pid=95853) log_opt_values /opt/stack/data/venv/lib/python3.12/site-packages/oslo_config/cfg.py:3260}}
Jul 31 10:04:54.258616 np0000006203 nova-conductor[95853]: DEBUG cotyledon._service_worker [-] Run service ServiceWrapper(2) [95853] {{(pid=95853) wait_forever /opt/stack/data/venv/lib/python3.12/site-packages/cotyledon/_service_worker.py:218}}
Jul 31 10:04:54.258847 np0000006203 nova-conductor[95853]: INFO nova.service [-] Starting conductor node (version 33.1.0)
Jul 31 10:04:54.258872 np0000006203 nova-conductor[95839]: INFO dbcounter [None req-b8ec848b-fb9e-4db6-a483-fc1a3339f2e8 None None] Registered counter for database nova_cell0
Jul 31 10:04:54.258900 np0000006203 nova-conductor[95853]: INFO dbcounter [None req-d9eedb82-8768-4e38-9e07-50d5f3edb43c None None] Registered counter for database nova_cell0
Jul 31 10:04:54.258924 np0000006203 nova-conductor[95835]: DEBUG oslo_db.sqlalchemy.engines [None req-4270eb1b-6b37-4155-bea5-db5ef6cf7172 None None] MySQL server mode set to STRICT_TRANS_TABLES,STRICT_ALL_TABLES,NO_ZERO_IN_DATE,NO_ZERO_DATE,ERROR_FOR_DIVISION_BY_ZERO,TRADITIONAL,NO_ENGINE_SUBSTITUTION {{(pid=95835) _check_effective_sql_mode /opt/stack/data/venv/lib/python3.12/site-packages/oslo_db/sqlalchemy/engines.py:325}}
Jul 31 10:04:54.266151 np0000006203 nova-conductor[95835]: DEBUG dbcounter [-] [95835] Writer thread running {{(pid=95835) stat_writer /opt/stack/data/venv/lib/python3.12/site-packages/dbcounter.py:102}}
Jul 31 10:04:54.279097 np0000006203 nova-conductor[95835]: DEBUG nova.service [None req-4270eb1b-6b37-4155-bea5-db5ef6cf7172 None None] Creating RPC server for service: nova-conductor on topic: conductor {{(pid=95835) start /opt/stack/nova/nova/service.py:196}}
Jul 31 10:04:54.285596 np0000006203 nova-conductor[95839]: DEBUG oslo_db.sqlalchemy.engines [None req-b8ec848b-fb9e-4db6-a483-fc1a3339f2e8 None None] MySQL server mode set to STRICT_TRANS_TABLES,STRICT_ALL_TABLES,NO_ZERO_IN_DATE,NO_ZERO_DATE,ERROR_FOR_DIVISION_BY_ZERO,TRADITIONAL,NO_ENGINE_SUBSTITUTION {{(pid=95839) _check_effective_sql_mode /opt/stack/data/venv/lib/python3.12/site-packages/oslo_db/sqlalchemy/engines.py:325}}
Jul 31 10:04:54.298385 np0000006203 nova-conductor[95839]: DEBUG dbcounter [-] [95839] Writer thread running {{(pid=95839) stat_writer /opt/stack/data/venv/lib/python3.12/site-packages/dbcounter.py:102}}
Jul 31 10:04:54.298960 np0000006203 nova-conductor[95835]: DEBUG nova.service [None req-4270eb1b-6b37-4155-bea5-db5ef6cf7172 None None] Join ServiceGroup membership for this service conductor {{(pid=95835) start /opt/stack/nova/nova/service.py:222}}
Jul 31 10:04:54.300439 np0000006203 nova-conductor[95835]: DEBUG nova.servicegroup.drivers.db [None req-4270eb1b-6b37-4155-bea5-db5ef6cf7172 None None] DB_Driver: join new ServiceGroup member np0000006203 to the conductor group, service = {{(pid=95835) join /opt/stack/nova/nova/servicegroup/drivers/db.py:44}}
Jul 31 10:04:54.300605 np0000006203 nova-conductor[95853]: DEBUG oslo_db.sqlalchemy.engines [None req-d9eedb82-8768-4e38-9e07-50d5f3edb43c None None] MySQL server mode set to STRICT_TRANS_TABLES,STRICT_ALL_TABLES,NO_ZERO_IN_DATE,NO_ZERO_DATE,ERROR_FOR_DIVISION_BY_ZERO,TRADITIONAL,NO_ENGINE_SUBSTITUTION {{(pid=95853) _check_effective_sql_mode /opt/stack/data/venv/lib/python3.12/site-packages/oslo_db/sqlalchemy/engines.py:325}}
Jul 31 10:04:54.301817 np0000006203 nova-conductor[95839]: DEBUG nova.service [None req-b8ec848b-fb9e-4db6-a483-fc1a3339f2e8 None None] Creating RPC server for service: nova-conductor on topic: conductor {{(pid=95839) start /opt/stack/nova/nova/service.py:196}}
Jul 31 10:04:54.308741 np0000006203 nova-conductor[95853]: DEBUG dbcounter [-] [95853] Writer thread running {{(pid=95853) stat_writer /opt/stack/data/venv/lib/python3.12/site-packages/dbcounter.py:102}}
Jul 31 10:04:54.312336 np0000006203 nova-conductor[95853]: DEBUG nova.service [None req-d9eedb82-8768-4e38-9e07-50d5f3edb43c None None] Creating RPC server for service: nova-conductor on topic: conductor {{(pid=95853) start /opt/stack/nova/nova/service.py:196}}
Jul 31 10:04:54.318237 np0000006203 nova-conductor[95839]: DEBUG nova.service [None req-b8ec848b-fb9e-4db6-a483-fc1a3339f2e8 None None] Join ServiceGroup membership for this service conductor {{(pid=95839) start /opt/stack/nova/nova/service.py:222}}
Jul 31 10:04:54.319601 np0000006203 nova-conductor[95839]: DEBUG nova.servicegroup.drivers.db [None req-b8ec848b-fb9e-4db6-a483-fc1a3339f2e8 None None] DB_Driver: join new ServiceGroup member np0000006203 to the conductor group, service = {{(pid=95839) join /opt/stack/nova/nova/servicegroup/drivers/db.py:44}}
Jul 31 10:04:54.328000 np0000006203 nova-conductor[95853]: DEBUG nova.service [None req-d9eedb82-8768-4e38-9e07-50d5f3edb43c None None] Join ServiceGroup membership for this service conductor {{(pid=95853) start /opt/stack/nova/nova/service.py:222}}
Jul 31 10:04:54.328354 np0000006203 nova-conductor[95853]: DEBUG nova.servicegroup.drivers.db [None req-d9eedb82-8768-4e38-9e07-50d5f3edb43c None None] DB_Driver: join new ServiceGroup member np0000006203 to the conductor group, service = {{(pid=95853) join /opt/stack/nova/nova/servicegroup/drivers/db.py:44}}
Jul 31 10:04:59.310780 np0000006203 nova-conductor[95835]: DEBUG oslo.service.backend._threading.loopingcall [-] Fixed interval looping call 'nova.servicegroup.drivers.db.DbDriver._report_state' sleeping for 119.99 seconds {{(pid=95835) _run_loop /opt/stack/data/venv/lib/python3.12/site-packages/oslo_service/backend/_threading/loopingcall.py:125}}
Jul 31 10:04:59.329059 np0000006203 nova-conductor[95839]: DEBUG oslo.service.backend._threading.loopingcall [-] Fixed interval looping call 'nova.servicegroup.drivers.db.DbDriver._report_state' sleeping for 119.99 seconds {{(pid=95839) _run_loop /opt/stack/data/venv/lib/python3.12/site-packages/oslo_service/backend/_threading/loopingcall.py:125}}
Jul 31 10:04:59.340545 np0000006203 nova-conductor[95853]: DEBUG oslo.service.backend._threading.loopingcall [-] Fixed interval looping call 'nova.servicegroup.drivers.db.DbDriver._report_state' sleeping for 119.99 seconds {{(pid=95853) _run_loop /opt/stack/data/venv/lib/python3.12/site-packages/oslo_service/backend/_threading/loopingcall.py:125}}
Jul 31 10:05:02.929162 np0000006203 nova-conductor[94388]: DEBUG dbcounter [-] [94388] Writing DB stats nova_api:SELECT=1 {{(pid=94388) stat_writer /opt/stack/data/venv/lib/python3.12/site-packages/dbcounter.py:115}}
Jul 31 10:05:03.041730 np0000006203 nova-conductor[94388]: DEBUG dbcounter [-] [94388] Writing DB stats nova_cell0:SELECT=1 {{(pid=94388) stat_writer /opt/stack/data/venv/lib/python3.12/site-packages/dbcounter.py:115}}
Jul 31 10:05:03.046093 np0000006203 nova-conductor[94388]: DEBUG dbcounter [-] [94388] Writing DB stats nova_cell1:SELECT=1 {{(pid=94388) stat_writer /opt/stack/data/venv/lib/python3.12/site-packages/dbcounter.py:115}}
Jul 31 10:05:09.307027 np0000006203 nova-conductor[95835]: DEBUG dbcounter [-] [95835] Writing DB stats nova_cell0:SELECT=4,nova_cell0:INSERT=1,nova_cell0:UPDATE=1 {{(pid=95835) stat_writer /opt/stack/data/venv/lib/python3.12/site-packages/dbcounter.py:115}}
Jul 31 10:05:09.326687 np0000006203 nova-conductor[95839]: DEBUG dbcounter [-] [95839] Writing DB stats nova_cell0:SELECT=3 {{(pid=95839) stat_writer /opt/stack/data/venv/lib/python3.12/site-packages/dbcounter.py:115}}
Jul 31 10:05:09.337269 np0000006203 nova-conductor[95853]: DEBUG dbcounter [-] [95853] Writing DB stats nova_cell0:SELECT=3 {{(pid=95853) stat_writer /opt/stack/data/venv/lib/python3.12/site-packages/dbcounter.py:115}}
Jul 31 10:05:21.330389 np0000006203 nova-conductor[95853]: DEBUG oslo.service.backend._threading.loopingcall [None req-e9aa6a34-d498-4529-a9e4-e59ea3f93722 None None] Dynamic interval looping call 'nova.service.Service.periodic_tasks' sleeping for 60.00 seconds {{(pid=95853) _run_loop /opt/stack/data/venv/lib/python3.12/site-packages/oslo_service/backend/_threading/loopingcall.py:125}}
Jul 31 10:05:43.321199 np0000006203 nova-conductor[95839]: DEBUG oslo.service.backend._threading.loopingcall [None req-e066a0c7-4e3d-4d1f-be79-4f4060e1d28e None None] Dynamic interval looping call 'nova.service.Service.periodic_tasks' sleeping for 60.00 seconds {{(pid=95839) _run_loop /opt/stack/data/venv/lib/python3.12/site-packages/oslo_service/backend/_threading/loopingcall.py:125}}
Jul 31 10:05:47.301395 np0000006203 nova-conductor[95835]: DEBUG oslo.service.backend._threading.loopingcall [None req-98d7095c-8086-4b52-979a-c9642f8ce8c7 None None] Dynamic interval looping call 'nova.service.Service.periodic_tasks' sleeping for 60.00 seconds {{(pid=95835) _run_loop /opt/stack/data/venv/lib/python3.12/site-packages/oslo_service/backend/_threading/loopingcall.py:125}}
Jul 31 10:06:21.330877 np0000006203 nova-conductor[95853]: DEBUG oslo.service.backend._threading.loopingcall [None req-e9aa6a34-d498-4529-a9e4-e59ea3f93722 None None] Dynamic interval looping call 'nova.service.Service.periodic_tasks' sleeping for 60.00 seconds {{(pid=95853) _run_loop /opt/stack/data/venv/lib/python3.12/site-packages/oslo_service/backend/_threading/loopingcall.py:125}}
Jul 31 10:06:43.321668 np0000006203 nova-conductor[95839]: DEBUG oslo.service.backend._threading.loopingcall [None req-e066a0c7-4e3d-4d1f-be79-4f4060e1d28e None None] Dynamic interval looping call 'nova.service.Service.periodic_tasks' sleeping for 60.00 seconds {{(pid=95839) _run_loop /opt/stack/data/venv/lib/python3.12/site-packages/oslo_service/backend/_threading/loopingcall.py:125}}
Jul 31 10:06:47.301818 np0000006203 nova-conductor[95835]: DEBUG oslo.service.backend._threading.loopingcall [None req-98d7095c-8086-4b52-979a-c9642f8ce8c7 None None] Dynamic interval looping call 'nova.service.Service.periodic_tasks' sleeping for 60.00 seconds {{(pid=95835) _run_loop /opt/stack/data/venv/lib/python3.12/site-packages/oslo_service/backend/_threading/loopingcall.py:125}}
Jul 31 10:06:59.309701 np0000006203 nova-conductor[95835]: DEBUG oslo.service.backend._threading.loopingcall [-] Fixed interval looping call 'nova.servicegroup.drivers.db.DbDriver._report_state' sleeping for 119.99 seconds {{(pid=95835) _run_loop /opt/stack/data/venv/lib/python3.12/site-packages/oslo_service/backend/_threading/loopingcall.py:125}}
Jul 31 10:06:59.322464 np0000006203 nova-conductor[95839]: DEBUG oslo.service.backend._threading.loopingcall [-] Fixed interval looping call 'nova.servicegroup.drivers.db.DbDriver._report_state' sleeping for 120.00 seconds {{(pid=95839) _run_loop /opt/stack/data/venv/lib/python3.12/site-packages/oslo_service/backend/_threading/loopingcall.py:125}}
Jul 31 10:06:59.334308 np0000006203 nova-conductor[95853]: DEBUG oslo.service.backend._threading.loopingcall [-] Fixed interval looping call 'nova.servicegroup.drivers.db.DbDriver._report_state' sleeping for 120.00 seconds {{(pid=95853) _run_loop /opt/stack/data/venv/lib/python3.12/site-packages/oslo_service/backend/_threading/loopingcall.py:125}}
Jul 31 10:07:09.305164 np0000006203 nova-conductor[95835]: DEBUG dbcounter [-] [95835] Writing DB stats nova_cell0:SELECT=1,nova_cell0:UPDATE=1 {{(pid=95835) stat_writer /opt/stack/data/venv/lib/python3.12/site-packages/dbcounter.py:115}}
Jul 31 10:07:09.320874 np0000006203 nova-conductor[95839]: DEBUG dbcounter [-] [95839] Writing DB stats nova_cell0:SELECT=1 {{(pid=95839) stat_writer /opt/stack/data/venv/lib/python3.12/site-packages/dbcounter.py:115}}
Jul 31 10:07:09.332853 np0000006203 nova-conductor[95853]: DEBUG dbcounter [-] [95853] Writing DB stats nova_cell0:SELECT=1 {{(pid=95853) stat_writer /opt/stack/data/venv/lib/python3.12/site-packages/dbcounter.py:115}}
Jul 31 10:07:18.777175 np0000006203 nova-conductor[95835]: DEBUG oslo_db.sqlalchemy.engines [None req-1474d191-e531-4a92-9a71-f913d18032ff tempest-DeleteServersTestJSON-570245457 tempest-DeleteServersTestJSON-570245457-project-member] Parent process 94388 forked (95835) with an open database connection, which is being discarded and recreated. {{(pid=95835) checkout /opt/stack/data/venv/lib/python3.12/site-packages/oslo_db/sqlalchemy/engines.py:402}}
Jul 31 10:07:18.821753 np0000006203 nova-conductor[95835]: DEBUG dbcounter [-] [95835] Writer thread running {{(pid=95835) stat_writer /opt/stack/data/venv/lib/python3.12/site-packages/dbcounter.py:102}}
Jul 31 10:07:19.257163 np0000006203 nova-conductor[95839]: DEBUG dbcounter [-] [95839] Writer thread running {{(pid=95839) stat_writer /opt/stack/data/venv/lib/python3.12/site-packages/dbcounter.py:102}}
Jul 31 10:07:19.499996 np0000006203 nova-conductor[95853]: DEBUG dbcounter [-] [95853] Writer thread running {{(pid=95853) stat_writer /opt/stack/data/venv/lib/python3.12/site-packages/dbcounter.py:102}}
Jul 31 10:07:19.908401 np0000006203 nova-conductor[95835]: DEBUG nova.conductor.manager [None req-1474d191-e531-4a92-9a71-f913d18032ff tempest-DeleteServersTestJSON-570245457 tempest-DeleteServersTestJSON-570245457-project-member] Took 1.08 seconds to select destinations for 1 instance(s). {{(pid=95835) _schedule_instances /opt/stack/nova/nova/conductor/manager.py:968}}
Jul 31 10:07:19.943467 np0000006203 nova-conductor[95835]: DEBUG oslo_concurrency.lockutils [None req-1474d191-e531-4a92-9a71-f913d18032ff tempest-DeleteServersTestJSON-570245457 tempest-DeleteServersTestJSON-570245457-project-member] Acquiring lock "e743f029-cfcc-4f61-a6da-bcd2526d0b25" by "nova.context.set_target_cell..get_or_set_cached_cell_and_set_connections" {{(pid=95835) inner /opt/stack/data/venv/lib/python3.12/site-packages/oslo_concurrency/lockutils.py:512}}
Jul 31 10:07:19.943647 np0000006203 nova-conductor[95835]: DEBUG oslo_concurrency.lockutils [None req-1474d191-e531-4a92-9a71-f913d18032ff tempest-DeleteServersTestJSON-570245457 tempest-DeleteServersTestJSON-570245457-project-member] Lock "e743f029-cfcc-4f61-a6da-bcd2526d0b25" acquired by "nova.context.set_target_cell..get_or_set_cached_cell_and_set_connections" :: waited 0.000s {{(pid=95835) inner /opt/stack/data/venv/lib/python3.12/site-packages/oslo_concurrency/lockutils.py:525}}
Jul 31 10:07:19.944961 np0000006203 nova-conductor[95835]: DEBUG oslo_concurrency.lockutils [None req-1474d191-e531-4a92-9a71-f913d18032ff tempest-DeleteServersTestJSON-570245457 tempest-DeleteServersTestJSON-570245457-project-member] Lock "e743f029-cfcc-4f61-a6da-bcd2526d0b25" "released" by "nova.context.set_target_cell..get_or_set_cached_cell_and_set_connections" :: held 0.001s {{(pid=95835) inner /opt/stack/data/venv/lib/python3.12/site-packages/oslo_concurrency/lockutils.py:544}}
Jul 31 10:07:19.946558 np0000006203 nova-conductor[95835]: INFO dbcounter [None req-1474d191-e531-4a92-9a71-f913d18032ff tempest-DeleteServersTestJSON-570245457 tempest-DeleteServersTestJSON-570245457-project-member] Registered counter for database nova_cell1
Jul 31 10:07:19.976643 np0000006203 nova-conductor[95835]: DEBUG oslo_db.sqlalchemy.engines [None req-1474d191-e531-4a92-9a71-f913d18032ff tempest-DeleteServersTestJSON-570245457 tempest-DeleteServersTestJSON-570245457-project-member] MySQL server mode set to STRICT_TRANS_TABLES,STRICT_ALL_TABLES,NO_ZERO_IN_DATE,NO_ZERO_DATE,ERROR_FOR_DIVISION_BY_ZERO,TRADITIONAL,NO_ENGINE_SUBSTITUTION {{(pid=95835) _check_effective_sql_mode /opt/stack/data/venv/lib/python3.12/site-packages/oslo_db/sqlalchemy/engines.py:325}}
Jul 31 10:07:19.982394 np0000006203 nova-conductor[95835]: DEBUG dbcounter [-] [95835] Writer thread running {{(pid=95835) stat_writer /opt/stack/data/venv/lib/python3.12/site-packages/dbcounter.py:102}}
Jul 31 10:07:20.024811 np0000006203 nova-conductor[95853]: DEBUG nova.conductor.manager [None req-5e976d37-4fab-4968-b6ef-135724961b0c tempest-ImageDependencyTests-80721935 tempest-ImageDependencyTests-80721935-project-member] Took 0.52 seconds to select destinations for 1 instance(s). {{(pid=95853) _schedule_instances /opt/stack/nova/nova/conductor/manager.py:968}}
Jul 31 10:07:20.060713 np0000006203 nova-conductor[95853]: DEBUG oslo_concurrency.lockutils [None req-5e976d37-4fab-4968-b6ef-135724961b0c tempest-ImageDependencyTests-80721935 tempest-ImageDependencyTests-80721935-project-member] Acquiring lock "e743f029-cfcc-4f61-a6da-bcd2526d0b25" by "nova.context.set_target_cell..get_or_set_cached_cell_and_set_connections" {{(pid=95853) inner /opt/stack/data/venv/lib/python3.12/site-packages/oslo_concurrency/lockutils.py:512}}
Jul 31 10:07:20.060923 np0000006203 nova-conductor[95853]: DEBUG oslo_concurrency.lockutils [None req-5e976d37-4fab-4968-b6ef-135724961b0c tempest-ImageDependencyTests-80721935 tempest-ImageDependencyTests-80721935-project-member] Lock "e743f029-cfcc-4f61-a6da-bcd2526d0b25" acquired by "nova.context.set_target_cell..get_or_set_cached_cell_and_set_connections" :: waited 0.000s {{(pid=95853) inner /opt/stack/data/venv/lib/python3.12/site-packages/oslo_concurrency/lockutils.py:525}}
Jul 31 10:07:20.062263 np0000006203 nova-conductor[95853]: DEBUG oslo_concurrency.lockutils [None req-5e976d37-4fab-4968-b6ef-135724961b0c tempest-ImageDependencyTests-80721935 tempest-ImageDependencyTests-80721935-project-member] Lock "e743f029-cfcc-4f61-a6da-bcd2526d0b25" "released" by "nova.context.set_target_cell..get_or_set_cached_cell_and_set_connections" :: held 0.001s {{(pid=95853) inner /opt/stack/data/venv/lib/python3.12/site-packages/oslo_concurrency/lockutils.py:544}}
Jul 31 10:07:20.064049 np0000006203 nova-conductor[95853]: INFO dbcounter [None req-5e976d37-4fab-4968-b6ef-135724961b0c tempest-ImageDependencyTests-80721935 tempest-ImageDependencyTests-80721935-project-member] Registered counter for database nova_cell1
Jul 31 10:07:20.064157 np0000006203 nova-conductor[95835]: INFO nova.utils [None req-1474d191-e531-4a92-9a71-f913d18032ff tempest-DeleteServersTestJSON-570245457 tempest-DeleteServersTestJSON-570245457-project-member] The cell worker thread pool ForkProcess-1.cell_worker is initialized
Jul 31 10:07:20.064519 np0000006203 nova-conductor[95835]: DEBUG oslo_concurrency.lockutils [None req-1474d191-e531-4a92-9a71-f913d18032ff tempest-DeleteServersTestJSON-570245457 tempest-DeleteServersTestJSON-570245457-project-member] Acquiring lock "00000000-0000-0000-0000-000000000000" by "nova.context.set_target_cell..get_or_set_cached_cell_and_set_connections" {{(pid=95835) inner /opt/stack/data/venv/lib/python3.12/site-packages/oslo_concurrency/lockutils.py:512}}
Jul 31 10:07:20.064677 np0000006203 nova-conductor[95835]: DEBUG oslo_concurrency.lockutils [None req-1474d191-e531-4a92-9a71-f913d18032ff tempest-DeleteServersTestJSON-570245457 tempest-DeleteServersTestJSON-570245457-project-member] Lock "00000000-0000-0000-0000-000000000000" acquired by "nova.context.set_target_cell..get_or_set_cached_cell_and_set_connections" :: waited 0.000s {{(pid=95835) inner /opt/stack/data/venv/lib/python3.12/site-packages/oslo_concurrency/lockutils.py:525}}
Jul 31 10:07:20.065058 np0000006203 nova-conductor[95835]: DEBUG oslo_concurrency.lockutils [None req-1474d191-e531-4a92-9a71-f913d18032ff tempest-DeleteServersTestJSON-570245457 tempest-DeleteServersTestJSON-570245457-project-member] Lock "00000000-0000-0000-0000-000000000000" "released" by "nova.context.set_target_cell..get_or_set_cached_cell_and_set_connections" :: held 0.000s {{(pid=95835) inner /opt/stack/data/venv/lib/python3.12/site-packages/oslo_concurrency/lockutils.py:544}}
Jul 31 10:07:20.065733 np0000006203 nova-conductor[95835]: DEBUG oslo_concurrency.lockutils [None req-1474d191-e531-4a92-9a71-f913d18032ff tempest-DeleteServersTestJSON-570245457 tempest-DeleteServersTestJSON-570245457-project-member] Acquiring lock "e743f029-cfcc-4f61-a6da-bcd2526d0b25" by "nova.context.set_target_cell..get_or_set_cached_cell_and_set_connections" {{(pid=95835) inner /opt/stack/data/venv/lib/python3.12/site-packages/oslo_concurrency/lockutils.py:512}}
Jul 31 10:07:20.065869 np0000006203 nova-conductor[95835]: DEBUG oslo_concurrency.lockutils [None req-1474d191-e531-4a92-9a71-f913d18032ff tempest-DeleteServersTestJSON-570245457 tempest-DeleteServersTestJSON-570245457-project-member] Lock "e743f029-cfcc-4f61-a6da-bcd2526d0b25" acquired by "nova.context.set_target_cell..get_or_set_cached_cell_and_set_connections" :: waited 0.000s {{(pid=95835) inner /opt/stack/data/venv/lib/python3.12/site-packages/oslo_concurrency/lockutils.py:525}}
Jul 31 10:07:20.065999 np0000006203 nova-conductor[95835]: DEBUG oslo_concurrency.lockutils [None req-1474d191-e531-4a92-9a71-f913d18032ff tempest-DeleteServersTestJSON-570245457 tempest-DeleteServersTestJSON-570245457-project-member] Lock "e743f029-cfcc-4f61-a6da-bcd2526d0b25" "released" by "nova.context.set_target_cell..get_or_set_cached_cell_and_set_connections" :: held 0.000s {{(pid=95835) inner /opt/stack/data/venv/lib/python3.12/site-packages/oslo_concurrency/lockutils.py:544}}
Jul 31 10:07:20.068370 np0000006203 nova-conductor[95835]: INFO dbcounter [None req-1474d191-e531-4a92-9a71-f913d18032ff tempest-DeleteServersTestJSON-570245457 tempest-DeleteServersTestJSON-570245457-project-member] Registered counter for database nova_cell0
Jul 31 10:07:20.096512 np0000006203 nova-conductor[95853]: DEBUG oslo_db.sqlalchemy.engines [None req-5e976d37-4fab-4968-b6ef-135724961b0c tempest-ImageDependencyTests-80721935 tempest-ImageDependencyTests-80721935-project-member] MySQL server mode set to STRICT_TRANS_TABLES,STRICT_ALL_TABLES,NO_ZERO_IN_DATE,NO_ZERO_DATE,ERROR_FOR_DIVISION_BY_ZERO,TRADITIONAL,NO_ENGINE_SUBSTITUTION {{(pid=95853) _check_effective_sql_mode /opt/stack/data/venv/lib/python3.12/site-packages/oslo_db/sqlalchemy/engines.py:325}}
Jul 31 10:07:20.102435 np0000006203 nova-conductor[95839]: DEBUG nova.conductor.manager [None req-432926b2-37fd-4cd5-a3b8-d76b5c23fdb9 tempest-ServerBootFromVolumeStableRescueTest-259283965 tempest-ServerBootFromVolumeStableRescueTest-259283965-project-member] Took 0.84 seconds to select destinations for 1 instance(s). {{(pid=95839) _schedule_instances /opt/stack/nova/nova/conductor/manager.py:968}}
Jul 31 10:07:20.103330 np0000006203 nova-conductor[95853]: DEBUG dbcounter [-] [95853] Writer thread running {{(pid=95853) stat_writer /opt/stack/data/venv/lib/python3.12/site-packages/dbcounter.py:102}}
Jul 31 10:07:20.130723 np0000006203 nova-conductor[95835]: DEBUG oslo_db.sqlalchemy.engines [None req-1474d191-e531-4a92-9a71-f913d18032ff tempest-DeleteServersTestJSON-570245457 tempest-DeleteServersTestJSON-570245457-project-member] MySQL server mode set to STRICT_TRANS_TABLES,STRICT_ALL_TABLES,NO_ZERO_IN_DATE,NO_ZERO_DATE,ERROR_FOR_DIVISION_BY_ZERO,TRADITIONAL,NO_ENGINE_SUBSTITUTION {{(pid=95835) _check_effective_sql_mode /opt/stack/data/venv/lib/python3.12/site-packages/oslo_db/sqlalchemy/engines.py:325}}
Jul 31 10:07:20.136315 np0000006203 nova-conductor[95835]: DEBUG dbcounter [-] [95835] Writer thread running {{(pid=95835) stat_writer /opt/stack/data/venv/lib/python3.12/site-packages/dbcounter.py:102}}
Jul 31 10:07:20.136395 np0000006203 nova-conductor[95839]: DEBUG oslo_concurrency.lockutils [None req-432926b2-37fd-4cd5-a3b8-d76b5c23fdb9 tempest-ServerBootFromVolumeStableRescueTest-259283965 tempest-ServerBootFromVolumeStableRescueTest-259283965-project-member] Acquiring lock "e743f029-cfcc-4f61-a6da-bcd2526d0b25" by "nova.context.set_target_cell..get_or_set_cached_cell_and_set_connections" {{(pid=95839) inner /opt/stack/data/venv/lib/python3.12/site-packages/oslo_concurrency/lockutils.py:512}}
Jul 31 10:07:20.136395 np0000006203 nova-conductor[95839]: DEBUG oslo_concurrency.lockutils [None req-432926b2-37fd-4cd5-a3b8-d76b5c23fdb9 tempest-ServerBootFromVolumeStableRescueTest-259283965 tempest-ServerBootFromVolumeStableRescueTest-259283965-project-member] Lock "e743f029-cfcc-4f61-a6da-bcd2526d0b25" acquired by "nova.context.set_target_cell..get_or_set_cached_cell_and_set_connections" :: waited 0.002s {{(pid=95839) inner /opt/stack/data/venv/lib/python3.12/site-packages/oslo_concurrency/lockutils.py:525}}
Jul 31 10:07:20.137732 np0000006203 nova-conductor[95839]: DEBUG oslo_concurrency.lockutils [None req-432926b2-37fd-4cd5-a3b8-d76b5c23fdb9 tempest-ServerBootFromVolumeStableRescueTest-259283965 tempest-ServerBootFromVolumeStableRescueTest-259283965-project-member] Lock "e743f029-cfcc-4f61-a6da-bcd2526d0b25" "released" by "nova.context.set_target_cell..get_or_set_cached_cell_and_set_connections" :: held 0.001s {{(pid=95839) inner /opt/stack/data/venv/lib/python3.12/site-packages/oslo_concurrency/lockutils.py:544}}
Jul 31 10:07:20.139473 np0000006203 nova-conductor[95839]: INFO dbcounter [None req-432926b2-37fd-4cd5-a3b8-d76b5c23fdb9 tempest-ServerBootFromVolumeStableRescueTest-259283965 tempest-ServerBootFromVolumeStableRescueTest-259283965-project-member] Registered counter for database nova_cell1
Jul 31 10:07:20.146299 np0000006203 nova-conductor[95835]: DEBUG nova.quota [None req-1474d191-e531-4a92-9a71-f913d18032ff tempest-DeleteServersTestJSON-570245457 tempest-DeleteServersTestJSON-570245457-project-member] Getting quotas for project e94291c8d0914ff8ae6bd4493b69b39c. Resources: {'cores', 'instances', 'ram'} {{(pid=95835) _get_quotas /opt/stack/nova/nova/quota.py:389}}
Jul 31 10:07:20.151490 np0000006203 nova-conductor[95835]: DEBUG nova.quota [None req-1474d191-e531-4a92-9a71-f913d18032ff tempest-DeleteServersTestJSON-570245457 tempest-DeleteServersTestJSON-570245457-project-member] Getting quotas for user e813b1df7b634c969a2ba0c6357a5347 and project e94291c8d0914ff8ae6bd4493b69b39c. Resources: {'cores', 'instances', 'ram'} {{(pid=95835) _get_quotas /opt/stack/nova/nova/quota.py:379}}
Jul 31 10:07:20.156815 np0000006203 nova-conductor[95853]: INFO nova.utils [None req-5e976d37-4fab-4968-b6ef-135724961b0c tempest-ImageDependencyTests-80721935 tempest-ImageDependencyTests-80721935-project-member] The cell worker thread pool ForkProcess-3.cell_worker is initialized
Jul 31 10:07:20.157143 np0000006203 nova-conductor[95853]: DEBUG oslo_concurrency.lockutils [None req-5e976d37-4fab-4968-b6ef-135724961b0c tempest-ImageDependencyTests-80721935 tempest-ImageDependencyTests-80721935-project-member] Acquiring lock "00000000-0000-0000-0000-000000000000" by "nova.context.set_target_cell..get_or_set_cached_cell_and_set_connections" {{(pid=95853) inner /opt/stack/data/venv/lib/python3.12/site-packages/oslo_concurrency/lockutils.py:512}}
Jul 31 10:07:20.157431 np0000006203 nova-conductor[95853]: DEBUG oslo_concurrency.lockutils [None req-5e976d37-4fab-4968-b6ef-135724961b0c tempest-ImageDependencyTests-80721935 tempest-ImageDependencyTests-80721935-project-member] Lock "00000000-0000-0000-0000-000000000000" acquired by "nova.context.set_target_cell..get_or_set_cached_cell_and_set_connections" :: waited 0.000s {{(pid=95853) inner /opt/stack/data/venv/lib/python3.12/site-packages/oslo_concurrency/lockutils.py:525}}
Jul 31 10:07:20.157811 np0000006203 nova-conductor[95853]: DEBUG oslo_concurrency.lockutils [None req-5e976d37-4fab-4968-b6ef-135724961b0c tempest-ImageDependencyTests-80721935 tempest-ImageDependencyTests-80721935-project-member] Lock "00000000-0000-0000-0000-000000000000" "released" by "nova.context.set_target_cell..get_or_set_cached_cell_and_set_connections" :: held 0.000s {{(pid=95853) inner /opt/stack/data/venv/lib/python3.12/site-packages/oslo_concurrency/lockutils.py:544}}
Jul 31 10:07:20.158140 np0000006203 nova-conductor[95835]: DEBUG nova.conductor.manager [None req-1474d191-e531-4a92-9a71-f913d18032ff tempest-DeleteServersTestJSON-570245457 tempest-DeleteServersTestJSON-570245457-project-member] [instance: b46e1c20-9721-4df7-b25c-aafe8e7e6cd9] Selected host: np0000006203; Selected node: np0000006203; Alternates: [] {{(pid=95835) schedule_and_build_instances /opt/stack/nova/nova/conductor/manager.py:1784}}
Jul 31 10:07:20.158592 np0000006203 nova-conductor[95835]: DEBUG oslo_concurrency.lockutils [None req-1474d191-e531-4a92-9a71-f913d18032ff tempest-DeleteServersTestJSON-570245457 tempest-DeleteServersTestJSON-570245457-project-member] Acquiring lock "e743f029-cfcc-4f61-a6da-bcd2526d0b25" by "nova.context.set_target_cell..get_or_set_cached_cell_and_set_connections" {{(pid=95835) inner /opt/stack/data/venv/lib/python3.12/site-packages/oslo_concurrency/lockutils.py:512}}
Jul 31 10:07:20.158718 np0000006203 nova-conductor[95853]: DEBUG oslo_concurrency.lockutils [None req-5e976d37-4fab-4968-b6ef-135724961b0c tempest-ImageDependencyTests-80721935 tempest-ImageDependencyTests-80721935-project-member] Acquiring lock "e743f029-cfcc-4f61-a6da-bcd2526d0b25" by "nova.context.set_target_cell..get_or_set_cached_cell_and_set_connections" {{(pid=95853) inner /opt/stack/data/venv/lib/python3.12/site-packages/oslo_concurrency/lockutils.py:512}}
Jul 31 10:07:20.158838 np0000006203 nova-conductor[95835]: DEBUG oslo_concurrency.lockutils [None req-1474d191-e531-4a92-9a71-f913d18032ff tempest-DeleteServersTestJSON-570245457 tempest-DeleteServersTestJSON-570245457-project-member] Lock "e743f029-cfcc-4f61-a6da-bcd2526d0b25" acquired by "nova.context.set_target_cell..get_or_set_cached_cell_and_set_connections" :: waited 0.000s {{(pid=95835) inner /opt/stack/data/venv/lib/python3.12/site-packages/oslo_concurrency/lockutils.py:525}}
Jul 31 10:07:20.158838 np0000006203 nova-conductor[95835]: DEBUG oslo_concurrency.lockutils [None req-1474d191-e531-4a92-9a71-f913d18032ff tempest-DeleteServersTestJSON-570245457 tempest-DeleteServersTestJSON-570245457-project-member] Lock "e743f029-cfcc-4f61-a6da-bcd2526d0b25" "released" by "nova.context.set_target_cell..get_or_set_cached_cell_and_set_connections" :: held 0.000s {{(pid=95835) inner /opt/stack/data/venv/lib/python3.12/site-packages/oslo_concurrency/lockutils.py:544}}
Jul 31 10:07:20.159085 np0000006203 nova-conductor[95853]: DEBUG oslo_concurrency.lockutils [None req-5e976d37-4fab-4968-b6ef-135724961b0c tempest-ImageDependencyTests-80721935 tempest-ImageDependencyTests-80721935-project-member] Lock "e743f029-cfcc-4f61-a6da-bcd2526d0b25" acquired by "nova.context.set_target_cell..get_or_set_cached_cell_and_set_connections" :: waited 0.000s {{(pid=95853) inner /opt/stack/data/venv/lib/python3.12/site-packages/oslo_concurrency/lockutils.py:525}}
Jul 31 10:07:20.159085 np0000006203 nova-conductor[95853]: DEBUG oslo_concurrency.lockutils [None req-5e976d37-4fab-4968-b6ef-135724961b0c tempest-ImageDependencyTests-80721935 tempest-ImageDependencyTests-80721935-project-member] Lock "e743f029-cfcc-4f61-a6da-bcd2526d0b25" "released" by "nova.context.set_target_cell..get_or_set_cached_cell_and_set_connections" :: held 0.000s {{(pid=95853) inner /opt/stack/data/venv/lib/python3.12/site-packages/oslo_concurrency/lockutils.py:544}}
Jul 31 10:07:20.160920 np0000006203 nova-conductor[95853]: INFO dbcounter [None req-5e976d37-4fab-4968-b6ef-135724961b0c tempest-ImageDependencyTests-80721935 tempest-ImageDependencyTests-80721935-project-member] Registered counter for database nova_cell0
Jul 31 10:07:20.167737 np0000006203 nova-conductor[95835]: DEBUG nova.conductor.manager [None req-1474d191-e531-4a92-9a71-f913d18032ff tempest-DeleteServersTestJSON-570245457 tempest-DeleteServersTestJSON-570245457-project-member] [instance: b46e1c20-9721-4df7-b25c-aafe8e7e6cd9] block_device_mapping [BlockDeviceMapping(attachment_id=,boot_index=0,connection_info=None,created_at=,delete_on_termination=True,deleted=,deleted_at=,destination_type='local',device_name=None,device_type='disk',disk_bus=None,encrypted=False,encryption_format=None,encryption_options=None,encryption_secret_uuid=None,guest_format=None,id=,image_id='a60d0926-a507-4be9-a943-e646d49a1f92',instance=,instance_uuid=,no_device=False,snapshot_id=None,source_type='image',tag=None,updated_at=,uuid=,volume_id=None,volume_size=None,volume_type=None)] {{(pid=95835) _create_block_device_mapping /opt/stack/nova/nova/conductor/manager.py:1529}}
Jul 31 10:07:20.169194 np0000006203 nova-conductor[95835]: DEBUG oslo_concurrency.lockutils [None req-1474d191-e531-4a92-9a71-f913d18032ff tempest-DeleteServersTestJSON-570245457 tempest-DeleteServersTestJSON-570245457-project-member] Acquiring lock "e743f029-cfcc-4f61-a6da-bcd2526d0b25" by "nova.context.set_target_cell..get_or_set_cached_cell_and_set_connections" {{(pid=95835) inner /opt/stack/data/venv/lib/python3.12/site-packages/oslo_concurrency/lockutils.py:512}}
Jul 31 10:07:20.169356 np0000006203 nova-conductor[95835]: DEBUG oslo_concurrency.lockutils [None req-1474d191-e531-4a92-9a71-f913d18032ff tempest-DeleteServersTestJSON-570245457 tempest-DeleteServersTestJSON-570245457-project-member] Lock "e743f029-cfcc-4f61-a6da-bcd2526d0b25" acquired by "nova.context.set_target_cell..get_or_set_cached_cell_and_set_connections" :: waited 0.000s {{(pid=95835) inner /opt/stack/data/venv/lib/python3.12/site-packages/oslo_concurrency/lockutils.py:525}}
Jul 31 10:07:20.169510 np0000006203 nova-conductor[95835]: DEBUG oslo_concurrency.lockutils [None req-1474d191-e531-4a92-9a71-f913d18032ff tempest-DeleteServersTestJSON-570245457 tempest-DeleteServersTestJSON-570245457-project-member] Lock "e743f029-cfcc-4f61-a6da-bcd2526d0b25" "released" by "nova.context.set_target_cell..get_or_set_cached_cell_and_set_connections" :: held 0.000s {{(pid=95835) inner /opt/stack/data/venv/lib/python3.12/site-packages/oslo_concurrency/lockutils.py:544}}
Jul 31 10:07:20.176446 np0000006203 nova-conductor[95839]: DEBUG oslo_db.sqlalchemy.engines [None req-432926b2-37fd-4cd5-a3b8-d76b5c23fdb9 tempest-ServerBootFromVolumeStableRescueTest-259283965 tempest-ServerBootFromVolumeStableRescueTest-259283965-project-member] MySQL server mode set to STRICT_TRANS_TABLES,STRICT_ALL_TABLES,NO_ZERO_IN_DATE,NO_ZERO_DATE,ERROR_FOR_DIVISION_BY_ZERO,TRADITIONAL,NO_ENGINE_SUBSTITUTION {{(pid=95839) _check_effective_sql_mode /opt/stack/data/venv/lib/python3.12/site-packages/oslo_db/sqlalchemy/engines.py:325}}
Jul 31 10:07:20.184753 np0000006203 nova-conductor[95839]: DEBUG dbcounter [-] [95839] Writer thread running {{(pid=95839) stat_writer /opt/stack/data/venv/lib/python3.12/site-packages/dbcounter.py:102}}
Jul 31 10:07:20.191314 np0000006203 nova-conductor[95853]: DEBUG oslo_db.sqlalchemy.engines [None req-5e976d37-4fab-4968-b6ef-135724961b0c tempest-ImageDependencyTests-80721935 tempest-ImageDependencyTests-80721935-project-member] MySQL server mode set to STRICT_TRANS_TABLES,STRICT_ALL_TABLES,NO_ZERO_IN_DATE,NO_ZERO_DATE,ERROR_FOR_DIVISION_BY_ZERO,TRADITIONAL,NO_ENGINE_SUBSTITUTION {{(pid=95853) _check_effective_sql_mode /opt/stack/data/venv/lib/python3.12/site-packages/oslo_db/sqlalchemy/engines.py:325}}
Jul 31 10:07:20.196071 np0000006203 nova-conductor[95853]: DEBUG dbcounter [-] [95853] Writer thread running {{(pid=95853) stat_writer /opt/stack/data/venv/lib/python3.12/site-packages/dbcounter.py:102}}
Jul 31 10:07:20.203577 np0000006203 nova-conductor[95835]: DEBUG oslo_concurrency.lockutils [None req-1474d191-e531-4a92-9a71-f913d18032ff tempest-DeleteServersTestJSON-570245457 tempest-DeleteServersTestJSON-570245457-project-member] Acquiring lock "e743f029-cfcc-4f61-a6da-bcd2526d0b25" by "nova.context.set_target_cell..get_or_set_cached_cell_and_set_connections" {{(pid=95835) inner /opt/stack/data/venv/lib/python3.12/site-packages/oslo_concurrency/lockutils.py:512}}
Jul 31 10:07:20.203708 np0000006203 nova-conductor[95835]: DEBUG oslo_concurrency.lockutils [None req-1474d191-e531-4a92-9a71-f913d18032ff tempest-DeleteServersTestJSON-570245457 tempest-DeleteServersTestJSON-570245457-project-member] Lock "e743f029-cfcc-4f61-a6da-bcd2526d0b25" acquired by "nova.context.set_target_cell..get_or_set_cached_cell_and_set_connections" :: waited 0.000s {{(pid=95835) inner /opt/stack/data/venv/lib/python3.12/site-packages/oslo_concurrency/lockutils.py:525}}
Jul 31 10:07:20.203828 np0000006203 nova-conductor[95835]: DEBUG oslo_concurrency.lockutils [None req-1474d191-e531-4a92-9a71-f913d18032ff tempest-DeleteServersTestJSON-570245457 tempest-DeleteServersTestJSON-570245457-project-member] Lock "e743f029-cfcc-4f61-a6da-bcd2526d0b25" "released" by "nova.context.set_target_cell..get_or_set_cached_cell_and_set_connections" :: held 0.000s {{(pid=95835) inner /opt/stack/data/venv/lib/python3.12/site-packages/oslo_concurrency/lockutils.py:544}}
Jul 31 10:07:20.204086 np0000006203 nova-conductor[95835]: DEBUG oslo_concurrency.lockutils [None req-1474d191-e531-4a92-9a71-f913d18032ff tempest-DeleteServersTestJSON-570245457 tempest-DeleteServersTestJSON-570245457-project-member] Acquiring lock "compute-rpcapi-router" {{(pid=95835) lock /opt/stack/data/venv/lib/python3.12/site-packages/oslo_concurrency/lockutils.py:396}}
Jul 31 10:07:20.204189 np0000006203 nova-conductor[95835]: DEBUG oslo_concurrency.lockutils [None req-1474d191-e531-4a92-9a71-f913d18032ff tempest-DeleteServersTestJSON-570245457 tempest-DeleteServersTestJSON-570245457-project-member] Acquired lock "compute-rpcapi-router" {{(pid=95835) lock /opt/stack/data/venv/lib/python3.12/site-packages/oslo_concurrency/lockutils.py:399}}
