Aug 22 05:51:56.015464 np0000007928 devstack@g-api.service[99728]: DEBUG glance_store.location [-] Registering scheme https with {'store': , 'location_class': , 'store_entry': 'http'} {{(pid=99728) register_scheme_map /opt/stack/data/venv/lib/python3.12/site-packages/glance_store/location.py:146}}
Aug 22 05:51:56.015588 np0000007928 devstack@g-api.service[99728]: DEBUG glance_store.backend [-] Attempting to import store swift {{(pid=99728) _load_store /opt/stack/data/venv/lib/python3.12/site-packages/glance_store/backend.py:215}}
Aug 22 05:51:56.015789 np0000007928 devstack@g-api.service[99728]: WARNING oslo_config.cfg [-] Deprecated: Option "default_store" from group "glance_store" is deprecated for removal (
Aug 22 05:51:56.015789 np0000007928 devstack@g-api.service[99728]: This option is deprecated against new config option
Aug 22 05:51:56.015789 np0000007928 devstack@g-api.service[99728]: ``default_backend`` which acts similar to ``default_store`` config
Aug 22 05:51:56.015789 np0000007928 devstack@g-api.service[99728]: option.
Aug 22 05:51:56.015789 np0000007928 devstack@g-api.service[99728]: This option is scheduled for removal in the U development
Aug 22 05:51:56.015789 np0000007928 devstack@g-api.service[99728]: cycle.
Aug 22 05:51:56.015789 np0000007928 devstack@g-api.service[99728]: ). Its value may be silently ignored in the future.
Aug 22 05:51:56.017064 np0000007928 devstack@g-api.service[99728]: DEBUG glance_store.capabilities [-] Store glance_store._drivers.swift.store.SingleTenantStore doesn't support updating dynamic storage capabilities. Please overwrite 'update_capabilities' method of the store to implement updating logics if needed. {{(pid=99728) update_capabilities /opt/stack/data/venv/lib/python3.12/site-packages/glance_store/capabilities.py:91}}
Aug 22 05:51:56.017139 np0000007928 devstack@g-api.service[99728]: DEBUG glance_store.backend [-] Registering store swift with schemes ('swift+https', 'swift', 'swift+http', 'swift+config') {{(pid=99728) create_stores /opt/stack/data/venv/lib/python3.12/site-packages/glance_store/backend.py:261}}
Aug 22 05:51:56.017262 np0000007928 devstack@g-api.service[99728]: DEBUG glance_store.driver [-] Late loading location class glance_store._drivers.swift.store.StoreLocation {{(pid=99728) get_store_location_class /opt/stack/data/venv/lib/python3.12/site-packages/glance_store/driver.py:134}}
Aug 22 05:51:56.017366 np0000007928 devstack@g-api.service[99728]: DEBUG glance_store.location [-] Registering scheme swift+https with {'store': , 'location_class': , 'store_entry': 'swift'} {{(pid=99728) register_scheme_map /opt/stack/data/venv/lib/python3.12/site-packages/glance_store/location.py:146}}
Aug 22 05:51:56.017462 np0000007928 devstack@g-api.service[99728]: DEBUG glance_store.location [-] Registering scheme swift with {'store': , 'location_class': , 'store_entry': 'swift'} {{(pid=99728) register_scheme_map /opt/stack/data/venv/lib/python3.12/site-packages/glance_store/location.py:146}}
Aug 22 05:51:56.017599 np0000007928 devstack@g-api.service[99728]: DEBUG glance_store.location [-] Registering scheme swift+http with {'store': , 'location_class': , 'store_entry': 'swift'} {{(pid=99728) register_scheme_map /opt/stack/data/venv/lib/python3.12/site-packages/glance_store/location.py:146}}
Aug 22 05:51:56.017599 np0000007928 devstack@g-api.service[99728]: DEBUG glance_store.location [-] Registering scheme swift+config with {'store': , 'location_class': , 'store_entry': 'swift'} {{(pid=99728) register_scheme_map /opt/stack/data/venv/lib/python3.12/site-packages/glance_store/location.py:146}}
Aug 22 05:51:56.017747 np0000007928 devstack@g-api.service[99728]: DEBUG glance_store.backend [-] Attempting to import store swift {{(pid=99728) _load_store /opt/stack/data/venv/lib/python3.12/site-packages/glance_store/backend.py:215}}
Aug 22 05:51:56.018842 np0000007928 devstack@g-api.service[99728]: DEBUG glance_store.capabilities [-] Store glance_store._drivers.swift.store.SingleTenantStore doesn't support updating dynamic storage capabilities. Please overwrite 'update_capabilities' method of the store to implement updating logics if needed. {{(pid=99728) update_capabilities /opt/stack/data/venv/lib/python3.12/site-packages/glance_store/capabilities.py:91}}
Aug 22 05:51:56.018904 np0000007928 devstack@g-api.service[99728]: DEBUG glance_store.driver [-] Late loading location class glance_store._drivers.swift.store.StoreLocation {{(pid=99728) get_store_location_class /opt/stack/data/venv/lib/python3.12/site-packages/glance_store/driver.py:134}}
Aug 22 05:51:56.019031 np0000007928 devstack@g-api.service[99728]: DEBUG glance_store.location [-] Registering scheme swift+https with {'store': , 'location_class': , 'store_entry': 'swift'} {{(pid=99728) register_scheme_map /opt/stack/data/venv/lib/python3.12/site-packages/glance_store/location.py:146}}
Aug 22 05:51:56.019128 np0000007928 devstack@g-api.service[99728]: DEBUG glance_store.location [-] Registering scheme swift+https with {'store': , 'location_class': , 'store_entry': 'swift'} {{(pid=99728) register_scheme_map /opt/stack/data/venv/lib/python3.12/site-packages/glance_store/location.py:146}}
Aug 22 05:51:56.019200 np0000007928 devstack@g-api.service[99728]: DEBUG glance_store.location [-] Registering scheme swift with {'store': , 'location_class': , 'store_entry': 'swift'} {{(pid=99728) register_scheme_map /opt/stack/data/venv/lib/python3.12/site-packages/glance_store/location.py:146}}
Aug 22 05:51:56.019262 np0000007928 devstack@g-api.service[99728]: DEBUG glance_store.location [-] Registering scheme swift+https with {'store': , 'location_class': , 'store_entry': 'swift'} {{(pid=99728) register_scheme_map /opt/stack/data/venv/lib/python3.12/site-packages/glance_store/location.py:146}}
Aug 22 05:51:56.019386 np0000007928 devstack@g-api.service[99728]: DEBUG glance_store.location [-] Registering scheme swift with {'store': , 'location_class': , 'store_entry': 'swift'} {{(pid=99728) register_scheme_map /opt/stack/data/venv/lib/python3.12/site-packages/glance_store/location.py:146}}
Aug 22 05:51:56.019482 np0000007928 devstack@g-api.service[99728]: DEBUG glance_store.location [-] Registering scheme swift+http with {'store': , 'location_class': , 'store_entry': 'swift'} {{(pid=99728) register_scheme_map /opt/stack/data/venv/lib/python3.12/site-packages/glance_store/location.py:146}}
Aug 22 05:51:56.019566 np0000007928 devstack@g-api.service[99728]: DEBUG glance_store.location [-] Registering scheme swift+https with {'store': , 'location_class': , 'store_entry': 'swift'} {{(pid=99728) register_scheme_map /opt/stack/data/venv/lib/python3.12/site-packages/glance_store/location.py:146}}
Aug 22 05:51:56.019611 np0000007928 devstack@g-api.service[99728]: DEBUG glance_store.location [-] Registering scheme swift with {'store': , 'location_class': , 'store_entry': 'swift'} {{(pid=99728) register_scheme_map /opt/stack/data/venv/lib/python3.12/site-packages/glance_store/location.py:146}}
Aug 22 05:51:56.019748 np0000007928 devstack@g-api.service[99728]: DEBUG glance_store.location [-] Registering scheme swift+http with {'store': , 'location_class': , 'store_entry': 'swift'} {{(pid=99728) register_scheme_map /opt/stack/data/venv/lib/python3.12/site-packages/glance_store/location.py:146}}
Aug 22 05:51:56.019860 np0000007928 devstack@g-api.service[99728]: DEBUG glance_store.location [-] Registering scheme swift+config with {'store': , 'location_class': , 'store_entry': 'swift'} {{(pid=99728) register_scheme_map /opt/stack/data/venv/lib/python3.12/site-packages/glance_store/location.py:146}}
Aug 22 05:51:56.020129 np0000007928 devstack@g-api.service[99728]: DEBUG glance.sqlite_migration [-] SQLite caching database not located, skipping migration {{(pid=99728) get_db_path /opt/stack/glance/glance/sqlite_migration.py:68}}
Aug 22 05:51:56.020365 np0000007928 devstack@g-api.service[99728]: WARNING glance.common.wsgi_app [-] Import methods are enabled but staging directory /tmp/staging/ does not exist; Imports will fail!
Aug 22 05:51:56.139354 np0000007928 devstack@g-api.service[99729]: DEBUG glance.common.config [None req-18e97514-189f-477f-9ac3-0d2a6ca88d5b None None] Loading glance-api-keystone+cachemanagement from /etc/glance/glance-api-paste.ini {{(pid=99729) load_paste_app /opt/stack/glance/glance/common/config.py:772}}
Aug 22 05:51:56.140948 np0000007928 devstack@g-api.service[99727]: DEBUG glance.common.config [None req-8ce13115-7769-47d7-8535-fdd22bf9f887 None None] Loading glance-api-keystone+cachemanagement from /etc/glance/glance-api-paste.ini {{(pid=99727) load_paste_app /opt/stack/glance/glance/common/config.py:772}}
Aug 22 05:51:56.148672 np0000007928 devstack@g-api.service[99728]: DEBUG glance.common.config [None req-deef52d0-62e8-4e07-a9c9-31caa5080c9a None None] Loading glance-api-keystone+cachemanagement from /etc/glance/glance-api-paste.ini {{(pid=99728) load_paste_app /opt/stack/glance/glance/common/config.py:772}}
Aug 22 05:51:56.778131 np0000007928 devstack@g-api.service[99729]: INFO glance.image_cache [None req-18e97514-189f-477f-9ac3-0d2a6ca88d5b None None] Image cache loaded driver 'centralized_db'.
Aug 22 05:51:56.787347 np0000007928 devstack@g-api.service[99727]: INFO glance.image_cache [None req-8ce13115-7769-47d7-8535-fdd22bf9f887 None None] Image cache loaded driver 'centralized_db'.
Aug 22 05:51:56.799920 np0000007928 devstack@g-api.service[99728]: INFO glance.image_cache [None req-deef52d0-62e8-4e07-a9c9-31caa5080c9a None None] Image cache loaded driver 'centralized_db'.
Aug 22 05:51:56.825110 np0000007928 devstack@g-api.service[99729]: INFO dbcounter [None req-18e97514-189f-477f-9ac3-0d2a6ca88d5b None None] Registered counter for database glance
Aug 22 05:51:56.835931 np0000007928 devstack@g-api.service[99727]: INFO dbcounter [None req-8ce13115-7769-47d7-8535-fdd22bf9f887 None None] Registered counter for database glance
Aug 22 05:51:56.850178 np0000007928 devstack@g-api.service[99728]: INFO dbcounter [None req-deef52d0-62e8-4e07-a9c9-31caa5080c9a None None] Registered counter for database glance
Aug 22 05:51:56.866336 np0000007928 devstack@g-api.service[99729]: DEBUG oslo_db.sqlalchemy.engines [None req-18e97514-189f-477f-9ac3-0d2a6ca88d5b None None] MySQL server mode set to STRICT_TRANS_TABLES,STRICT_ALL_TABLES,NO_ZERO_IN_DATE,NO_ZERO_DATE,ERROR_FOR_DIVISION_BY_ZERO,TRADITIONAL,NO_ENGINE_SUBSTITUTION {{(pid=99729) _check_effective_sql_mode /opt/stack/data/venv/lib/python3.12/site-packages/oslo_db/sqlalchemy/engines.py:325}}
Aug 22 05:51:56.875460 np0000007928 devstack@g-api.service[99727]: DEBUG oslo_db.sqlalchemy.engines [None req-8ce13115-7769-47d7-8535-fdd22bf9f887 None None] MySQL server mode set to STRICT_TRANS_TABLES,STRICT_ALL_TABLES,NO_ZERO_IN_DATE,NO_ZERO_DATE,ERROR_FOR_DIVISION_BY_ZERO,TRADITIONAL,NO_ENGINE_SUBSTITUTION {{(pid=99727) _check_effective_sql_mode /opt/stack/data/venv/lib/python3.12/site-packages/oslo_db/sqlalchemy/engines.py:325}}
Aug 22 05:51:56.894265 np0000007928 devstack@g-api.service[99728]: DEBUG oslo_db.sqlalchemy.engines [None req-deef52d0-62e8-4e07-a9c9-31caa5080c9a None None] MySQL server mode set to STRICT_TRANS_TABLES,STRICT_ALL_TABLES,NO_ZERO_IN_DATE,NO_ZERO_DATE,ERROR_FOR_DIVISION_BY_ZERO,TRADITIONAL,NO_ENGINE_SUBSTITUTION {{(pid=99728) _check_effective_sql_mode /opt/stack/data/venv/lib/python3.12/site-packages/oslo_db/sqlalchemy/engines.py:325}}
Aug 22 05:51:56.897698 np0000007928 devstack@g-api.service[99729]: DEBUG dbcounter [-] [99729] Writer thread running {{(pid=99729) stat_writer /opt/stack/data/venv/lib/python3.12/site-packages/dbcounter.py:102}}
Aug 22 05:51:56.899297 np0000007928 devstack@g-api.service[99727]: DEBUG dbcounter [-] [99727] Writer thread running {{(pid=99727) stat_writer /opt/stack/data/venv/lib/python3.12/site-packages/dbcounter.py:102}}
Aug 22 05:51:56.904892 np0000007928 devstack@g-api.service[99727]: DEBUG glance.image_cache.drivers.centralized_db [None req-8ce13115-7769-47d7-8535-fdd22bf9f887 None None] Node reference is already recorded, ignoring it {{(pid=99727) configure /opt/stack/glance/glance/image_cache/drivers/centralized_db.py:71}}
Aug 22 05:51:56.912677 np0000007928 devstack@g-api.service[99727]: INFO glance.image_cache [None req-8ce13115-7769-47d7-8535-fdd22bf9f887 None None] Image cache loaded driver 'centralized_db'.
Aug 22 05:51:56.912838 np0000007928 devstack@g-api.service[99729]: INFO glance.image_cache [None req-18e97514-189f-477f-9ac3-0d2a6ca88d5b None None] Image cache loaded driver 'centralized_db'.
Aug 22 05:51:56.920791 np0000007928 devstack@g-api.service[99727]: DEBUG glance.image_cache.drivers.centralized_db [None req-8ce13115-7769-47d7-8535-fdd22bf9f887 None None] Node reference is already recorded, ignoring it {{(pid=99727) configure /opt/stack/glance/glance/image_cache/drivers/centralized_db.py:71}}
Aug 22 05:51:56.922864 np0000007928 devstack@g-api.service[99729]: DEBUG glance.image_cache.drivers.centralized_db [None req-18e97514-189f-477f-9ac3-0d2a6ca88d5b None None] Node reference is already recorded, ignoring it {{(pid=99729) configure /opt/stack/glance/glance/image_cache/drivers/centralized_db.py:71}}
Aug 22 05:51:56.924102 np0000007928 devstack@g-api.service[99728]: DEBUG dbcounter [-] [99728] Writer thread running {{(pid=99728) stat_writer /opt/stack/data/venv/lib/python3.12/site-packages/dbcounter.py:102}}
Aug 22 05:51:56.925966 np0000007928 devstack@g-api.service[99727]: DEBUG glance.api.v2.cached_images [None req-8ce13115-7769-47d7-8535-fdd22bf9f887 None None] Started cache worker thread {{(pid=99727) __init__ /opt/stack/glance/glance/api/v2/cached_images.py:71}}
Aug 22 05:51:56.926673 np0000007928 devstack@g-api.service[99727]: INFO glance.image_cache [None req-8ce13115-7769-47d7-8535-fdd22bf9f887 None None] Image cache loaded driver 'centralized_db'.
Aug 22 05:51:56.927235 np0000007928 devstack@g-api.service[99728]: DEBUG glance.image_cache.drivers.centralized_db [None req-deef52d0-62e8-4e07-a9c9-31caa5080c9a None None] Node reference is already recorded, ignoring it {{(pid=99728) configure /opt/stack/glance/glance/image_cache/drivers/centralized_db.py:71}}
Aug 22 05:51:56.933079 np0000007928 devstack@g-api.service[99729]: DEBUG glance.api.v2.cached_images [None req-18e97514-189f-477f-9ac3-0d2a6ca88d5b None None] Started cache worker thread {{(pid=99729) __init__ /opt/stack/glance/glance/api/v2/cached_images.py:71}}
Aug 22 05:51:56.934169 np0000007928 devstack@g-api.service[99729]: INFO glance.image_cache [None req-18e97514-189f-477f-9ac3-0d2a6ca88d5b None None] Image cache loaded driver 'centralized_db'.
Aug 22 05:51:56.935030 np0000007928 devstack@g-api.service[99728]: INFO glance.image_cache [None req-deef52d0-62e8-4e07-a9c9-31caa5080c9a None None] Image cache loaded driver 'centralized_db'.
Aug 22 05:51:56.942822 np0000007928 devstack@g-api.service[99728]: DEBUG glance.image_cache.drivers.centralized_db [None req-deef52d0-62e8-4e07-a9c9-31caa5080c9a None None] Node reference is already recorded, ignoring it {{(pid=99728) configure /opt/stack/glance/glance/image_cache/drivers/centralized_db.py:71}}
Aug 22 05:51:56.947734 np0000007928 devstack@g-api.service[99728]: DEBUG glance.api.v2.cached_images [None req-deef52d0-62e8-4e07-a9c9-31caa5080c9a None None] Started cache worker thread {{(pid=99728) __init__ /opt/stack/glance/glance/api/v2/cached_images.py:71}}
Aug 22 05:51:56.948456 np0000007928 devstack@g-api.service[99728]: INFO glance.image_cache [None req-deef52d0-62e8-4e07-a9c9-31caa5080c9a None None] Image cache loaded driver 'centralized_db'.
Aug 22 05:51:57.030906 np0000007928 devstack@g-api.service[99727]: DEBUG glance.image_cache.drivers.centralized_db [None req-8ce13115-7769-47d7-8535-fdd22bf9f887 None None] Node reference is already recorded, ignoring it {{(pid=99727) configure /opt/stack/glance/glance/image_cache/drivers/centralized_db.py:71}}
Aug 22 05:51:57.035710 np0000007928 devstack@g-api.service[99727]: INFO glance.api.middleware.cache_manage [None req-8ce13115-7769-47d7-8535-fdd22bf9f887 None None] Initialized image cache management middleware
Aug 22 05:51:57.035831 np0000007928 devstack@g-api.service[99727]: INFO glance.image_cache [None req-8ce13115-7769-47d7-8535-fdd22bf9f887 None None] Image cache loaded driver 'centralized_db'.
Aug 22 05:51:57.041900 np0000007928 devstack@g-api.service[99729]: DEBUG glance.image_cache.drivers.centralized_db [None req-18e97514-189f-477f-9ac3-0d2a6ca88d5b None None] Node reference is already recorded, ignoring it {{(pid=99729) configure /opt/stack/glance/glance/image_cache/drivers/centralized_db.py:71}}
Aug 22 05:51:57.042395 np0000007928 devstack@g-api.service[99727]: DEBUG glance.image_cache.drivers.centralized_db [None req-8ce13115-7769-47d7-8535-fdd22bf9f887 None None] Node reference is already recorded, ignoring it {{(pid=99727) configure /opt/stack/glance/glance/image_cache/drivers/centralized_db.py:71}}
Aug 22 05:51:57.046176 np0000007928 devstack@g-api.service[99727]: INFO glance.api.middleware.cache [None req-8ce13115-7769-47d7-8535-fdd22bf9f887 None None] Initialized image cache middleware
Aug 22 05:51:57.048504 np0000007928 devstack@g-api.service[99729]: INFO glance.api.middleware.cache_manage [None req-18e97514-189f-477f-9ac3-0d2a6ca88d5b None None] Initialized image cache management middleware
Aug 22 05:51:57.048654 np0000007928 devstack@g-api.service[99729]: INFO glance.image_cache [None req-18e97514-189f-477f-9ac3-0d2a6ca88d5b None None] Image cache loaded driver 'centralized_db'.
Aug 22 05:51:57.055256 np0000007928 devstack@g-api.service[99728]: DEBUG glance.image_cache.drivers.centralized_db [None req-deef52d0-62e8-4e07-a9c9-31caa5080c9a None None] Node reference is already recorded, ignoring it {{(pid=99728) configure /opt/stack/glance/glance/image_cache/drivers/centralized_db.py:71}}
Aug 22 05:51:57.055865 np0000007928 devstack@g-api.service[99729]: DEBUG glance.image_cache.drivers.centralized_db [None req-18e97514-189f-477f-9ac3-0d2a6ca88d5b None None] Node reference is already recorded, ignoring it {{(pid=99729) configure /opt/stack/glance/glance/image_cache/drivers/centralized_db.py:71}}
Aug 22 05:51:57.056737 np0000007928 devstack@g-api.service[99727]: DEBUG glance.common.config [None req-8ce13115-7769-47d7-8535-fdd22bf9f887 None None] ******************************************************************************** {{(pid=99727) log_opt_values /opt/stack/data/venv/lib/python3.12/site-packages/oslo_config/cfg.py:3533}}
Aug 22 05:51:57.056843 np0000007928 devstack@g-api.service[99727]: DEBUG glance.common.config [None req-8ce13115-7769-47d7-8535-fdd22bf9f887 None None] Configuration options gathered from: {{(pid=99727) log_opt_values /opt/stack/data/venv/lib/python3.12/site-packages/oslo_config/cfg.py:3534}}
Aug 22 05:51:57.057254 np0000007928 devstack@g-api.service[99727]: DEBUG glance.common.config [None req-8ce13115-7769-47d7-8535-fdd22bf9f887 None None] command line args: [] {{(pid=99727) log_opt_values /opt/stack/data/venv/lib/python3.12/site-packages/oslo_config/cfg.py:3535}}
Aug 22 05:51:57.057416 np0000007928 devstack@g-api.service[99727]: DEBUG glance.common.config [None req-8ce13115-7769-47d7-8535-fdd22bf9f887 None None] config files: ['/etc/glance/glance-image-import.conf', '/etc/glance/glance-api.conf'] {{(pid=99727) log_opt_values /opt/stack/data/venv/lib/python3.12/site-packages/oslo_config/cfg.py:3536}}
Aug 22 05:51:57.057506 np0000007928 devstack@g-api.service[99727]: DEBUG glance.common.config [None req-8ce13115-7769-47d7-8535-fdd22bf9f887 None None] ================================================================================ {{(pid=99727) log_opt_values /opt/stack/data/venv/lib/python3.12/site-packages/oslo_config/cfg.py:3541}}
Aug 22 05:51:57.057641 np0000007928 devstack@g-api.service[99727]: DEBUG glance.common.config [None req-8ce13115-7769-47d7-8535-fdd22bf9f887 None None] allow_anonymous_access = False {{(pid=99727) log_opt_values /opt/stack/data/venv/lib/python3.12/site-packages/oslo_config/cfg.py:3549}}
Aug 22 05:51:57.057741 np0000007928 devstack@g-api.service[99727]: DEBUG glance.common.config [None req-8ce13115-7769-47d7-8535-fdd22bf9f887 None None] api_limit_max = 1000 {{(pid=99727) log_opt_values /opt/stack/data/venv/lib/python3.12/site-packages/oslo_config/cfg.py:3549}}
Aug 22 05:51:57.057860 np0000007928 devstack@g-api.service[99727]: DEBUG glance.common.config [None req-8ce13115-7769-47d7-8535-fdd22bf9f887 None None] config_dir = [] {{(pid=99727) log_opt_values /opt/stack/data/venv/lib/python3.12/site-packages/oslo_config/cfg.py:3549}}
Aug 22 05:51:57.057935 np0000007928 devstack@g-api.service[99727]: DEBUG glance.common.config [None req-8ce13115-7769-47d7-8535-fdd22bf9f887 None None] config_file = ['/etc/glance/glance-image-import.conf', '/etc/glance/glance-api.conf'] {{(pid=99727) log_opt_values /opt/stack/data/venv/lib/python3.12/site-packages/oslo_config/cfg.py:3549}}
Aug 22 05:51:57.058020 np0000007928 devstack@g-api.service[99727]: DEBUG glance.common.config [None req-8ce13115-7769-47d7-8535-fdd22bf9f887 None None] config_source = [] {{(pid=99727) log_opt_values /opt/stack/data/venv/lib/python3.12/site-packages/oslo_config/cfg.py:3549}}
Aug 22 05:51:57.058118 np0000007928 devstack@g-api.service[99727]: DEBUG glance.common.config [None req-8ce13115-7769-47d7-8535-fdd22bf9f887 None None] control_exchange = glance {{(pid=99727) log_opt_values /opt/stack/data/venv/lib/python3.12/site-packages/oslo_config/cfg.py:3549}}
Aug 22 05:51:57.058190 np0000007928 devstack@g-api.service[99727]: DEBUG glance.common.config [None req-8ce13115-7769-47d7-8535-fdd22bf9f887 None None] debug = True {{(pid=99727) log_opt_values /opt/stack/data/venv/lib/python3.12/site-packages/oslo_config/cfg.py:3549}}
Aug 22 05:51:57.058341 np0000007928 devstack@g-api.service[99727]: DEBUG glance.common.config [None req-8ce13115-7769-47d7-8535-fdd22bf9f887 None None] default_log_levels = ['amqp=WARN', 'boto=WARN', 'sqlalchemy=WARN', 'suds=INFO', 'oslo.messaging=INFO', 'oslo_messaging=INFO', 'iso8601=WARN', 'requests.packages.urllib3.connectionpool=WARN', 'urllib3.connectionpool=WARN', 'websocket=WARN', 'requests.packages.urllib3.util.retry=WARN', 'urllib3.util.retry=WARN', 'keystonemiddleware=WARN', 'routes.middleware=WARN', 'stevedore=WARN', 'taskflow=WARN', 'keystoneauth=WARN', 'oslo.cache=INFO', 'oslo_policy=INFO', 'dogpile.core.dogpile=INFO'] {{(pid=99727) log_opt_values /opt/stack/data/venv/lib/python3.12/site-packages/oslo_config/cfg.py:3549}}
Aug 22 05:51:57.058463 np0000007928 devstack@g-api.service[99727]: DEBUG glance.common.config [None req-8ce13115-7769-47d7-8535-fdd22bf9f887 None None] default_publisher_id = image.localhost {{(pid=99727) log_opt_values /opt/stack/data/venv/lib/python3.12/site-packages/oslo_config/cfg.py:3549}}
Aug 22 05:51:57.058561 np0000007928 devstack@g-api.service[99727]: DEBUG glance.common.config [None req-8ce13115-7769-47d7-8535-fdd22bf9f887 None None] delayed_delete = False {{(pid=99727) log_opt_values /opt/stack/data/venv/lib/python3.12/site-packages/oslo_config/cfg.py:3549}}
Aug 22 05:51:57.058672 np0000007928 devstack@g-api.service[99727]: DEBUG glance.common.config [None req-8ce13115-7769-47d7-8535-fdd22bf9f887 None None] digest_algorithm = sha256 {{(pid=99727) log_opt_values /opt/stack/data/venv/lib/python3.12/site-packages/oslo_config/cfg.py:3549}}
Aug 22 05:51:57.058764 np0000007928 devstack@g-api.service[99727]: DEBUG glance.common.config [None req-8ce13115-7769-47d7-8535-fdd22bf9f887 None None] disabled_notifications = [] {{(pid=99727) log_opt_values /opt/stack/data/venv/lib/python3.12/site-packages/oslo_config/cfg.py:3549}}
Aug 22 05:51:57.058863 np0000007928 devstack@g-api.service[99727]: DEBUG glance.common.config [None req-8ce13115-7769-47d7-8535-fdd22bf9f887 None None] do_secure_hash = True {{(pid=99727) log_opt_values /opt/stack/data/venv/lib/python3.12/site-packages/oslo_config/cfg.py:3549}}
Aug 22 05:51:57.058951 np0000007928 devstack@g-api.service[99727]: DEBUG glance.common.config [None req-8ce13115-7769-47d7-8535-fdd22bf9f887 None None] enabled_backends = None {{(pid=99727) log_opt_values /opt/stack/data/venv/lib/python3.12/site-packages/oslo_config/cfg.py:3549}}
Aug 22 05:51:57.059056 np0000007928 devstack@g-api.service[99727]: DEBUG glance.common.config [None req-8ce13115-7769-47d7-8535-fdd22bf9f887 None None] enabled_import_methods = ['glance-direct', 'web-download', 'copy-image'] {{(pid=99727) log_opt_values /opt/stack/data/venv/lib/python3.12/site-packages/oslo_config/cfg.py:3549}}
Aug 22 05:51:57.059143 np0000007928 devstack@g-api.service[99727]: DEBUG glance.common.config [None req-8ce13115-7769-47d7-8535-fdd22bf9f887 None None] fatal_deprecations = False {{(pid=99727) log_opt_values /opt/stack/data/venv/lib/python3.12/site-packages/oslo_config/cfg.py:3549}}
Aug 22 05:51:57.059263 np0000007928 devstack@g-api.service[99727]: DEBUG glance.common.config [None req-8ce13115-7769-47d7-8535-fdd22bf9f887 None None] hashing_algorithm = sha512 {{(pid=99727) log_opt_values /opt/stack/data/venv/lib/python3.12/site-packages/oslo_config/cfg.py:3549}}
Aug 22 05:51:57.059354 np0000007928 devstack@g-api.service[99727]: DEBUG glance.common.config [None req-8ce13115-7769-47d7-8535-fdd22bf9f887 None None] http_retries = 3 {{(pid=99727) log_opt_values /opt/stack/data/venv/lib/python3.12/site-packages/oslo_config/cfg.py:3549}}
Aug 22 05:51:57.059449 np0000007928 devstack@g-api.service[99727]: DEBUG glance.common.config [None req-8ce13115-7769-47d7-8535-fdd22bf9f887 None None] image_cache_dir = /opt/stack/data/glance/cache/ {{(pid=99727) log_opt_values /opt/stack/data/venv/lib/python3.12/site-packages/oslo_config/cfg.py:3549}}
Aug 22 05:51:57.059570 np0000007928 devstack@g-api.service[99727]: DEBUG glance.common.config [None req-8ce13115-7769-47d7-8535-fdd22bf9f887 None None] image_cache_driver = centralized_db {{(pid=99727) log_opt_values /opt/stack/data/venv/lib/python3.12/site-packages/oslo_config/cfg.py:3549}}
Aug 22 05:51:57.059661 np0000007928 devstack@g-api.service[99727]: DEBUG glance.common.config [None req-8ce13115-7769-47d7-8535-fdd22bf9f887 None None] image_cache_max_size = 10737418240 {{(pid=99727) log_opt_values /opt/stack/data/venv/lib/python3.12/site-packages/oslo_config/cfg.py:3549}}
Aug 22 05:51:57.059754 np0000007928 devstack@g-api.service[99727]: DEBUG glance.common.config [None req-8ce13115-7769-47d7-8535-fdd22bf9f887 None None] image_cache_sqlite_db = cache.db {{(pid=99727) log_opt_values /opt/stack/data/venv/lib/python3.12/site-packages/oslo_config/cfg.py:3549}}
Aug 22 05:51:57.059856 np0000007928 devstack@g-api.service[99727]: DEBUG glance.common.config [None req-8ce13115-7769-47d7-8535-fdd22bf9f887 None None] image_cache_stall_time = 86400 {{(pid=99727) log_opt_values /opt/stack/data/venv/lib/python3.12/site-packages/oslo_config/cfg.py:3549}}
Aug 22 05:51:57.059939 np0000007928 devstack@g-api.service[99727]: DEBUG glance.common.config [None req-8ce13115-7769-47d7-8535-fdd22bf9f887 None None] image_location_quota = 10 {{(pid=99727) log_opt_values /opt/stack/data/venv/lib/python3.12/site-packages/oslo_config/cfg.py:3549}}
Aug 22 05:51:57.060023 np0000007928 devstack@g-api.service[99727]: DEBUG glance.common.config [None req-8ce13115-7769-47d7-8535-fdd22bf9f887 None None] image_member_quota = 128 {{(pid=99727) log_opt_values /opt/stack/data/venv/lib/python3.12/site-packages/oslo_config/cfg.py:3549}}
Aug 22 05:51:57.060108 np0000007928 devstack@g-api.service[99727]: DEBUG glance.common.config [None req-8ce13115-7769-47d7-8535-fdd22bf9f887 None None] image_property_quota = 128 {{(pid=99727) log_opt_values /opt/stack/data/venv/lib/python3.12/site-packages/oslo_config/cfg.py:3549}}
Aug 22 05:51:57.060197 np0000007928 devstack@g-api.service[99727]: DEBUG glance.common.config [None req-8ce13115-7769-47d7-8535-fdd22bf9f887 None None] image_size_cap = 1099511627776 {{(pid=99727) log_opt_values /opt/stack/data/venv/lib/python3.12/site-packages/oslo_config/cfg.py:3549}}
Aug 22 05:51:57.060292 np0000007928 devstack@g-api.service[99727]: DEBUG glance.common.config [None req-8ce13115-7769-47d7-8535-fdd22bf9f887 None None] image_tag_quota = 128 {{(pid=99727) log_opt_values /opt/stack/data/venv/lib/python3.12/site-packages/oslo_config/cfg.py:3549}}
Aug 22 05:51:57.060360 np0000007928 devstack@g-api.service[99727]: DEBUG glance.common.config [None req-8ce13115-7769-47d7-8535-fdd22bf9f887 None None] instance_format = [instance: %(uuid)s] {{(pid=99727) log_opt_values /opt/stack/data/venv/lib/python3.12/site-packages/oslo_config/cfg.py:3549}}
Aug 22 05:51:57.060460 np0000007928 devstack@g-api.service[99727]: DEBUG glance.common.config [None req-8ce13115-7769-47d7-8535-fdd22bf9f887 None None] instance_uuid_format = [instance: %(uuid)s] {{(pid=99727) log_opt_values /opt/stack/data/venv/lib/python3.12/site-packages/oslo_config/cfg.py:3549}}
Aug 22 05:51:57.060579 np0000007928 devstack@g-api.service[99727]: DEBUG glance.common.config [None req-8ce13115-7769-47d7-8535-fdd22bf9f887 None None] limit_param_default = 25 {{(pid=99727) log_opt_values /opt/stack/data/venv/lib/python3.12/site-packages/oslo_config/cfg.py:3549}}
Aug 22 05:51:57.060685 np0000007928 devstack@g-api.service[99727]: DEBUG glance.common.config [None req-8ce13115-7769-47d7-8535-fdd22bf9f887 None None] log_color = False {{(pid=99727) log_opt_values /opt/stack/data/venv/lib/python3.12/site-packages/oslo_config/cfg.py:3549}}
Aug 22 05:51:57.060753 np0000007928 devstack@g-api.service[99727]: DEBUG glance.common.config [None req-8ce13115-7769-47d7-8535-fdd22bf9f887 None None] log_config_append = None {{(pid=99727) log_opt_values /opt/stack/data/venv/lib/python3.12/site-packages/oslo_config/cfg.py:3549}}
Aug 22 05:51:57.060869 np0000007928 devstack@g-api.service[99727]: DEBUG glance.common.config [None req-8ce13115-7769-47d7-8535-fdd22bf9f887 None None] log_date_format = %Y-%m-%d %H:%M:%S {{(pid=99727) log_opt_values /opt/stack/data/venv/lib/python3.12/site-packages/oslo_config/cfg.py:3549}}
Aug 22 05:51:57.060954 np0000007928 devstack@g-api.service[99727]: DEBUG glance.common.config [None req-8ce13115-7769-47d7-8535-fdd22bf9f887 None None] log_dir = None {{(pid=99727) log_opt_values /opt/stack/data/venv/lib/python3.12/site-packages/oslo_config/cfg.py:3549}}
Aug 22 05:51:57.061038 np0000007928 devstack@g-api.service[99727]: DEBUG glance.common.config [None req-8ce13115-7769-47d7-8535-fdd22bf9f887 None None] log_file = None {{(pid=99727) log_opt_values /opt/stack/data/venv/lib/python3.12/site-packages/oslo_config/cfg.py:3549}}
Aug 22 05:51:57.061138 np0000007928 devstack@g-api.service[99727]: DEBUG glance.common.config [None req-8ce13115-7769-47d7-8535-fdd22bf9f887 None None] log_rotate_interval = 1 {{(pid=99727) log_opt_values /opt/stack/data/venv/lib/python3.12/site-packages/oslo_config/cfg.py:3549}}
Aug 22 05:51:57.061234 np0000007928 devstack@g-api.service[99727]: DEBUG glance.common.config [None req-8ce13115-7769-47d7-8535-fdd22bf9f887 None None] log_rotate_interval_type = days {{(pid=99727) log_opt_values /opt/stack/data/venv/lib/python3.12/site-packages/oslo_config/cfg.py:3549}}
Aug 22 05:51:57.061438 np0000007928 devstack@g-api.service[99727]: DEBUG glance.common.config [None req-8ce13115-7769-47d7-8535-fdd22bf9f887 None None] log_rotation_type = none {{(pid=99727) log_opt_values /opt/stack/data/venv/lib/python3.12/site-packages/oslo_config/cfg.py:3549}}
Aug 22 05:51:57.061544 np0000007928 devstack@g-api.service[99729]: INFO glance.api.middleware.cache [None req-18e97514-189f-477f-9ac3-0d2a6ca88d5b None None] Initialized image cache middleware
Aug 22 05:51:57.061658 np0000007928 devstack@g-api.service[99727]: DEBUG glance.common.config [None req-8ce13115-7769-47d7-8535-fdd22bf9f887 None None] logging_context_format_string = %(color)s%(levelname)s %(name)s [%(global_request_id)s %(request_id)s %(project_name)s %(user_name)s%(color)s] %(instance)s%(color)s%(message)s {{(pid=99727) log_opt_values /opt/stack/data/venv/lib/python3.12/site-packages/oslo_config/cfg.py:3549}}
Aug 22 05:51:57.061658 np0000007928 devstack@g-api.service[99727]: DEBUG glance.common.config [None req-8ce13115-7769-47d7-8535-fdd22bf9f887 None None] logging_debug_format_suffix = {{(pid=%(process)d) %(funcName)s %(pathname)s:%(lineno)d}} {{(pid=99727) log_opt_values /opt/stack/data/venv/lib/python3.12/site-packages/oslo_config/cfg.py:3549}}
Aug 22 05:51:57.061658 np0000007928 devstack@g-api.service[99727]: DEBUG glance.common.config [None req-8ce13115-7769-47d7-8535-fdd22bf9f887 None None] logging_default_format_string = %(color)s%(levelname)s %(name)s [-%(color)s] %(instance)s%(color)s%(message)s {{(pid=99727) log_opt_values /opt/stack/data/venv/lib/python3.12/site-packages/oslo_config/cfg.py:3549}}
Aug 22 05:51:57.061658 np0000007928 devstack@g-api.service[99727]: DEBUG glance.common.config [None req-8ce13115-7769-47d7-8535-fdd22bf9f887 None None] logging_exception_prefix = ERROR %(name)s %(instance)s {{(pid=99727) log_opt_values /opt/stack/data/venv/lib/python3.12/site-packages/oslo_config/cfg.py:3549}}
Aug 22 05:51:57.061890 np0000007928 devstack@g-api.service[99727]: DEBUG glance.common.config [None req-8ce13115-7769-47d7-8535-fdd22bf9f887 None None] logging_user_identity_format = %(user)s %(project)s %(domain)s %(system_scope)s %(user_domain)s %(project_domain)s {{(pid=99727) log_opt_values /opt/stack/data/venv/lib/python3.12/site-packages/oslo_config/cfg.py:3549}}
Aug 22 05:51:57.061890 np0000007928 devstack@g-api.service[99727]: DEBUG glance.common.config [None req-8ce13115-7769-47d7-8535-fdd22bf9f887 None None] max_logfile_count = 30 {{(pid=99727) log_opt_values /opt/stack/data/venv/lib/python3.12/site-packages/oslo_config/cfg.py:3549}}
Aug 22 05:51:57.061959 np0000007928 devstack@g-api.service[99727]: DEBUG glance.common.config [None req-8ce13115-7769-47d7-8535-fdd22bf9f887 None None] max_logfile_size_mb = 200 {{(pid=99727) log_opt_values /opt/stack/data/venv/lib/python3.12/site-packages/oslo_config/cfg.py:3549}}
Aug 22 05:51:57.061991 np0000007928 devstack@g-api.service[99727]: DEBUG glance.common.config [None req-8ce13115-7769-47d7-8535-fdd22bf9f887 None None] max_request_id_length = 64 {{(pid=99727) log_opt_values /opt/stack/data/venv/lib/python3.12/site-packages/oslo_config/cfg.py:3549}}
Aug 22 05:51:57.062172 np0000007928 devstack@g-api.service[99727]: DEBUG glance.common.config [None req-8ce13115-7769-47d7-8535-fdd22bf9f887 None None] metadata_encryption_key = **** {{(pid=99727) log_opt_values /opt/stack/data/venv/lib/python3.12/site-packages/oslo_config/cfg.py:3549}}
Aug 22 05:51:57.062172 np0000007928 devstack@g-api.service[99727]: DEBUG glance.common.config [None req-8ce13115-7769-47d7-8535-fdd22bf9f887 None None] node_staging_uri = file:///tmp/staging/ {{(pid=99727) log_opt_values /opt/stack/data/venv/lib/python3.12/site-packages/oslo_config/cfg.py:3549}}
Aug 22 05:51:57.062357 np0000007928 devstack@g-api.service[99727]: DEBUG glance.common.config [None req-8ce13115-7769-47d7-8535-fdd22bf9f887 None None] property_protection_file = None {{(pid=99727) log_opt_values /opt/stack/data/venv/lib/python3.12/site-packages/oslo_config/cfg.py:3549}}
Aug 22 05:51:57.062357 np0000007928 devstack@g-api.service[99727]: DEBUG glance.common.config [None req-8ce13115-7769-47d7-8535-fdd22bf9f887 None None] property_protection_rule_format = roles {{(pid=99727) log_opt_values /opt/stack/data/venv/lib/python3.12/site-packages/oslo_config/cfg.py:3549}}
Aug 22 05:51:57.062543 np0000007928 devstack@g-api.service[99728]: INFO glance.api.middleware.cache_manage [None req-deef52d0-62e8-4e07-a9c9-31caa5080c9a None None] Initialized image cache management middleware
Aug 22 05:51:57.062648 np0000007928 devstack@g-api.service[99727]: DEBUG glance.common.config [None req-8ce13115-7769-47d7-8535-fdd22bf9f887 None None] public_endpoint = https://10.4.3.237/image {{(pid=99727) log_opt_values /opt/stack/data/venv/lib/python3.12/site-packages/oslo_config/cfg.py:3549}}
Aug 22 05:51:57.062648 np0000007928 devstack@g-api.service[99727]: DEBUG glance.common.config [None req-8ce13115-7769-47d7-8535-fdd22bf9f887 None None] publish_errors = False {{(pid=99727) log_opt_values /opt/stack/data/venv/lib/python3.12/site-packages/oslo_config/cfg.py:3549}}
Aug 22 05:51:57.062828 np0000007928 devstack@g-api.service[99728]: INFO glance.image_cache [None req-deef52d0-62e8-4e07-a9c9-31caa5080c9a None None] Image cache loaded driver 'centralized_db'.
Aug 22 05:51:57.062872 np0000007928 devstack@g-api.service[99727]: DEBUG glance.common.config [None req-8ce13115-7769-47d7-8535-fdd22bf9f887 None None] pydev_worker_debug_host = None {{(pid=99727) log_opt_values /opt/stack/data/venv/lib/python3.12/site-packages/oslo_config/cfg.py:3549}}
Aug 22 05:51:57.062872 np0000007928 devstack@g-api.service[99727]: DEBUG glance.common.config [None req-8ce13115-7769-47d7-8535-fdd22bf9f887 None None] pydev_worker_debug_port = 5678 {{(pid=99727) log_opt_values /opt/stack/data/venv/lib/python3.12/site-packages/oslo_config/cfg.py:3549}}
Aug 22 05:51:57.062872 np0000007928 devstack@g-api.service[99727]: DEBUG glance.common.config [None req-8ce13115-7769-47d7-8535-fdd22bf9f887 None None] rate_limit_burst = 0 {{(pid=99727) log_opt_values /opt/stack/data/venv/lib/python3.12/site-packages/oslo_config/cfg.py:3549}}
Aug 22 05:51:57.062872 np0000007928 devstack@g-api.service[99727]: DEBUG glance.common.config [None req-8ce13115-7769-47d7-8535-fdd22bf9f887 None None] rate_limit_except_level = CRITICAL {{(pid=99727) log_opt_values /opt/stack/data/venv/lib/python3.12/site-packages/oslo_config/cfg.py:3549}}
Aug 22 05:51:57.063015 np0000007928 devstack@g-api.service[99727]: DEBUG glance.common.config [None req-8ce13115-7769-47d7-8535-fdd22bf9f887 None None] rate_limit_interval = 0 {{(pid=99727) log_opt_values /opt/stack/data/venv/lib/python3.12/site-packages/oslo_config/cfg.py:3549}}
Aug 22 05:51:57.063049 np0000007928 devstack@g-api.service[99727]: DEBUG glance.common.config [None req-8ce13115-7769-47d7-8535-fdd22bf9f887 None None] scrub_pool_size = 1 {{(pid=99727) log_opt_values /opt/stack/data/venv/lib/python3.12/site-packages/oslo_config/cfg.py:3549}}
Aug 22 05:51:57.063186 np0000007928 devstack@g-api.service[99727]: DEBUG glance.common.config [None req-8ce13115-7769-47d7-8535-fdd22bf9f887 None None] scrub_time = 0 {{(pid=99727) log_opt_values /opt/stack/data/venv/lib/python3.12/site-packages/oslo_config/cfg.py:3549}}
Aug 22 05:51:57.063270 np0000007928 devstack@g-api.service[99727]: DEBUG glance.common.config [None req-8ce13115-7769-47d7-8535-fdd22bf9f887 None None] shell_completion = None {{(pid=99727) log_opt_values /opt/stack/data/venv/lib/python3.12/site-packages/oslo_config/cfg.py:3549}}
Aug 22 05:51:57.063327 np0000007928 devstack@g-api.service[99727]: DEBUG glance.common.config [None req-8ce13115-7769-47d7-8535-fdd22bf9f887 None None] show_image_direct_url = False {{(pid=99727) log_opt_values /opt/stack/data/venv/lib/python3.12/site-packages/oslo_config/cfg.py:3549}}
Aug 22 05:51:57.063513 np0000007928 devstack@g-api.service[99727]: WARNING oslo_config.cfg [None req-8ce13115-7769-47d7-8535-fdd22bf9f887 None None] Deprecated: Option "show_multiple_locations" from group "DEFAULT" is deprecated for removal (Use of this option, deprecated since Newton, is a security risk and will be removed once we figure out a way to satisfy those use cases that currently require it. An earlier announcement that the same functionality can be achieved with greater granularity by using policies is incorrect. You cannot work around this option via policy configuration at the present time, though that is the direction we believe the fix will take. Please keep an eye on the Glance release notes to stay up to date on progress in addressing this issue.). Its value may be silently ignored in the future.
Aug 22 05:51:57.063629 np0000007928 devstack@g-api.service[99727]: DEBUG glance.common.config [None req-8ce13115-7769-47d7-8535-fdd22bf9f887 None None] show_multiple_locations = False {{(pid=99727) log_opt_values /opt/stack/data/venv/lib/python3.12/site-packages/oslo_config/cfg.py:3549}}
Aug 22 05:51:57.063706 np0000007928 devstack@g-api.service[99727]: DEBUG glance.common.config [None req-8ce13115-7769-47d7-8535-fdd22bf9f887 None None] syslog_log_facility = LOG_USER {{(pid=99727) log_opt_values /opt/stack/data/venv/lib/python3.12/site-packages/oslo_config/cfg.py:3549}}
Aug 22 05:51:57.063809 np0000007928 devstack@g-api.service[99727]: DEBUG glance.common.config [None req-8ce13115-7769-47d7-8535-fdd22bf9f887 None None] transport_url = **** {{(pid=99727) log_opt_values /opt/stack/data/venv/lib/python3.12/site-packages/oslo_config/cfg.py:3549}}
Aug 22 05:51:57.063896 np0000007928 devstack@g-api.service[99727]: DEBUG glance.common.config [None req-8ce13115-7769-47d7-8535-fdd22bf9f887 None None] use_journal = False {{(pid=99727) log_opt_values /opt/stack/data/venv/lib/python3.12/site-packages/oslo_config/cfg.py:3549}}
Aug 22 05:51:57.063982 np0000007928 devstack@g-api.service[99727]: DEBUG glance.common.config [None req-8ce13115-7769-47d7-8535-fdd22bf9f887 None None] use_json = False {{(pid=99727) log_opt_values /opt/stack/data/venv/lib/python3.12/site-packages/oslo_config/cfg.py:3549}}
Aug 22 05:51:57.064072 np0000007928 devstack@g-api.service[99727]: DEBUG glance.common.config [None req-8ce13115-7769-47d7-8535-fdd22bf9f887 None None] use_keystone_limits = True {{(pid=99727) log_opt_values /opt/stack/data/venv/lib/python3.12/site-packages/oslo_config/cfg.py:3549}}
Aug 22 05:51:57.064157 np0000007928 devstack@g-api.service[99727]: DEBUG glance.common.config [None req-8ce13115-7769-47d7-8535-fdd22bf9f887 None None] use_stderr = False {{(pid=99727) log_opt_values /opt/stack/data/venv/lib/python3.12/site-packages/oslo_config/cfg.py:3549}}
Aug 22 05:51:57.064296 np0000007928 devstack@g-api.service[99727]: DEBUG glance.common.config [None req-8ce13115-7769-47d7-8535-fdd22bf9f887 None None] use_syslog = False {{(pid=99727) log_opt_values /opt/stack/data/venv/lib/python3.12/site-packages/oslo_config/cfg.py:3549}}
Aug 22 05:51:57.064416 np0000007928 devstack@g-api.service[99727]: DEBUG glance.common.config [None req-8ce13115-7769-47d7-8535-fdd22bf9f887 None None] user_storage_quota = 0 {{(pid=99727) log_opt_values /opt/stack/data/venv/lib/python3.12/site-packages/oslo_config/cfg.py:3549}}
Aug 22 05:51:57.064554 np0000007928 devstack@g-api.service[99727]: DEBUG glance.common.config [None req-8ce13115-7769-47d7-8535-fdd22bf9f887 None None] worker_self_reference_url = http://127.0.0.1:60999 {{(pid=99727) log_opt_values /opt/stack/data/venv/lib/python3.12/site-packages/oslo_config/cfg.py:3549}}
Aug 22 05:51:57.064669 np0000007928 devstack@g-api.service[99727]: DEBUG glance.common.config [None req-8ce13115-7769-47d7-8535-fdd22bf9f887 None None] oslo_concurrency.disable_process_locking = False {{(pid=99727) log_opt_values /opt/stack/data/venv/lib/python3.12/site-packages/oslo_config/cfg.py:3560}}
Aug 22 05:51:57.064797 np0000007928 devstack@g-api.service[99727]: DEBUG glance.common.config [None req-8ce13115-7769-47d7-8535-fdd22bf9f887 None None] oslo_concurrency.lock_path = /opt/stack/data/glance/locks {{(pid=99727) log_opt_values /opt/stack/data/venv/lib/python3.12/site-packages/oslo_config/cfg.py:3560}}
Aug 22 05:51:57.064896 np0000007928 devstack@g-api.service[99727]: DEBUG glance.common.config [None req-8ce13115-7769-47d7-8535-fdd22bf9f887 None None] oslo_middleware.enable_proxy_headers_parsing = False {{(pid=99727) log_opt_values /opt/stack/data/venv/lib/python3.12/site-packages/oslo_config/cfg.py:3560}}
Aug 22 05:51:57.064992 np0000007928 devstack@g-api.service[99727]: DEBUG glance.common.config [None req-8ce13115-7769-47d7-8535-fdd22bf9f887 None None] oslo_middleware.http_basic_auth_user_file = /etc/htpasswd {{(pid=99727) log_opt_values /opt/stack/data/venv/lib/python3.12/site-packages/oslo_config/cfg.py:3560}}
Aug 22 05:51:57.065083 np0000007928 devstack@g-api.service[99727]: DEBUG glance.common.config [None req-8ce13115-7769-47d7-8535-fdd22bf9f887 None None] paste_deploy.config_file = None {{(pid=99727) log_opt_values /opt/stack/data/venv/lib/python3.12/site-packages/oslo_config/cfg.py:3560}}
Aug 22 05:51:57.065176 np0000007928 devstack@g-api.service[99727]: DEBUG glance.common.config [None req-8ce13115-7769-47d7-8535-fdd22bf9f887 None None] paste_deploy.flavor = keystone+cachemanagement {{(pid=99727) log_opt_values /opt/stack/data/venv/lib/python3.12/site-packages/oslo_config/cfg.py:3560}}
Aug 22 05:51:57.065300 np0000007928 devstack@g-api.service[99727]: DEBUG glance.common.config [None req-8ce13115-7769-47d7-8535-fdd22bf9f887 None None] image_format.container_formats = ['ami', 'ari', 'aki', 'bare', 'ovf', 'ova', 'docker', 'compressed'] {{(pid=99727) log_opt_values /opt/stack/data/venv/lib/python3.12/site-packages/oslo_config/cfg.py:3560}}
Aug 22 05:51:57.065424 np0000007928 devstack@g-api.service[99727]: DEBUG glance.common.config [None req-8ce13115-7769-47d7-8535-fdd22bf9f887 None None] image_format.disk_formats = ['ami', 'ari', 'aki', 'vhd', 'vhdx', 'vmdk', 'raw', 'qcow2', 'vdi', 'iso', 'ploop'] {{(pid=99727) log_opt_values /opt/stack/data/venv/lib/python3.12/site-packages/oslo_config/cfg.py:3560}}
Aug 22 05:51:57.065531 np0000007928 devstack@g-api.service[99727]: DEBUG glance.common.config [None req-8ce13115-7769-47d7-8535-fdd22bf9f887 None None] image_format.gpt_safety_checks_nonfatal = [] {{(pid=99727) log_opt_values /opt/stack/data/venv/lib/python3.12/site-packages/oslo_config/cfg.py:3560}}
Aug 22 05:51:57.065633 np0000007928 devstack@g-api.service[99727]: DEBUG glance.common.config [None req-8ce13115-7769-47d7-8535-fdd22bf9f887 None None] image_format.require_image_format_match = True {{(pid=99727) log_opt_values /opt/stack/data/venv/lib/python3.12/site-packages/oslo_config/cfg.py:3560}}
Aug 22 05:51:57.065744 np0000007928 devstack@g-api.service[99727]: DEBUG glance.common.config [None req-8ce13115-7769-47d7-8535-fdd22bf9f887 None None] image_format.vmdk_allowed_types = ['streamOptimized', 'monolithicSparse'] {{(pid=99727) log_opt_values /opt/stack/data/venv/lib/python3.12/site-packages/oslo_config/cfg.py:3560}}
Aug 22 05:51:57.065863 np0000007928 devstack@g-api.service[99727]: DEBUG glance.common.config [None req-8ce13115-7769-47d7-8535-fdd22bf9f887 None None] task.task_executor = taskflow {{(pid=99727) log_opt_values /opt/stack/data/venv/lib/python3.12/site-packages/oslo_config/cfg.py:3560}}
Aug 22 05:51:57.065956 np0000007928 devstack@g-api.service[99727]: DEBUG glance.common.config [None req-8ce13115-7769-47d7-8535-fdd22bf9f887 None None] task.task_time_to_live = 48 {{(pid=99727) log_opt_values /opt/stack/data/venv/lib/python3.12/site-packages/oslo_config/cfg.py:3560}}
Aug 22 05:51:57.066043 np0000007928 devstack@g-api.service[99727]: DEBUG glance.common.config [None req-8ce13115-7769-47d7-8535-fdd22bf9f887 None None] task.work_dir = None {{(pid=99727) log_opt_values /opt/stack/data/venv/lib/python3.12/site-packages/oslo_config/cfg.py:3560}}
Aug 22 05:51:57.066140 np0000007928 devstack@g-api.service[99727]: DEBUG glance.common.config [None req-8ce13115-7769-47d7-8535-fdd22bf9f887 None None] wsgi.python_interpreter = /opt/stack/data/venv/bin/python3 {{(pid=99727) log_opt_values /opt/stack/data/venv/lib/python3.12/site-packages/oslo_config/cfg.py:3560}}
Aug 22 05:51:57.066254 np0000007928 devstack@g-api.service[99727]: DEBUG glance.common.config [None req-8ce13115-7769-47d7-8535-fdd22bf9f887 None None] wsgi.task_pool_threads = 16 {{(pid=99727) log_opt_values /opt/stack/data/venv/lib/python3.12/site-packages/oslo_config/cfg.py:3560}}
Aug 22 05:51:57.066364 np0000007928 devstack@g-api.service[99727]: DEBUG glance.common.config [None req-8ce13115-7769-47d7-8535-fdd22bf9f887 None None] import_filtering_opts.allowed_hosts = [] {{(pid=99727) log_opt_values /opt/stack/data/venv/lib/python3.12/site-packages/oslo_config/cfg.py:3560}}
Aug 22 05:51:57.066456 np0000007928 devstack@g-api.service[99727]: DEBUG glance.common.config [None req-8ce13115-7769-47d7-8535-fdd22bf9f887 None None] import_filtering_opts.allowed_ports = [80, 443] {{(pid=99727) log_opt_values /opt/stack/data/venv/lib/python3.12/site-packages/oslo_config/cfg.py:3560}}
Aug 22 05:51:57.066577 np0000007928 devstack@g-api.service[99727]: DEBUG glance.common.config [None req-8ce13115-7769-47d7-8535-fdd22bf9f887 None None] import_filtering_opts.allowed_schemes = ['http', 'https'] {{(pid=99727) log_opt_values /opt/stack/data/venv/lib/python3.12/site-packages/oslo_config/cfg.py:3560}}
Aug 22 05:51:57.066682 np0000007928 devstack@g-api.service[99727]: DEBUG glance.common.config [None req-8ce13115-7769-47d7-8535-fdd22bf9f887 None None] import_filtering_opts.disallowed_hosts = [] {{(pid=99727) log_opt_values /opt/stack/data/venv/lib/python3.12/site-packages/oslo_config/cfg.py:3560}}
Aug 22 05:51:57.066780 np0000007928 devstack@g-api.service[99727]: DEBUG glance.common.config [None req-8ce13115-7769-47d7-8535-fdd22bf9f887 None None] import_filtering_opts.disallowed_ports = [] {{(pid=99727) log_opt_values /opt/stack/data/venv/lib/python3.12/site-packages/oslo_config/cfg.py:3560}}
Aug 22 05:51:57.066871 np0000007928 devstack@g-api.service[99727]: DEBUG glance.common.config [None req-8ce13115-7769-47d7-8535-fdd22bf9f887 None None] import_filtering_opts.disallowed_schemes = [] {{(pid=99727) log_opt_values /opt/stack/data/venv/lib/python3.12/site-packages/oslo_config/cfg.py:3560}}
Aug 22 05:51:57.066969 np0000007928 devstack@g-api.service[99727]: DEBUG glance.common.config [None req-8ce13115-7769-47d7-8535-fdd22bf9f887 None None] oslo_messaging_metrics.metrics_buffer_size = 1000 {{(pid=99727) log_opt_values /opt/stack/data/venv/lib/python3.12/site-packages/oslo_config/cfg.py:3560}}
Aug 22 05:51:57.067056 np0000007928 devstack@g-api.service[99727]: DEBUG glance.common.config [None req-8ce13115-7769-47d7-8535-fdd22bf9f887 None None] oslo_messaging_metrics.metrics_enabled = False {{(pid=99727) log_opt_values /opt/stack/data/venv/lib/python3.12/site-packages/oslo_config/cfg.py:3560}}
