Jun 05 14:40:38.442824 np0000002219 devstack@g-api.service[98941]: DEBUG glance.api.middleware.version_negotiation [None req-35813922-303b-4c25-b119-330284062a49 tempest-ServerBootFromVolumeStableRescueTest-1000162895 tempest-ServerBootFromVolumeStableRescueTest-1000162895-project-member] Using url versioning {{(pid=98941) process_request /opt/stack/glance/glance/api/middleware/version_negotiation.py:57}}
Jun 05 14:40:38.445188 np0000002219 devstack@g-api.service[98941]: DEBUG glance.api.middleware.version_negotiation [None req-35813922-303b-4c25-b119-330284062a49 tempest-ServerBootFromVolumeStableRescueTest-1000162895 tempest-ServerBootFromVolumeStableRescueTest-1000162895-project-member] Matched version: v2 {{(pid=98941) process_request /opt/stack/glance/glance/api/middleware/version_negotiation.py:69}}
Jun 05 14:40:38.445188 np0000002219 devstack@g-api.service[98941]: DEBUG glance.api.middleware.version_negotiation [None req-35813922-303b-4c25-b119-330284062a49 tempest-ServerBootFromVolumeStableRescueTest-1000162895 tempest-ServerBootFromVolumeStableRescueTest-1000162895-project-member] new path /v2/images/07f03ae7-20ee-4715-a8d3-9478921a7829 {{(pid=98941) process_request /opt/stack/glance/glance/api/middleware/version_negotiation.py:70}}
Jun 05 14:40:38.466114 np0000002219 devstack@g-api.service[98941]: [pid: 98941|app: 0|req: 51/101] 127.0.0.1 () {44 vars in 1111 bytes} [Fri Jun 5 14:40:38 2026] GET /v2/images/07f03ae7-20ee-4715-a8d3-9478921a7829 => generated 1470 bytes in 24 msecs (HTTP/1.1 200) 4 headers in 158 bytes (1 switches on core 0)
Jun 05 14:40:38.535217 np0000002219 devstack@g-api.service[98940]: DEBUG glance.api.middleware.version_negotiation [None req-35813922-303b-4c25-b119-330284062a49 tempest-ServerBootFromVolumeStableRescueTest-1000162895 tempest-ServerBootFromVolumeStableRescueTest-1000162895-project-member] Determining version of request: PUT /v2/images/07f03ae7-20ee-4715-a8d3-9478921a7829/file Accept: */* {{(pid=98940) process_request /opt/stack/glance/glance/api/middleware/version_negotiation.py:44}}
Jun 05 14:40:38.535217 np0000002219 devstack@g-api.service[98940]: DEBUG glance.api.middleware.version_negotiation [None req-35813922-303b-4c25-b119-330284062a49 tempest-ServerBootFromVolumeStableRescueTest-1000162895 tempest-ServerBootFromVolumeStableRescueTest-1000162895-project-member] Using url versioning {{(pid=98940) process_request /opt/stack/glance/glance/api/middleware/version_negotiation.py:57}}
Jun 05 14:40:38.535873 np0000002219 devstack@g-api.service[98940]: DEBUG glance.api.middleware.version_negotiation [None req-35813922-303b-4c25-b119-330284062a49 tempest-ServerBootFromVolumeStableRescueTest-1000162895 tempest-ServerBootFromVolumeStableRescueTest-1000162895-project-member] Matched version: v2 {{(pid=98940) process_request /opt/stack/glance/glance/api/middleware/version_negotiation.py:69}}
Jun 05 14:40:38.535873 np0000002219 devstack@g-api.service[98940]: DEBUG glance.api.middleware.version_negotiation [None req-35813922-303b-4c25-b119-330284062a49 tempest-ServerBootFromVolumeStableRescueTest-1000162895 tempest-ServerBootFromVolumeStableRescueTest-1000162895-project-member] new path /v2/images/07f03ae7-20ee-4715-a8d3-9478921a7829/file {{(pid=98940) process_request /opt/stack/glance/glance/api/middleware/version_negotiation.py:70}}
Jun 05 14:40:38.538671 np0000002219 devstack@g-api.service[98941]: DEBUG glance.api.middleware.version_negotiation [None req-35813922-303b-4c25-b119-330284062a49 tempest-ServerBootFromVolumeStableRescueTest-1000162895 tempest-ServerBootFromVolumeStableRescueTest-1000162895-project-member] Determining version of request: GET /v2/images/07f03ae7-20ee-4715-a8d3-9478921a7829 Accept: application/json {{(pid=98941) process_request /opt/stack/glance/glance/api/middleware/version_negotiation.py:44}}
Jun 05 14:40:38.538893 np0000002219 devstack@g-api.service[98941]: DEBUG glance.api.middleware.version_negotiation [None req-35813922-303b-4c25-b119-330284062a49 tempest-ServerBootFromVolumeStableRescueTest-1000162895 tempest-ServerBootFromVolumeStableRescueTest-1000162895-project-member] Using url versioning {{(pid=98941) process_request /opt/stack/glance/glance/api/middleware/version_negotiation.py:57}}
Jun 05 14:40:38.539081 np0000002219 devstack@g-api.service[98941]: DEBUG glance.api.middleware.version_negotiation [None req-35813922-303b-4c25-b119-330284062a49 tempest-ServerBootFromVolumeStableRescueTest-1000162895 tempest-ServerBootFromVolumeStableRescueTest-1000162895-project-member] Matched version: v2 {{(pid=98941) process_request /opt/stack/glance/glance/api/middleware/version_negotiation.py:69}}
Jun 05 14:40:38.539241 np0000002219 devstack@g-api.service[98941]: DEBUG glance.api.middleware.version_negotiation [None req-35813922-303b-4c25-b119-330284062a49 tempest-ServerBootFromVolumeStableRescueTest-1000162895 tempest-ServerBootFromVolumeStableRescueTest-1000162895-project-member] new path /v2/images/07f03ae7-20ee-4715-a8d3-9478921a7829 {{(pid=98941) process_request /opt/stack/glance/glance/api/middleware/version_negotiation.py:70}}
Jun 05 14:40:38.558373 np0000002219 devstack@g-api.service[98941]: [pid: 98941|app: 0|req: 52/102] 127.0.0.1 () {40 vars in 834 bytes} [Fri Jun 5 14:40:38 2026] GET /v2/images/07f03ae7-20ee-4715-a8d3-9478921a7829 => generated 1470 bytes in 20 msecs (HTTP/1.1 200) 4 headers in 158 bytes (1 switches on core 0)
Jun 05 14:40:39.338590 np0000002219 devstack@g-api.service[98940]: INFO glance.api.v2.image_data [None req-35813922-303b-4c25-b119-330284062a49 tempest-ServerBootFromVolumeStableRescueTest-1000162895 tempest-ServerBootFromVolumeStableRescueTest-1000162895-project-member] Unable to create trust: no such option collect_timing in group [keystone_authtoken] Use the existing user token.
Jun 05 14:40:39.569073 np0000002219 devstack@g-api.service[98941]: DEBUG glance.api.middleware.version_negotiation [None req-15e00f1b-3ff0-4850-9a9e-14bfae0fe62a tempest-ServerBootFromVolumeStableRescueTest-1000162895 tempest-ServerBootFromVolumeStableRescueTest-1000162895-project-member] Determining version of request: GET /v2/images/07f03ae7-20ee-4715-a8d3-9478921a7829 Accept: application/json {{(pid=98941) process_request /opt/stack/glance/glance/api/middleware/version_negotiation.py:44}}
Jun 05 14:40:39.569073 np0000002219 devstack@g-api.service[98941]: DEBUG glance.api.middleware.version_negotiation [None req-15e00f1b-3ff0-4850-9a9e-14bfae0fe62a tempest-ServerBootFromVolumeStableRescueTest-1000162895 tempest-ServerBootFromVolumeStableRescueTest-1000162895-project-member] Using url versioning {{(pid=98941) process_request /opt/stack/glance/glance/api/middleware/version_negotiation.py:57}}
Jun 05 14:40:39.569631 np0000002219 devstack@g-api.service[98941]: DEBUG glance.api.middleware.version_negotiation [None req-15e00f1b-3ff0-4850-9a9e-14bfae0fe62a tempest-ServerBootFromVolumeStableRescueTest-1000162895 tempest-ServerBootFromVolumeStableRescueTest-1000162895-project-member] Matched version: v2 {{(pid=98941) process_request /opt/stack/glance/glance/api/middleware/version_negotiation.py:69}}
Jun 05 14:40:39.569631 np0000002219 devstack@g-api.service[98941]: DEBUG glance.api.middleware.version_negotiation [None req-15e00f1b-3ff0-4850-9a9e-14bfae0fe62a tempest-ServerBootFromVolumeStableRescueTest-1000162895 tempest-ServerBootFromVolumeStableRescueTest-1000162895-project-member] new path /v2/images/07f03ae7-20ee-4715-a8d3-9478921a7829 {{(pid=98941) process_request /opt/stack/glance/glance/api/middleware/version_negotiation.py:70}}
Jun 05 14:40:39.597692 np0000002219 devstack@g-api.service[98941]: [pid: 98941|app: 0|req: 53/103] 127.0.0.1 () {40 vars in 834 bytes} [Fri Jun 5 14:40:39 2026] GET /v2/images/07f03ae7-20ee-4715-a8d3-9478921a7829 => generated 1470 bytes in 29 msecs (HTTP/1.1 200) 4 headers in 158 bytes (1 switches on core 0)
Jun 05 14:40:40.290935 np0000002219 devstack@g-api.service[98940]: DEBUG glance.location [None req-35813922-303b-4c25-b119-330284062a49 tempest-ServerBootFromVolumeStableRescueTest-1000162895 tempest-ServerBootFromVolumeStableRescueTest-1000162895-project-member] Enabling in-flight format inspection for qcow2 {{(pid=98940) set_data /opt/stack/glance/glance/location.py:616}}
Jun 05 14:40:40.291564 np0000002219 devstack@g-api.service[98940]: DEBUG glance_store.backend [None req-35813922-303b-4c25-b119-330284062a49 tempest-ServerBootFromVolumeStableRescueTest-1000162895 tempest-ServerBootFromVolumeStableRescueTest-1000162895-project-member] Attempting to import store swift {{(pid=98940) _load_store /opt/stack/data/venv/lib/python3.12/site-packages/glance_store/backend.py:215}}
Jun 05 14:40:40.293796 np0000002219 devstack@g-api.service[98940]: DEBUG glance_store.capabilities [None req-35813922-303b-4c25-b119-330284062a49 tempest-ServerBootFromVolumeStableRescueTest-1000162895 tempest-ServerBootFromVolumeStableRescueTest-1000162895-project-member] Store glance_store._drivers.swift.store.SingleTenantStore doesn't support updating dynamic storage capabilities. Please overwrite 'update_capabilities' method of the store to implement updating logics if needed. {{(pid=98940) update_capabilities /opt/stack/data/venv/lib/python3.12/site-packages/glance_store/capabilities.py:91}}
Jun 05 14:40:40.294602 np0000002219 devstack@g-api.service[98940]: DEBUG glance_store.driver [None req-35813922-303b-4c25-b119-330284062a49 tempest-ServerBootFromVolumeStableRescueTest-1000162895 tempest-ServerBootFromVolumeStableRescueTest-1000162895-project-member] Late loading location class glance_store._drivers.swift.store.StoreLocation {{(pid=98940) get_store_location_class /opt/stack/data/venv/lib/python3.12/site-packages/glance_store/driver.py:134}}
Jun 05 14:40:40.294602 np0000002219 devstack@g-api.service[98940]: DEBUG glance_store.location [None req-35813922-303b-4c25-b119-330284062a49 tempest-ServerBootFromVolumeStableRescueTest-1000162895 tempest-ServerBootFromVolumeStableRescueTest-1000162895-project-member] Registering scheme swift+https with {'store': , 'location_class': , 'store_entry': 'swift'} {{(pid=98940) register_scheme_map /opt/stack/data/venv/lib/python3.12/site-packages/glance_store/location.py:146}}
Jun 05 14:40:40.294602 np0000002219 devstack@g-api.service[98940]: DEBUG glance_store.location [None req-35813922-303b-4c25-b119-330284062a49 tempest-ServerBootFromVolumeStableRescueTest-1000162895 tempest-ServerBootFromVolumeStableRescueTest-1000162895-project-member] Registering scheme swift+https with {'store': , 'location_class': , 'store_entry': 'swift'} {{(pid=98940) register_scheme_map /opt/stack/data/venv/lib/python3.12/site-packages/glance_store/location.py:146}}
Jun 05 14:40:40.295918 np0000002219 devstack@g-api.service[98940]: DEBUG glance_store.location [None req-35813922-303b-4c25-b119-330284062a49 tempest-ServerBootFromVolumeStableRescueTest-1000162895 tempest-ServerBootFromVolumeStableRescueTest-1000162895-project-member] Registering scheme swift with {'store': , 'location_class': , 'store_entry': 'swift'} {{(pid=98940) register_scheme_map /opt/stack/data/venv/lib/python3.12/site-packages/glance_store/location.py:146}}
Jun 05 14:40:40.295918 np0000002219 devstack@g-api.service[98940]: DEBUG glance_store.location [None req-35813922-303b-4c25-b119-330284062a49 tempest-ServerBootFromVolumeStableRescueTest-1000162895 tempest-ServerBootFromVolumeStableRescueTest-1000162895-project-member] Registering scheme swift+https with {'store': , 'location_class': , 'store_entry': 'swift'} {{(pid=98940) register_scheme_map /opt/stack/data/venv/lib/python3.12/site-packages/glance_store/location.py:146}}
Jun 05 14:40:40.295918 np0000002219 devstack@g-api.service[98940]: DEBUG glance_store.location [None req-35813922-303b-4c25-b119-330284062a49 tempest-ServerBootFromVolumeStableRescueTest-1000162895 tempest-ServerBootFromVolumeStableRescueTest-1000162895-project-member] Registering scheme swift with {'store': , 'location_class': , 'store_entry': 'swift'} {{(pid=98940) register_scheme_map /opt/stack/data/venv/lib/python3.12/site-packages/glance_store/location.py:146}}
Jun 05 14:40:40.296597 np0000002219 devstack@g-api.service[98940]: DEBUG glance_store.location [None req-35813922-303b-4c25-b119-330284062a49 tempest-ServerBootFromVolumeStableRescueTest-1000162895 tempest-ServerBootFromVolumeStableRescueTest-1000162895-project-member] Registering scheme swift+http with {'store': , 'location_class': , 'store_entry': 'swift'} {{(pid=98940) register_scheme_map /opt/stack/data/venv/lib/python3.12/site-packages/glance_store/location.py:146}}
Jun 05 14:40:40.296597 np0000002219 devstack@g-api.service[98940]: DEBUG glance_store.location [None req-35813922-303b-4c25-b119-330284062a49 tempest-ServerBootFromVolumeStableRescueTest-1000162895 tempest-ServerBootFromVolumeStableRescueTest-1000162895-project-member] Registering scheme swift+https with {'store': , 'location_class': , 'store_entry': 'swift'} {{(pid=98940) register_scheme_map /opt/stack/data/venv/lib/python3.12/site-packages/glance_store/location.py:146}}
Jun 05 14:40:40.296597 np0000002219 devstack@g-api.service[98940]: DEBUG glance_store.location [None req-35813922-303b-4c25-b119-330284062a49 tempest-ServerBootFromVolumeStableRescueTest-1000162895 tempest-ServerBootFromVolumeStableRescueTest-1000162895-project-member] Registering scheme swift with {'store': , 'location_class': , 'store_entry': 'swift'} {{(pid=98940) register_scheme_map /opt/stack/data/venv/lib/python3.12/site-packages/glance_store/location.py:146}}
Jun 05 14:40:40.296925 np0000002219 devstack@g-api.service[98940]: DEBUG glance_store.location [None req-35813922-303b-4c25-b119-330284062a49 tempest-ServerBootFromVolumeStableRescueTest-1000162895 tempest-ServerBootFromVolumeStableRescueTest-1000162895-project-member] Registering scheme swift+http with {'store': , 'location_class': , 'store_entry': 'swift'} {{(pid=98940) register_scheme_map /opt/stack/data/venv/lib/python3.12/site-packages/glance_store/location.py:146}}
Jun 05 14:40:40.296925 np0000002219 devstack@g-api.service[98940]: DEBUG glance_store.location [None req-35813922-303b-4c25-b119-330284062a49 tempest-ServerBootFromVolumeStableRescueTest-1000162895 tempest-ServerBootFromVolumeStableRescueTest-1000162895-project-member] Registering scheme swift+config with {'store': , 'location_class': , 'store_entry': 'swift'} {{(pid=98940) register_scheme_map /opt/stack/data/venv/lib/python3.12/site-packages/glance_store/location.py:146}}
Jun 05 14:40:40.612195 np0000002219 devstack@g-api.service[98941]: DEBUG glance.api.middleware.version_negotiation [None req-6d2d24e7-ceba-4d8e-aec1-71c4f9432f6d tempest-ServerBootFromVolumeStableRescueTest-1000162895 tempest-ServerBootFromVolumeStableRescueTest-1000162895-project-member] Determining version of request: GET /v2/images/07f03ae7-20ee-4715-a8d3-9478921a7829 Accept: application/json {{(pid=98941) process_request /opt/stack/glance/glance/api/middleware/version_negotiation.py:44}}
Jun 05 14:40:40.612762 np0000002219 devstack@g-api.service[98941]: DEBUG glance.api.middleware.version_negotiation [None req-6d2d24e7-ceba-4d8e-aec1-71c4f9432f6d tempest-ServerBootFromVolumeStableRescueTest-1000162895 tempest-ServerBootFromVolumeStableRescueTest-1000162895-project-member] Using url versioning {{(pid=98941) process_request /opt/stack/glance/glance/api/middleware/version_negotiation.py:57}}
Jun 05 14:40:40.612762 np0000002219 devstack@g-api.service[98941]: DEBUG glance.api.middleware.version_negotiation [None req-6d2d24e7-ceba-4d8e-aec1-71c4f9432f6d tempest-ServerBootFromVolumeStableRescueTest-1000162895 tempest-ServerBootFromVolumeStableRescueTest-1000162895-project-member] Matched version: v2 {{(pid=98941) process_request /opt/stack/glance/glance/api/middleware/version_negotiation.py:69}}
Jun 05 14:40:40.612883 np0000002219 devstack@g-api.service[98941]: DEBUG glance.api.middleware.version_negotiation [None req-6d2d24e7-ceba-4d8e-aec1-71c4f9432f6d tempest-ServerBootFromVolumeStableRescueTest-1000162895 tempest-ServerBootFromVolumeStableRescueTest-1000162895-project-member] new path /v2/images/07f03ae7-20ee-4715-a8d3-9478921a7829 {{(pid=98941) process_request /opt/stack/glance/glance/api/middleware/version_negotiation.py:70}}
Jun 05 14:40:40.670846 np0000002219 devstack@g-api.service[98941]: [pid: 98941|app: 0|req: 54/104] 127.0.0.1 () {40 vars in 834 bytes} [Fri Jun 5 14:40:40 2026] GET /v2/images/07f03ae7-20ee-4715-a8d3-9478921a7829 => generated 1470 bytes in 60 msecs (HTTP/1.1 200) 4 headers in 158 bytes (1 switches on core 0)
Jun 05 14:40:41.157015 np0000002219 devstack@g-api.service[98940]: DEBUG swiftclient [None req-35813922-303b-4c25-b119-330284062a49 tempest-ServerBootFromVolumeStableRescueTest-1000162895 tempest-ServerBootFromVolumeStableRescueTest-1000162895-project-member] REQ: curl -i https://10.4.3.40:8080/v1/AUTH_7a96cc9d62434d9282ade71e9f751f5f/glance -I -H "X-Auth-Token: gAAAAABqIt_o0ZhV..." {{(pid=98940) http_log /opt/stack/data/venv/lib/python3.12/site-packages/swiftclient/client.py:160}}
Jun 05 14:40:41.157015 np0000002219 devstack@g-api.service[98940]: DEBUG swiftclient [None req-35813922-303b-4c25-b119-330284062a49 tempest-ServerBootFromVolumeStableRescueTest-1000162895 tempest-ServerBootFromVolumeStableRescueTest-1000162895-project-member] RESP STATUS: 204 No Content {{(pid=98940) http_log /opt/stack/data/venv/lib/python3.12/site-packages/swiftclient/client.py:161}}
Jun 05 14:40:41.157250 np0000002219 devstack@g-api.service[98940]: DEBUG swiftclient [None req-35813922-303b-4c25-b119-330284062a49 tempest-ServerBootFromVolumeStableRescueTest-1000162895 tempest-ServerBootFromVolumeStableRescueTest-1000162895-project-member] RESP HEADERS: {'Date': 'Fri, 05 Jun 2026 14:40:41 GMT', 'Server': 'Apache/2.4.58 (Ubuntu)', 'Content-Type': 'text/plain; charset=utf-8', 'X-Container-Object-Count': '5', 'X-Container-Bytes-Used': '86048768', 'X-Timestamp': '1780670239.70139', 'Last-Modified': 'Fri, 05 Jun 2026 14:37:20 GMT', 'Accept-Ranges': 'bytes', 'X-Storage-Policy': 'Policy-0', 'X-Container-Sharding': 'False', 'Vary': 'Accept', 'X-Trans-Id': 'tx9785e7e6e97b4990acf9b-006a22dfe8', 'X-Openstack-Request-Id': 'tx9785e7e6e97b4990acf9b-006a22dfe8', 'Connection': 'close'} {{(pid=98940) http_log /opt/stack/data/venv/lib/python3.12/site-packages/swiftclient/client.py:162}}
Jun 05 14:40:41.157471 np0000002219 devstack@g-api.service[98940]: DEBUG glance_store._drivers.swift.store [None req-35813922-303b-4c25-b119-330284062a49 tempest-ServerBootFromVolumeStableRescueTest-1000162895 tempest-ServerBootFromVolumeStableRescueTest-1000162895-project-member] Adding image object '07f03ae7-20ee-4715-a8d3-9478921a7829' to Swift {{(pid=98940) add /opt/stack/data/venv/lib/python3.12/site-packages/glance_store/_drivers/swift/store.py:970}}
Jun 05 14:40:41.157645 np0000002219 devstack@g-api.service[98940]: DEBUG glance_store._drivers.swift.store [None req-35813922-303b-4c25-b119-330284062a49 tempest-ServerBootFromVolumeStableRescueTest-1000162895 tempest-ServerBootFromVolumeStableRescueTest-1000162895-project-member] Cannot determine image size because it is either not provided in the request or chunked-transfer encoding is used. Adding image as a segmented object to Swift. {{(pid=98940) add /opt/stack/data/venv/lib/python3.12/site-packages/glance_store/_drivers/swift/store.py:994}}
Jun 05 14:40:41.179962 np0000002219 devstack@g-api.service[98940]: DEBUG oslo_utils.imageutils.format_inspector [None req-35813922-303b-4c25-b119-330284062a49 tempest-ServerBootFromVolumeStableRescueTest-1000162895 tempest-ServerBootFromVolumeStableRescueTest-1000162895-project-member] Format inspector for vmdk does not match, excluding from consideration (Signature KDMV not found: b'QFI\xfb') {{(pid=98940) _process_chunk /opt/stack/data/venv/lib/python3.12/site-packages/oslo_utils/imageutils/format_inspector.py:1758}}
Jun 05 14:40:41.188905 np0000002219 devstack@g-api.service[98940]: DEBUG oslo_utils.imageutils.format_inspector [None req-35813922-303b-4c25-b119-330284062a49 tempest-ServerBootFromVolumeStableRescueTest-1000162895 tempest-ServerBootFromVolumeStableRescueTest-1000162895-project-member] Format inspector for vhdx does not match, excluding from consideration (Region signature not found at 30000) {{(pid=98940) _process_chunk /opt/stack/data/venv/lib/python3.12/site-packages/oslo_utils/imageutils/format_inspector.py:1758}}
Jun 05 14:40:41.593430 np0000002219 devstack@g-api.service[98940]: DEBUG swiftclient [None req-35813922-303b-4c25-b119-330284062a49 tempest-ServerBootFromVolumeStableRescueTest-1000162895 tempest-ServerBootFromVolumeStableRescueTest-1000162895-project-member] REQ: curl -i https://10.4.3.40:8080/v1/AUTH_7a96cc9d62434d9282ade71e9f751f5f/glance/07f03ae7-20ee-4715-a8d3-9478921a7829-00001 -X PUT -H "X-Auth-Token: gAAAAABqIt_o0ZhV..." {{(pid=98940) http_log /opt/stack/data/venv/lib/python3.12/site-packages/swiftclient/client.py:160}}
Jun 05 14:40:41.595393 np0000002219 devstack@g-api.service[98940]: DEBUG swiftclient [None req-35813922-303b-4c25-b119-330284062a49 tempest-ServerBootFromVolumeStableRescueTest-1000162895 tempest-ServerBootFromVolumeStableRescueTest-1000162895-project-member] RESP STATUS: 201 Created {{(pid=98940) http_log /opt/stack/data/venv/lib/python3.12/site-packages/swiftclient/client.py:161}}
Jun 05 14:40:41.595393 np0000002219 devstack@g-api.service[98940]: DEBUG swiftclient [None req-35813922-303b-4c25-b119-330284062a49 tempest-ServerBootFromVolumeStableRescueTest-1000162895 tempest-ServerBootFromVolumeStableRescueTest-1000162895-project-member] RESP HEADERS: {'Date': 'Fri, 05 Jun 2026 14:40:41 GMT', 'Server': 'Apache/2.4.58 (Ubuntu)', 'Content-Type': 'text/html; charset=UTF-8', 'Content-Length': '0', 'Etag': '4fa343ee581d8d2e78533191fd1ac3e1', 'Last-Modified': 'Fri, 05 Jun 2026 14:40:42 GMT', 'X-Trans-Id': 'tx56af6dbfd59e442d86e74-006a22dfe9', 'X-Openstack-Request-Id': 'tx56af6dbfd59e442d86e74-006a22dfe9', 'Connection': 'close'} {{(pid=98940) http_log /opt/stack/data/venv/lib/python3.12/site-packages/swiftclient/client.py:162}}
Jun 05 14:40:41.595723 np0000002219 devstack@g-api.service[98940]: DEBUG glance_store._drivers.swift.store [None req-35813922-303b-4c25-b119-330284062a49 tempest-ServerBootFromVolumeStableRescueTest-1000162895 tempest-ServerBootFromVolumeStableRescueTest-1000162895-project-member] Wrote chunk 07f03ae7-20ee-4715-a8d3-9478921a7829-00001 (1/?) of length 23527424 to Swift returning MD5 of content: 4fa343ee581d8d2e78533191fd1ac3e1 {{(pid=98940) add /opt/stack/data/venv/lib/python3.12/site-packages/glance_store/_drivers/swift/store.py:1059}}
Jun 05 14:40:41.596034 np0000002219 devstack@g-api.service[98940]: DEBUG glance_store._drivers.swift.store [None req-35813922-303b-4c25-b119-330284062a49 tempest-ServerBootFromVolumeStableRescueTest-1000162895 tempest-ServerBootFromVolumeStableRescueTest-1000162895-project-member] Not writing zero-length chunk. {{(pid=98940) add /opt/stack/data/venv/lib/python3.12/site-packages/glance_store/_drivers/swift/store.py:1028}}
Jun 05 14:40:41.635467 np0000002219 devstack@g-api.service[98940]: DEBUG swiftclient [None req-35813922-303b-4c25-b119-330284062a49 tempest-ServerBootFromVolumeStableRescueTest-1000162895 tempest-ServerBootFromVolumeStableRescueTest-1000162895-project-member] REQ: curl -i https://10.4.3.40:8080/v1/AUTH_7a96cc9d62434d9282ade71e9f751f5f/glance/07f03ae7-20ee-4715-a8d3-9478921a7829 -X PUT -H "X-Object-Manifest: glance/07f03ae7-20ee-4715-a8d3-9478921a7829-" -H "X-Auth-Token: gAAAAABqIt_o0ZhV..." -H "Content-Length: 0" {{(pid=98940) http_log /opt/stack/data/venv/lib/python3.12/site-packages/swiftclient/client.py:160}}
Jun 05 14:40:41.635629 np0000002219 devstack@g-api.service[98940]: DEBUG swiftclient [None req-35813922-303b-4c25-b119-330284062a49 tempest-ServerBootFromVolumeStableRescueTest-1000162895 tempest-ServerBootFromVolumeStableRescueTest-1000162895-project-member] RESP STATUS: 201 Created {{(pid=98940) http_log /opt/stack/data/venv/lib/python3.12/site-packages/swiftclient/client.py:161}}
Jun 05 14:40:41.636354 np0000002219 devstack@g-api.service[98940]: DEBUG swiftclient [None req-35813922-303b-4c25-b119-330284062a49 tempest-ServerBootFromVolumeStableRescueTest-1000162895 tempest-ServerBootFromVolumeStableRescueTest-1000162895-project-member] RESP HEADERS: {'Date': 'Fri, 05 Jun 2026 14:40:41 GMT', 'Server': 'Apache/2.4.58 (Ubuntu)', 'Content-Type': 'text/html; charset=UTF-8', 'Content-Length': '0', 'Etag': 'd41d8cd98f00b204e9800998ecf8427e', 'Last-Modified': 'Fri, 05 Jun 2026 14:40:42 GMT', 'X-Trans-Id': 'tx1eb2b6451aa0451d999a9-006a22dfe9', 'X-Openstack-Request-Id': 'tx1eb2b6451aa0451d999a9-006a22dfe9', 'Connection': 'close'} {{(pid=98940) http_log /opt/stack/data/venv/lib/python3.12/site-packages/swiftclient/client.py:162}}
Jun 05 14:40:41.637324 np0000002219 devstack@g-api.service[98940]: INFO glance.location [None req-35813922-303b-4c25-b119-330284062a49 tempest-ServerBootFromVolumeStableRescueTest-1000162895 tempest-ServerBootFromVolumeStableRescueTest-1000162895-project-member] Image format matched and virtual size computed: 1073741824
Jun 05 14:40:41.682459 np0000002219 devstack@g-api.service[98941]: DEBUG glance.api.middleware.version_negotiation [None req-6ebd668e-6acd-4213-8cce-97474c046504 tempest-ServerBootFromVolumeStableRescueTest-1000162895 tempest-ServerBootFromVolumeStableRescueTest-1000162895-project-member] Determining version of request: GET /v2/images/07f03ae7-20ee-4715-a8d3-9478921a7829 Accept: application/json {{(pid=98941) process_request /opt/stack/glance/glance/api/middleware/version_negotiation.py:44}}
Jun 05 14:40:41.683342 np0000002219 devstack@g-api.service[98941]: DEBUG glance.api.middleware.version_negotiation [None req-6ebd668e-6acd-4213-8cce-97474c046504 tempest-ServerBootFromVolumeStableRescueTest-1000162895 tempest-ServerBootFromVolumeStableRescueTest-1000162895-project-member] Using url versioning {{(pid=98941) process_request /opt/stack/glance/glance/api/middleware/version_negotiation.py:57}}
Jun 05 14:40:41.685916 np0000002219 devstack@g-api.service[98941]: DEBUG glance.api.middleware.version_negotiation [None req-6ebd668e-6acd-4213-8cce-97474c046504 tempest-ServerBootFromVolumeStableRescueTest-1000162895 tempest-ServerBootFromVolumeStableRescueTest-1000162895-project-member] Matched version: v2 {{(pid=98941) process_request /opt/stack/glance/glance/api/middleware/version_negotiation.py:69}}
Jun 05 14:40:41.685916 np0000002219 devstack@g-api.service[98941]: DEBUG glance.api.middleware.version_negotiation [None req-6ebd668e-6acd-4213-8cce-97474c046504 tempest-ServerBootFromVolumeStableRescueTest-1000162895 tempest-ServerBootFromVolumeStableRescueTest-1000162895-project-member] new path /v2/images/07f03ae7-20ee-4715-a8d3-9478921a7829 {{(pid=98941) process_request /opt/stack/glance/glance/api/middleware/version_negotiation.py:70}}
Jun 05 14:40:41.700410 np0000002219 devstack@g-api.service[98940]: DEBUG glance_store.backend [None req-35813922-303b-4c25-b119-330284062a49 tempest-ServerBootFromVolumeStableRescueTest-1000162895 tempest-ServerBootFromVolumeStableRescueTest-1000162895-project-member] Attempting to import store swift {{(pid=98940) _load_store /opt/stack/data/venv/lib/python3.12/site-packages/glance_store/backend.py:215}}
Jun 05 14:40:41.706972 np0000002219 devstack@g-api.service[98940]: DEBUG glance_store.capabilities [None req-35813922-303b-4c25-b119-330284062a49 tempest-ServerBootFromVolumeStableRescueTest-1000162895 tempest-ServerBootFromVolumeStableRescueTest-1000162895-project-member] Store glance_store._drivers.swift.store.SingleTenantStore doesn't support updating dynamic storage capabilities. Please overwrite 'update_capabilities' method of the store to implement updating logics if needed. {{(pid=98940) update_capabilities /opt/stack/data/venv/lib/python3.12/site-packages/glance_store/capabilities.py:91}}
Jun 05 14:40:41.706972 np0000002219 devstack@g-api.service[98940]: DEBUG glance_store.driver [None req-35813922-303b-4c25-b119-330284062a49 tempest-ServerBootFromVolumeStableRescueTest-1000162895 tempest-ServerBootFromVolumeStableRescueTest-1000162895-project-member] Late loading location class glance_store._drivers.swift.store.StoreLocation {{(pid=98940) get_store_location_class /opt/stack/data/venv/lib/python3.12/site-packages/glance_store/driver.py:134}}
Jun 05 14:40:41.706972 np0000002219 devstack@g-api.service[98940]: DEBUG glance_store.location [None req-35813922-303b-4c25-b119-330284062a49 tempest-ServerBootFromVolumeStableRescueTest-1000162895 tempest-ServerBootFromVolumeStableRescueTest-1000162895-project-member] Registering scheme swift+https with {'store': , 'location_class': , 'store_entry': 'swift'} {{(pid=98940) register_scheme_map /opt/stack/data/venv/lib/python3.12/site-packages/glance_store/location.py:146}}
Jun 05 14:40:41.707142 np0000002219 devstack@g-api.service[98940]: DEBUG glance_store.location [None req-35813922-303b-4c25-b119-330284062a49 tempest-ServerBootFromVolumeStableRescueTest-1000162895 tempest-ServerBootFromVolumeStableRescueTest-1000162895-project-member] Registering scheme swift+https with {'store': , 'location_class': , 'store_entry': 'swift'} {{(pid=98940) register_scheme_map /opt/stack/data/venv/lib/python3.12/site-packages/glance_store/location.py:146}}
Jun 05 14:40:41.707142 np0000002219 devstack@g-api.service[98940]: DEBUG glance_store.location [None req-35813922-303b-4c25-b119-330284062a49 tempest-ServerBootFromVolumeStableRescueTest-1000162895 tempest-ServerBootFromVolumeStableRescueTest-1000162895-project-member] Registering scheme swift with {'store': , 'location_class': , 'store_entry': 'swift'} {{(pid=98940) register_scheme_map /opt/stack/data/venv/lib/python3.12/site-packages/glance_store/location.py:146}}
Jun 05 14:40:41.707142 np0000002219 devstack@g-api.service[98940]: DEBUG glance_store.location [None req-35813922-303b-4c25-b119-330284062a49 tempest-ServerBootFromVolumeStableRescueTest-1000162895 tempest-ServerBootFromVolumeStableRescueTest-1000162895-project-member] Registering scheme swift+https with {'store': , 'location_class': , 'store_entry': 'swift'} {{(pid=98940) register_scheme_map /opt/stack/data/venv/lib/python3.12/site-packages/glance_store/location.py:146}}
Jun 05 14:40:41.707277 np0000002219 devstack@g-api.service[98940]: DEBUG glance_store.location [None req-35813922-303b-4c25-b119-330284062a49 tempest-ServerBootFromVolumeStableRescueTest-1000162895 tempest-ServerBootFromVolumeStableRescueTest-1000162895-project-member] Registering scheme swift with {'store': , 'location_class': , 'store_entry': 'swift'} {{(pid=98940) register_scheme_map /opt/stack/data/venv/lib/python3.12/site-packages/glance_store/location.py:146}}
Jun 05 14:40:41.707322 np0000002219 devstack@g-api.service[98940]: DEBUG glance_store.location [None req-35813922-303b-4c25-b119-330284062a49 tempest-ServerBootFromVolumeStableRescueTest-1000162895 tempest-ServerBootFromVolumeStableRescueTest-1000162895-project-member] Registering scheme swift+http with {'store': , 'location_class': , 'store_entry': 'swift'} {{(pid=98940) register_scheme_map /opt/stack/data/venv/lib/python3.12/site-packages/glance_store/location.py:146}}
Jun 05 14:40:41.707385 np0000002219 devstack@g-api.service[98940]: DEBUG glance_store.location [None req-35813922-303b-4c25-b119-330284062a49 tempest-ServerBootFromVolumeStableRescueTest-1000162895 tempest-ServerBootFromVolumeStableRescueTest-1000162895-project-member] Registering scheme swift+https with {'store': , 'location_class': , 'store_entry': 'swift'} {{(pid=98940) register_scheme_map /opt/stack/data/venv/lib/python3.12/site-packages/glance_store/location.py:146}}
Jun 05 14:40:41.707482 np0000002219 devstack@g-api.service[98940]: DEBUG glance_store.location [None req-35813922-303b-4c25-b119-330284062a49 tempest-ServerBootFromVolumeStableRescueTest-1000162895 tempest-ServerBootFromVolumeStableRescueTest-1000162895-project-member] Registering scheme swift with {'store': , 'location_class': , 'store_entry': 'swift'} {{(pid=98940) register_scheme_map /opt/stack/data/venv/lib/python3.12/site-packages/glance_store/location.py:146}}
Jun 05 14:40:41.707557 np0000002219 devstack@g-api.service[98940]: DEBUG glance_store.location [None req-35813922-303b-4c25-b119-330284062a49 tempest-ServerBootFromVolumeStableRescueTest-1000162895 tempest-ServerBootFromVolumeStableRescueTest-1000162895-project-member] Registering scheme swift+http with {'store': , 'location_class': , 'store_entry': 'swift'} {{(pid=98940) register_scheme_map /opt/stack/data/venv/lib/python3.12/site-packages/glance_store/location.py:146}}
Jun 05 14:40:41.707601 np0000002219 devstack@g-api.service[98940]: DEBUG glance_store.location [None req-35813922-303b-4c25-b119-330284062a49 tempest-ServerBootFromVolumeStableRescueTest-1000162895 tempest-ServerBootFromVolumeStableRescueTest-1000162895-project-member] Registering scheme swift+config with {'store': , 'location_class': , 'store_entry': 'swift'} {{(pid=98940) register_scheme_map /opt/stack/data/venv/lib/python3.12/site-packages/glance_store/location.py:146}}
Jun 05 14:40:41.707665 np0000002219 devstack@g-api.service[98940]: DEBUG glance_store.backend [None req-35813922-303b-4c25-b119-330284062a49 tempest-ServerBootFromVolumeStableRescueTest-1000162895 tempest-ServerBootFromVolumeStableRescueTest-1000162895-project-member] Skipping store.set_acls... not implemented. {{(pid=98940) set_acls /opt/stack/data/venv/lib/python3.12/site-packages/glance_store/backend.py:507}}
Jun 05 14:40:41.709042 np0000002219 devstack@g-api.service[98941]: [pid: 98941|app: 0|req: 55/105] 127.0.0.1 () {40 vars in 834 bytes} [Fri Jun 5 14:40:41 2026] GET /v2/images/07f03ae7-20ee-4715-a8d3-9478921a7829 => generated 1640 bytes in 28 msecs (HTTP/1.1 200) 4 headers in 158 bytes (1 switches on core 0)
Jun 05 14:40:41.711637 np0000002219 devstack@g-api.service[98940]: [pid: 98940|app: 0|req: 51/106] 127.0.0.1 () {46 vars in 1154 bytes} [Fri Jun 5 14:40:38 2026] PUT /v2/images/07f03ae7-20ee-4715-a8d3-9478921a7829/file => generated 0 bytes in 3177 msecs (HTTP/1.1 204) 4 headers in 171 bytes (1 switches on core 0)
Jun 05 14:40:41.724422 np0000002219 devstack@g-api.service[98941]: DEBUG glance.api.middleware.version_negotiation [None req-fee3b072-73e5-4c2c-99ac-12efec8f96f8 tempest-ServerBootFromVolumeStableRescueTest-1000162895 tempest-ServerBootFromVolumeStableRescueTest-1000162895-project-member] Determining version of request: GET /v2/images/07f03ae7-20ee-4715-a8d3-9478921a7829 Accept: application/json {{(pid=98941) process_request /opt/stack/glance/glance/api/middleware/version_negotiation.py:44}}
Jun 05 14:40:41.724638 np0000002219 devstack@g-api.service[98941]: DEBUG glance.api.middleware.version_negotiation [None req-fee3b072-73e5-4c2c-99ac-12efec8f96f8 tempest-ServerBootFromVolumeStableRescueTest-1000162895 tempest-ServerBootFromVolumeStableRescueTest-1000162895-project-member] Using url versioning {{(pid=98941) process_request /opt/stack/glance/glance/api/middleware/version_negotiation.py:57}}
Jun 05 14:40:41.725096 np0000002219 devstack@g-api.service[98941]: DEBUG glance.api.middleware.version_negotiation [None req-fee3b072-73e5-4c2c-99ac-12efec8f96f8 tempest-ServerBootFromVolumeStableRescueTest-1000162895 tempest-ServerBootFromVolumeStableRescueTest-1000162895-project-member] Matched version: v2 {{(pid=98941) process_request /opt/stack/glance/glance/api/middleware/version_negotiation.py:69}}
Jun 05 14:40:41.725096 np0000002219 devstack@g-api.service[98941]: DEBUG glance.api.middleware.version_negotiation [None req-fee3b072-73e5-4c2c-99ac-12efec8f96f8 tempest-ServerBootFromVolumeStableRescueTest-1000162895 tempest-ServerBootFromVolumeStableRescueTest-1000162895-project-member] new path /v2/images/07f03ae7-20ee-4715-a8d3-9478921a7829 {{(pid=98941) process_request /opt/stack/glance/glance/api/middleware/version_negotiation.py:70}}
Jun 05 14:40:41.752207 np0000002219 devstack@g-api.service[98941]: [pid: 98941|app: 0|req: 56/107] 127.0.0.1 () {40 vars in 834 bytes} [Fri Jun 5 14:40:41 2026] GET /v2/images/07f03ae7-20ee-4715-a8d3-9478921a7829 => generated 1640 bytes in 28 msecs (HTTP/1.1 200) 4 headers in 158 bytes (1 switches on core 0)
Jun 05 14:40:41.822313 np0000002219 devstack@g-api.service[98940]: DEBUG glance.api.middleware.version_negotiation [None req-35813922-303b-4c25-b119-330284062a49 tempest-ServerBootFromVolumeStableRescueTest-1000162895 tempest-ServerBootFromVolumeStableRescueTest-1000162895-project-member] Determining version of request: GET /v2/images/07f03ae7-20ee-4715-a8d3-9478921a7829 Accept: */* {{(pid=98940) process_request /opt/stack/glance/glance/api/middleware/version_negotiation.py:44}}
Jun 05 14:40:41.824958 np0000002219 devstack@g-api.service[98940]: DEBUG glance.api.middleware.version_negotiation [None req-35813922-303b-4c25-b119-330284062a49 tempest-ServerBootFromVolumeStableRescueTest-1000162895 tempest-ServerBootFromVolumeStableRescueTest-1000162895-project-member] Using url versioning {{(pid=98940) process_request /opt/stack/glance/glance/api/middleware/version_negotiation.py:57}}
Jun 05 14:40:41.824958 np0000002219 devstack@g-api.service[98940]: DEBUG glance.api.middleware.version_negotiation [None req-35813922-303b-4c25-b119-330284062a49 tempest-ServerBootFromVolumeStableRescueTest-1000162895 tempest-ServerBootFromVolumeStableRescueTest-1000162895-project-member] Matched version: v2 {{(pid=98940) process_request /opt/stack/glance/glance/api/middleware/version_negotiation.py:69}}
Jun 05 14:40:41.824958 np0000002219 devstack@g-api.service[98940]: DEBUG glance.api.middleware.version_negotiation [None req-35813922-303b-4c25-b119-330284062a49 tempest-ServerBootFromVolumeStableRescueTest-1000162895 tempest-ServerBootFromVolumeStableRescueTest-1000162895-project-member] new path /v2/images/07f03ae7-20ee-4715-a8d3-9478921a7829 {{(pid=98940) process_request /opt/stack/glance/glance/api/middleware/version_negotiation.py:70}}
Jun 05 14:40:41.850657 np0000002219 devstack@g-api.service[98940]: [pid: 98940|app: 0|req: 52/108] 127.0.0.1 () {44 vars in 1111 bytes} [Fri Jun 5 14:40:41 2026] GET /v2/images/07f03ae7-20ee-4715-a8d3-9478921a7829 => generated 1640 bytes in 28 msecs (HTTP/1.1 200) 4 headers in 158 bytes (1 switches on core 0)
Jun 05 14:40:41.900992 np0000002219 devstack@g-api.service[98941]: DEBUG glance.api.middleware.version_negotiation [None req-9aa3e3c2-f435-4ac8-817d-f4772eaeab11 tempest-ServerBootFromVolumeStableRescueTest-1000162895 tempest-ServerBootFromVolumeStableRescueTest-1000162895-project-member] Determining version of request: GET /v2/schemas/image Accept: */* {{(pid=98941) process_request /opt/stack/glance/glance/api/middleware/version_negotiation.py:44}}
Jun 05 14:40:41.902651 np0000002219 devstack@g-api.service[98941]: DEBUG glance.api.middleware.version_negotiation [None req-9aa3e3c2-f435-4ac8-817d-f4772eaeab11 tempest-ServerBootFromVolumeStableRescueTest-1000162895 tempest-ServerBootFromVolumeStableRescueTest-1000162895-project-member] Using url versioning {{(pid=98941) process_request /opt/stack/glance/glance/api/middleware/version_negotiation.py:57}}
Jun 05 14:40:41.902651 np0000002219 devstack@g-api.service[98941]: DEBUG glance.api.middleware.version_negotiation [None req-9aa3e3c2-f435-4ac8-817d-f4772eaeab11 tempest-ServerBootFromVolumeStableRescueTest-1000162895 tempest-ServerBootFromVolumeStableRescueTest-1000162895-project-member] Matched version: v2 {{(pid=98941) process_request /opt/stack/glance/glance/api/middleware/version_negotiation.py:69}}
Jun 05 14:40:41.902651 np0000002219 devstack@g-api.service[98941]: DEBUG glance.api.middleware.version_negotiation [None req-9aa3e3c2-f435-4ac8-817d-f4772eaeab11 tempest-ServerBootFromVolumeStableRescueTest-1000162895 tempest-ServerBootFromVolumeStableRescueTest-1000162895-project-member] new path /v2/schemas/image {{(pid=98941) process_request /opt/stack/glance/glance/api/middleware/version_negotiation.py:70}}
Jun 05 14:40:41.910058 np0000002219 devstack@g-api.service[98941]: [pid: 98941|app: 0|req: 57/109] 127.0.0.1 () {44 vars in 1051 bytes} [Fri Jun 5 14:40:41 2026] GET /v2/schemas/image => generated 6083 bytes in 10 msecs (HTTP/1.1 200) 4 headers in 158 bytes (1 switches on core 0)
Jun 05 14:40:43.949571 np0000002219 devstack@g-api.service[98940]: DEBUG glance.api.middleware.version_negotiation [None req-35813922-303b-4c25-b119-330284062a49 tempest-ServerBootFromVolumeStableRescueTest-1000162895 tempest-ServerBootFromVolumeStableRescueTest-1000162895-project-member] Determining version of request: GET /v2/images/359a66bd-2d26-43c3-bbe2-596ccbd1aa0b Accept: */* {{(pid=98940) process_request /opt/stack/glance/glance/api/middleware/version_negotiation.py:44}}
Jun 05 14:40:43.950299 np0000002219 devstack@g-api.service[98940]: DEBUG glance.api.middleware.version_negotiation [None req-35813922-303b-4c25-b119-330284062a49 tempest-ServerBootFromVolumeStableRescueTest-1000162895 tempest-ServerBootFromVolumeStableRescueTest-1000162895-project-member] Using url versioning {{(pid=98940) process_request /opt/stack/glance/glance/api/middleware/version_negotiation.py:57}}
Jun 05 14:40:43.950299 np0000002219 devstack@g-api.service[98940]: DEBUG glance.api.middleware.version_negotiation [None req-35813922-303b-4c25-b119-330284062a49 tempest-ServerBootFromVolumeStableRescueTest-1000162895 tempest-ServerBootFromVolumeStableRescueTest-1000162895-project-member] Matched version: v2 {{(pid=98940) process_request /opt/stack/glance/glance/api/middleware/version_negotiation.py:69}}
Jun 05 14:40:43.950299 np0000002219 devstack@g-api.service[98940]: DEBUG glance.api.middleware.version_negotiation [None req-35813922-303b-4c25-b119-330284062a49 tempest-ServerBootFromVolumeStableRescueTest-1000162895 tempest-ServerBootFromVolumeStableRescueTest-1000162895-project-member] new path /v2/images/359a66bd-2d26-43c3-bbe2-596ccbd1aa0b {{(pid=98940) process_request /opt/stack/glance/glance/api/middleware/version_negotiation.py:70}}
Jun 05 14:40:43.973289 np0000002219 devstack@g-api.service[98940]: [pid: 98940|app: 0|req: 53/110] 127.0.0.1 () {44 vars in 1111 bytes} [Fri Jun 5 14:40:43 2026] GET /v2/images/359a66bd-2d26-43c3-bbe2-596ccbd1aa0b => generated 1044 bytes in 24 msecs (HTTP/1.1 200) 4 headers in 158 bytes (1 switches on core 0)
Jun 05 14:40:44.011623 np0000002219 devstack@g-api.service[98941]: DEBUG glance.api.middleware.version_negotiation [None req-35813922-303b-4c25-b119-330284062a49 tempest-ServerBootFromVolumeStableRescueTest-1000162895 tempest-ServerBootFromVolumeStableRescueTest-1000162895-project-member] Determining version of request: GET /v2/schemas/image Accept: */* {{(pid=98941) process_request /opt/stack/glance/glance/api/middleware/version_negotiation.py:44}}
Jun 05 14:40:44.012633 np0000002219 devstack@g-api.service[98941]: DEBUG glance.api.middleware.version_negotiation [None req-35813922-303b-4c25-b119-330284062a49 tempest-ServerBootFromVolumeStableRescueTest-1000162895 tempest-ServerBootFromVolumeStableRescueTest-1000162895-project-member] Using url versioning {{(pid=98941) process_request /opt/stack/glance/glance/api/middleware/version_negotiation.py:57}}
Jun 05 14:40:44.012949 np0000002219 devstack@g-api.service[98941]: DEBUG glance.api.middleware.version_negotiation [None req-35813922-303b-4c25-b119-330284062a49 tempest-ServerBootFromVolumeStableRescueTest-1000162895 tempest-ServerBootFromVolumeStableRescueTest-1000162895-project-member] Matched version: v2 {{(pid=98941) process_request /opt/stack/glance/glance/api/middleware/version_negotiation.py:69}}
Jun 05 14:40:44.013644 np0000002219 devstack@g-api.service[98941]: DEBUG glance.api.middleware.version_negotiation [None req-35813922-303b-4c25-b119-330284062a49 tempest-ServerBootFromVolumeStableRescueTest-1000162895 tempest-ServerBootFromVolumeStableRescueTest-1000162895-project-member] new path /v2/schemas/image {{(pid=98941) process_request /opt/stack/glance/glance/api/middleware/version_negotiation.py:70}}
Jun 05 14:40:44.016276 np0000002219 devstack@g-api.service[98941]: [pid: 98941|app: 0|req: 58/111] 127.0.0.1 () {44 vars in 1051 bytes} [Fri Jun 5 14:40:44 2026] GET /v2/schemas/image => generated 6083 bytes in 5 msecs (HTTP/1.1 200) 4 headers in 158 bytes (1 switches on core 0)
Jun 05 14:40:51.008331 np0000002219 devstack@g-api.service[98940]: DEBUG glance.api.middleware.version_negotiation [None req-1ca2e266-f305-4cb7-a2a9-611e5856ce02 tempest-ServerBootFromVolumeStableRescueTest-1000162895 tempest-ServerBootFromVolumeStableRescueTest-1000162895-project-member] Determining version of request: GET /v2/images/359a66bd-2d26-43c3-bbe2-596ccbd1aa0b Accept: */* {{(pid=98940) process_request /opt/stack/glance/glance/api/middleware/version_negotiation.py:44}}
Jun 05 14:40:51.008821 np0000002219 devstack@g-api.service[98940]: DEBUG glance.api.middleware.version_negotiation [None req-1ca2e266-f305-4cb7-a2a9-611e5856ce02 tempest-ServerBootFromVolumeStableRescueTest-1000162895 tempest-ServerBootFromVolumeStableRescueTest-1000162895-project-member] Using url versioning {{(pid=98940) process_request /opt/stack/glance/glance/api/middleware/version_negotiation.py:57}}
Jun 05 14:40:51.008821 np0000002219 devstack@g-api.service[98940]: DEBUG glance.api.middleware.version_negotiation [None req-1ca2e266-f305-4cb7-a2a9-611e5856ce02 tempest-ServerBootFromVolumeStableRescueTest-1000162895 tempest-ServerBootFromVolumeStableRescueTest-1000162895-project-member] Matched version: v2 {{(pid=98940) process_request /opt/stack/glance/glance/api/middleware/version_negotiation.py:69}}
Jun 05 14:40:51.008821 np0000002219 devstack@g-api.service[98940]: DEBUG glance.api.middleware.version_negotiation [None req-1ca2e266-f305-4cb7-a2a9-611e5856ce02 tempest-ServerBootFromVolumeStableRescueTest-1000162895 tempest-ServerBootFromVolumeStableRescueTest-1000162895-project-member] new path /v2/images/359a66bd-2d26-43c3-bbe2-596ccbd1aa0b {{(pid=98940) process_request /opt/stack/glance/glance/api/middleware/version_negotiation.py:70}}
Jun 05 14:40:51.031647 np0000002219 devstack@g-api.service[98940]: [pid: 98940|app: 0|req: 54/112] 127.0.0.1 () {44 vars in 1111 bytes} [Fri Jun 5 14:40:51 2026] GET /v2/images/359a66bd-2d26-43c3-bbe2-596ccbd1aa0b => generated 1044 bytes in 23 msecs (HTTP/1.1 200) 4 headers in 158 bytes (1 switches on core 0)
Jun 05 14:40:51.072118 np0000002219 devstack@g-api.service[98941]: DEBUG glance.api.middleware.version_negotiation [None req-1ca2e266-f305-4cb7-a2a9-611e5856ce02 tempest-ServerBootFromVolumeStableRescueTest-1000162895 tempest-ServerBootFromVolumeStableRescueTest-1000162895-project-member] Determining version of request: GET /v2/schemas/image Accept: */* {{(pid=98941) process_request /opt/stack/glance/glance/api/middleware/version_negotiation.py:44}}
Jun 05 14:40:51.072118 np0000002219 devstack@g-api.service[98941]: DEBUG glance.api.middleware.version_negotiation [None req-1ca2e266-f305-4cb7-a2a9-611e5856ce02 tempest-ServerBootFromVolumeStableRescueTest-1000162895 tempest-ServerBootFromVolumeStableRescueTest-1000162895-project-member] Using url versioning {{(pid=98941) process_request /opt/stack/glance/glance/api/middleware/version_negotiation.py:57}}
Jun 05 14:40:51.072631 np0000002219 devstack@g-api.service[98941]: DEBUG glance.api.middleware.version_negotiation [None req-1ca2e266-f305-4cb7-a2a9-611e5856ce02 tempest-ServerBootFromVolumeStableRescueTest-1000162895 tempest-ServerBootFromVolumeStableRescueTest-1000162895-project-member] Matched version: v2 {{(pid=98941) process_request /opt/stack/glance/glance/api/middleware/version_negotiation.py:69}}
Jun 05 14:40:51.072631 np0000002219 devstack@g-api.service[98941]: DEBUG glance.api.middleware.version_negotiation [None req-1ca2e266-f305-4cb7-a2a9-611e5856ce02 tempest-ServerBootFromVolumeStableRescueTest-1000162895 tempest-ServerBootFromVolumeStableRescueTest-1000162895-project-member] new path /v2/schemas/image {{(pid=98941) process_request /opt/stack/glance/glance/api/middleware/version_negotiation.py:70}}
Jun 05 14:40:51.080410 np0000002219 devstack@g-api.service[98941]: [pid: 98941|app: 0|req: 59/113] 127.0.0.1 () {44 vars in 1051 bytes} [Fri Jun 5 14:40:51 2026] GET /v2/schemas/image => generated 6083 bytes in 9 msecs (HTTP/1.1 200) 4 headers in 158 bytes (1 switches on core 0)
Jun 05 14:40:51.750808 np0000002219 devstack@g-api.service[98941]: DEBUG dbcounter [-] [98941] Writing DB stats glance:SELECT=22,glance:INSERT=17 {{(pid=98941) stat_writer /opt/stack/data/venv/lib/python3.12/site-packages/dbcounter.py:115}}
Jun 05 14:40:54.940439 np0000002219 devstack@g-api.service[98940]: DEBUG glance.api.middleware.version_negotiation [None req-cbdfff05-6dcf-4b2d-a0d7-25a6c9dbd57d tempest-ServerActionsTestOtherA-521846270 tempest-ServerActionsTestOtherA-521846270-project-member] Determining version of request: GET /v2/images/359a66bd-2d26-43c3-bbe2-596ccbd1aa0b Accept: application/json {{(pid=98940) process_request /opt/stack/glance/glance/api/middleware/version_negotiation.py:44}}
Jun 05 14:40:54.940996 np0000002219 devstack@g-api.service[98940]: DEBUG glance.api.middleware.version_negotiation [None req-cbdfff05-6dcf-4b2d-a0d7-25a6c9dbd57d tempest-ServerActionsTestOtherA-521846270 tempest-ServerActionsTestOtherA-521846270-project-member] Using url versioning {{(pid=98940) process_request /opt/stack/glance/glance/api/middleware/version_negotiation.py:57}}
Jun 05 14:40:54.940996 np0000002219 devstack@g-api.service[98940]: DEBUG glance.api.middleware.version_negotiation [None req-cbdfff05-6dcf-4b2d-a0d7-25a6c9dbd57d tempest-ServerActionsTestOtherA-521846270 tempest-ServerActionsTestOtherA-521846270-project-member] Matched version: v2 {{(pid=98940) process_request /opt/stack/glance/glance/api/middleware/version_negotiation.py:69}}
