Jul 11 01:49:37.601091 np0000005063 devstack@g-api.service[99587]: DEBUG glance.api.middleware.version_negotiation [None req-0aebf585-fda6-4ab5-abe6-8bc82f8742bb tempest-ServerStableDeviceRescueTest-669198395 tempest-ServerStableDeviceRescueTest-669198395-project-member] Matched version: v2 {{(pid=99587) process_request /opt/stack/glance/glance/api/middleware/version_negotiation.py:69}}
Jul 11 01:49:37.601091 np0000005063 devstack@g-api.service[99587]: DEBUG glance.api.middleware.version_negotiation [None req-0aebf585-fda6-4ab5-abe6-8bc82f8742bb tempest-ServerStableDeviceRescueTest-669198395 tempest-ServerStableDeviceRescueTest-669198395-project-member] new path /v2/schemas/image {{(pid=99587) process_request /opt/stack/glance/glance/api/middleware/version_negotiation.py:70}}
Jul 11 01:49:37.604391 np0000005063 devstack@g-api.service[99587]: [pid: 99587|app: 0|req: 71/207] 127.0.0.1 () {44 vars in 1051 bytes} [Sat Jul 11 01:49:37 2026] GET /v2/schemas/image => generated 6083 bytes in 3 msecs (HTTP/1.1 200) 4 headers in 158 bytes (1 switches on core 0)
Jul 11 01:49:37.644811 np0000005063 devstack@g-api.service[99586]: DEBUG glance.api.middleware.version_negotiation [None req-c6313169-bab1-4dc5-89e8-aa5728e485fc tempest-ServerStableDeviceRescueTest-669198395 tempest-ServerStableDeviceRescueTest-669198395-project-member] Determining version of request: PATCH /v2/images/5c1b3060-7b7d-47dc-a463-00ccb9e7d6df Accept: */* {{(pid=99586) process_request /opt/stack/glance/glance/api/middleware/version_negotiation.py:44}}
Jul 11 01:49:37.645005 np0000005063 devstack@g-api.service[99586]: DEBUG glance.api.middleware.version_negotiation [None req-c6313169-bab1-4dc5-89e8-aa5728e485fc tempest-ServerStableDeviceRescueTest-669198395 tempest-ServerStableDeviceRescueTest-669198395-project-member] Using url versioning {{(pid=99586) process_request /opt/stack/glance/glance/api/middleware/version_negotiation.py:57}}
Jul 11 01:49:37.645155 np0000005063 devstack@g-api.service[99586]: DEBUG glance.api.middleware.version_negotiation [None req-c6313169-bab1-4dc5-89e8-aa5728e485fc tempest-ServerStableDeviceRescueTest-669198395 tempest-ServerStableDeviceRescueTest-669198395-project-member] Matched version: v2 {{(pid=99586) process_request /opt/stack/glance/glance/api/middleware/version_negotiation.py:69}}
Jul 11 01:49:37.645289 np0000005063 devstack@g-api.service[99586]: DEBUG glance.api.middleware.version_negotiation [None req-c6313169-bab1-4dc5-89e8-aa5728e485fc tempest-ServerStableDeviceRescueTest-669198395 tempest-ServerStableDeviceRescueTest-669198395-project-member] new path /v2/images/5c1b3060-7b7d-47dc-a463-00ccb9e7d6df {{(pid=99586) process_request /opt/stack/glance/glance/api/middleware/version_negotiation.py:70}}
Jul 11 01:49:37.858262 np0000005063 devstack@g-api.service[99586]: [pid: 99586|app: 0|req: 71/208] 127.0.0.1 () {46 vars in 1154 bytes} [Sat Jul 11 01:49:37 2026] PATCH /v2/images/5c1b3060-7b7d-47dc-a463-00ccb9e7d6df => generated 1445 bytes in 213 msecs (HTTP/1.1 200) 4 headers in 158 bytes (1 switches on core 0)
Jul 11 01:49:37.904853 np0000005063 devstack@g-api.service[99585]: DEBUG glance.api.middleware.version_negotiation [None req-c6313169-bab1-4dc5-89e8-aa5728e485fc tempest-ServerStableDeviceRescueTest-669198395 tempest-ServerStableDeviceRescueTest-669198395-project-member] Determining version of request: GET /v2/images/5c1b3060-7b7d-47dc-a463-00ccb9e7d6df Accept: */* {{(pid=99585) process_request /opt/stack/glance/glance/api/middleware/version_negotiation.py:44}}
Jul 11 01:49:37.905412 np0000005063 devstack@g-api.service[99585]: DEBUG glance.api.middleware.version_negotiation [None req-c6313169-bab1-4dc5-89e8-aa5728e485fc tempest-ServerStableDeviceRescueTest-669198395 tempest-ServerStableDeviceRescueTest-669198395-project-member] Using url versioning {{(pid=99585) process_request /opt/stack/glance/glance/api/middleware/version_negotiation.py:57}}
Jul 11 01:49:37.905412 np0000005063 devstack@g-api.service[99585]: DEBUG glance.api.middleware.version_negotiation [None req-c6313169-bab1-4dc5-89e8-aa5728e485fc tempest-ServerStableDeviceRescueTest-669198395 tempest-ServerStableDeviceRescueTest-669198395-project-member] Matched version: v2 {{(pid=99585) process_request /opt/stack/glance/glance/api/middleware/version_negotiation.py:69}}
Jul 11 01:49:37.905412 np0000005063 devstack@g-api.service[99585]: DEBUG glance.api.middleware.version_negotiation [None req-c6313169-bab1-4dc5-89e8-aa5728e485fc tempest-ServerStableDeviceRescueTest-669198395 tempest-ServerStableDeviceRescueTest-669198395-project-member] new path /v2/images/5c1b3060-7b7d-47dc-a463-00ccb9e7d6df {{(pid=99585) process_request /opt/stack/glance/glance/api/middleware/version_negotiation.py:70}}
Jul 11 01:49:37.915449 np0000005063 devstack@g-api.service[99585]: [pid: 99585|app: 0|req: 67/209] 127.0.0.1 () {44 vars in 1111 bytes} [Sat Jul 11 01:49:37 2026] GET /v2/images/5c1b3060-7b7d-47dc-a463-00ccb9e7d6df => generated 1445 bytes in 11 msecs (HTTP/1.1 200) 4 headers in 158 bytes (1 switches on core 0)
Jul 11 01:49:37.964790 np0000005063 devstack@g-api.service[99587]: DEBUG glance.api.middleware.version_negotiation [None req-c6313169-bab1-4dc5-89e8-aa5728e485fc tempest-ServerStableDeviceRescueTest-669198395 tempest-ServerStableDeviceRescueTest-669198395-project-member] Determining version of request: PUT /v2/images/5c1b3060-7b7d-47dc-a463-00ccb9e7d6df/file Accept: */* {{(pid=99587) process_request /opt/stack/glance/glance/api/middleware/version_negotiation.py:44}}
Jul 11 01:49:37.965351 np0000005063 devstack@g-api.service[99587]: DEBUG glance.api.middleware.version_negotiation [None req-c6313169-bab1-4dc5-89e8-aa5728e485fc tempest-ServerStableDeviceRescueTest-669198395 tempest-ServerStableDeviceRescueTest-669198395-project-member] Using url versioning {{(pid=99587) process_request /opt/stack/glance/glance/api/middleware/version_negotiation.py:57}}
Jul 11 01:49:37.965351 np0000005063 devstack@g-api.service[99587]: DEBUG glance.api.middleware.version_negotiation [None req-c6313169-bab1-4dc5-89e8-aa5728e485fc tempest-ServerStableDeviceRescueTest-669198395 tempest-ServerStableDeviceRescueTest-669198395-project-member] Matched version: v2 {{(pid=99587) process_request /opt/stack/glance/glance/api/middleware/version_negotiation.py:69}}
Jul 11 01:49:37.965351 np0000005063 devstack@g-api.service[99587]: DEBUG glance.api.middleware.version_negotiation [None req-c6313169-bab1-4dc5-89e8-aa5728e485fc tempest-ServerStableDeviceRescueTest-669198395 tempest-ServerStableDeviceRescueTest-669198395-project-member] new path /v2/images/5c1b3060-7b7d-47dc-a463-00ccb9e7d6df/file {{(pid=99587) process_request /opt/stack/glance/glance/api/middleware/version_negotiation.py:70}}
Jul 11 01:49:37.999891 np0000005063 devstack@g-api.service[99586]: DEBUG glance.api.middleware.version_negotiation [None req-c6313169-bab1-4dc5-89e8-aa5728e485fc tempest-ServerStableDeviceRescueTest-669198395 tempest-ServerStableDeviceRescueTest-669198395-project-member] Determining version of request: GET /v2/images/5c1b3060-7b7d-47dc-a463-00ccb9e7d6df Accept: */* {{(pid=99586) process_request /opt/stack/glance/glance/api/middleware/version_negotiation.py:44}}
Jul 11 01:49:38.000096 np0000005063 devstack@g-api.service[99586]: DEBUG glance.api.middleware.version_negotiation [None req-c6313169-bab1-4dc5-89e8-aa5728e485fc tempest-ServerStableDeviceRescueTest-669198395 tempest-ServerStableDeviceRescueTest-669198395-project-member] Using url versioning {{(pid=99586) process_request /opt/stack/glance/glance/api/middleware/version_negotiation.py:57}}
Jul 11 01:49:38.000591 np0000005063 devstack@g-api.service[99586]: DEBUG glance.api.middleware.version_negotiation [None req-c6313169-bab1-4dc5-89e8-aa5728e485fc tempest-ServerStableDeviceRescueTest-669198395 tempest-ServerStableDeviceRescueTest-669198395-project-member] Matched version: v2 {{(pid=99586) process_request /opt/stack/glance/glance/api/middleware/version_negotiation.py:69}}
Jul 11 01:49:38.000930 np0000005063 devstack@g-api.service[99586]: DEBUG glance.api.middleware.version_negotiation [None req-c6313169-bab1-4dc5-89e8-aa5728e485fc tempest-ServerStableDeviceRescueTest-669198395 tempest-ServerStableDeviceRescueTest-669198395-project-member] new path /v2/images/5c1b3060-7b7d-47dc-a463-00ccb9e7d6df {{(pid=99586) process_request /opt/stack/glance/glance/api/middleware/version_negotiation.py:70}}
Jul 11 01:49:38.015119 np0000005063 devstack@g-api.service[99586]: [pid: 99586|app: 0|req: 72/210] 127.0.0.1 () {44 vars in 1111 bytes} [Sat Jul 11 01:49:37 2026] GET /v2/images/5c1b3060-7b7d-47dc-a463-00ccb9e7d6df => generated 1445 bytes in 15 msecs (HTTP/1.1 200) 4 headers in 158 bytes (1 switches on core 0)
Jul 11 01:49:38.068536 np0000005063 devstack@g-api.service[99585]: DEBUG glance.api.middleware.version_negotiation [None req-c6313169-bab1-4dc5-89e8-aa5728e485fc tempest-ServerStableDeviceRescueTest-669198395 tempest-ServerStableDeviceRescueTest-669198395-project-member] Determining version of request: GET /v2/schemas/image Accept: */* {{(pid=99585) process_request /opt/stack/glance/glance/api/middleware/version_negotiation.py:44}}
Jul 11 01:49:38.068808 np0000005063 devstack@g-api.service[99585]: DEBUG glance.api.middleware.version_negotiation [None req-c6313169-bab1-4dc5-89e8-aa5728e485fc tempest-ServerStableDeviceRescueTest-669198395 tempest-ServerStableDeviceRescueTest-669198395-project-member] Using url versioning {{(pid=99585) process_request /opt/stack/glance/glance/api/middleware/version_negotiation.py:57}}
Jul 11 01:49:38.069032 np0000005063 devstack@g-api.service[99585]: DEBUG glance.api.middleware.version_negotiation [None req-c6313169-bab1-4dc5-89e8-aa5728e485fc tempest-ServerStableDeviceRescueTest-669198395 tempest-ServerStableDeviceRescueTest-669198395-project-member] Matched version: v2 {{(pid=99585) process_request /opt/stack/glance/glance/api/middleware/version_negotiation.py:69}}
Jul 11 01:49:38.069275 np0000005063 devstack@g-api.service[99585]: DEBUG glance.api.middleware.version_negotiation [None req-c6313169-bab1-4dc5-89e8-aa5728e485fc tempest-ServerStableDeviceRescueTest-669198395 tempest-ServerStableDeviceRescueTest-669198395-project-member] new path /v2/schemas/image {{(pid=99585) process_request /opt/stack/glance/glance/api/middleware/version_negotiation.py:70}}
Jul 11 01:49:38.072229 np0000005063 devstack@g-api.service[99585]: [pid: 99585|app: 0|req: 68/211] 127.0.0.1 () {44 vars in 1051 bytes} [Sat Jul 11 01:49:38 2026] GET /v2/schemas/image => generated 6083 bytes in 5 msecs (HTTP/1.1 200) 4 headers in 158 bytes (1 switches on core 0)
Jul 11 01:49:38.633534 np0000005063 devstack@g-api.service[99587]: INFO glance.api.v2.image_data [None req-c6313169-bab1-4dc5-89e8-aa5728e485fc tempest-ServerStableDeviceRescueTest-669198395 tempest-ServerStableDeviceRescueTest-669198395-project-member] Unable to create trust: no such option collect_timing in group [keystone_authtoken] Use the existing user token.
Jul 11 01:49:39.161388 np0000005063 devstack@g-api.service[99586]: DEBUG glance.api.middleware.version_negotiation [None req-37d28b29-99f6-4f67-8b75-83ba43ccebaa tempest-ServerStableDeviceRescueTest-669198395 tempest-ServerStableDeviceRescueTest-669198395-project-member] Determining version of request: GET /v2/images/5c1b3060-7b7d-47dc-a463-00ccb9e7d6df Accept: */* {{(pid=99586) process_request /opt/stack/glance/glance/api/middleware/version_negotiation.py:44}}
Jul 11 01:49:39.162199 np0000005063 devstack@g-api.service[99586]: DEBUG glance.api.middleware.version_negotiation [None req-37d28b29-99f6-4f67-8b75-83ba43ccebaa tempest-ServerStableDeviceRescueTest-669198395 tempest-ServerStableDeviceRescueTest-669198395-project-member] Using url versioning {{(pid=99586) process_request /opt/stack/glance/glance/api/middleware/version_negotiation.py:57}}
Jul 11 01:49:39.162426 np0000005063 devstack@g-api.service[99586]: DEBUG glance.api.middleware.version_negotiation [None req-37d28b29-99f6-4f67-8b75-83ba43ccebaa tempest-ServerStableDeviceRescueTest-669198395 tempest-ServerStableDeviceRescueTest-669198395-project-member] Matched version: v2 {{(pid=99586) process_request /opt/stack/glance/glance/api/middleware/version_negotiation.py:69}}
Jul 11 01:49:39.162688 np0000005063 devstack@g-api.service[99586]: DEBUG glance.api.middleware.version_negotiation [None req-37d28b29-99f6-4f67-8b75-83ba43ccebaa tempest-ServerStableDeviceRescueTest-669198395 tempest-ServerStableDeviceRescueTest-669198395-project-member] new path /v2/images/5c1b3060-7b7d-47dc-a463-00ccb9e7d6df {{(pid=99586) process_request /opt/stack/glance/glance/api/middleware/version_negotiation.py:70}}
Jul 11 01:49:39.179713 np0000005063 devstack@g-api.service[99586]: [pid: 99586|app: 0|req: 73/212] 127.0.0.1 () {44 vars in 1111 bytes} [Sat Jul 11 01:49:39 2026] GET /v2/images/5c1b3060-7b7d-47dc-a463-00ccb9e7d6df => generated 1445 bytes in 18 msecs (HTTP/1.1 200) 4 headers in 158 bytes (1 switches on core 0)
Jul 11 01:49:39.211305 np0000005063 devstack@g-api.service[99585]: DEBUG glance.api.middleware.version_negotiation [None req-37d28b29-99f6-4f67-8b75-83ba43ccebaa tempest-ServerStableDeviceRescueTest-669198395 tempest-ServerStableDeviceRescueTest-669198395-project-member] Determining version of request: GET /v2/schemas/image Accept: */* {{(pid=99585) process_request /opt/stack/glance/glance/api/middleware/version_negotiation.py:44}}
Jul 11 01:49:39.211881 np0000005063 devstack@g-api.service[99585]: DEBUG glance.api.middleware.version_negotiation [None req-37d28b29-99f6-4f67-8b75-83ba43ccebaa tempest-ServerStableDeviceRescueTest-669198395 tempest-ServerStableDeviceRescueTest-669198395-project-member] Using url versioning {{(pid=99585) process_request /opt/stack/glance/glance/api/middleware/version_negotiation.py:57}}
Jul 11 01:49:39.211881 np0000005063 devstack@g-api.service[99585]: DEBUG glance.api.middleware.version_negotiation [None req-37d28b29-99f6-4f67-8b75-83ba43ccebaa tempest-ServerStableDeviceRescueTest-669198395 tempest-ServerStableDeviceRescueTest-669198395-project-member] Matched version: v2 {{(pid=99585) process_request /opt/stack/glance/glance/api/middleware/version_negotiation.py:69}}
Jul 11 01:49:39.211881 np0000005063 devstack@g-api.service[99585]: DEBUG glance.api.middleware.version_negotiation [None req-37d28b29-99f6-4f67-8b75-83ba43ccebaa tempest-ServerStableDeviceRescueTest-669198395 tempest-ServerStableDeviceRescueTest-669198395-project-member] new path /v2/schemas/image {{(pid=99585) process_request /opt/stack/glance/glance/api/middleware/version_negotiation.py:70}}
Jul 11 01:49:39.215832 np0000005063 devstack@g-api.service[99585]: [pid: 99585|app: 0|req: 69/213] 127.0.0.1 () {44 vars in 1051 bytes} [Sat Jul 11 01:49:39 2026] GET /v2/schemas/image => generated 6083 bytes in 5 msecs (HTTP/1.1 200) 4 headers in 158 bytes (1 switches on core 0)
Jul 11 01:49:39.285972 np0000005063 devstack@g-api.service[99587]: DEBUG glance.location [None req-c6313169-bab1-4dc5-89e8-aa5728e485fc tempest-ServerStableDeviceRescueTest-669198395 tempest-ServerStableDeviceRescueTest-669198395-project-member] Enabling in-flight format inspection for qcow2 {{(pid=99587) set_data /opt/stack/glance/glance/location.py:596}}
Jul 11 01:49:39.286546 np0000005063 devstack@g-api.service[99587]: DEBUG glance_store.backend [None req-c6313169-bab1-4dc5-89e8-aa5728e485fc tempest-ServerStableDeviceRescueTest-669198395 tempest-ServerStableDeviceRescueTest-669198395-project-member] Attempting to import store swift {{(pid=99587) _load_store /opt/stack/data/venv/lib/python3.12/site-packages/glance_store/backend.py:215}}
Jul 11 01:49:39.288650 np0000005063 devstack@g-api.service[99587]: DEBUG glance_store.capabilities [None req-c6313169-bab1-4dc5-89e8-aa5728e485fc tempest-ServerStableDeviceRescueTest-669198395 tempest-ServerStableDeviceRescueTest-669198395-project-member] Store glance_store._drivers.swift.store.SingleTenantStore doesn't support updating dynamic storage capabilities. Please overwrite 'update_capabilities' method of the store to implement updating logics if needed. {{(pid=99587) update_capabilities /opt/stack/data/venv/lib/python3.12/site-packages/glance_store/capabilities.py:91}}
Jul 11 01:49:39.288650 np0000005063 devstack@g-api.service[99587]: DEBUG glance_store.driver [None req-c6313169-bab1-4dc5-89e8-aa5728e485fc tempest-ServerStableDeviceRescueTest-669198395 tempest-ServerStableDeviceRescueTest-669198395-project-member] Late loading location class glance_store._drivers.swift.store.StoreLocation {{(pid=99587) get_store_location_class /opt/stack/data/venv/lib/python3.12/site-packages/glance_store/driver.py:134}}
Jul 11 01:49:39.288650 np0000005063 devstack@g-api.service[99587]: DEBUG glance_store.location [None req-c6313169-bab1-4dc5-89e8-aa5728e485fc tempest-ServerStableDeviceRescueTest-669198395 tempest-ServerStableDeviceRescueTest-669198395-project-member] Registering scheme swift+https with {'store': , 'location_class': , 'store_entry': 'swift'} {{(pid=99587) register_scheme_map /opt/stack/data/venv/lib/python3.12/site-packages/glance_store/location.py:146}}
Jul 11 01:49:39.288650 np0000005063 devstack@g-api.service[99587]: DEBUG glance_store.location [None req-c6313169-bab1-4dc5-89e8-aa5728e485fc tempest-ServerStableDeviceRescueTest-669198395 tempest-ServerStableDeviceRescueTest-669198395-project-member] Registering scheme swift+https with {'store': , 'location_class': , 'store_entry': 'swift'} {{(pid=99587) register_scheme_map /opt/stack/data/venv/lib/python3.12/site-packages/glance_store/location.py:146}}
Jul 11 01:49:39.288650 np0000005063 devstack@g-api.service[99587]: DEBUG glance_store.location [None req-c6313169-bab1-4dc5-89e8-aa5728e485fc tempest-ServerStableDeviceRescueTest-669198395 tempest-ServerStableDeviceRescueTest-669198395-project-member] Registering scheme swift with {'store': , 'location_class': , 'store_entry': 'swift'} {{(pid=99587) register_scheme_map /opt/stack/data/venv/lib/python3.12/site-packages/glance_store/location.py:146}}
Jul 11 01:49:39.288650 np0000005063 devstack@g-api.service[99587]: DEBUG glance_store.location [None req-c6313169-bab1-4dc5-89e8-aa5728e485fc tempest-ServerStableDeviceRescueTest-669198395 tempest-ServerStableDeviceRescueTest-669198395-project-member] Registering scheme swift+https with {'store': , 'location_class': , 'store_entry': 'swift'} {{(pid=99587) register_scheme_map /opt/stack/data/venv/lib/python3.12/site-packages/glance_store/location.py:146}}
Jul 11 01:49:39.288650 np0000005063 devstack@g-api.service[99587]: DEBUG glance_store.location [None req-c6313169-bab1-4dc5-89e8-aa5728e485fc tempest-ServerStableDeviceRescueTest-669198395 tempest-ServerStableDeviceRescueTest-669198395-project-member] Registering scheme swift with {'store': , 'location_class': , 'store_entry': 'swift'} {{(pid=99587) register_scheme_map /opt/stack/data/venv/lib/python3.12/site-packages/glance_store/location.py:146}}
Jul 11 01:49:39.288650 np0000005063 devstack@g-api.service[99587]: DEBUG glance_store.location [None req-c6313169-bab1-4dc5-89e8-aa5728e485fc tempest-ServerStableDeviceRescueTest-669198395 tempest-ServerStableDeviceRescueTest-669198395-project-member] Registering scheme swift+http with {'store': , 'location_class': , 'store_entry': 'swift'} {{(pid=99587) register_scheme_map /opt/stack/data/venv/lib/python3.12/site-packages/glance_store/location.py:146}}
Jul 11 01:49:39.289181 np0000005063 devstack@g-api.service[99587]: DEBUG glance_store.location [None req-c6313169-bab1-4dc5-89e8-aa5728e485fc tempest-ServerStableDeviceRescueTest-669198395 tempest-ServerStableDeviceRescueTest-669198395-project-member] Registering scheme swift+https with {'store': , 'location_class': , 'store_entry': 'swift'} {{(pid=99587) register_scheme_map /opt/stack/data/venv/lib/python3.12/site-packages/glance_store/location.py:146}}
Jul 11 01:49:39.289181 np0000005063 devstack@g-api.service[99587]: DEBUG glance_store.location [None req-c6313169-bab1-4dc5-89e8-aa5728e485fc tempest-ServerStableDeviceRescueTest-669198395 tempest-ServerStableDeviceRescueTest-669198395-project-member] Registering scheme swift with {'store': , 'location_class': , 'store_entry': 'swift'} {{(pid=99587) register_scheme_map /opt/stack/data/venv/lib/python3.12/site-packages/glance_store/location.py:146}}
Jul 11 01:49:39.289181 np0000005063 devstack@g-api.service[99587]: DEBUG glance_store.location [None req-c6313169-bab1-4dc5-89e8-aa5728e485fc tempest-ServerStableDeviceRescueTest-669198395 tempest-ServerStableDeviceRescueTest-669198395-project-member] Registering scheme swift+http with {'store': , 'location_class': , 'store_entry': 'swift'} {{(pid=99587) register_scheme_map /opt/stack/data/venv/lib/python3.12/site-packages/glance_store/location.py:146}}
Jul 11 01:49:39.289181 np0000005063 devstack@g-api.service[99587]: DEBUG glance_store.location [None req-c6313169-bab1-4dc5-89e8-aa5728e485fc tempest-ServerStableDeviceRescueTest-669198395 tempest-ServerStableDeviceRescueTest-669198395-project-member] Registering scheme swift+config with {'store': , 'location_class': , 'store_entry': 'swift'} {{(pid=99587) register_scheme_map /opt/stack/data/venv/lib/python3.12/site-packages/glance_store/location.py:146}}
Jul 11 01:49:39.633421 np0000005063 devstack@g-api.service[99587]: DEBUG swiftclient [None req-c6313169-bab1-4dc5-89e8-aa5728e485fc tempest-ServerStableDeviceRescueTest-669198395 tempest-ServerStableDeviceRescueTest-669198395-project-member] REQ: curl -i https://10.4.3.87:8080/v1/AUTH_64729b14346543cb903ac0d18deec9d3/glance -I -H "X-Auth-Token: gAAAAABqUaEzLn--..." {{(pid=99587) http_log /opt/stack/data/venv/lib/python3.12/site-packages/swiftclient/client.py:160}}
Jul 11 01:49:39.633522 np0000005063 devstack@g-api.service[99587]: DEBUG swiftclient [None req-c6313169-bab1-4dc5-89e8-aa5728e485fc tempest-ServerStableDeviceRescueTest-669198395 tempest-ServerStableDeviceRescueTest-669198395-project-member] RESP STATUS: 204 No Content {{(pid=99587) http_log /opt/stack/data/venv/lib/python3.12/site-packages/swiftclient/client.py:161}}
Jul 11 01:49:39.633639 np0000005063 devstack@g-api.service[99587]: DEBUG swiftclient [None req-c6313169-bab1-4dc5-89e8-aa5728e485fc tempest-ServerStableDeviceRescueTest-669198395 tempest-ServerStableDeviceRescueTest-669198395-project-member] RESP HEADERS: {'Date': 'Sat, 11 Jul 2026 01:49:39 GMT', 'Server': 'Apache/2.4.58 (Ubuntu)', 'Content-Type': 'text/plain; charset=utf-8', 'X-Container-Object-Count': '3', 'X-Container-Bytes-Used': '64356352', 'X-Timestamp': '1783734239.32130', 'Last-Modified': 'Sat, 11 Jul 2026 01:44:00 GMT', 'Accept-Ranges': 'bytes', 'X-Storage-Policy': 'Policy-0', 'X-Container-Sharding': 'False', 'Vary': 'Accept', 'X-Trans-Id': 'txa0c51e4baad048769d252-006a51a133', 'X-Openstack-Request-Id': 'txa0c51e4baad048769d252-006a51a133', 'Connection': 'close'} {{(pid=99587) http_log /opt/stack/data/venv/lib/python3.12/site-packages/swiftclient/client.py:162}}
Jul 11 01:49:39.633825 np0000005063 devstack@g-api.service[99587]: DEBUG glance_store._drivers.swift.store [None req-c6313169-bab1-4dc5-89e8-aa5728e485fc tempest-ServerStableDeviceRescueTest-669198395 tempest-ServerStableDeviceRescueTest-669198395-project-member] Adding image object '5c1b3060-7b7d-47dc-a463-00ccb9e7d6df' to Swift {{(pid=99587) add /opt/stack/data/venv/lib/python3.12/site-packages/glance_store/_drivers/swift/store.py:970}}
Jul 11 01:49:39.633939 np0000005063 devstack@g-api.service[99587]: DEBUG glance_store._drivers.swift.store [None req-c6313169-bab1-4dc5-89e8-aa5728e485fc tempest-ServerStableDeviceRescueTest-669198395 tempest-ServerStableDeviceRescueTest-669198395-project-member] Cannot determine image size because it is either not provided in the request or chunked-transfer encoding is used. Adding image as a segmented object to Swift. {{(pid=99587) add /opt/stack/data/venv/lib/python3.12/site-packages/glance_store/_drivers/swift/store.py:994}}
Jul 11 01:49:39.643225 np0000005063 devstack@g-api.service[99587]: DEBUG oslo_utils.imageutils.format_inspector [None req-c6313169-bab1-4dc5-89e8-aa5728e485fc tempest-ServerStableDeviceRescueTest-669198395 tempest-ServerStableDeviceRescueTest-669198395-project-member] Format inspector for vmdk does not match, excluding from consideration (Signature KDMV not found: b'QFI\xfb') {{(pid=99587) _process_chunk /opt/stack/data/venv/lib/python3.12/site-packages/oslo_utils/imageutils/format_inspector.py:1758}}
Jul 11 01:49:39.647634 np0000005063 devstack@g-api.service[99587]: DEBUG oslo_utils.imageutils.format_inspector [None req-c6313169-bab1-4dc5-89e8-aa5728e485fc tempest-ServerStableDeviceRescueTest-669198395 tempest-ServerStableDeviceRescueTest-669198395-project-member] Format inspector for vhdx does not match, excluding from consideration (Region signature not found at 30000) {{(pid=99587) _process_chunk /opt/stack/data/venv/lib/python3.12/site-packages/oslo_utils/imageutils/format_inspector.py:1758}}
Jul 11 01:49:40.294372 np0000005063 devstack@g-api.service[99586]: DEBUG glance.api.middleware.version_negotiation [None req-bf1cd9a1-200b-4b9a-95a7-794520a3fac6 tempest-ServerStableDeviceRescueTest-669198395 tempest-ServerStableDeviceRescueTest-669198395-project-member] Determining version of request: GET /v2/images/5c1b3060-7b7d-47dc-a463-00ccb9e7d6df Accept: */* {{(pid=99586) process_request /opt/stack/glance/glance/api/middleware/version_negotiation.py:44}}
Jul 11 01:49:40.294865 np0000005063 devstack@g-api.service[99586]: DEBUG glance.api.middleware.version_negotiation [None req-bf1cd9a1-200b-4b9a-95a7-794520a3fac6 tempest-ServerStableDeviceRescueTest-669198395 tempest-ServerStableDeviceRescueTest-669198395-project-member] Using url versioning {{(pid=99586) process_request /opt/stack/glance/glance/api/middleware/version_negotiation.py:57}}
Jul 11 01:49:40.294865 np0000005063 devstack@g-api.service[99586]: DEBUG glance.api.middleware.version_negotiation [None req-bf1cd9a1-200b-4b9a-95a7-794520a3fac6 tempest-ServerStableDeviceRescueTest-669198395 tempest-ServerStableDeviceRescueTest-669198395-project-member] Matched version: v2 {{(pid=99586) process_request /opt/stack/glance/glance/api/middleware/version_negotiation.py:69}}
Jul 11 01:49:40.294865 np0000005063 devstack@g-api.service[99586]: DEBUG glance.api.middleware.version_negotiation [None req-bf1cd9a1-200b-4b9a-95a7-794520a3fac6 tempest-ServerStableDeviceRescueTest-669198395 tempest-ServerStableDeviceRescueTest-669198395-project-member] new path /v2/images/5c1b3060-7b7d-47dc-a463-00ccb9e7d6df {{(pid=99586) process_request /opt/stack/glance/glance/api/middleware/version_negotiation.py:70}}
Jul 11 01:49:40.321535 np0000005063 devstack@g-api.service[99587]: DEBUG swiftclient [None req-c6313169-bab1-4dc5-89e8-aa5728e485fc tempest-ServerStableDeviceRescueTest-669198395 tempest-ServerStableDeviceRescueTest-669198395-project-member] REQ: curl -i https://10.4.3.87:8080/v1/AUTH_64729b14346543cb903ac0d18deec9d3/glance/5c1b3060-7b7d-47dc-a463-00ccb9e7d6df-00001 -X PUT -H "X-Auth-Token: gAAAAABqUaEzLn--..." {{(pid=99587) http_log /opt/stack/data/venv/lib/python3.12/site-packages/swiftclient/client.py:160}}
Jul 11 01:49:40.321535 np0000005063 devstack@g-api.service[99587]: DEBUG swiftclient [None req-c6313169-bab1-4dc5-89e8-aa5728e485fc tempest-ServerStableDeviceRescueTest-669198395 tempest-ServerStableDeviceRescueTest-669198395-project-member] RESP STATUS: 201 Created {{(pid=99587) http_log /opt/stack/data/venv/lib/python3.12/site-packages/swiftclient/client.py:161}}
Jul 11 01:49:40.321535 np0000005063 devstack@g-api.service[99587]: DEBUG swiftclient [None req-c6313169-bab1-4dc5-89e8-aa5728e485fc tempest-ServerStableDeviceRescueTest-669198395 tempest-ServerStableDeviceRescueTest-669198395-project-member] RESP HEADERS: {'Date': 'Sat, 11 Jul 2026 01:49:40 GMT', 'Server': 'Apache/2.4.58 (Ubuntu)', 'Content-Type': 'text/html; charset=UTF-8', 'Content-Length': '0', 'Etag': 'aba2440d8f74e1d37c8be35e6fa96d27', 'Last-Modified': 'Sat, 11 Jul 2026 01:49:40 GMT', 'X-Trans-Id': 'tx2ad11c69f49243b681c77-006a51a133', 'X-Openstack-Request-Id': 'tx2ad11c69f49243b681c77-006a51a133', 'Connection': 'close'} {{(pid=99587) http_log /opt/stack/data/venv/lib/python3.12/site-packages/swiftclient/client.py:162}}
Jul 11 01:49:40.321535 np0000005063 devstack@g-api.service[99587]: DEBUG glance_store._drivers.swift.store [None req-c6313169-bab1-4dc5-89e8-aa5728e485fc tempest-ServerStableDeviceRescueTest-669198395 tempest-ServerStableDeviceRescueTest-669198395-project-member] Wrote chunk 5c1b3060-7b7d-47dc-a463-00ccb9e7d6df-00001 (1/?) of length 54067200 to Swift returning MD5 of content: aba2440d8f74e1d37c8be35e6fa96d27 {{(pid=99587) add /opt/stack/data/venv/lib/python3.12/site-packages/glance_store/_drivers/swift/store.py:1059}}
Jul 11 01:49:40.321535 np0000005063 devstack@g-api.service[99587]: DEBUG glance_store._drivers.swift.store [None req-c6313169-bab1-4dc5-89e8-aa5728e485fc tempest-ServerStableDeviceRescueTest-669198395 tempest-ServerStableDeviceRescueTest-669198395-project-member] Not writing zero-length chunk. {{(pid=99587) add /opt/stack/data/venv/lib/python3.12/site-packages/glance_store/_drivers/swift/store.py:1028}}
Jul 11 01:49:40.322041 np0000005063 devstack@g-api.service[99586]: [pid: 99586|app: 0|req: 74/214] 127.0.0.1 () {44 vars in 1111 bytes} [Sat Jul 11 01:49:40 2026] GET /v2/images/5c1b3060-7b7d-47dc-a463-00ccb9e7d6df => generated 1445 bytes in 27 msecs (HTTP/1.1 200) 4 headers in 158 bytes (1 switches on core 0)
Jul 11 01:49:40.356014 np0000005063 devstack@g-api.service[99587]: DEBUG swiftclient [None req-c6313169-bab1-4dc5-89e8-aa5728e485fc tempest-ServerStableDeviceRescueTest-669198395 tempest-ServerStableDeviceRescueTest-669198395-project-member] REQ: curl -i https://10.4.3.87:8080/v1/AUTH_64729b14346543cb903ac0d18deec9d3/glance/5c1b3060-7b7d-47dc-a463-00ccb9e7d6df -X PUT -H "X-Object-Manifest: glance/5c1b3060-7b7d-47dc-a463-00ccb9e7d6df-" -H "X-Auth-Token: gAAAAABqUaEzLn--..." -H "Content-Length: 0" {{(pid=99587) http_log /opt/stack/data/venv/lib/python3.12/site-packages/swiftclient/client.py:160}}
Jul 11 01:49:40.356141 np0000005063 devstack@g-api.service[99587]: DEBUG swiftclient [None req-c6313169-bab1-4dc5-89e8-aa5728e485fc tempest-ServerStableDeviceRescueTest-669198395 tempest-ServerStableDeviceRescueTest-669198395-project-member] RESP STATUS: 201 Created {{(pid=99587) http_log /opt/stack/data/venv/lib/python3.12/site-packages/swiftclient/client.py:161}}
Jul 11 01:49:40.356296 np0000005063 devstack@g-api.service[99587]: DEBUG swiftclient [None req-c6313169-bab1-4dc5-89e8-aa5728e485fc tempest-ServerStableDeviceRescueTest-669198395 tempest-ServerStableDeviceRescueTest-669198395-project-member] RESP HEADERS: {'Date': 'Sat, 11 Jul 2026 01:49:40 GMT', 'Server': 'Apache/2.4.58 (Ubuntu)', 'Content-Type': 'text/html; charset=UTF-8', 'Content-Length': '0', 'Etag': 'd41d8cd98f00b204e9800998ecf8427e', 'Last-Modified': 'Sat, 11 Jul 2026 01:49:41 GMT', 'X-Trans-Id': 'txe9c113d9dbd14ae6b2106-006a51a134', 'X-Openstack-Request-Id': 'txe9c113d9dbd14ae6b2106-006a51a134', 'Connection': 'close'} {{(pid=99587) http_log /opt/stack/data/venv/lib/python3.12/site-packages/swiftclient/client.py:162}}
Jul 11 01:49:40.356770 np0000005063 devstack@g-api.service[99587]: INFO glance.location [None req-c6313169-bab1-4dc5-89e8-aa5728e485fc tempest-ServerStableDeviceRescueTest-669198395 tempest-ServerStableDeviceRescueTest-669198395-project-member] Image format matched and virtual size computed: 1073741824
Jul 11 01:49:40.362377 np0000005063 devstack@g-api.service[99585]: DEBUG glance.api.middleware.version_negotiation [None req-bf1cd9a1-200b-4b9a-95a7-794520a3fac6 tempest-ServerStableDeviceRescueTest-669198395 tempest-ServerStableDeviceRescueTest-669198395-project-member] Determining version of request: GET /v2/schemas/image Accept: */* {{(pid=99585) process_request /opt/stack/glance/glance/api/middleware/version_negotiation.py:44}}
Jul 11 01:49:40.363523 np0000005063 devstack@g-api.service[99585]: DEBUG glance.api.middleware.version_negotiation [None req-bf1cd9a1-200b-4b9a-95a7-794520a3fac6 tempest-ServerStableDeviceRescueTest-669198395 tempest-ServerStableDeviceRescueTest-669198395-project-member] Using url versioning {{(pid=99585) process_request /opt/stack/glance/glance/api/middleware/version_negotiation.py:57}}
Jul 11 01:49:40.365208 np0000005063 devstack@g-api.service[99585]: DEBUG glance.api.middleware.version_negotiation [None req-bf1cd9a1-200b-4b9a-95a7-794520a3fac6 tempest-ServerStableDeviceRescueTest-669198395 tempest-ServerStableDeviceRescueTest-669198395-project-member] Matched version: v2 {{(pid=99585) process_request /opt/stack/glance/glance/api/middleware/version_negotiation.py:69}}
Jul 11 01:49:40.365607 np0000005063 devstack@g-api.service[99585]: DEBUG glance.api.middleware.version_negotiation [None req-bf1cd9a1-200b-4b9a-95a7-794520a3fac6 tempest-ServerStableDeviceRescueTest-669198395 tempest-ServerStableDeviceRescueTest-669198395-project-member] new path /v2/schemas/image {{(pid=99585) process_request /opt/stack/glance/glance/api/middleware/version_negotiation.py:70}}
Jul 11 01:49:40.367881 np0000005063 devstack@g-api.service[99586]: DEBUG glance.api.middleware.version_negotiation [None req-ee807262-3010-466e-8e2a-ee5677c557f2 tempest-ServerStableDeviceRescueTest-669198395 tempest-ServerStableDeviceRescueTest-669198395-project-member] Determining version of request: GET /v2/images/302afc1e-ca42-4f0c-81a8-af266c92352e Accept: */* {{(pid=99586) process_request /opt/stack/glance/glance/api/middleware/version_negotiation.py:44}}
Jul 11 01:49:40.368124 np0000005063 devstack@g-api.service[99586]: DEBUG glance.api.middleware.version_negotiation [None req-ee807262-3010-466e-8e2a-ee5677c557f2 tempest-ServerStableDeviceRescueTest-669198395 tempest-ServerStableDeviceRescueTest-669198395-project-member] Using url versioning {{(pid=99586) process_request /opt/stack/glance/glance/api/middleware/version_negotiation.py:57}}
Jul 11 01:49:40.368341 np0000005063 devstack@g-api.service[99586]: DEBUG glance.api.middleware.version_negotiation [None req-ee807262-3010-466e-8e2a-ee5677c557f2 tempest-ServerStableDeviceRescueTest-669198395 tempest-ServerStableDeviceRescueTest-669198395-project-member] Matched version: v2 {{(pid=99586) process_request /opt/stack/glance/glance/api/middleware/version_negotiation.py:69}}
Jul 11 01:49:40.368519 np0000005063 devstack@g-api.service[99586]: DEBUG glance.api.middleware.version_negotiation [None req-ee807262-3010-466e-8e2a-ee5677c557f2 tempest-ServerStableDeviceRescueTest-669198395 tempest-ServerStableDeviceRescueTest-669198395-project-member] new path /v2/images/302afc1e-ca42-4f0c-81a8-af266c92352e {{(pid=99586) process_request /opt/stack/glance/glance/api/middleware/version_negotiation.py:70}}
Jul 11 01:49:40.371440 np0000005063 devstack@g-api.service[99585]: [pid: 99585|app: 0|req: 70/215] 127.0.0.1 () {44 vars in 1051 bytes} [Sat Jul 11 01:49:40 2026] GET /v2/schemas/image => generated 6083 bytes in 9 msecs (HTTP/1.1 200) 4 headers in 158 bytes (1 switches on core 0)
Jul 11 01:49:40.394693 np0000005063 devstack@g-api.service[99586]: [pid: 99586|app: 0|req: 75/216] 127.0.0.1 () {44 vars in 1111 bytes} [Sat Jul 11 01:49:40 2026] GET /v2/images/302afc1e-ca42-4f0c-81a8-af266c92352e => generated 1044 bytes in 27 msecs (HTTP/1.1 200) 4 headers in 158 bytes (1 switches on core 0)
Jul 11 01:49:40.435945 np0000005063 devstack@g-api.service[99585]: DEBUG glance.api.middleware.version_negotiation [None req-ee807262-3010-466e-8e2a-ee5677c557f2 tempest-ServerStableDeviceRescueTest-669198395 tempest-ServerStableDeviceRescueTest-669198395-project-member] Determining version of request: GET /v2/schemas/image Accept: */* {{(pid=99585) process_request /opt/stack/glance/glance/api/middleware/version_negotiation.py:44}}
Jul 11 01:49:40.436293 np0000005063 devstack@g-api.service[99585]: DEBUG glance.api.middleware.version_negotiation [None req-ee807262-3010-466e-8e2a-ee5677c557f2 tempest-ServerStableDeviceRescueTest-669198395 tempest-ServerStableDeviceRescueTest-669198395-project-member] Using url versioning {{(pid=99585) process_request /opt/stack/glance/glance/api/middleware/version_negotiation.py:57}}
Jul 11 01:49:40.436423 np0000005063 devstack@g-api.service[99585]: DEBUG glance.api.middleware.version_negotiation [None req-ee807262-3010-466e-8e2a-ee5677c557f2 tempest-ServerStableDeviceRescueTest-669198395 tempest-ServerStableDeviceRescueTest-669198395-project-member] Matched version: v2 {{(pid=99585) process_request /opt/stack/glance/glance/api/middleware/version_negotiation.py:69}}
Jul 11 01:49:40.436685 np0000005063 devstack@g-api.service[99585]: DEBUG glance.api.middleware.version_negotiation [None req-ee807262-3010-466e-8e2a-ee5677c557f2 tempest-ServerStableDeviceRescueTest-669198395 tempest-ServerStableDeviceRescueTest-669198395-project-member] new path /v2/schemas/image {{(pid=99585) process_request /opt/stack/glance/glance/api/middleware/version_negotiation.py:70}}
Jul 11 01:49:40.439192 np0000005063 devstack@g-api.service[99585]: [pid: 99585|app: 0|req: 71/217] 127.0.0.1 () {44 vars in 1051 bytes} [Sat Jul 11 01:49:40 2026] GET /v2/schemas/image => generated 6083 bytes in 3 msecs (HTTP/1.1 200) 4 headers in 158 bytes (1 switches on core 0)
Jul 11 01:49:40.444518 np0000005063 devstack@g-api.service[99587]: DEBUG glance_store.backend [None req-c6313169-bab1-4dc5-89e8-aa5728e485fc tempest-ServerStableDeviceRescueTest-669198395 tempest-ServerStableDeviceRescueTest-669198395-project-member] Attempting to import store swift {{(pid=99587) _load_store /opt/stack/data/venv/lib/python3.12/site-packages/glance_store/backend.py:215}}
Jul 11 01:49:40.447000 np0000005063 devstack@g-api.service[99587]: DEBUG glance_store.capabilities [None req-c6313169-bab1-4dc5-89e8-aa5728e485fc tempest-ServerStableDeviceRescueTest-669198395 tempest-ServerStableDeviceRescueTest-669198395-project-member] Store glance_store._drivers.swift.store.SingleTenantStore doesn't support updating dynamic storage capabilities. Please overwrite 'update_capabilities' method of the store to implement updating logics if needed. {{(pid=99587) update_capabilities /opt/stack/data/venv/lib/python3.12/site-packages/glance_store/capabilities.py:91}}
Jul 11 01:49:40.447140 np0000005063 devstack@g-api.service[99587]: DEBUG glance_store.driver [None req-c6313169-bab1-4dc5-89e8-aa5728e485fc tempest-ServerStableDeviceRescueTest-669198395 tempest-ServerStableDeviceRescueTest-669198395-project-member] Late loading location class glance_store._drivers.swift.store.StoreLocation {{(pid=99587) get_store_location_class /opt/stack/data/venv/lib/python3.12/site-packages/glance_store/driver.py:134}}
Jul 11 01:49:40.447290 np0000005063 devstack@g-api.service[99587]: DEBUG glance_store.location [None req-c6313169-bab1-4dc5-89e8-aa5728e485fc tempest-ServerStableDeviceRescueTest-669198395 tempest-ServerStableDeviceRescueTest-669198395-project-member] Registering scheme swift+https with {'store': , 'location_class': , 'store_entry': 'swift'} {{(pid=99587) register_scheme_map /opt/stack/data/venv/lib/python3.12/site-packages/glance_store/location.py:146}}
Jul 11 01:49:40.447382 np0000005063 devstack@g-api.service[99587]: DEBUG glance_store.location [None req-c6313169-bab1-4dc5-89e8-aa5728e485fc tempest-ServerStableDeviceRescueTest-669198395 tempest-ServerStableDeviceRescueTest-669198395-project-member] Registering scheme swift+https with {'store': , 'location_class': , 'store_entry': 'swift'} {{(pid=99587) register_scheme_map /opt/stack/data/venv/lib/python3.12/site-packages/glance_store/location.py:146}}
Jul 11 01:49:40.447484 np0000005063 devstack@g-api.service[99587]: DEBUG glance_store.location [None req-c6313169-bab1-4dc5-89e8-aa5728e485fc tempest-ServerStableDeviceRescueTest-669198395 tempest-ServerStableDeviceRescueTest-669198395-project-member] Registering scheme swift with {'store': , 'location_class': , 'store_entry': 'swift'} {{(pid=99587) register_scheme_map /opt/stack/data/venv/lib/python3.12/site-packages/glance_store/location.py:146}}
Jul 11 01:49:40.448332 np0000005063 devstack@g-api.service[99587]: DEBUG glance_store.location [None req-c6313169-bab1-4dc5-89e8-aa5728e485fc tempest-ServerStableDeviceRescueTest-669198395 tempest-ServerStableDeviceRescueTest-669198395-project-member] Registering scheme swift+https with {'store': , 'location_class': , 'store_entry': 'swift'} {{(pid=99587) register_scheme_map /opt/stack/data/venv/lib/python3.12/site-packages/glance_store/location.py:146}}
Jul 11 01:49:40.448509 np0000005063 devstack@g-api.service[99587]: DEBUG glance_store.location [None req-c6313169-bab1-4dc5-89e8-aa5728e485fc tempest-ServerStableDeviceRescueTest-669198395 tempest-ServerStableDeviceRescueTest-669198395-project-member] Registering scheme swift with {'store': , 'location_class': , 'store_entry': 'swift'} {{(pid=99587) register_scheme_map /opt/stack/data/venv/lib/python3.12/site-packages/glance_store/location.py:146}}
Jul 11 01:49:40.448617 np0000005063 devstack@g-api.service[99587]: DEBUG glance_store.location [None req-c6313169-bab1-4dc5-89e8-aa5728e485fc tempest-ServerStableDeviceRescueTest-669198395 tempest-ServerStableDeviceRescueTest-669198395-project-member] Registering scheme swift+http with {'store': , 'location_class': , 'store_entry': 'swift'} {{(pid=99587) register_scheme_map /opt/stack/data/venv/lib/python3.12/site-packages/glance_store/location.py:146}}
Jul 11 01:49:40.449515 np0000005063 devstack@g-api.service[99587]: DEBUG glance_store.location [None req-c6313169-bab1-4dc5-89e8-aa5728e485fc tempest-ServerStableDeviceRescueTest-669198395 tempest-ServerStableDeviceRescueTest-669198395-project-member] Registering scheme swift+https with {'store': , 'location_class': , 'store_entry': 'swift'} {{(pid=99587) register_scheme_map /opt/stack/data/venv/lib/python3.12/site-packages/glance_store/location.py:146}}
Jul 11 01:49:40.449515 np0000005063 devstack@g-api.service[99587]: DEBUG glance_store.location [None req-c6313169-bab1-4dc5-89e8-aa5728e485fc tempest-ServerStableDeviceRescueTest-669198395 tempest-ServerStableDeviceRescueTest-669198395-project-member] Registering scheme swift with {'store': , 'location_class': , 'store_entry': 'swift'} {{(pid=99587) register_scheme_map /opt/stack/data/venv/lib/python3.12/site-packages/glance_store/location.py:146}}
Jul 11 01:49:40.449515 np0000005063 devstack@g-api.service[99587]: DEBUG glance_store.location [None req-c6313169-bab1-4dc5-89e8-aa5728e485fc tempest-ServerStableDeviceRescueTest-669198395 tempest-ServerStableDeviceRescueTest-669198395-project-member] Registering scheme swift+http with {'store': , 'location_class': , 'store_entry': 'swift'} {{(pid=99587) register_scheme_map /opt/stack/data/venv/lib/python3.12/site-packages/glance_store/location.py:146}}
Jul 11 01:49:40.449515 np0000005063 devstack@g-api.service[99587]: DEBUG glance_store.location [None req-c6313169-bab1-4dc5-89e8-aa5728e485fc tempest-ServerStableDeviceRescueTest-669198395 tempest-ServerStableDeviceRescueTest-669198395-project-member] Registering scheme swift+config with {'store': , 'location_class': , 'store_entry': 'swift'} {{(pid=99587) register_scheme_map /opt/stack/data/venv/lib/python3.12/site-packages/glance_store/location.py:146}}
Jul 11 01:49:40.449515 np0000005063 devstack@g-api.service[99587]: DEBUG glance_store.backend [None req-c6313169-bab1-4dc5-89e8-aa5728e485fc tempest-ServerStableDeviceRescueTest-669198395 tempest-ServerStableDeviceRescueTest-669198395-project-member] Skipping store.set_acls... not implemented. {{(pid=99587) set_acls /opt/stack/data/venv/lib/python3.12/site-packages/glance_store/backend.py:507}}
Jul 11 01:49:40.453032 np0000005063 devstack@g-api.service[99587]: [pid: 99587|app: 0|req: 72/218] 127.0.0.1 () {46 vars in 1154 bytes} [Sat Jul 11 01:49:37 2026] PUT /v2/images/5c1b3060-7b7d-47dc-a463-00ccb9e7d6df/file => generated 0 bytes in 2488 msecs (HTTP/1.1 204) 4 headers in 171 bytes (1 switches on core 0)
Jul 11 01:49:40.504837 np0000005063 devstack@g-api.service[99586]: DEBUG glance.api.middleware.version_negotiation [None req-fe78a97d-fbb6-47d2-9abf-3adbbd3ae004 tempest-AttachVolumeShelveTestJSON-915568142 tempest-AttachVolumeShelveTestJSON-915568142-project-member] Determining version of request: GET /v2/images/5c1b3060-7b7d-47dc-a463-00ccb9e7d6df Accept: */* {{(pid=99586) process_request /opt/stack/glance/glance/api/middleware/version_negotiation.py:44}}
Jul 11 01:49:40.505016 np0000005063 devstack@g-api.service[99586]: DEBUG glance.api.middleware.version_negotiation [None req-fe78a97d-fbb6-47d2-9abf-3adbbd3ae004 tempest-AttachVolumeShelveTestJSON-915568142 tempest-AttachVolumeShelveTestJSON-915568142-project-member] Using url versioning {{(pid=99586) process_request /opt/stack/glance/glance/api/middleware/version_negotiation.py:57}}
Jul 11 01:49:40.505432 np0000005063 devstack@g-api.service[99586]: DEBUG glance.api.middleware.version_negotiation [None req-fe78a97d-fbb6-47d2-9abf-3adbbd3ae004 tempest-AttachVolumeShelveTestJSON-915568142 tempest-AttachVolumeShelveTestJSON-915568142-project-member] Matched version: v2 {{(pid=99586) process_request /opt/stack/glance/glance/api/middleware/version_negotiation.py:69}}
Jul 11 01:49:40.505432 np0000005063 devstack@g-api.service[99586]: DEBUG glance.api.middleware.version_negotiation [None req-fe78a97d-fbb6-47d2-9abf-3adbbd3ae004 tempest-AttachVolumeShelveTestJSON-915568142 tempest-AttachVolumeShelveTestJSON-915568142-project-member] new path /v2/images/5c1b3060-7b7d-47dc-a463-00ccb9e7d6df {{(pid=99586) process_request /opt/stack/glance/glance/api/middleware/version_negotiation.py:70}}
Jul 11 01:49:40.518173 np0000005063 devstack@g-api.service[99586]: [pid: 99586|app: 0|req: 76/219] 127.0.0.1 () {44 vars in 1111 bytes} [Sat Jul 11 01:49:40 2026] GET /v2/images/5c1b3060-7b7d-47dc-a463-00ccb9e7d6df => generated 1615 bytes in 13 msecs (HTTP/1.1 200) 4 headers in 158 bytes (1 switches on core 0)
Jul 11 01:49:40.556915 np0000005063 devstack@g-api.service[99585]: DEBUG glance.api.middleware.version_negotiation [None req-fe78a97d-fbb6-47d2-9abf-3adbbd3ae004 tempest-AttachVolumeShelveTestJSON-915568142 tempest-AttachVolumeShelveTestJSON-915568142-project-member] Determining version of request: GET /v2/schemas/image Accept: */* {{(pid=99585) process_request /opt/stack/glance/glance/api/middleware/version_negotiation.py:44}}
Jul 11 01:49:40.557137 np0000005063 devstack@g-api.service[99585]: DEBUG glance.api.middleware.version_negotiation [None req-fe78a97d-fbb6-47d2-9abf-3adbbd3ae004 tempest-AttachVolumeShelveTestJSON-915568142 tempest-AttachVolumeShelveTestJSON-915568142-project-member] Using url versioning {{(pid=99585) process_request /opt/stack/glance/glance/api/middleware/version_negotiation.py:57}}
Jul 11 01:49:40.557314 np0000005063 devstack@g-api.service[99585]: DEBUG glance.api.middleware.version_negotiation [None req-fe78a97d-fbb6-47d2-9abf-3adbbd3ae004 tempest-AttachVolumeShelveTestJSON-915568142 tempest-AttachVolumeShelveTestJSON-915568142-project-member] Matched version: v2 {{(pid=99585) process_request /opt/stack/glance/glance/api/middleware/version_negotiation.py:69}}
Jul 11 01:49:40.557449 np0000005063 devstack@g-api.service[99585]: DEBUG glance.api.middleware.version_negotiation [None req-fe78a97d-fbb6-47d2-9abf-3adbbd3ae004 tempest-AttachVolumeShelveTestJSON-915568142 tempest-AttachVolumeShelveTestJSON-915568142-project-member] new path /v2/schemas/image {{(pid=99585) process_request /opt/stack/glance/glance/api/middleware/version_negotiation.py:70}}
Jul 11 01:49:40.559870 np0000005063 devstack@g-api.service[99585]: [pid: 99585|app: 0|req: 72/220] 127.0.0.1 () {44 vars in 1051 bytes} [Sat Jul 11 01:49:40 2026] GET /v2/schemas/image => generated 6083 bytes in 3 msecs (HTTP/1.1 200) 4 headers in 158 bytes (1 switches on core 0)
Jul 11 01:49:41.454684 np0000005063 devstack@g-api.service[99587]: DEBUG glance.api.middleware.version_negotiation [None req-c6313169-bab1-4dc5-89e8-aa5728e485fc tempest-ServerStableDeviceRescueTest-669198395 tempest-ServerStableDeviceRescueTest-669198395-project-member] Determining version of request: GET /v2/images/5c1b3060-7b7d-47dc-a463-00ccb9e7d6df Accept: */* {{(pid=99587) process_request /opt/stack/glance/glance/api/middleware/version_negotiation.py:44}}
Jul 11 01:49:41.454684 np0000005063 devstack@g-api.service[99587]: DEBUG glance.api.middleware.version_negotiation [None req-c6313169-bab1-4dc5-89e8-aa5728e485fc tempest-ServerStableDeviceRescueTest-669198395 tempest-ServerStableDeviceRescueTest-669198395-project-member] Using url versioning {{(pid=99587) process_request /opt/stack/glance/glance/api/middleware/version_negotiation.py:57}}
Jul 11 01:49:41.454684 np0000005063 devstack@g-api.service[99587]: DEBUG glance.api.middleware.version_negotiation [None req-c6313169-bab1-4dc5-89e8-aa5728e485fc tempest-ServerStableDeviceRescueTest-669198395 tempest-ServerStableDeviceRescueTest-669198395-project-member] Matched version: v2 {{(pid=99587) process_request /opt/stack/glance/glance/api/middleware/version_negotiation.py:69}}
Jul 11 01:49:41.455240 np0000005063 devstack@g-api.service[99587]: DEBUG glance.api.middleware.version_negotiation [None req-c6313169-bab1-4dc5-89e8-aa5728e485fc tempest-ServerStableDeviceRescueTest-669198395 tempest-ServerStableDeviceRescueTest-669198395-project-member] new path /v2/images/5c1b3060-7b7d-47dc-a463-00ccb9e7d6df {{(pid=99587) process_request /opt/stack/glance/glance/api/middleware/version_negotiation.py:70}}
Jul 11 01:49:41.483543 np0000005063 devstack@g-api.service[99587]: [pid: 99587|app: 0|req: 73/221] 127.0.0.1 () {44 vars in 1111 bytes} [Sat Jul 11 01:49:41 2026] GET /v2/images/5c1b3060-7b7d-47dc-a463-00ccb9e7d6df => generated 1615 bytes in 29 msecs (HTTP/1.1 200) 4 headers in 158 bytes (1 switches on core 0)
