May 13 09:38:22.250288 np0000000681 devstack@g-api.service[101622]: DEBUG glance_store.capabilities [-] Store glance_store._drivers.swift.store.SingleTenantStore doesn't support updating dynamic storage capabilities. Please overwrite 'update_capabilities' method of the store to implement updating logics if needed. {{(pid=101622) update_capabilities /opt/stack/data/venv/lib/python3.12/site-packages/glance_store/capabilities.py:91}}
May 13 09:38:22.250358 np0000000681 devstack@g-api.service[101622]: DEBUG glance_store.backend [-] Registering store swift with schemes ('swift+https', 'swift', 'swift+http', 'swift+config') {{(pid=101622) create_stores /opt/stack/data/venv/lib/python3.12/site-packages/glance_store/backend.py:261}}
May 13 09:38:22.250411 np0000000681 devstack@g-api.service[101622]: DEBUG glance_store.driver [-] Late loading location class glance_store._drivers.swift.store.StoreLocation {{(pid=101622) get_store_location_class /opt/stack/data/venv/lib/python3.12/site-packages/glance_store/driver.py:134}}
May 13 09:38:22.250486 np0000000681 devstack@g-api.service[101622]: DEBUG glance_store.location [-] Registering scheme swift+https with {'store': , 'location_class': , 'store_entry': 'swift'} {{(pid=101622) register_scheme_map /opt/stack/data/venv/lib/python3.12/site-packages/glance_store/location.py:146}}
May 13 09:38:22.250536 np0000000681 devstack@g-api.service[101622]: DEBUG glance_store.location [-] Registering scheme swift with {'store': , 'location_class': , 'store_entry': 'swift'} {{(pid=101622) register_scheme_map /opt/stack/data/venv/lib/python3.12/site-packages/glance_store/location.py:146}}
May 13 09:38:22.250584 np0000000681 devstack@g-api.service[101622]: DEBUG glance_store.location [-] Registering scheme swift+http with {'store': , 'location_class': , 'store_entry': 'swift'} {{(pid=101622) register_scheme_map /opt/stack/data/venv/lib/python3.12/site-packages/glance_store/location.py:146}}
May 13 09:38:22.250637 np0000000681 devstack@g-api.service[101622]: DEBUG glance_store.location [-] Registering scheme swift+config with {'store': , 'location_class': , 'store_entry': 'swift'} {{(pid=101622) register_scheme_map /opt/stack/data/venv/lib/python3.12/site-packages/glance_store/location.py:146}}
May 13 09:38:22.250703 np0000000681 devstack@g-api.service[101622]: DEBUG glance_store.backend [-] Attempting to import store http {{(pid=101622) _load_store /opt/stack/data/venv/lib/python3.12/site-packages/glance_store/backend.py:215}}
May 13 09:38:22.250877 np0000000681 devstack@g-api.service[101622]: DEBUG glance_store.capabilities [-] Store glance_store._drivers.http.Store doesn't support updating dynamic storage capabilities. Please overwrite 'update_capabilities' method of the store to implement updating logics if needed. {{(pid=101622) update_capabilities /opt/stack/data/venv/lib/python3.12/site-packages/glance_store/capabilities.py:91}}
May 13 09:38:22.250928 np0000000681 devstack@g-api.service[101622]: DEBUG glance_store.backend [-] Registering store http with schemes ('http', 'https') {{(pid=101622) create_stores /opt/stack/data/venv/lib/python3.12/site-packages/glance_store/backend.py:261}}
May 13 09:38:22.250971 np0000000681 devstack@g-api.service[101622]: DEBUG glance_store.driver [-] Late loading location class glance_store._drivers.http.StoreLocation {{(pid=101622) get_store_location_class /opt/stack/data/venv/lib/python3.12/site-packages/glance_store/driver.py:134}}
May 13 09:38:22.251084 np0000000681 devstack@g-api.service[101622]: DEBUG glance_store.location [-] Registering scheme http with {'store': , 'location_class': , 'store_entry': 'http'} {{(pid=101622) register_scheme_map /opt/stack/data/venv/lib/python3.12/site-packages/glance_store/location.py:146}}
May 13 09:38:22.251178 np0000000681 devstack@g-api.service[101622]: DEBUG glance_store.location [-] Registering scheme https with {'store': , 'location_class': , 'store_entry': 'http'} {{(pid=101622) register_scheme_map /opt/stack/data/venv/lib/python3.12/site-packages/glance_store/location.py:146}}
May 13 09:38:22.251338 np0000000681 devstack@g-api.service[101622]: DEBUG glance_store.backend [-] Attempting to import store swift {{(pid=101622) _load_store /opt/stack/data/venv/lib/python3.12/site-packages/glance_store/backend.py:215}}
May 13 09:38:22.252810 np0000000681 devstack@g-api.service[101622]: DEBUG glance_store.capabilities [-] Store glance_store._drivers.swift.store.SingleTenantStore doesn't support updating dynamic storage capabilities. Please overwrite 'update_capabilities' method of the store to implement updating logics if needed. {{(pid=101622) update_capabilities /opt/stack/data/venv/lib/python3.12/site-packages/glance_store/capabilities.py:91}}
May 13 09:38:22.252881 np0000000681 devstack@g-api.service[101622]: DEBUG glance_store.driver [-] Late loading location class glance_store._drivers.swift.store.StoreLocation {{(pid=101622) get_store_location_class /opt/stack/data/venv/lib/python3.12/site-packages/glance_store/driver.py:134}}
May 13 09:38:22.252942 np0000000681 devstack@g-api.service[101622]: DEBUG glance_store.location [-] Registering scheme swift+https with {'store': , 'location_class': , 'store_entry': 'swift'} {{(pid=101622) register_scheme_map /opt/stack/data/venv/lib/python3.12/site-packages/glance_store/location.py:146}}
May 13 09:38:22.252994 np0000000681 devstack@g-api.service[101622]: DEBUG glance_store.location [-] Registering scheme swift+https with {'store': , 'location_class': , 'store_entry': 'swift'} {{(pid=101622) register_scheme_map /opt/stack/data/venv/lib/python3.12/site-packages/glance_store/location.py:146}}
May 13 09:38:22.253054 np0000000681 devstack@g-api.service[101622]: DEBUG glance_store.location [-] Registering scheme swift with {'store': , 'location_class': , 'store_entry': 'swift'} {{(pid=101622) register_scheme_map /opt/stack/data/venv/lib/python3.12/site-packages/glance_store/location.py:146}}
May 13 09:38:22.253162 np0000000681 devstack@g-api.service[101622]: DEBUG glance_store.location [-] Registering scheme swift+https with {'store': , 'location_class': , 'store_entry': 'swift'} {{(pid=101622) register_scheme_map /opt/stack/data/venv/lib/python3.12/site-packages/glance_store/location.py:146}}
May 13 09:38:22.253262 np0000000681 devstack@g-api.service[101622]: DEBUG glance_store.location [-] Registering scheme swift with {'store': , 'location_class': , 'store_entry': 'swift'} {{(pid=101622) register_scheme_map /opt/stack/data/venv/lib/python3.12/site-packages/glance_store/location.py:146}}
May 13 09:38:22.253353 np0000000681 devstack@g-api.service[101622]: DEBUG glance_store.location [-] Registering scheme swift+http with {'store': , 'location_class': , 'store_entry': 'swift'} {{(pid=101622) register_scheme_map /opt/stack/data/venv/lib/python3.12/site-packages/glance_store/location.py:146}}
May 13 09:38:22.253462 np0000000681 devstack@g-api.service[101622]: DEBUG glance_store.location [-] Registering scheme swift+https with {'store': , 'location_class': , 'store_entry': 'swift'} {{(pid=101622) register_scheme_map /opt/stack/data/venv/lib/python3.12/site-packages/glance_store/location.py:146}}
May 13 09:38:22.253562 np0000000681 devstack@g-api.service[101622]: DEBUG glance_store.location [-] Registering scheme swift with {'store': , 'location_class': , 'store_entry': 'swift'} {{(pid=101622) register_scheme_map /opt/stack/data/venv/lib/python3.12/site-packages/glance_store/location.py:146}}
May 13 09:38:22.253692 np0000000681 devstack@g-api.service[101622]: DEBUG glance_store.location [-] Registering scheme swift+http with {'store': , 'location_class': , 'store_entry': 'swift'} {{(pid=101622) register_scheme_map /opt/stack/data/venv/lib/python3.12/site-packages/glance_store/location.py:146}}
May 13 09:38:22.253791 np0000000681 devstack@g-api.service[101622]: DEBUG glance_store.location [-] Registering scheme swift+config with {'store': , 'location_class': , 'store_entry': 'swift'} {{(pid=101622) register_scheme_map /opt/stack/data/venv/lib/python3.12/site-packages/glance_store/location.py:146}}
May 13 09:38:22.254176 np0000000681 devstack@g-api.service[101622]: DEBUG glance.sqlite_migration [-] SQLite caching database not located, skipping migration {{(pid=101622) get_db_path /opt/stack/glance/glance/sqlite_migration.py:68}}
May 13 09:38:22.254459 np0000000681 devstack@g-api.service[101622]: WARNING glance.common.wsgi_app [-] Import methods are enabled but staging directory /tmp/staging/ does not exist; Imports will fail!
May 13 09:38:22.446329 np0000000681 devstack@g-api.service[101624]: DEBUG glance.common.config [None req-bfe34c0d-32f8-40c6-9b1a-45f72c5cf0ca None None] Loading glance-api-keystone+cachemanagement from /etc/glance/glance-api-paste.ini {{(pid=101624) load_paste_app /opt/stack/glance/glance/common/config.py:758}}
May 13 09:38:22.525670 np0000000681 devstack@g-api.service[101623]: DEBUG glance.common.config [None req-48d0bc35-2455-4a29-94fe-528aaa2c5bab None None] Loading glance-api-keystone+cachemanagement from /etc/glance/glance-api-paste.ini {{(pid=101623) load_paste_app /opt/stack/glance/glance/common/config.py:758}}
May 13 09:38:22.606084 np0000000681 devstack@g-api.service[101622]: DEBUG glance.common.config [None req-1de4d31b-ac31-4746-8f1a-504ff7926216 None None] Loading glance-api-keystone+cachemanagement from /etc/glance/glance-api-paste.ini {{(pid=101622) load_paste_app /opt/stack/glance/glance/common/config.py:758}}
May 13 09:38:23.020896 np0000000681 devstack@g-api.service[101624]: INFO glance.image_cache [None req-bfe34c0d-32f8-40c6-9b1a-45f72c5cf0ca None None] Image cache loaded driver 'centralized_db'.
May 13 09:38:23.032330 np0000000681 devstack@g-api.service[101623]: INFO glance.image_cache [None req-48d0bc35-2455-4a29-94fe-528aaa2c5bab None None] Image cache loaded driver 'centralized_db'.
May 13 09:38:23.064490 np0000000681 devstack@g-api.service[101624]: INFO dbcounter [None req-bfe34c0d-32f8-40c6-9b1a-45f72c5cf0ca None None] Registered counter for database glance
May 13 09:38:23.073870 np0000000681 devstack@g-api.service[101623]: INFO dbcounter [None req-48d0bc35-2455-4a29-94fe-528aaa2c5bab None None] Registered counter for database glance
May 13 09:38:23.076917 np0000000681 devstack@g-api.service[101624]: DEBUG oslo_db.sqlalchemy.engines [None req-bfe34c0d-32f8-40c6-9b1a-45f72c5cf0ca None None] MySQL server mode set to STRICT_TRANS_TABLES,STRICT_ALL_TABLES,NO_ZERO_IN_DATE,NO_ZERO_DATE,ERROR_FOR_DIVISION_BY_ZERO,TRADITIONAL,NO_ENGINE_SUBSTITUTION {{(pid=101624) _check_effective_sql_mode /opt/stack/data/venv/lib/python3.12/site-packages/oslo_db/sqlalchemy/engines.py:325}}
May 13 09:38:23.086835 np0000000681 devstack@g-api.service[101623]: DEBUG oslo_db.sqlalchemy.engines [None req-48d0bc35-2455-4a29-94fe-528aaa2c5bab None None] MySQL server mode set to STRICT_TRANS_TABLES,STRICT_ALL_TABLES,NO_ZERO_IN_DATE,NO_ZERO_DATE,ERROR_FOR_DIVISION_BY_ZERO,TRADITIONAL,NO_ENGINE_SUBSTITUTION {{(pid=101623) _check_effective_sql_mode /opt/stack/data/venv/lib/python3.12/site-packages/oslo_db/sqlalchemy/engines.py:325}}
May 13 09:38:23.098297 np0000000681 devstack@g-api.service[101624]: DEBUG dbcounter [-] [101624] Writer thread running {{(pid=101624) stat_writer /opt/stack/data/venv/lib/python3.12/site-packages/dbcounter.py:102}}
May 13 09:38:23.109123 np0000000681 devstack@g-api.service[101623]: DEBUG dbcounter [-] [101623] Writer thread running {{(pid=101623) stat_writer /opt/stack/data/venv/lib/python3.12/site-packages/dbcounter.py:102}}
May 13 09:38:23.109956 np0000000681 devstack@g-api.service[101624]: INFO glance.image_cache [None req-bfe34c0d-32f8-40c6-9b1a-45f72c5cf0ca None None] Image cache loaded driver 'centralized_db'.
May 13 09:38:23.113107 np0000000681 devstack@g-api.service[101623]: DEBUG glance.image_cache.drivers.centralized_db [None req-48d0bc35-2455-4a29-94fe-528aaa2c5bab None None] Node reference is already recorded, ignoring it {{(pid=101623) configure /opt/stack/glance/glance/image_cache/drivers/centralized_db.py:71}}
May 13 09:38:23.116294 np0000000681 devstack@g-api.service[101624]: DEBUG glance.image_cache.drivers.centralized_db [None req-bfe34c0d-32f8-40c6-9b1a-45f72c5cf0ca None None] Node reference is already recorded, ignoring it {{(pid=101624) configure /opt/stack/glance/glance/image_cache/drivers/centralized_db.py:71}}
May 13 09:38:23.117316 np0000000681 devstack@g-api.service[101622]: INFO glance.image_cache [None req-1de4d31b-ac31-4746-8f1a-504ff7926216 None None] Image cache loaded driver 'centralized_db'.
May 13 09:38:23.118364 np0000000681 devstack@g-api.service[101623]: INFO glance.image_cache [None req-48d0bc35-2455-4a29-94fe-528aaa2c5bab None None] Image cache loaded driver 'centralized_db'.
May 13 09:38:23.120948 np0000000681 devstack@g-api.service[101624]: DEBUG glance.api.v2.cached_images [None req-bfe34c0d-32f8-40c6-9b1a-45f72c5cf0ca None None] Started cache worker thread {{(pid=101624) __init__ /opt/stack/glance/glance/api/v2/cached_images.py:69}}
May 13 09:38:23.121765 np0000000681 devstack@g-api.service[101624]: INFO glance.image_cache [None req-bfe34c0d-32f8-40c6-9b1a-45f72c5cf0ca None None] Image cache loaded driver 'centralized_db'.
May 13 09:38:23.125819 np0000000681 devstack@g-api.service[101623]: DEBUG glance.image_cache.drivers.centralized_db [None req-48d0bc35-2455-4a29-94fe-528aaa2c5bab None None] Node reference is already recorded, ignoring it {{(pid=101623) configure /opt/stack/glance/glance/image_cache/drivers/centralized_db.py:71}}
May 13 09:38:23.127933 np0000000681 devstack@g-api.service[101624]: DEBUG glance.image_cache.drivers.centralized_db [None req-bfe34c0d-32f8-40c6-9b1a-45f72c5cf0ca None None] Node reference is already recorded, ignoring it {{(pid=101624) configure /opt/stack/glance/glance/image_cache/drivers/centralized_db.py:71}}
May 13 09:38:23.130472 np0000000681 devstack@g-api.service[101623]: DEBUG glance.api.v2.cached_images [None req-48d0bc35-2455-4a29-94fe-528aaa2c5bab None None] Started cache worker thread {{(pid=101623) __init__ /opt/stack/glance/glance/api/v2/cached_images.py:69}}
May 13 09:38:23.131072 np0000000681 devstack@g-api.service[101623]: INFO glance.image_cache [None req-48d0bc35-2455-4a29-94fe-528aaa2c5bab None None] Image cache loaded driver 'centralized_db'.
May 13 09:38:23.132140 np0000000681 devstack@g-api.service[101624]: INFO glance.api.middleware.cache_manage [None req-bfe34c0d-32f8-40c6-9b1a-45f72c5cf0ca None None] Initialized image cache management middleware
May 13 09:38:23.132288 np0000000681 devstack@g-api.service[101624]: INFO glance.image_cache [None req-bfe34c0d-32f8-40c6-9b1a-45f72c5cf0ca None None] Image cache loaded driver 'centralized_db'.
May 13 09:38:23.137983 np0000000681 devstack@g-api.service[101623]: DEBUG glance.image_cache.drivers.centralized_db [None req-48d0bc35-2455-4a29-94fe-528aaa2c5bab None None] Node reference is already recorded, ignoring it {{(pid=101623) configure /opt/stack/glance/glance/image_cache/drivers/centralized_db.py:71}}
May 13 09:38:23.139266 np0000000681 devstack@g-api.service[101624]: DEBUG glance.image_cache.drivers.centralized_db [None req-bfe34c0d-32f8-40c6-9b1a-45f72c5cf0ca None None] Node reference is already recorded, ignoring it {{(pid=101624) configure /opt/stack/glance/glance/image_cache/drivers/centralized_db.py:71}}
May 13 09:38:23.142822 np0000000681 devstack@g-api.service[101624]: INFO glance.api.middleware.cache [None req-bfe34c0d-32f8-40c6-9b1a-45f72c5cf0ca None None] Initialized image cache middleware
May 13 09:38:23.143885 np0000000681 devstack@g-api.service[101623]: INFO glance.api.middleware.cache_manage [None req-48d0bc35-2455-4a29-94fe-528aaa2c5bab None None] Initialized image cache management middleware
May 13 09:38:23.144020 np0000000681 devstack@g-api.service[101623]: INFO glance.image_cache [None req-48d0bc35-2455-4a29-94fe-528aaa2c5bab None None] Image cache loaded driver 'centralized_db'.
May 13 09:38:23.147790 np0000000681 devstack@g-api.service[101624]: WARNING keystonemiddleware.auth_token [None req-bfe34c0d-32f8-40c6-9b1a-45f72c5cf0ca None None] AuthToken middleware is set with keystone_authtoken.service_token_roles_required set to False. This is backwards compatible but deprecated behaviour. Please set this to True.
May 13 09:38:23.150678 np0000000681 devstack@g-api.service[101623]: DEBUG glance.image_cache.drivers.centralized_db [None req-48d0bc35-2455-4a29-94fe-528aaa2c5bab None None] Node reference is already recorded, ignoring it {{(pid=101623) configure /opt/stack/glance/glance/image_cache/drivers/centralized_db.py:71}}
May 13 09:38:23.153340 np0000000681 devstack@g-api.service[101624]: DEBUG glance.common.config [None req-bfe34c0d-32f8-40c6-9b1a-45f72c5cf0ca None None] ******************************************************************************** {{(pid=101624) log_opt_values /opt/stack/data/venv/lib/python3.12/site-packages/oslo_config/cfg.py:2979}}
May 13 09:38:23.153431 np0000000681 devstack@g-api.service[101624]: DEBUG glance.common.config [None req-bfe34c0d-32f8-40c6-9b1a-45f72c5cf0ca None None] Configuration options gathered from: {{(pid=101624) log_opt_values /opt/stack/data/venv/lib/python3.12/site-packages/oslo_config/cfg.py:2980}}
May 13 09:38:23.153716 np0000000681 devstack@g-api.service[101624]: DEBUG glance.common.config [None req-bfe34c0d-32f8-40c6-9b1a-45f72c5cf0ca None None] command line args: [] {{(pid=101624) log_opt_values /opt/stack/data/venv/lib/python3.12/site-packages/oslo_config/cfg.py:2981}}
May 13 09:38:23.153888 np0000000681 devstack@g-api.service[101624]: DEBUG glance.common.config [None req-bfe34c0d-32f8-40c6-9b1a-45f72c5cf0ca None None] config files: ['/etc/glance/glance-image-import.conf', '/etc/glance/glance-api.conf'] {{(pid=101624) log_opt_values /opt/stack/data/venv/lib/python3.12/site-packages/oslo_config/cfg.py:2982}}
May 13 09:38:23.153960 np0000000681 devstack@g-api.service[101624]: DEBUG glance.common.config [None req-bfe34c0d-32f8-40c6-9b1a-45f72c5cf0ca None None] ================================================================================ {{(pid=101624) log_opt_values /opt/stack/data/venv/lib/python3.12/site-packages/oslo_config/cfg.py:2987}}
May 13 09:38:23.154098 np0000000681 devstack@g-api.service[101624]: DEBUG glance.common.config [None req-bfe34c0d-32f8-40c6-9b1a-45f72c5cf0ca None None] allow_anonymous_access = False {{(pid=101624) log_opt_values /opt/stack/data/venv/lib/python3.12/site-packages/oslo_config/cfg.py:2995}}
May 13 09:38:23.154173 np0000000681 devstack@g-api.service[101624]: DEBUG glance.common.config [None req-bfe34c0d-32f8-40c6-9b1a-45f72c5cf0ca None None] api_limit_max = 1000 {{(pid=101624) log_opt_values /opt/stack/data/venv/lib/python3.12/site-packages/oslo_config/cfg.py:2995}}
May 13 09:38:23.154279 np0000000681 devstack@g-api.service[101624]: DEBUG glance.common.config [None req-bfe34c0d-32f8-40c6-9b1a-45f72c5cf0ca None None] backlog = 4096 {{(pid=101624) log_opt_values /opt/stack/data/venv/lib/python3.12/site-packages/oslo_config/cfg.py:2995}}
May 13 09:38:23.154387 np0000000681 devstack@g-api.service[101624]: DEBUG glance.common.config [None req-bfe34c0d-32f8-40c6-9b1a-45f72c5cf0ca None None] bind_host = 0.0.0.0 {{(pid=101624) log_opt_values /opt/stack/data/venv/lib/python3.12/site-packages/oslo_config/cfg.py:2995}}
May 13 09:38:23.154487 np0000000681 devstack@g-api.service[101624]: DEBUG glance.common.config [None req-bfe34c0d-32f8-40c6-9b1a-45f72c5cf0ca None None] bind_port = 19292 {{(pid=101624) log_opt_values /opt/stack/data/venv/lib/python3.12/site-packages/oslo_config/cfg.py:2995}}
May 13 09:38:23.154532 np0000000681 devstack@g-api.service[101623]: INFO glance.api.middleware.cache [None req-48d0bc35-2455-4a29-94fe-528aaa2c5bab None None] Initialized image cache middleware
May 13 09:38:23.154569 np0000000681 devstack@g-api.service[101624]: DEBUG glance.common.config [None req-bfe34c0d-32f8-40c6-9b1a-45f72c5cf0ca None None] client_socket_timeout = 900 {{(pid=101624) log_opt_values /opt/stack/data/venv/lib/python3.12/site-packages/oslo_config/cfg.py:2995}}
May 13 09:38:23.154700 np0000000681 devstack@g-api.service[101624]: DEBUG glance.common.config [None req-bfe34c0d-32f8-40c6-9b1a-45f72c5cf0ca None None] config_dir = [] {{(pid=101624) log_opt_values /opt/stack/data/venv/lib/python3.12/site-packages/oslo_config/cfg.py:2995}}
May 13 09:38:23.154760 np0000000681 devstack@g-api.service[101624]: DEBUG glance.common.config [None req-bfe34c0d-32f8-40c6-9b1a-45f72c5cf0ca None None] config_file = ['/etc/glance/glance-image-import.conf', '/etc/glance/glance-api.conf'] {{(pid=101624) log_opt_values /opt/stack/data/venv/lib/python3.12/site-packages/oslo_config/cfg.py:2995}}
May 13 09:38:23.154855 np0000000681 devstack@g-api.service[101624]: DEBUG glance.common.config [None req-bfe34c0d-32f8-40c6-9b1a-45f72c5cf0ca None None] config_source = [] {{(pid=101624) log_opt_values /opt/stack/data/venv/lib/python3.12/site-packages/oslo_config/cfg.py:2995}}
May 13 09:38:23.154948 np0000000681 devstack@g-api.service[101624]: DEBUG glance.common.config [None req-bfe34c0d-32f8-40c6-9b1a-45f72c5cf0ca None None] control_exchange = glance {{(pid=101624) log_opt_values /opt/stack/data/venv/lib/python3.12/site-packages/oslo_config/cfg.py:2995}}
May 13 09:38:23.155012 np0000000681 devstack@g-api.service[101624]: DEBUG glance.common.config [None req-bfe34c0d-32f8-40c6-9b1a-45f72c5cf0ca None None] debug = True {{(pid=101624) log_opt_values /opt/stack/data/venv/lib/python3.12/site-packages/oslo_config/cfg.py:2995}}
May 13 09:38:23.155150 np0000000681 devstack@g-api.service[101624]: DEBUG glance.common.config [None req-bfe34c0d-32f8-40c6-9b1a-45f72c5cf0ca None None] default_log_levels = ['amqp=WARN', 'boto=WARN', 'sqlalchemy=WARN', 'suds=INFO', 'oslo.messaging=INFO', 'oslo_messaging=INFO', 'iso8601=WARN', 'requests.packages.urllib3.connectionpool=WARN', 'urllib3.connectionpool=WARN', 'websocket=WARN', 'requests.packages.urllib3.util.retry=WARN', 'urllib3.util.retry=WARN', 'keystonemiddleware=WARN', 'routes.middleware=WARN', 'stevedore=WARN', 'taskflow=WARN', 'keystoneauth=WARN', 'oslo.cache=INFO', 'oslo_policy=INFO', 'dogpile.core.dogpile=INFO'] {{(pid=101624) log_opt_values /opt/stack/data/venv/lib/python3.12/site-packages/oslo_config/cfg.py:2995}}
May 13 09:38:23.155232 np0000000681 devstack@g-api.service[101624]: DEBUG glance.common.config [None req-bfe34c0d-32f8-40c6-9b1a-45f72c5cf0ca None None] default_publisher_id = image.localhost {{(pid=101624) log_opt_values /opt/stack/data/venv/lib/python3.12/site-packages/oslo_config/cfg.py:2995}}
May 13 09:38:23.155327 np0000000681 devstack@g-api.service[101624]: DEBUG glance.common.config [None req-bfe34c0d-32f8-40c6-9b1a-45f72c5cf0ca None None] delayed_delete = False {{(pid=101624) log_opt_values /opt/stack/data/venv/lib/python3.12/site-packages/oslo_config/cfg.py:2995}}
May 13 09:38:23.155414 np0000000681 devstack@g-api.service[101624]: DEBUG glance.common.config [None req-bfe34c0d-32f8-40c6-9b1a-45f72c5cf0ca None None] digest_algorithm = sha256 {{(pid=101624) log_opt_values /opt/stack/data/venv/lib/python3.12/site-packages/oslo_config/cfg.py:2995}}
May 13 09:38:23.155501 np0000000681 devstack@g-api.service[101624]: DEBUG glance.common.config [None req-bfe34c0d-32f8-40c6-9b1a-45f72c5cf0ca None None] disabled_notifications = [] {{(pid=101624) log_opt_values /opt/stack/data/venv/lib/python3.12/site-packages/oslo_config/cfg.py:2995}}
May 13 09:38:23.155584 np0000000681 devstack@g-api.service[101624]: DEBUG glance.common.config [None req-bfe34c0d-32f8-40c6-9b1a-45f72c5cf0ca None None] do_secure_hash = True {{(pid=101624) log_opt_values /opt/stack/data/venv/lib/python3.12/site-packages/oslo_config/cfg.py:2995}}
May 13 09:38:23.155698 np0000000681 devstack@g-api.service[101624]: DEBUG glance.common.config [None req-bfe34c0d-32f8-40c6-9b1a-45f72c5cf0ca None None] enabled_backends = None {{(pid=101624) log_opt_values /opt/stack/data/venv/lib/python3.12/site-packages/oslo_config/cfg.py:2995}}
May 13 09:38:23.155828 np0000000681 devstack@g-api.service[101624]: DEBUG glance.common.config [None req-bfe34c0d-32f8-40c6-9b1a-45f72c5cf0ca None None] enabled_import_methods = ['glance-direct', 'web-download', 'copy-image'] {{(pid=101624) log_opt_values /opt/stack/data/venv/lib/python3.12/site-packages/oslo_config/cfg.py:2995}}
May 13 09:38:23.155982 np0000000681 devstack@g-api.service[101624]: DEBUG glance.common.config [None req-bfe34c0d-32f8-40c6-9b1a-45f72c5cf0ca None None] fatal_deprecations = False {{(pid=101624) log_opt_values /opt/stack/data/venv/lib/python3.12/site-packages/oslo_config/cfg.py:2995}}
May 13 09:38:23.156115 np0000000681 devstack@g-api.service[101624]: DEBUG glance.common.config [None req-bfe34c0d-32f8-40c6-9b1a-45f72c5cf0ca None None] hashing_algorithm = sha512 {{(pid=101624) log_opt_values /opt/stack/data/venv/lib/python3.12/site-packages/oslo_config/cfg.py:2995}}
May 13 09:38:23.156218 np0000000681 devstack@g-api.service[101624]: DEBUG glance.common.config [None req-bfe34c0d-32f8-40c6-9b1a-45f72c5cf0ca None None] http_keepalive = True {{(pid=101624) log_opt_values /opt/stack/data/venv/lib/python3.12/site-packages/oslo_config/cfg.py:2995}}
May 13 09:38:23.156338 np0000000681 devstack@g-api.service[101624]: DEBUG glance.common.config [None req-bfe34c0d-32f8-40c6-9b1a-45f72c5cf0ca None None] http_retries = 3 {{(pid=101624) log_opt_values /opt/stack/data/venv/lib/python3.12/site-packages/oslo_config/cfg.py:2995}}
May 13 09:38:23.156439 np0000000681 devstack@g-api.service[101624]: DEBUG glance.common.config [None req-bfe34c0d-32f8-40c6-9b1a-45f72c5cf0ca None None] image_cache_dir = /opt/stack/data/glance/cache/ {{(pid=101624) log_opt_values /opt/stack/data/venv/lib/python3.12/site-packages/oslo_config/cfg.py:2995}}
May 13 09:38:23.156534 np0000000681 devstack@g-api.service[101624]: DEBUG glance.common.config [None req-bfe34c0d-32f8-40c6-9b1a-45f72c5cf0ca None None] image_cache_driver = centralized_db {{(pid=101624) log_opt_values /opt/stack/data/venv/lib/python3.12/site-packages/oslo_config/cfg.py:2995}}
May 13 09:38:23.156629 np0000000681 devstack@g-api.service[101624]: DEBUG glance.common.config [None req-bfe34c0d-32f8-40c6-9b1a-45f72c5cf0ca None None] image_cache_max_size = 10737418240 {{(pid=101624) log_opt_values /opt/stack/data/venv/lib/python3.12/site-packages/oslo_config/cfg.py:2995}}
May 13 09:38:23.156738 np0000000681 devstack@g-api.service[101624]: DEBUG glance.common.config [None req-bfe34c0d-32f8-40c6-9b1a-45f72c5cf0ca None None] image_cache_sqlite_db = cache.db {{(pid=101624) log_opt_values /opt/stack/data/venv/lib/python3.12/site-packages/oslo_config/cfg.py:2995}}
May 13 09:38:23.156831 np0000000681 devstack@g-api.service[101624]: DEBUG glance.common.config [None req-bfe34c0d-32f8-40c6-9b1a-45f72c5cf0ca None None] image_cache_stall_time = 86400 {{(pid=101624) log_opt_values /opt/stack/data/venv/lib/python3.12/site-packages/oslo_config/cfg.py:2995}}
May 13 09:38:23.156916 np0000000681 devstack@g-api.service[101624]: DEBUG glance.common.config [None req-bfe34c0d-32f8-40c6-9b1a-45f72c5cf0ca None None] image_location_quota = 10 {{(pid=101624) log_opt_values /opt/stack/data/venv/lib/python3.12/site-packages/oslo_config/cfg.py:2995}}
May 13 09:38:23.157001 np0000000681 devstack@g-api.service[101624]: DEBUG glance.common.config [None req-bfe34c0d-32f8-40c6-9b1a-45f72c5cf0ca None None] image_member_quota = 128 {{(pid=101624) log_opt_values /opt/stack/data/venv/lib/python3.12/site-packages/oslo_config/cfg.py:2995}}
May 13 09:38:23.157083 np0000000681 devstack@g-api.service[101624]: DEBUG glance.common.config [None req-bfe34c0d-32f8-40c6-9b1a-45f72c5cf0ca None None] image_property_quota = 128 {{(pid=101624) log_opt_values /opt/stack/data/venv/lib/python3.12/site-packages/oslo_config/cfg.py:2995}}
May 13 09:38:23.157167 np0000000681 devstack@g-api.service[101624]: DEBUG glance.common.config [None req-bfe34c0d-32f8-40c6-9b1a-45f72c5cf0ca None None] image_size_cap = 1099511627776 {{(pid=101624) log_opt_values /opt/stack/data/venv/lib/python3.12/site-packages/oslo_config/cfg.py:2995}}
May 13 09:38:23.157252 np0000000681 devstack@g-api.service[101624]: DEBUG glance.common.config [None req-bfe34c0d-32f8-40c6-9b1a-45f72c5cf0ca None None] image_tag_quota = 128 {{(pid=101624) log_opt_values /opt/stack/data/venv/lib/python3.12/site-packages/oslo_config/cfg.py:2995}}
May 13 09:38:23.157341 np0000000681 devstack@g-api.service[101624]: DEBUG glance.common.config [None req-bfe34c0d-32f8-40c6-9b1a-45f72c5cf0ca None None] instance_format = [instance: %(uuid)s] {{(pid=101624) log_opt_values /opt/stack/data/venv/lib/python3.12/site-packages/oslo_config/cfg.py:2995}}
May 13 09:38:23.157426 np0000000681 devstack@g-api.service[101624]: DEBUG glance.common.config [None req-bfe34c0d-32f8-40c6-9b1a-45f72c5cf0ca None None] instance_uuid_format = [instance: %(uuid)s] {{(pid=101624) log_opt_values /opt/stack/data/venv/lib/python3.12/site-packages/oslo_config/cfg.py:2995}}
May 13 09:38:23.157521 np0000000681 devstack@g-api.service[101624]: DEBUG glance.common.config [None req-bfe34c0d-32f8-40c6-9b1a-45f72c5cf0ca None None] limit_param_default = 25 {{(pid=101624) log_opt_values /opt/stack/data/venv/lib/python3.12/site-packages/oslo_config/cfg.py:2995}}
May 13 09:38:23.157614 np0000000681 devstack@g-api.service[101624]: DEBUG glance.common.config [None req-bfe34c0d-32f8-40c6-9b1a-45f72c5cf0ca None None] log_color = False {{(pid=101624) log_opt_values /opt/stack/data/venv/lib/python3.12/site-packages/oslo_config/cfg.py:2995}}
May 13 09:38:23.157775 np0000000681 devstack@g-api.service[101624]: DEBUG glance.common.config [None req-bfe34c0d-32f8-40c6-9b1a-45f72c5cf0ca None None] log_config_append = None {{(pid=101624) log_opt_values /opt/stack/data/venv/lib/python3.12/site-packages/oslo_config/cfg.py:2995}}
May 13 09:38:23.157910 np0000000681 devstack@g-api.service[101624]: DEBUG glance.common.config [None req-bfe34c0d-32f8-40c6-9b1a-45f72c5cf0ca None None] log_date_format = %Y-%m-%d %H:%M:%S {{(pid=101624) log_opt_values /opt/stack/data/venv/lib/python3.12/site-packages/oslo_config/cfg.py:2995}}
May 13 09:38:23.158038 np0000000681 devstack@g-api.service[101624]: DEBUG glance.common.config [None req-bfe34c0d-32f8-40c6-9b1a-45f72c5cf0ca None None] log_dir = None {{(pid=101624) log_opt_values /opt/stack/data/venv/lib/python3.12/site-packages/oslo_config/cfg.py:2995}}
May 13 09:38:23.158160 np0000000681 devstack@g-api.service[101624]: DEBUG glance.common.config [None req-bfe34c0d-32f8-40c6-9b1a-45f72c5cf0ca None None] log_file = None {{(pid=101624) log_opt_values /opt/stack/data/venv/lib/python3.12/site-packages/oslo_config/cfg.py:2995}}
May 13 09:38:23.158283 np0000000681 devstack@g-api.service[101624]: DEBUG glance.common.config [None req-bfe34c0d-32f8-40c6-9b1a-45f72c5cf0ca None None] log_rotate_interval = 1 {{(pid=101624) log_opt_values /opt/stack/data/venv/lib/python3.12/site-packages/oslo_config/cfg.py:2995}}
May 13 09:38:23.158416 np0000000681 devstack@g-api.service[101624]: DEBUG glance.common.config [None req-bfe34c0d-32f8-40c6-9b1a-45f72c5cf0ca None None] log_rotate_interval_type = days {{(pid=101624) log_opt_values /opt/stack/data/venv/lib/python3.12/site-packages/oslo_config/cfg.py:2995}}
May 13 09:38:23.158549 np0000000681 devstack@g-api.service[101624]: DEBUG glance.common.config [None req-bfe34c0d-32f8-40c6-9b1a-45f72c5cf0ca None None] log_rotation_type = none {{(pid=101624) log_opt_values /opt/stack/data/venv/lib/python3.12/site-packages/oslo_config/cfg.py:2995}}
May 13 09:38:23.158665 np0000000681 devstack@g-api.service[101624]: DEBUG glance.common.config [None req-bfe34c0d-32f8-40c6-9b1a-45f72c5cf0ca None None] logging_context_format_string = %(color)s%(levelname)s %(name)s [%(global_request_id)s %(request_id)s %(project_name)s %(user_name)s%(color)s] %(instance)s%(color)s%(message)s {{(pid=101624) log_opt_values /opt/stack/data/venv/lib/python3.12/site-packages/oslo_config/cfg.py:2995}}
May 13 09:38:23.158776 np0000000681 devstack@g-api.service[101624]: DEBUG glance.common.config [None req-bfe34c0d-32f8-40c6-9b1a-45f72c5cf0ca None None] logging_debug_format_suffix = {{(pid=%(process)d) %(funcName)s %(pathname)s:%(lineno)d}} {{(pid=101624) log_opt_values /opt/stack/data/venv/lib/python3.12/site-packages/oslo_config/cfg.py:2995}}
May 13 09:38:23.158915 np0000000681 devstack@g-api.service[101624]: DEBUG glance.common.config [None req-bfe34c0d-32f8-40c6-9b1a-45f72c5cf0ca None None] logging_default_format_string = %(color)s%(levelname)s %(name)s [-%(color)s] %(instance)s%(color)s%(message)s {{(pid=101624) log_opt_values /opt/stack/data/venv/lib/python3.12/site-packages/oslo_config/cfg.py:2995}}
May 13 09:38:23.159026 np0000000681 devstack@g-api.service[101624]: DEBUG glance.common.config [None req-bfe34c0d-32f8-40c6-9b1a-45f72c5cf0ca None None] logging_exception_prefix = ERROR %(name)s %(instance)s {{(pid=101624) log_opt_values /opt/stack/data/venv/lib/python3.12/site-packages/oslo_config/cfg.py:2995}}
May 13 09:38:23.159093 np0000000681 devstack@g-api.service[101624]: DEBUG glance.common.config [None req-bfe34c0d-32f8-40c6-9b1a-45f72c5cf0ca None None] logging_user_identity_format = %(user)s %(project)s %(domain)s %(system_scope)s %(user_domain)s %(project_domain)s {{(pid=101624) log_opt_values /opt/stack/data/venv/lib/python3.12/site-packages/oslo_config/cfg.py:2995}}
May 13 09:38:23.159181 np0000000681 devstack@g-api.service[101624]: DEBUG glance.common.config [None req-bfe34c0d-32f8-40c6-9b1a-45f72c5cf0ca None None] max_header_line = 16384 {{(pid=101624) log_opt_values /opt/stack/data/venv/lib/python3.12/site-packages/oslo_config/cfg.py:2995}}
May 13 09:38:23.159266 np0000000681 devstack@g-api.service[101624]: DEBUG glance.common.config [None req-bfe34c0d-32f8-40c6-9b1a-45f72c5cf0ca None None] max_logfile_count = 30 {{(pid=101624) log_opt_values /opt/stack/data/venv/lib/python3.12/site-packages/oslo_config/cfg.py:2995}}
May 13 09:38:23.159349 np0000000681 devstack@g-api.service[101624]: DEBUG glance.common.config [None req-bfe34c0d-32f8-40c6-9b1a-45f72c5cf0ca None None] max_logfile_size_mb = 200 {{(pid=101624) log_opt_values /opt/stack/data/venv/lib/python3.12/site-packages/oslo_config/cfg.py:2995}}
May 13 09:38:23.159432 np0000000681 devstack@g-api.service[101624]: DEBUG glance.common.config [None req-bfe34c0d-32f8-40c6-9b1a-45f72c5cf0ca None None] max_request_id_length = 64 {{(pid=101624) log_opt_values /opt/stack/data/venv/lib/python3.12/site-packages/oslo_config/cfg.py:2995}}
May 13 09:38:23.159512 np0000000681 devstack@g-api.service[101624]: DEBUG glance.common.config [None req-bfe34c0d-32f8-40c6-9b1a-45f72c5cf0ca None None] metadata_encryption_key = **** {{(pid=101624) log_opt_values /opt/stack/data/venv/lib/python3.12/site-packages/oslo_config/cfg.py:2995}}
May 13 09:38:23.159600 np0000000681 devstack@g-api.service[101624]: DEBUG glance.common.config [None req-bfe34c0d-32f8-40c6-9b1a-45f72c5cf0ca None None] node_staging_uri = file:///tmp/staging/ {{(pid=101624) log_opt_values /opt/stack/data/venv/lib/python3.12/site-packages/oslo_config/cfg.py:2995}}
May 13 09:38:23.159719 np0000000681 devstack@g-api.service[101624]: DEBUG glance.common.config [None req-bfe34c0d-32f8-40c6-9b1a-45f72c5cf0ca None None] property_protection_file = None {{(pid=101624) log_opt_values /opt/stack/data/venv/lib/python3.12/site-packages/oslo_config/cfg.py:2995}}
May 13 09:38:23.159811 np0000000681 devstack@g-api.service[101624]: DEBUG glance.common.config [None req-bfe34c0d-32f8-40c6-9b1a-45f72c5cf0ca None None] property_protection_rule_format = roles {{(pid=101624) log_opt_values /opt/stack/data/venv/lib/python3.12/site-packages/oslo_config/cfg.py:2995}}
May 13 09:38:23.159903 np0000000681 devstack@g-api.service[101624]: DEBUG glance.common.config [None req-bfe34c0d-32f8-40c6-9b1a-45f72c5cf0ca None None] public_endpoint = https://10.4.3.67/image {{(pid=101624) log_opt_values /opt/stack/data/venv/lib/python3.12/site-packages/oslo_config/cfg.py:2995}}
May 13 09:38:23.159987 np0000000681 devstack@g-api.service[101624]: DEBUG glance.common.config [None req-bfe34c0d-32f8-40c6-9b1a-45f72c5cf0ca None None] publish_errors = False {{(pid=101624) log_opt_values /opt/stack/data/venv/lib/python3.12/site-packages/oslo_config/cfg.py:2995}}
May 13 09:38:23.160045 np0000000681 devstack@g-api.service[101623]: WARNING keystonemiddleware.auth_token [None req-48d0bc35-2455-4a29-94fe-528aaa2c5bab None None] AuthToken middleware is set with keystone_authtoken.service_token_roles_required set to False. This is backwards compatible but deprecated behaviour. Please set this to True.
May 13 09:38:23.160087 np0000000681 devstack@g-api.service[101624]: DEBUG glance.common.config [None req-bfe34c0d-32f8-40c6-9b1a-45f72c5cf0ca None None] pydev_worker_debug_host = None {{(pid=101624) log_opt_values /opt/stack/data/venv/lib/python3.12/site-packages/oslo_config/cfg.py:2995}}
May 13 09:38:23.160149 np0000000681 devstack@g-api.service[101624]: DEBUG glance.common.config [None req-bfe34c0d-32f8-40c6-9b1a-45f72c5cf0ca None None] pydev_worker_debug_port = 5678 {{(pid=101624) log_opt_values /opt/stack/data/venv/lib/python3.12/site-packages/oslo_config/cfg.py:2995}}
May 13 09:38:23.160234 np0000000681 devstack@g-api.service[101624]: DEBUG glance.common.config [None req-bfe34c0d-32f8-40c6-9b1a-45f72c5cf0ca None None] rate_limit_burst = 0 {{(pid=101624) log_opt_values /opt/stack/data/venv/lib/python3.12/site-packages/oslo_config/cfg.py:2995}}
May 13 09:38:23.160323 np0000000681 devstack@g-api.service[101624]: DEBUG glance.common.config [None req-bfe34c0d-32f8-40c6-9b1a-45f72c5cf0ca None None] rate_limit_except_level = CRITICAL {{(pid=101624) log_opt_values /opt/stack/data/venv/lib/python3.12/site-packages/oslo_config/cfg.py:2995}}
May 13 09:38:23.160405 np0000000681 devstack@g-api.service[101624]: DEBUG glance.common.config [None req-bfe34c0d-32f8-40c6-9b1a-45f72c5cf0ca None None] rate_limit_interval = 0 {{(pid=101624) log_opt_values /opt/stack/data/venv/lib/python3.12/site-packages/oslo_config/cfg.py:2995}}
May 13 09:38:23.160453 np0000000681 devstack@g-api.service[101622]: INFO dbcounter [None req-1de4d31b-ac31-4746-8f1a-504ff7926216 None None] Registered counter for database glance
May 13 09:38:23.160501 np0000000681 devstack@g-api.service[101624]: DEBUG glance.common.config [None req-bfe34c0d-32f8-40c6-9b1a-45f72c5cf0ca None None] scrub_pool_size = 1 {{(pid=101624) log_opt_values /opt/stack/data/venv/lib/python3.12/site-packages/oslo_config/cfg.py:2995}}
May 13 09:38:23.160607 np0000000681 devstack@g-api.service[101624]: DEBUG glance.common.config [None req-bfe34c0d-32f8-40c6-9b1a-45f72c5cf0ca None None] scrub_time = 0 {{(pid=101624) log_opt_values /opt/stack/data/venv/lib/python3.12/site-packages/oslo_config/cfg.py:2995}}
May 13 09:38:23.160756 np0000000681 devstack@g-api.service[101624]: DEBUG glance.common.config [None req-bfe34c0d-32f8-40c6-9b1a-45f72c5cf0ca None None] shell_completion = None {{(pid=101624) log_opt_values /opt/stack/data/venv/lib/python3.12/site-packages/oslo_config/cfg.py:2995}}
May 13 09:38:23.160885 np0000000681 devstack@g-api.service[101624]: DEBUG glance.common.config [None req-bfe34c0d-32f8-40c6-9b1a-45f72c5cf0ca None None] show_image_direct_url = False {{(pid=101624) log_opt_values /opt/stack/data/venv/lib/python3.12/site-packages/oslo_config/cfg.py:2995}}
May 13 09:38:23.161101 np0000000681 devstack@g-api.service[101624]: WARNING oslo_config.cfg [None req-bfe34c0d-32f8-40c6-9b1a-45f72c5cf0ca None None] Deprecated: Option "show_multiple_locations" from group "DEFAULT" is deprecated for removal (Use of this option, deprecated since Newton, is a security risk and will be removed once we figure out a way to satisfy those use cases that currently require it. An earlier announcement that the same functionality can be achieved with greater granularity by using policies is incorrect. You cannot work around this option via policy configuration at the present time, though that is the direction we believe the fix will take. Please keep an eye on the Glance release notes to stay up to date on progress in addressing this issue.). Its value may be silently ignored in the future.
May 13 09:38:23.161255 np0000000681 devstack@g-api.service[101624]: DEBUG glance.common.config [None req-bfe34c0d-32f8-40c6-9b1a-45f72c5cf0ca None None] show_multiple_locations = False {{(pid=101624) log_opt_values /opt/stack/data/venv/lib/python3.12/site-packages/oslo_config/cfg.py:2995}}
May 13 09:38:23.161361 np0000000681 devstack@g-api.service[101624]: DEBUG glance.common.config [None req-bfe34c0d-32f8-40c6-9b1a-45f72c5cf0ca None None] syslog_log_facility = LOG_USER {{(pid=101624) log_opt_values /opt/stack/data/venv/lib/python3.12/site-packages/oslo_config/cfg.py:2995}}
May 13 09:38:23.161451 np0000000681 devstack@g-api.service[101624]: DEBUG glance.common.config [None req-bfe34c0d-32f8-40c6-9b1a-45f72c5cf0ca None None] tcp_keepidle = 600 {{(pid=101624) log_opt_values /opt/stack/data/venv/lib/python3.12/site-packages/oslo_config/cfg.py:2995}}
May 13 09:38:23.161543 np0000000681 devstack@g-api.service[101624]: DEBUG glance.common.config [None req-bfe34c0d-32f8-40c6-9b1a-45f72c5cf0ca None None] transport_url = **** {{(pid=101624) log_opt_values /opt/stack/data/venv/lib/python3.12/site-packages/oslo_config/cfg.py:2995}}
May 13 09:38:23.161642 np0000000681 devstack@g-api.service[101624]: DEBUG glance.common.config [None req-bfe34c0d-32f8-40c6-9b1a-45f72c5cf0ca None None] use_journal = False {{(pid=101624) log_opt_values /opt/stack/data/venv/lib/python3.12/site-packages/oslo_config/cfg.py:2995}}
May 13 09:38:23.161750 np0000000681 devstack@g-api.service[101624]: DEBUG glance.common.config [None req-bfe34c0d-32f8-40c6-9b1a-45f72c5cf0ca None None] use_json = False {{(pid=101624) log_opt_values /opt/stack/data/venv/lib/python3.12/site-packages/oslo_config/cfg.py:2995}}
May 13 09:38:23.161840 np0000000681 devstack@g-api.service[101624]: DEBUG glance.common.config [None req-bfe34c0d-32f8-40c6-9b1a-45f72c5cf0ca None None] use_keystone_limits = True {{(pid=101624) log_opt_values /opt/stack/data/venv/lib/python3.12/site-packages/oslo_config/cfg.py:2995}}
May 13 09:38:23.161928 np0000000681 devstack@g-api.service[101624]: DEBUG glance.common.config [None req-bfe34c0d-32f8-40c6-9b1a-45f72c5cf0ca None None] use_stderr = False {{(pid=101624) log_opt_values /opt/stack/data/venv/lib/python3.12/site-packages/oslo_config/cfg.py:2995}}
May 13 09:38:23.162015 np0000000681 devstack@g-api.service[101624]: DEBUG glance.common.config [None req-bfe34c0d-32f8-40c6-9b1a-45f72c5cf0ca None None] use_syslog = False {{(pid=101624) log_opt_values /opt/stack/data/venv/lib/python3.12/site-packages/oslo_config/cfg.py:2995}}
May 13 09:38:23.162103 np0000000681 devstack@g-api.service[101624]: DEBUG glance.common.config [None req-bfe34c0d-32f8-40c6-9b1a-45f72c5cf0ca None None] user_storage_quota = 0 {{(pid=101624) log_opt_values /opt/stack/data/venv/lib/python3.12/site-packages/oslo_config/cfg.py:2995}}
May 13 09:38:23.162216 np0000000681 devstack@g-api.service[101624]: DEBUG glance.common.config [None req-bfe34c0d-32f8-40c6-9b1a-45f72c5cf0ca None None] worker_self_reference_url = http://127.0.0.1:60999 {{(pid=101624) log_opt_values /opt/stack/data/venv/lib/python3.12/site-packages/oslo_config/cfg.py:2995}}
May 13 09:38:23.162310 np0000000681 devstack@g-api.service[101624]: DEBUG glance.common.config [None req-bfe34c0d-32f8-40c6-9b1a-45f72c5cf0ca None None] workers = None {{(pid=101624) log_opt_values /opt/stack/data/venv/lib/python3.12/site-packages/oslo_config/cfg.py:2995}}
May 13 09:38:23.162418 np0000000681 devstack@g-api.service[101624]: DEBUG glance.common.config [None req-bfe34c0d-32f8-40c6-9b1a-45f72c5cf0ca None None] oslo_concurrency.disable_process_locking = False {{(pid=101624) log_opt_values /opt/stack/data/venv/lib/python3.12/site-packages/oslo_config/cfg.py:3006}}
May 13 09:38:23.162514 np0000000681 devstack@g-api.service[101624]: DEBUG glance.common.config [None req-bfe34c0d-32f8-40c6-9b1a-45f72c5cf0ca None None] oslo_concurrency.lock_path = /opt/stack/data/glance/locks {{(pid=101624) log_opt_values /opt/stack/data/venv/lib/python3.12/site-packages/oslo_config/cfg.py:3006}}
May 13 09:38:23.162608 np0000000681 devstack@g-api.service[101624]: DEBUG glance.common.config [None req-bfe34c0d-32f8-40c6-9b1a-45f72c5cf0ca None None] oslo_middleware.enable_proxy_headers_parsing = False {{(pid=101624) log_opt_values /opt/stack/data/venv/lib/python3.12/site-packages/oslo_config/cfg.py:3006}}
May 13 09:38:23.162732 np0000000681 devstack@g-api.service[101624]: DEBUG glance.common.config [None req-bfe34c0d-32f8-40c6-9b1a-45f72c5cf0ca None None] oslo_middleware.http_basic_auth_user_file = /etc/htpasswd {{(pid=101624) log_opt_values /opt/stack/data/venv/lib/python3.12/site-packages/oslo_config/cfg.py:3006}}
May 13 09:38:23.162846 np0000000681 devstack@g-api.service[101624]: DEBUG glance.common.config [None req-bfe34c0d-32f8-40c6-9b1a-45f72c5cf0ca None None] paste_deploy.config_file = None {{(pid=101624) log_opt_values /opt/stack/data/venv/lib/python3.12/site-packages/oslo_config/cfg.py:3006}}
May 13 09:38:23.162985 np0000000681 devstack@g-api.service[101624]: DEBUG glance.common.config [None req-bfe34c0d-32f8-40c6-9b1a-45f72c5cf0ca None None] paste_deploy.flavor = keystone+cachemanagement {{(pid=101624) log_opt_values /opt/stack/data/venv/lib/python3.12/site-packages/oslo_config/cfg.py:3006}}
May 13 09:38:23.163117 np0000000681 devstack@g-api.service[101624]: DEBUG glance.common.config [None req-bfe34c0d-32f8-40c6-9b1a-45f72c5cf0ca None None] image_format.container_formats = ['ami', 'ari', 'aki', 'bare', 'ovf', 'ova', 'docker', 'compressed'] {{(pid=101624) log_opt_values /opt/stack/data/venv/lib/python3.12/site-packages/oslo_config/cfg.py:3006}}
May 13 09:38:23.163270 np0000000681 devstack@g-api.service[101624]: DEBUG glance.common.config [None req-bfe34c0d-32f8-40c6-9b1a-45f72c5cf0ca None None] image_format.disk_formats = ['ami', 'ari', 'aki', 'vhd', 'vhdx', 'vmdk', 'raw', 'qcow2', 'vdi', 'iso', 'ploop'] {{(pid=101624) log_opt_values /opt/stack/data/venv/lib/python3.12/site-packages/oslo_config/cfg.py:3006}}
May 13 09:38:23.163362 np0000000681 devstack@g-api.service[101624]: DEBUG glance.common.config [None req-bfe34c0d-32f8-40c6-9b1a-45f72c5cf0ca None None] image_format.gpt_safety_checks_nonfatal = [] {{(pid=101624) log_opt_values /opt/stack/data/venv/lib/python3.12/site-packages/oslo_config/cfg.py:3006}}
May 13 09:38:23.163457 np0000000681 devstack@g-api.service[101624]: DEBUG glance.common.config [None req-bfe34c0d-32f8-40c6-9b1a-45f72c5cf0ca None None] image_format.require_image_format_match = True {{(pid=101624) log_opt_values /opt/stack/data/venv/lib/python3.12/site-packages/oslo_config/cfg.py:3006}}
May 13 09:38:23.163554 np0000000681 devstack@g-api.service[101624]: DEBUG glance.common.config [None req-bfe34c0d-32f8-40c6-9b1a-45f72c5cf0ca None None] image_format.vmdk_allowed_types = ['streamOptimized', 'monolithicSparse'] {{(pid=101624) log_opt_values /opt/stack/data/venv/lib/python3.12/site-packages/oslo_config/cfg.py:3006}}
May 13 09:38:23.163678 np0000000681 devstack@g-api.service[101624]: DEBUG glance.common.config [None req-bfe34c0d-32f8-40c6-9b1a-45f72c5cf0ca None None] task.task_executor = taskflow {{(pid=101624) log_opt_values /opt/stack/data/venv/lib/python3.12/site-packages/oslo_config/cfg.py:3006}}
May 13 09:38:23.163779 np0000000681 devstack@g-api.service[101624]: DEBUG glance.common.config [None req-bfe34c0d-32f8-40c6-9b1a-45f72c5cf0ca None None] task.task_time_to_live = 48 {{(pid=101624) log_opt_values /opt/stack/data/venv/lib/python3.12/site-packages/oslo_config/cfg.py:3006}}
May 13 09:38:23.163863 np0000000681 devstack@g-api.service[101624]: DEBUG glance.common.config [None req-bfe34c0d-32f8-40c6-9b1a-45f72c5cf0ca None None] task.work_dir = None {{(pid=101624) log_opt_values /opt/stack/data/venv/lib/python3.12/site-packages/oslo_config/cfg.py:3006}}
May 13 09:38:23.163959 np0000000681 devstack@g-api.service[101624]: DEBUG glance.common.config [None req-bfe34c0d-32f8-40c6-9b1a-45f72c5cf0ca None None] wsgi.python_interpreter = /opt/stack/data/venv/bin/python3 {{(pid=101624) log_opt_values /opt/stack/data/venv/lib/python3.12/site-packages/oslo_config/cfg.py:3006}}
May 13 09:38:23.164080 np0000000681 devstack@g-api.service[101624]: DEBUG glance.common.config [None req-bfe34c0d-32f8-40c6-9b1a-45f72c5cf0ca None None] wsgi.task_pool_threads = 16 {{(pid=101624) log_opt_values /opt/stack/data/venv/lib/python3.12/site-packages/oslo_config/cfg.py:3006}}
May 13 09:38:23.164217 np0000000681 devstack@g-api.service[101624]: DEBUG glance.common.config [None req-bfe34c0d-32f8-40c6-9b1a-45f72c5cf0ca None None] profiler.connection_string = messaging:// {{(pid=101624) log_opt_values /opt/stack/data/venv/lib/python3.12/site-packages/oslo_config/cfg.py:3006}}
May 13 09:38:23.164354 np0000000681 devstack@g-api.service[101624]: DEBUG glance.common.config [None req-bfe34c0d-32f8-40c6-9b1a-45f72c5cf0ca None None] profiler.enabled = False {{(pid=101624) log_opt_values /opt/stack/data/venv/lib/python3.12/site-packages/oslo_config/cfg.py:3006}}
May 13 09:38:23.164452 np0000000681 devstack@g-api.service[101624]: DEBUG glance.common.config [None req-bfe34c0d-32f8-40c6-9b1a-45f72c5cf0ca None None] profiler.es_doc_type = notification {{(pid=101624) log_opt_values /opt/stack/data/venv/lib/python3.12/site-packages/oslo_config/cfg.py:3006}}
May 13 09:38:23.164541 np0000000681 devstack@g-api.service[101624]: DEBUG glance.common.config [None req-bfe34c0d-32f8-40c6-9b1a-45f72c5cf0ca None None] profiler.es_scroll_size = 10000 {{(pid=101624) log_opt_values /opt/stack/data/venv/lib/python3.12/site-packages/oslo_config/cfg.py:3006}}
May 13 09:38:23.164685 np0000000681 devstack@g-api.service[101624]: DEBUG glance.common.config [None req-bfe34c0d-32f8-40c6-9b1a-45f72c5cf0ca None None] profiler.es_scroll_time = 2m {{(pid=101624) log_opt_values /opt/stack/data/venv/lib/python3.12/site-packages/oslo_config/cfg.py:3006}}
