May 13 09:38:00.356363 np0000000681 nova-scheduler[95345]: DEBUG cotyledon.oslo_config_glue [-] oslo_messaging_rabbit.use_queue_manager = False {{(pid=95345) log_opt_values /opt/stack/data/venv/lib/python3.12/site-packages/oslo_config/cfg.py:3006}}
May 13 09:38:00.356363 np0000000681 nova-scheduler[95345]: DEBUG cotyledon.oslo_config_glue [-] oslo_messaging_notifications.driver = ['messagingv2'] {{(pid=95345) log_opt_values /opt/stack/data/venv/lib/python3.12/site-packages/oslo_config/cfg.py:3006}}
May 13 09:38:00.356363 np0000000681 nova-scheduler[95345]: DEBUG cotyledon.oslo_config_glue [-] oslo_messaging_notifications.retry = -1 {{(pid=95345) log_opt_values /opt/stack/data/venv/lib/python3.12/site-packages/oslo_config/cfg.py:3006}}
May 13 09:38:00.356363 np0000000681 nova-scheduler[95345]: DEBUG cotyledon.oslo_config_glue [-] oslo_messaging_notifications.topics = ['notifications'] {{(pid=95345) log_opt_values /opt/stack/data/venv/lib/python3.12/site-packages/oslo_config/cfg.py:3006}}
May 13 09:38:00.356363 np0000000681 nova-scheduler[95345]: DEBUG cotyledon.oslo_config_glue [-] oslo_messaging_notifications.transport_url = **** {{(pid=95345) log_opt_values /opt/stack/data/venv/lib/python3.12/site-packages/oslo_config/cfg.py:3006}}
May 13 09:38:00.356363 np0000000681 nova-scheduler[95345]: DEBUG cotyledon.oslo_config_glue [-] oslo_limit.auth_section = None {{(pid=95345) log_opt_values /opt/stack/data/venv/lib/python3.12/site-packages/oslo_config/cfg.py:3006}}
May 13 09:38:00.356363 np0000000681 nova-scheduler[95345]: DEBUG cotyledon.oslo_config_glue [-] oslo_limit.auth_type = None {{(pid=95345) log_opt_values /opt/stack/data/venv/lib/python3.12/site-packages/oslo_config/cfg.py:3006}}
May 13 09:38:00.356363 np0000000681 nova-scheduler[95345]: DEBUG cotyledon.oslo_config_glue [-] oslo_limit.cafile = None {{(pid=95345) log_opt_values /opt/stack/data/venv/lib/python3.12/site-packages/oslo_config/cfg.py:3006}}
May 13 09:38:00.356363 np0000000681 nova-scheduler[95345]: DEBUG cotyledon.oslo_config_glue [-] oslo_limit.certfile = None {{(pid=95345) log_opt_values /opt/stack/data/venv/lib/python3.12/site-packages/oslo_config/cfg.py:3006}}
May 13 09:38:00.356818 np0000000681 nova-scheduler[95345]: DEBUG cotyledon.oslo_config_glue [-] oslo_limit.collect_timing = False {{(pid=95345) log_opt_values /opt/stack/data/venv/lib/python3.12/site-packages/oslo_config/cfg.py:3006}}
May 13 09:38:00.356818 np0000000681 nova-scheduler[95345]: DEBUG cotyledon.oslo_config_glue [-] oslo_limit.connect_retries = None {{(pid=95345) log_opt_values /opt/stack/data/venv/lib/python3.12/site-packages/oslo_config/cfg.py:3006}}
May 13 09:38:00.356818 np0000000681 nova-scheduler[95345]: DEBUG cotyledon.oslo_config_glue [-] oslo_limit.connect_retry_delay = None {{(pid=95345) log_opt_values /opt/stack/data/venv/lib/python3.12/site-packages/oslo_config/cfg.py:3006}}
May 13 09:38:00.356818 np0000000681 nova-scheduler[95345]: DEBUG cotyledon.oslo_config_glue [-] oslo_limit.endpoint_id = None {{(pid=95345) log_opt_values /opt/stack/data/venv/lib/python3.12/site-packages/oslo_config/cfg.py:3006}}
May 13 09:38:00.356818 np0000000681 nova-scheduler[95345]: DEBUG cotyledon.oslo_config_glue [-] oslo_limit.endpoint_interface = public {{(pid=95345) log_opt_values /opt/stack/data/venv/lib/python3.12/site-packages/oslo_config/cfg.py:3006}}
May 13 09:38:00.356818 np0000000681 nova-scheduler[95345]: DEBUG cotyledon.oslo_config_glue [-] oslo_limit.endpoint_override = None {{(pid=95345) log_opt_values /opt/stack/data/venv/lib/python3.12/site-packages/oslo_config/cfg.py:3006}}
May 13 09:38:00.356818 np0000000681 nova-scheduler[95345]: DEBUG cotyledon.oslo_config_glue [-] oslo_limit.endpoint_region_name = None {{(pid=95345) log_opt_values /opt/stack/data/venv/lib/python3.12/site-packages/oslo_config/cfg.py:3006}}
May 13 09:38:00.356818 np0000000681 nova-scheduler[95345]: DEBUG cotyledon.oslo_config_glue [-] oslo_limit.endpoint_service_name = None {{(pid=95345) log_opt_values /opt/stack/data/venv/lib/python3.12/site-packages/oslo_config/cfg.py:3006}}
May 13 09:38:00.356818 np0000000681 nova-scheduler[95345]: DEBUG cotyledon.oslo_config_glue [-] oslo_limit.endpoint_service_type = None {{(pid=95345) log_opt_values /opt/stack/data/venv/lib/python3.12/site-packages/oslo_config/cfg.py:3006}}
May 13 09:38:00.357131 np0000000681 nova-scheduler[95345]: DEBUG cotyledon.oslo_config_glue [-] oslo_limit.insecure = False {{(pid=95345) log_opt_values /opt/stack/data/venv/lib/python3.12/site-packages/oslo_config/cfg.py:3006}}
May 13 09:38:00.357131 np0000000681 nova-scheduler[95345]: DEBUG cotyledon.oslo_config_glue [-] oslo_limit.keyfile = None {{(pid=95345) log_opt_values /opt/stack/data/venv/lib/python3.12/site-packages/oslo_config/cfg.py:3006}}
May 13 09:38:00.357131 np0000000681 nova-scheduler[95345]: DEBUG cotyledon.oslo_config_glue [-] oslo_limit.max_version = None {{(pid=95345) log_opt_values /opt/stack/data/venv/lib/python3.12/site-packages/oslo_config/cfg.py:3006}}
May 13 09:38:00.357131 np0000000681 nova-scheduler[95345]: DEBUG cotyledon.oslo_config_glue [-] oslo_limit.min_version = None {{(pid=95345) log_opt_values /opt/stack/data/venv/lib/python3.12/site-packages/oslo_config/cfg.py:3006}}
May 13 09:38:00.357131 np0000000681 nova-scheduler[95345]: DEBUG cotyledon.oslo_config_glue [-] oslo_limit.region_name = None {{(pid=95345) log_opt_values /opt/stack/data/venv/lib/python3.12/site-packages/oslo_config/cfg.py:3006}}
May 13 09:38:00.357131 np0000000681 nova-scheduler[95345]: DEBUG cotyledon.oslo_config_glue [-] oslo_limit.retriable_status_codes = None {{(pid=95345) log_opt_values /opt/stack/data/venv/lib/python3.12/site-packages/oslo_config/cfg.py:3006}}
May 13 09:38:00.357131 np0000000681 nova-scheduler[95345]: DEBUG cotyledon.oslo_config_glue [-] oslo_limit.service_name = None {{(pid=95345) log_opt_values /opt/stack/data/venv/lib/python3.12/site-packages/oslo_config/cfg.py:3006}}
May 13 09:38:00.357131 np0000000681 nova-scheduler[95345]: DEBUG cotyledon.oslo_config_glue [-] oslo_limit.service_type = None {{(pid=95345) log_opt_values /opt/stack/data/venv/lib/python3.12/site-packages/oslo_config/cfg.py:3006}}
May 13 09:38:00.357131 np0000000681 nova-scheduler[95345]: DEBUG cotyledon.oslo_config_glue [-] oslo_limit.split_loggers = False {{(pid=95345) log_opt_values /opt/stack/data/venv/lib/python3.12/site-packages/oslo_config/cfg.py:3006}}
May 13 09:38:00.357453 np0000000681 nova-scheduler[95345]: DEBUG cotyledon.oslo_config_glue [-] oslo_limit.status_code_retries = None {{(pid=95345) log_opt_values /opt/stack/data/venv/lib/python3.12/site-packages/oslo_config/cfg.py:3006}}
May 13 09:38:00.357453 np0000000681 nova-scheduler[95345]: DEBUG cotyledon.oslo_config_glue [-] oslo_limit.status_code_retry_delay = None {{(pid=95345) log_opt_values /opt/stack/data/venv/lib/python3.12/site-packages/oslo_config/cfg.py:3006}}
May 13 09:38:00.357453 np0000000681 nova-scheduler[95345]: DEBUG cotyledon.oslo_config_glue [-] oslo_limit.timeout = None {{(pid=95345) log_opt_values /opt/stack/data/venv/lib/python3.12/site-packages/oslo_config/cfg.py:3006}}
May 13 09:38:00.357453 np0000000681 nova-scheduler[95345]: DEBUG cotyledon.oslo_config_glue [-] oslo_limit.valid_interfaces = None {{(pid=95345) log_opt_values /opt/stack/data/venv/lib/python3.12/site-packages/oslo_config/cfg.py:3006}}
May 13 09:38:00.357453 np0000000681 nova-scheduler[95345]: DEBUG cotyledon.oslo_config_glue [-] oslo_limit.version = None {{(pid=95345) log_opt_values /opt/stack/data/venv/lib/python3.12/site-packages/oslo_config/cfg.py:3006}}
May 13 09:38:00.357453 np0000000681 nova-scheduler[95345]: DEBUG cotyledon.oslo_config_glue [-] oslo_reports.file_event_handler = None {{(pid=95345) log_opt_values /opt/stack/data/venv/lib/python3.12/site-packages/oslo_config/cfg.py:3006}}
May 13 09:38:00.357453 np0000000681 nova-scheduler[95345]: DEBUG cotyledon.oslo_config_glue [-] oslo_reports.file_event_handler_interval = 1 {{(pid=95345) log_opt_values /opt/stack/data/venv/lib/python3.12/site-packages/oslo_config/cfg.py:3006}}
May 13 09:38:00.357453 np0000000681 nova-scheduler[95345]: DEBUG cotyledon.oslo_config_glue [-] oslo_reports.log_dir = None {{(pid=95345) log_opt_values /opt/stack/data/venv/lib/python3.12/site-packages/oslo_config/cfg.py:3006}}
May 13 09:38:00.357453 np0000000681 nova-scheduler[95345]: DEBUG cotyledon.oslo_config_glue [-] ******************************************************************************** {{(pid=95345) log_opt_values /opt/stack/data/venv/lib/python3.12/site-packages/oslo_config/cfg.py:3013}}
May 13 09:38:00.357814 np0000000681 nova-scheduler[95345]: DEBUG cotyledon._service_worker [-] Run service ServiceWrapper(2) [95345] {{(pid=95345) wait_forever /opt/stack/data/venv/lib/python3.12/site-packages/cotyledon/_service_worker.py:218}}
May 13 09:38:00.358726 np0000000681 nova-scheduler[95345]: INFO nova.service [-] Starting scheduler node (version 33.1.0)
May 13 09:38:00.362511 np0000000681 nova-scheduler[95341]: DEBUG dbcounter [-] [95341] Writer thread running {{(pid=95341) stat_writer /opt/stack/data/venv/lib/python3.12/site-packages/dbcounter.py:102}}
May 13 09:38:00.368501 np0000000681 nova-scheduler[95343]: DEBUG nova.service [None req-880e9765-107b-4c8b-9fc7-e7914fbe35aa None None] Creating RPC server for service: nova-scheduler on topic: scheduler {{(pid=95343) start /opt/stack/nova/nova/service.py:195}}
May 13 09:38:00.369303 np0000000681 nova-scheduler[95345]: INFO dbcounter [None req-30db14ba-6755-4b3c-9de0-0b9962c88c2c None None] Registered counter for database nova_cell0
May 13 09:38:00.381494 np0000000681 nova-scheduler[95345]: DEBUG oslo_db.sqlalchemy.engines [None req-30db14ba-6755-4b3c-9de0-0b9962c88c2c None None] MySQL server mode set to STRICT_TRANS_TABLES,STRICT_ALL_TABLES,NO_ZERO_IN_DATE,NO_ZERO_DATE,ERROR_FOR_DIVISION_BY_ZERO,TRADITIONAL,NO_ENGINE_SUBSTITUTION {{(pid=95345) _check_effective_sql_mode /opt/stack/data/venv/lib/python3.12/site-packages/oslo_db/sqlalchemy/engines.py:325}}
May 13 09:38:00.386388 np0000000681 nova-scheduler[95341]: DEBUG nova.service [None req-4cbc60b6-044d-471d-821f-413acdfd06ef None None] Creating RPC server for service: nova-scheduler on topic: scheduler {{(pid=95341) start /opt/stack/nova/nova/service.py:195}}
May 13 09:38:00.391469 np0000000681 nova-scheduler[95345]: DEBUG dbcounter [-] [95345] Writer thread running {{(pid=95345) stat_writer /opt/stack/data/venv/lib/python3.12/site-packages/dbcounter.py:102}}
May 13 09:38:00.394062 np0000000681 nova-scheduler[95345]: DEBUG nova.service [None req-30db14ba-6755-4b3c-9de0-0b9962c88c2c None None] Creating RPC server for service: nova-scheduler on topic: scheduler {{(pid=95345) start /opt/stack/nova/nova/service.py:195}}
May 13 09:38:00.401050 np0000000681 nova-scheduler[95343]: DEBUG nova.service [None req-880e9765-107b-4c8b-9fc7-e7914fbe35aa None None] Join ServiceGroup membership for this service scheduler {{(pid=95343) start /opt/stack/nova/nova/service.py:221}}
May 13 09:38:00.401291 np0000000681 nova-scheduler[95343]: DEBUG nova.servicegroup.drivers.db [None req-880e9765-107b-4c8b-9fc7-e7914fbe35aa None None] DB_Driver: join new ServiceGroup member np0000000681 to the scheduler group, service = {{(pid=95343) join /opt/stack/nova/nova/servicegroup/drivers/db.py:44}}
May 13 09:38:00.412551 np0000000681 nova-scheduler[95345]: DEBUG nova.service [None req-30db14ba-6755-4b3c-9de0-0b9962c88c2c None None] Join ServiceGroup membership for this service scheduler {{(pid=95345) start /opt/stack/nova/nova/service.py:221}}
May 13 09:38:00.412758 np0000000681 nova-scheduler[95345]: DEBUG nova.servicegroup.drivers.db [None req-30db14ba-6755-4b3c-9de0-0b9962c88c2c None None] DB_Driver: join new ServiceGroup member np0000000681 to the scheduler group, service = {{(pid=95345) join /opt/stack/nova/nova/servicegroup/drivers/db.py:44}}
May 13 09:38:00.412801 np0000000681 nova-scheduler[95341]: DEBUG nova.service [None req-4cbc60b6-044d-471d-821f-413acdfd06ef None None] Join ServiceGroup membership for this service scheduler {{(pid=95341) start /opt/stack/nova/nova/service.py:221}}
May 13 09:38:00.413046 np0000000681 nova-scheduler[95341]: DEBUG nova.servicegroup.drivers.db [None req-4cbc60b6-044d-471d-821f-413acdfd06ef None None] DB_Driver: join new ServiceGroup member np0000000681 to the scheduler group, service = {{(pid=95341) join /opt/stack/nova/nova/servicegroup/drivers/db.py:44}}
May 13 09:38:01.414784 np0000000681 nova-scheduler[95345]: DEBUG oslo.service.backend._threading.loopingcall [None req-e0e425fa-ef8d-4109-80b3-5c7e3413e306 None None] Dynamic interval looping call 'nova.service.Service.periodic_tasks' sleeping for 60.00 seconds {{(pid=95345) _run_loop /opt/stack/data/venv/lib/python3.12/site-packages/oslo_service/backend/_threading/loopingcall.py:125}}
May 13 09:38:05.421955 np0000000681 nova-scheduler[95343]: DEBUG oslo.service.backend._threading.loopingcall [-] Fixed interval looping call 'nova.servicegroup.drivers.db.DbDriver._report_state' sleeping for 119.98 seconds {{(pid=95343) _run_loop /opt/stack/data/venv/lib/python3.12/site-packages/oslo_service/backend/_threading/loopingcall.py:125}}
May 13 09:38:05.423895 np0000000681 nova-scheduler[95345]: DEBUG oslo.service.backend._threading.loopingcall [-] Fixed interval looping call 'nova.servicegroup.drivers.db.DbDriver._report_state' sleeping for 119.99 seconds {{(pid=95345) _run_loop /opt/stack/data/venv/lib/python3.12/site-packages/oslo_service/backend/_threading/loopingcall.py:125}}
May 13 09:38:05.424361 np0000000681 nova-scheduler[95341]: DEBUG oslo.service.backend._threading.loopingcall [-] Fixed interval looping call 'nova.servicegroup.drivers.db.DbDriver._report_state' sleeping for 119.99 seconds {{(pid=95341) _run_loop /opt/stack/data/venv/lib/python3.12/site-packages/oslo_service/backend/_threading/loopingcall.py:125}}
May 13 09:38:09.026105 np0000000681 nova-scheduler[94073]: DEBUG dbcounter [-] [94073] Writing DB stats nova_api:SELECT=3 {{(pid=94073) stat_writer /opt/stack/data/venv/lib/python3.12/site-packages/dbcounter.py:115}}
May 13 09:38:09.115607 np0000000681 nova-scheduler[94073]: DEBUG dbcounter [-] [94073] Writing DB stats nova_cell1:SELECT=1 {{(pid=94073) stat_writer /opt/stack/data/venv/lib/python3.12/site-packages/dbcounter.py:115}}
May 13 09:38:09.120400 np0000000681 nova-scheduler[94073]: DEBUG dbcounter [-] [94073] Writing DB stats nova_cell0:SELECT=1 {{(pid=94073) stat_writer /opt/stack/data/venv/lib/python3.12/site-packages/dbcounter.py:115}}
May 13 09:38:15.413240 np0000000681 nova-scheduler[95343]: DEBUG dbcounter [-] [95343] Writing DB stats nova_cell0:SELECT=4,nova_cell0:INSERT=1,nova_cell0:UPDATE=1 {{(pid=95343) stat_writer /opt/stack/data/venv/lib/python3.12/site-packages/dbcounter.py:115}}
May 13 09:38:15.420510 np0000000681 nova-scheduler[95341]: DEBUG dbcounter [-] [95341] Writing DB stats nova_cell0:SELECT=4,nova_cell0:INSERT=1,nova_cell0:UPDATE=1 {{(pid=95341) stat_writer /opt/stack/data/venv/lib/python3.12/site-packages/dbcounter.py:115}}
May 13 09:38:15.421039 np0000000681 nova-scheduler[95345]: DEBUG dbcounter [-] [95345] Writing DB stats nova_cell0:SELECT=3 {{(pid=95345) stat_writer /opt/stack/data/venv/lib/python3.12/site-packages/dbcounter.py:115}}
May 13 09:38:24.415232 np0000000681 nova-scheduler[95341]: DEBUG oslo.service.backend._threading.loopingcall [None req-b462a471-797c-4554-bc81-c9961be95590 None None] Dynamic interval looping call 'nova.service.Service.periodic_tasks' sleeping for 60.00 seconds {{(pid=95341) _run_loop /opt/stack/data/venv/lib/python3.12/site-packages/oslo_service/backend/_threading/loopingcall.py:125}}
May 13 09:38:38.404629 np0000000681 nova-scheduler[95343]: DEBUG oslo.service.backend._threading.loopingcall [None req-baae817a-f2ca-4e29-bc63-85265cd9a17b None None] Dynamic interval looping call 'nova.service.Service.periodic_tasks' sleeping for 60.00 seconds {{(pid=95343) _run_loop /opt/stack/data/venv/lib/python3.12/site-packages/oslo_service/backend/_threading/loopingcall.py:125}}
May 13 09:39:01.415235 np0000000681 nova-scheduler[95345]: DEBUG oslo.service.backend._threading.loopingcall [None req-e0e425fa-ef8d-4109-80b3-5c7e3413e306 None None] Dynamic interval looping call 'nova.service.Service.periodic_tasks' sleeping for 60.00 seconds {{(pid=95345) _run_loop /opt/stack/data/venv/lib/python3.12/site-packages/oslo_service/backend/_threading/loopingcall.py:125}}
May 13 09:39:24.415724 np0000000681 nova-scheduler[95341]: DEBUG oslo.service.backend._threading.loopingcall [None req-b462a471-797c-4554-bc81-c9961be95590 None None] Dynamic interval looping call 'nova.service.Service.periodic_tasks' sleeping for 60.00 seconds {{(pid=95341) _run_loop /opt/stack/data/venv/lib/python3.12/site-packages/oslo_service/backend/_threading/loopingcall.py:125}}
May 13 09:39:38.405128 np0000000681 nova-scheduler[95343]: DEBUG oslo.service.backend._threading.loopingcall [None req-baae817a-f2ca-4e29-bc63-85265cd9a17b None None] Dynamic interval looping call 'nova.service.Service.periodic_tasks' sleeping for 60.00 seconds {{(pid=95343) _run_loop /opt/stack/data/venv/lib/python3.12/site-packages/oslo_service/backend/_threading/loopingcall.py:125}}
May 13 09:40:01.415835 np0000000681 nova-scheduler[95345]: DEBUG oslo.service.backend._threading.loopingcall [None req-e0e425fa-ef8d-4109-80b3-5c7e3413e306 None None] Dynamic interval looping call 'nova.service.Service.periodic_tasks' sleeping for 60.00 seconds {{(pid=95345) _run_loop /opt/stack/data/venv/lib/python3.12/site-packages/oslo_service/backend/_threading/loopingcall.py:125}}
May 13 09:40:05.408896 np0000000681 nova-scheduler[95343]: DEBUG oslo.service.backend._threading.loopingcall [-] Fixed interval looping call 'nova.servicegroup.drivers.db.DbDriver._report_state' sleeping for 119.99 seconds {{(pid=95343) _run_loop /opt/stack/data/venv/lib/python3.12/site-packages/oslo_service/backend/_threading/loopingcall.py:125}}
May 13 09:40:05.417343 np0000000681 nova-scheduler[95345]: DEBUG oslo.service.backend._threading.loopingcall [-] Fixed interval looping call 'nova.servicegroup.drivers.db.DbDriver._report_state' sleeping for 120.00 seconds {{(pid=95345) _run_loop /opt/stack/data/venv/lib/python3.12/site-packages/oslo_service/backend/_threading/loopingcall.py:125}}
May 13 09:40:05.418228 np0000000681 nova-scheduler[95341]: DEBUG oslo.service.backend._threading.loopingcall [-] Fixed interval looping call 'nova.servicegroup.drivers.db.DbDriver._report_state' sleeping for 120.00 seconds {{(pid=95341) _run_loop /opt/stack/data/venv/lib/python3.12/site-packages/oslo_service/backend/_threading/loopingcall.py:125}}
May 13 09:40:15.407025 np0000000681 nova-scheduler[95343]: DEBUG dbcounter [-] [95343] Writing DB stats nova_cell0:SELECT=1,nova_cell0:UPDATE=1 {{(pid=95343) stat_writer /opt/stack/data/venv/lib/python3.12/site-packages/dbcounter.py:115}}
May 13 09:40:15.415863 np0000000681 nova-scheduler[95345]: DEBUG dbcounter [-] [95345] Writing DB stats nova_cell0:SELECT=1 {{(pid=95345) stat_writer /opt/stack/data/venv/lib/python3.12/site-packages/dbcounter.py:115}}
May 13 09:40:15.416236 np0000000681 nova-scheduler[95341]: DEBUG dbcounter [-] [95341] Writing DB stats nova_cell0:SELECT=1 {{(pid=95341) stat_writer /opt/stack/data/venv/lib/python3.12/site-packages/dbcounter.py:115}}
May 13 09:40:24.416169 np0000000681 nova-scheduler[95341]: DEBUG oslo.service.backend._threading.loopingcall [None req-b462a471-797c-4554-bc81-c9961be95590 None None] Dynamic interval looping call 'nova.service.Service.periodic_tasks' sleeping for 60.00 seconds {{(pid=95341) _run_loop /opt/stack/data/venv/lib/python3.12/site-packages/oslo_service/backend/_threading/loopingcall.py:125}}
May 13 09:40:38.406179 np0000000681 nova-scheduler[95343]: DEBUG oslo.service.backend._threading.loopingcall [None req-baae817a-f2ca-4e29-bc63-85265cd9a17b None None] Dynamic interval looping call 'nova.service.Service.periodic_tasks' sleeping for 60.00 seconds {{(pid=95343) _run_loop /opt/stack/data/venv/lib/python3.12/site-packages/oslo_service/backend/_threading/loopingcall.py:125}}
May 13 09:41:00.142478 np0000000681 nova-scheduler[95343]: DEBUG nova.scheduler.manager [None req-57bf023e-2c15-4e1b-8b2b-c91274a45949 tempest-ServerActionsTestOtherA-1598758522 tempest-ServerActionsTestOtherA-1598758522-project-member] Starting to schedule for instances: ['e1389e0e-5bc7-4e67-9474-ed317f15db9d'] {{(pid=95343) select_destinations /opt/stack/nova/nova/scheduler/manager.py:210}}
May 13 09:41:00.143428 np0000000681 nova-scheduler[95343]: DEBUG nova.scheduler.request_filter [None req-57bf023e-2c15-4e1b-8b2b-c91274a45949 tempest-ServerActionsTestOtherA-1598758522 tempest-ServerActionsTestOtherA-1598758522-project-member] compute_status_filter request filter added forbidden trait COMPUTE_STATUS_DISABLED {{(pid=95343) compute_status_filter /opt/stack/nova/nova/scheduler/request_filter.py:253}}
May 13 09:41:00.143673 np0000000681 nova-scheduler[95343]: DEBUG nova.scheduler.request_filter [None req-57bf023e-2c15-4e1b-8b2b-c91274a45949 tempest-ServerActionsTestOtherA-1598758522 tempest-ServerActionsTestOtherA-1598758522-project-member] Request filter 'compute_status_filter' took 0.0 seconds {{(pid=95343) wrapper /opt/stack/nova/nova/scheduler/request_filter.py:46}}
May 13 09:41:00.143999 np0000000681 nova-scheduler[95343]: DEBUG nova.scheduler.request_filter [None req-57bf023e-2c15-4e1b-8b2b-c91274a45949 tempest-ServerActionsTestOtherA-1598758522 tempest-ServerActionsTestOtherA-1598758522-project-member] Request filter 'accelerators_filter' took 0.0 seconds {{(pid=95343) wrapper /opt/stack/nova/nova/scheduler/request_filter.py:46}}
May 13 09:41:00.144722 np0000000681 nova-scheduler[95343]: DEBUG nova.scheduler.request_filter [None req-57bf023e-2c15-4e1b-8b2b-c91274a45949 tempest-ServerActionsTestOtherA-1598758522 tempest-ServerActionsTestOtherA-1598758522-project-member] Request filter 'packed_virtqueue_filter' took 0.0 seconds {{(pid=95343) wrapper /opt/stack/nova/nova/scheduler/request_filter.py:46}}
May 13 09:41:00.145164 np0000000681 nova-scheduler[95343]: DEBUG nova.scheduler.request_filter [None req-57bf023e-2c15-4e1b-8b2b-c91274a45949 tempest-ServerActionsTestOtherA-1598758522 tempest-ServerActionsTestOtherA-1598758522-project-member] Request filter 'remote_managed_ports_filter' took 0.0 seconds {{(pid=95343) wrapper /opt/stack/nova/nova/scheduler/request_filter.py:46}}
May 13 09:41:00.145399 np0000000681 nova-scheduler[95343]: DEBUG nova.scheduler.request_filter [None req-57bf023e-2c15-4e1b-8b2b-c91274a45949 tempest-ServerActionsTestOtherA-1598758522 tempest-ServerActionsTestOtherA-1598758522-project-member] ephemeral_encryption_filter skipped {{(pid=95343) ephemeral_encryption_filter /opt/stack/nova/nova/scheduler/request_filter.py:426}}
May 13 09:41:00.145602 np0000000681 nova-scheduler[95343]: DEBUG nova.scheduler.request_filter [None req-57bf023e-2c15-4e1b-8b2b-c91274a45949 tempest-ServerActionsTestOtherA-1598758522 tempest-ServerActionsTestOtherA-1598758522-project-member] virtio_sound_filter skipped {{(pid=95343) virtio_sound_filter /opt/stack/nova/nova/scheduler/request_filter.py:460}}
May 13 09:41:00.145994 np0000000681 nova-scheduler[95343]: DEBUG nova.scheduler.request_filter [None req-57bf023e-2c15-4e1b-8b2b-c91274a45949 tempest-ServerActionsTestOtherA-1598758522 tempest-ServerActionsTestOtherA-1598758522-project-member] tpm_secret_security_filter skipped {{(pid=95343) tpm_secret_security_filter /opt/stack/nova/nova/scheduler/request_filter.py:477}}
May 13 09:41:00.631148 np0000000681 nova-scheduler[95343]: INFO nova.utils [None req-57bf023e-2c15-4e1b-8b2b-c91274a45949 tempest-ServerActionsTestOtherA-1598758522 tempest-ServerActionsTestOtherA-1598758522-project-member] The cell worker thread pool ForkProcess-2.cell_worker is initialized
May 13 09:41:00.631380 np0000000681 nova-scheduler[95343]: DEBUG oslo_concurrency.lockutils [None req-57bf023e-2c15-4e1b-8b2b-c91274a45949 tempest-ServerActionsTestOtherA-1598758522 tempest-ServerActionsTestOtherA-1598758522-project-member] Acquiring lock "dd16189e-bfbf-4149-88ed-b6e57c867702" by "nova.context.set_target_cell..get_or_set_cached_cell_and_set_connections" {{(pid=95343) inner /opt/stack/data/venv/lib/python3.12/site-packages/oslo_concurrency/lockutils.py:506}}
May 13 09:41:00.631600 np0000000681 nova-scheduler[95343]: DEBUG oslo_concurrency.lockutils [None req-57bf023e-2c15-4e1b-8b2b-c91274a45949 tempest-ServerActionsTestOtherA-1598758522 tempest-ServerActionsTestOtherA-1598758522-project-member] Lock "dd16189e-bfbf-4149-88ed-b6e57c867702" acquired by "nova.context.set_target_cell..get_or_set_cached_cell_and_set_connections" :: waited 0.000s {{(pid=95343) inner /opt/stack/data/venv/lib/python3.12/site-packages/oslo_concurrency/lockutils.py:519}}
May 13 09:41:00.632899 np0000000681 nova-scheduler[95343]: DEBUG oslo_concurrency.lockutils [None req-57bf023e-2c15-4e1b-8b2b-c91274a45949 tempest-ServerActionsTestOtherA-1598758522 tempest-ServerActionsTestOtherA-1598758522-project-member] Lock "dd16189e-bfbf-4149-88ed-b6e57c867702" "released" by "nova.context.set_target_cell..get_or_set_cached_cell_and_set_connections" :: held 0.001s {{(pid=95343) inner /opt/stack/data/venv/lib/python3.12/site-packages/oslo_concurrency/lockutils.py:538}}
May 13 09:41:00.634386 np0000000681 nova-scheduler[95343]: INFO dbcounter [None req-57bf023e-2c15-4e1b-8b2b-c91274a45949 tempest-ServerActionsTestOtherA-1598758522 tempest-ServerActionsTestOtherA-1598758522-project-member] Registered counter for database nova_cell1
May 13 09:41:00.643091 np0000000681 nova-scheduler[95343]: DEBUG oslo_db.sqlalchemy.engines [None req-57bf023e-2c15-4e1b-8b2b-c91274a45949 tempest-ServerActionsTestOtherA-1598758522 tempest-ServerActionsTestOtherA-1598758522-project-member] MySQL server mode set to STRICT_TRANS_TABLES,STRICT_ALL_TABLES,NO_ZERO_IN_DATE,NO_ZERO_DATE,ERROR_FOR_DIVISION_BY_ZERO,TRADITIONAL,NO_ENGINE_SUBSTITUTION {{(pid=95343) _check_effective_sql_mode /opt/stack/data/venv/lib/python3.12/site-packages/oslo_db/sqlalchemy/engines.py:325}}
May 13 09:41:00.648894 np0000000681 nova-scheduler[95343]: DEBUG dbcounter [-] [95343] Writer thread running {{(pid=95343) stat_writer /opt/stack/data/venv/lib/python3.12/site-packages/dbcounter.py:102}}
May 13 09:41:00.665186 np0000000681 nova-scheduler[95343]: DEBUG oslo_db.sqlalchemy.engines [None req-57bf023e-2c15-4e1b-8b2b-c91274a45949 tempest-ServerActionsTestOtherA-1598758522 tempest-ServerActionsTestOtherA-1598758522-project-member] Parent process 94073 forked (95343) with an open database connection, which is being discarded and recreated. {{(pid=95343) checkout /opt/stack/data/venv/lib/python3.12/site-packages/oslo_db/sqlalchemy/engines.py:402}}
May 13 09:41:00.673348 np0000000681 nova-scheduler[95343]: DEBUG dbcounter [-] [95343] Writer thread running {{(pid=95343) stat_writer /opt/stack/data/venv/lib/python3.12/site-packages/dbcounter.py:102}}
May 13 09:41:00.678939 np0000000681 nova-scheduler[95343]: DEBUG oslo_concurrency.lockutils [None req-57bf023e-2c15-4e1b-8b2b-c91274a45949 tempest-ServerActionsTestOtherA-1598758522 tempest-ServerActionsTestOtherA-1598758522-project-member] Acquiring lock "dd16189e-bfbf-4149-88ed-b6e57c867702" by "nova.context.set_target_cell..get_or_set_cached_cell_and_set_connections" {{(pid=95343) inner /opt/stack/data/venv/lib/python3.12/site-packages/oslo_concurrency/lockutils.py:506}}
May 13 09:41:00.678939 np0000000681 nova-scheduler[95343]: DEBUG oslo_concurrency.lockutils [None req-57bf023e-2c15-4e1b-8b2b-c91274a45949 tempest-ServerActionsTestOtherA-1598758522 tempest-ServerActionsTestOtherA-1598758522-project-member] Lock "dd16189e-bfbf-4149-88ed-b6e57c867702" acquired by "nova.context.set_target_cell..get_or_set_cached_cell_and_set_connections" :: waited 0.000s {{(pid=95343) inner /opt/stack/data/venv/lib/python3.12/site-packages/oslo_concurrency/lockutils.py:519}}
May 13 09:41:00.678939 np0000000681 nova-scheduler[95343]: DEBUG oslo_concurrency.lockutils [None req-57bf023e-2c15-4e1b-8b2b-c91274a45949 tempest-ServerActionsTestOtherA-1598758522 tempest-ServerActionsTestOtherA-1598758522-project-member] Lock "dd16189e-bfbf-4149-88ed-b6e57c867702" "released" by "nova.context.set_target_cell..get_or_set_cached_cell_and_set_connections" :: held 0.000s {{(pid=95343) inner /opt/stack/data/venv/lib/python3.12/site-packages/oslo_concurrency/lockutils.py:538}}
May 13 09:41:00.691018 np0000000681 nova-scheduler[95343]: DEBUG oslo_concurrency.lockutils [None req-57bf023e-2c15-4e1b-8b2b-c91274a45949 tempest-ServerActionsTestOtherA-1598758522 tempest-ServerActionsTestOtherA-1598758522-project-member] Acquiring lock "('np0000000681', 'np0000000681')" by "nova.scheduler.host_manager.HostState.update.._locked_update" {{(pid=95343) inner /opt/stack/data/venv/lib/python3.12/site-packages/oslo_concurrency/lockutils.py:506}}
May 13 09:41:00.691312 np0000000681 nova-scheduler[95343]: DEBUG oslo_concurrency.lockutils [None req-57bf023e-2c15-4e1b-8b2b-c91274a45949 tempest-ServerActionsTestOtherA-1598758522 tempest-ServerActionsTestOtherA-1598758522-project-member] Lock "('np0000000681', 'np0000000681')" acquired by "nova.scheduler.host_manager.HostState.update.._locked_update" :: waited 0.000s {{(pid=95343) inner /opt/stack/data/venv/lib/python3.12/site-packages/oslo_concurrency/lockutils.py:519}}
May 13 09:41:00.692811 np0000000681 nova-scheduler[95343]: DEBUG nova.scheduler.host_manager [None req-57bf023e-2c15-4e1b-8b2b-c91274a45949 tempest-ServerActionsTestOtherA-1598758522 tempest-ServerActionsTestOtherA-1598758522-project-member] Update host state from compute node: ComputeNode(cpu_allocation_ratio=4.0,cpu_info='{"arch": "x86_64", "model": "EPYC-Milan", "vendor": "AMD", "topology": {"cells": 1, "sockets": 12, "cores": 1, "threads": 1}, "maxphysaddr": {"mode": "emulate", "bits": 40}, "features": ["cmov", "pause-filter", "xsaveerptr", "erms", "gds-no", "fsgsbase", "skip-l1dfl-vmentry", "ssbd", "xsave", "amd-psfd", "invpcid", "mca", "x2apic", "amd-ssbd", "msr", "ibpb", "amd-stibp", "misalignsse", "fxsr", "mmxext", "pni", "pfthreshold", "vpclmulqdq", "cx16", "arat", "pclmuldq", "rdpid", "vaes", "svme-addr-chk", "clzero", "popcnt", "v-vmsave-vmload", "nx", "xsaves", "lm", "osvw", "rdseed", "hypervisor", "spec-ctrl", "lbrv", "sse4.2", "bmi2", "no-nested-data-bp", "pae", "cr8legacy", "ssse3", "umip", "fxsr_opt", "smep", "clflushopt", "fsrm", "npt", "sse4.1", "pat", "ibrs", "wbnoinvd", "de", "mds-no", "pcid", "perfctr_core", "f16c", "cmp_legacy", "aes", "arch-capabilities", "sse4a", "sha-ni", "3dnowprefetch", "rdtscp", "pdpe1gb", "flushbyasid", "smap", "pschange-mc-no", "lahf_lm", "tsc_adjust", "fpu", "sse2", "tsc-scale", "xgetbv1", "vmcb-clean", "lfence-always-serializing", "clwb", "nrip-save", "null-sel-clr-base", "pku", "clflush", "mce", "pge", "adx", "cx8", "pse", "stibp", "rdctl-no", "rdrand", "bmi1", "pse36", "sep", "svm", "xsavec", "avx2", "abm", "xsaveopt", "apic", "tsc", "vgif", "syscall", "tsc-deadline", "vme", "stibp-always-on", "topoext", "virt-ssbd", "fma", "movbe", "mtrr", "avx", "sse", "mmx"]}',created_at=2026-05-13T09:38:25Z,current_workload=0,deleted=False,deleted_at=None,disk_allocation_ratio=1.0,disk_available_least=74,free_disk_gb=95,free_ram_mb=23518,host='np0000000681',host_ip=10.4.3.67,hypervisor_hostname='np0000000681',hypervisor_type='QEMU',hypervisor_version=8002002,id=1,local_gb=95,local_gb_used=0,mapped=1,memory_mb=24030,memory_mb_used=512,metrics='[]',numa_topology='{"nova_object.name": "NUMATopology", "nova_object.namespace": "nova", "nova_object.version": "1.2", "nova_object.data": {"cells": [{"nova_object.name": "NUMACell", "nova_object.namespace": "nova", "nova_object.version": "1.5", "nova_object.data": {"id": 0, "cpuset": [0, 1, 2, 3, 4, 5, 6, 7, 8, 9, 10, 11], "pcpuset": [0, 1, 2, 3, 4, 5, 6, 7, 8, 9, 10, 11], "memory": 24030, "cpu_usage": 0, "memory_usage": 0, "pinned_cpus": [], "siblings": [[6], [2], [5], [11], [8], [4], [1], [7], [10], [0], [3], [9]], "mempages": [{"nova_object.name": "NUMAPagesTopology", "nova_object.namespace": "nova", "nova_object.version": "1.1", "nova_object.data": {"size_kb": 4, "total": 6151798, "used": 0, "reserved": 0}, "nova_object.changes": ["total", "size_kb", "used", "reserved"]}, {"nova_object.name": "NUMAPagesTopology", "nova_object.namespace": "nova", "nova_object.version": "1.1", "nova_object.data": {"size_kb": 2048, "total": 0, "used": 0, "reserved": 0}, "nova_object.changes": ["total", "size_kb", "used", "reserved"]}, {"nova_object.name": "NUMAPagesTopology", "nova_object.namespace": "nova", "nova_object.version": "1.1", "nova_object.data": {"size_kb": 1048576, "total": 0, "used": 0, "reserved": 0}, "nova_object.changes": ["total", "size_kb", "used", "reserved"]}], "network_metadata": {"nova_object.name": "NetworkMetadata", "nova_object.namespace": "nova", "nova_object.version": "1.0", "nova_object.data": {"physnets": [], "tunneled": false}, "nova_object.changes": ["tunneled", "physnets"]}, "socket": null}, "nova_object.changes": ["pcpuset", "cpu_usage", "mempages", "network_metadata", "cpuset", "siblings", "socket", "pinned_cpus", "memory", "memory_usage", "id"]}]}, "nova_object.changes": ["cells"]}',pci_device_pools=PciDevicePoolList,ram_allocation_ratio=1.0,running_vms=0,service_id=3,stats={failed_builds='0',uptime=' 09:40:11 up 24 min, 2 users, load average: 1.25, 1.45, 0.84
May 13 09:41:00.692811 np0000000681 nova-scheduler[95343]: '},supported_hv_specs=[HVSpec,HVSpec,HVSpec,HVSpec,HVSpec,HVSpec,HVSpec,HVSpec,HVSpec,HVSpec,HVSpec,HVSpec,HVSpec,HVSpec,HVSpec,HVSpec,HVSpec,HVSpec,HVSpec,HVSpec,HVSpec,HVSpec,HVSpec,HVSpec,HVSpec],updated_at=2026-05-13T09:40:13Z,uuid=51b0b07c-6b6e-4b61-b66d-4665af68d028,vcpus=12,vcpus_used=0) {{(pid=95343) _locked_update /opt/stack/nova/nova/scheduler/host_manager.py:168}}
May 13 09:41:00.693840 np0000000681 nova-scheduler[95343]: DEBUG nova.scheduler.host_manager [None req-57bf023e-2c15-4e1b-8b2b-c91274a45949 tempest-ServerActionsTestOtherA-1598758522 tempest-ServerActionsTestOtherA-1598758522-project-member] Update host state with aggregates: [] {{(pid=95343) _locked_update /opt/stack/nova/nova/scheduler/host_manager.py:171}}
May 13 09:41:00.694027 np0000000681 nova-scheduler[95343]: DEBUG nova.scheduler.host_manager [None req-57bf023e-2c15-4e1b-8b2b-c91274a45949 tempest-ServerActionsTestOtherA-1598758522 tempest-ServerActionsTestOtherA-1598758522-project-member] Update host state with service dict: {'id': 3, 'uuid': 'ade708be-4c20-43da-8058-856c0fa5c90f', 'host': 'np0000000681', 'binary': 'nova-compute', 'topic': 'compute', 'report_count': 2, 'disabled': False, 'disabled_reason': None, 'last_seen_up': datetime.datetime(2026, 5, 13, 9, 40, 34, tzinfo=datetime.timezone.utc), 'forced_down': False, 'version': 72, 'created_at': datetime.datetime(2026, 5, 13, 9, 38, 24, tzinfo=datetime.timezone.utc), 'updated_at': datetime.datetime(2026, 5, 13, 9, 40, 34, tzinfo=datetime.timezone.utc), 'deleted_at': None, 'deleted': False} {{(pid=95343) _locked_update /opt/stack/nova/nova/scheduler/host_manager.py:174}}
May 13 09:41:00.694266 np0000000681 nova-scheduler[95343]: DEBUG nova.scheduler.host_manager [None req-57bf023e-2c15-4e1b-8b2b-c91274a45949 tempest-ServerActionsTestOtherA-1598758522 tempest-ServerActionsTestOtherA-1598758522-project-member] Update host state with instances: [] {{(pid=95343) _locked_update /opt/stack/nova/nova/scheduler/host_manager.py:177}}
May 13 09:41:00.694736 np0000000681 nova-scheduler[95343]: DEBUG oslo_concurrency.lockutils [None req-57bf023e-2c15-4e1b-8b2b-c91274a45949 tempest-ServerActionsTestOtherA-1598758522 tempest-ServerActionsTestOtherA-1598758522-project-member] Lock "('np0000000681', 'np0000000681')" "released" by "nova.scheduler.host_manager.HostState.update.._locked_update" :: held 0.003s {{(pid=95343) inner /opt/stack/data/venv/lib/python3.12/site-packages/oslo_concurrency/lockutils.py:538}}
May 13 09:41:00.695359 np0000000681 nova-scheduler[95343]: DEBUG nova.filters [None req-57bf023e-2c15-4e1b-8b2b-c91274a45949 tempest-ServerActionsTestOtherA-1598758522 tempest-ServerActionsTestOtherA-1598758522-project-member] Starting with 1 host(s) {{(pid=95343) get_filtered_objects /opt/stack/nova/nova/filters.py:70}}
May 13 09:41:00.695552 np0000000681 nova-scheduler[95343]: DEBUG nova.filters [None req-57bf023e-2c15-4e1b-8b2b-c91274a45949 tempest-ServerActionsTestOtherA-1598758522 tempest-ServerActionsTestOtherA-1598758522-project-member] Filter ComputeFilter returned 1 host(s) {{(pid=95343) get_filtered_objects /opt/stack/nova/nova/filters.py:102}}
May 13 09:41:00.695811 np0000000681 nova-scheduler[95343]: DEBUG nova.filters [None req-57bf023e-2c15-4e1b-8b2b-c91274a45949 tempest-ServerActionsTestOtherA-1598758522 tempest-ServerActionsTestOtherA-1598758522-project-member] Filter ComputeCapabilitiesFilter returned 1 host(s) {{(pid=95343) get_filtered_objects /opt/stack/nova/nova/filters.py:102}}
May 13 09:41:00.696039 np0000000681 nova-scheduler[95343]: DEBUG nova.filters [None req-57bf023e-2c15-4e1b-8b2b-c91274a45949 tempest-ServerActionsTestOtherA-1598758522 tempest-ServerActionsTestOtherA-1598758522-project-member] Filter ImagePropertiesFilter returned 1 host(s) {{(pid=95343) get_filtered_objects /opt/stack/nova/nova/filters.py:102}}
May 13 09:41:00.696224 np0000000681 nova-scheduler[95343]: DEBUG nova.filters [None req-57bf023e-2c15-4e1b-8b2b-c91274a45949 tempest-ServerActionsTestOtherA-1598758522 tempest-ServerActionsTestOtherA-1598758522-project-member] Filter ServerGroupAntiAffinityFilter returned 1 host(s) {{(pid=95343) get_filtered_objects /opt/stack/nova/nova/filters.py:102}}
May 13 09:41:00.696405 np0000000681 nova-scheduler[95343]: DEBUG nova.filters [None req-57bf023e-2c15-4e1b-8b2b-c91274a45949 tempest-ServerActionsTestOtherA-1598758522 tempest-ServerActionsTestOtherA-1598758522-project-member] Filter ServerGroupAffinityFilter returned 1 host(s) {{(pid=95343) get_filtered_objects /opt/stack/nova/nova/filters.py:102}}
May 13 09:41:00.696576 np0000000681 nova-scheduler[95343]: DEBUG nova.filters [None req-57bf023e-2c15-4e1b-8b2b-c91274a45949 tempest-ServerActionsTestOtherA-1598758522 tempest-ServerActionsTestOtherA-1598758522-project-member] Filter SameHostFilter returned 1 host(s) {{(pid=95343) get_filtered_objects /opt/stack/nova/nova/filters.py:102}}
May 13 09:41:00.696770 np0000000681 nova-scheduler[95343]: DEBUG nova.filters [None req-57bf023e-2c15-4e1b-8b2b-c91274a45949 tempest-ServerActionsTestOtherA-1598758522 tempest-ServerActionsTestOtherA-1598758522-project-member] Filter DifferentHostFilter returned 1 host(s) {{(pid=95343) get_filtered_objects /opt/stack/nova/nova/filters.py:102}}
May 13 09:41:00.696954 np0000000681 nova-scheduler[95343]: DEBUG nova.scheduler.manager [None req-57bf023e-2c15-4e1b-8b2b-c91274a45949 tempest-ServerActionsTestOtherA-1598758522 tempest-ServerActionsTestOtherA-1598758522-project-member] Filtered [(np0000000681, np0000000681) ram: 23518MB disk: 75776MB io_ops: 0 instances: 0, allocation_candidates: 1] {{(pid=95343) _get_sorted_hosts /opt/stack/nova/nova/scheduler/manager.py:743}}
May 13 09:41:00.697218 np0000000681 nova-scheduler[95343]: DEBUG nova.scheduler.manager [None req-57bf023e-2c15-4e1b-8b2b-c91274a45949 tempest-ServerActionsTestOtherA-1598758522 tempest-ServerActionsTestOtherA-1598758522-project-member] Weighed [WeighedHost [host: (np0000000681, np0000000681) ram: 23518MB disk: 75776MB io_ops: 0 instances: 0, allocation_candidates: 1, weight: 0.0]] {{(pid=95343) _get_sorted_hosts /opt/stack/nova/nova/scheduler/manager.py:765}}
May 13 09:41:00.697452 np0000000681 nova-scheduler[95343]: DEBUG nova.scheduler.utils [None req-57bf023e-2c15-4e1b-8b2b-c91274a45949 tempest-ServerActionsTestOtherA-1598758522 tempest-ServerActionsTestOtherA-1598758522-project-member] Attempting to claim resources in the placement API for instance e1389e0e-5bc7-4e67-9474-ed317f15db9d {{(pid=95343) claim_resources /opt/stack/nova/nova/scheduler/utils.py:1304}}
May 13 09:41:00.945246 np0000000681 nova-scheduler[95343]: DEBUG nova.scheduler.manager [None req-57bf023e-2c15-4e1b-8b2b-c91274a45949 tempest-ServerActionsTestOtherA-1598758522 tempest-ServerActionsTestOtherA-1598758522-project-member] [instance: e1389e0e-5bc7-4e67-9474-ed317f15db9d] Selected host: (np0000000681, np0000000681) ram: 23518MB disk: 75776MB io_ops: 0 instances: 0, allocation_candidates: 1 {{(pid=95343) _consume_selected_host /opt/stack/nova/nova/scheduler/manager.py:625}}
May 13 09:41:00.945430 np0000000681 nova-scheduler[95343]: DEBUG oslo_concurrency.lockutils [None req-57bf023e-2c15-4e1b-8b2b-c91274a45949 tempest-ServerActionsTestOtherA-1598758522 tempest-ServerActionsTestOtherA-1598758522-project-member] Acquiring lock "('np0000000681', 'np0000000681')" by "nova.scheduler.host_manager.HostState.consume_from_request.._locked" {{(pid=95343) inner /opt/stack/data/venv/lib/python3.12/site-packages/oslo_concurrency/lockutils.py:506}}
May 13 09:41:00.945997 np0000000681 nova-scheduler[95343]: DEBUG oslo_concurrency.lockutils [None req-57bf023e-2c15-4e1b-8b2b-c91274a45949 tempest-ServerActionsTestOtherA-1598758522 tempest-ServerActionsTestOtherA-1598758522-project-member] Lock "('np0000000681', 'np0000000681')" acquired by "nova.scheduler.host_manager.HostState.consume_from_request.._locked" :: waited 0.000s {{(pid=95343) inner /opt/stack/data/venv/lib/python3.12/site-packages/oslo_concurrency/lockutils.py:519}}
May 13 09:41:00.945997 np0000000681 nova-scheduler[95343]: DEBUG oslo_concurrency.lockutils [None req-57bf023e-2c15-4e1b-8b2b-c91274a45949 tempest-ServerActionsTestOtherA-1598758522 tempest-ServerActionsTestOtherA-1598758522-project-member] Lock "('np0000000681', 'np0000000681')" "released" by "nova.scheduler.host_manager.HostState.consume_from_request.._locked" :: held 0.000s {{(pid=95343) inner /opt/stack/data/venv/lib/python3.12/site-packages/oslo_concurrency/lockutils.py:538}}
May 13 09:41:01.416256 np0000000681 nova-scheduler[95345]: DEBUG oslo.service.backend._threading.loopingcall [None req-e0e425fa-ef8d-4109-80b3-5c7e3413e306 None None] Dynamic interval looping call 'nova.service.Service.periodic_tasks' sleeping for 60.00 seconds {{(pid=95345) _run_loop /opt/stack/data/venv/lib/python3.12/site-packages/oslo_service/backend/_threading/loopingcall.py:125}}
May 13 09:41:07.755002 np0000000681 nova-scheduler[95341]: DEBUG nova.scheduler.manager [None req-c1bcd71b-e58c-4037-85de-8cd0e4d782bb tempest-AttachSCSIVolumeTestJSON-912809189 tempest-AttachSCSIVolumeTestJSON-912809189-project-member] Starting to schedule for instances: ['334b5d2f-f928-4623-89af-4bb0ab4ef822'] {{(pid=95341) select_destinations /opt/stack/nova/nova/scheduler/manager.py:210}}
May 13 09:41:07.755471 np0000000681 nova-scheduler[95341]: DEBUG nova.scheduler.request_filter [None req-c1bcd71b-e58c-4037-85de-8cd0e4d782bb tempest-AttachSCSIVolumeTestJSON-912809189 tempest-AttachSCSIVolumeTestJSON-912809189-project-member] compute_status_filter request filter added forbidden trait COMPUTE_STATUS_DISABLED {{(pid=95341) compute_status_filter /opt/stack/nova/nova/scheduler/request_filter.py:253}}
May 13 09:41:07.755471 np0000000681 nova-scheduler[95341]: DEBUG nova.scheduler.request_filter [None req-c1bcd71b-e58c-4037-85de-8cd0e4d782bb tempest-AttachSCSIVolumeTestJSON-912809189 tempest-AttachSCSIVolumeTestJSON-912809189-project-member] Request filter 'compute_status_filter' took 0.0 seconds {{(pid=95341) wrapper /opt/stack/nova/nova/scheduler/request_filter.py:46}}
May 13 09:41:07.755596 np0000000681 nova-scheduler[95341]: DEBUG nova.scheduler.request_filter [None req-c1bcd71b-e58c-4037-85de-8cd0e4d782bb tempest-AttachSCSIVolumeTestJSON-912809189 tempest-AttachSCSIVolumeTestJSON-912809189-project-member] Request filter 'accelerators_filter' took 0.0 seconds {{(pid=95341) wrapper /opt/stack/nova/nova/scheduler/request_filter.py:46}}
May 13 09:41:07.755989 np0000000681 nova-scheduler[95341]: DEBUG nova.scheduler.request_filter [None req-c1bcd71b-e58c-4037-85de-8cd0e4d782bb tempest-AttachSCSIVolumeTestJSON-912809189 tempest-AttachSCSIVolumeTestJSON-912809189-project-member] Request filter 'packed_virtqueue_filter' took 0.0 seconds {{(pid=95341) wrapper /opt/stack/nova/nova/scheduler/request_filter.py:46}}
May 13 09:41:07.757557 np0000000681 nova-scheduler[95341]: DEBUG nova.scheduler.request_filter [None req-c1bcd71b-e58c-4037-85de-8cd0e4d782bb tempest-AttachSCSIVolumeTestJSON-912809189 tempest-AttachSCSIVolumeTestJSON-912809189-project-member] Request filter 'remote_managed_ports_filter' took 0.0 seconds {{(pid=95341) wrapper /opt/stack/nova/nova/scheduler/request_filter.py:46}}
May 13 09:41:07.757557 np0000000681 nova-scheduler[95341]: DEBUG nova.scheduler.request_filter [None req-c1bcd71b-e58c-4037-85de-8cd0e4d782bb tempest-AttachSCSIVolumeTestJSON-912809189 tempest-AttachSCSIVolumeTestJSON-912809189-project-member] ephemeral_encryption_filter skipped {{(pid=95341) ephemeral_encryption_filter /opt/stack/nova/nova/scheduler/request_filter.py:426}}
May 13 09:41:07.757557 np0000000681 nova-scheduler[95341]: DEBUG nova.scheduler.request_filter [None req-c1bcd71b-e58c-4037-85de-8cd0e4d782bb tempest-AttachSCSIVolumeTestJSON-912809189 tempest-AttachSCSIVolumeTestJSON-912809189-project-member] virtio_sound_filter skipped {{(pid=95341) virtio_sound_filter /opt/stack/nova/nova/scheduler/request_filter.py:460}}
May 13 09:41:07.757557 np0000000681 nova-scheduler[95341]: DEBUG nova.scheduler.request_filter [None req-c1bcd71b-e58c-4037-85de-8cd0e4d782bb tempest-AttachSCSIVolumeTestJSON-912809189 tempest-AttachSCSIVolumeTestJSON-912809189-project-member] tpm_secret_security_filter skipped {{(pid=95341) tpm_secret_security_filter /opt/stack/nova/nova/scheduler/request_filter.py:477}}
May 13 09:41:07.855387 np0000000681 nova-scheduler[95341]: INFO nova.utils [None req-c1bcd71b-e58c-4037-85de-8cd0e4d782bb tempest-AttachSCSIVolumeTestJSON-912809189 tempest-AttachSCSIVolumeTestJSON-912809189-project-member] The cell worker thread pool ForkProcess-1.cell_worker is initialized
May 13 09:41:07.855807 np0000000681 nova-scheduler[95341]: DEBUG oslo_concurrency.lockutils [None req-c1bcd71b-e58c-4037-85de-8cd0e4d782bb tempest-AttachSCSIVolumeTestJSON-912809189 tempest-AttachSCSIVolumeTestJSON-912809189-project-member] Acquiring lock "dd16189e-bfbf-4149-88ed-b6e57c867702" by "nova.context.set_target_cell..get_or_set_cached_cell_and_set_connections" {{(pid=95341) inner /opt/stack/data/venv/lib/python3.12/site-packages/oslo_concurrency/lockutils.py:506}}
May 13 09:41:07.856043 np0000000681 nova-scheduler[95341]: DEBUG oslo_concurrency.lockutils [None req-c1bcd71b-e58c-4037-85de-8cd0e4d782bb tempest-AttachSCSIVolumeTestJSON-912809189 tempest-AttachSCSIVolumeTestJSON-912809189-project-member] Lock "dd16189e-bfbf-4149-88ed-b6e57c867702" acquired by "nova.context.set_target_cell..get_or_set_cached_cell_and_set_connections" :: waited 0.000s {{(pid=95341) inner /opt/stack/data/venv/lib/python3.12/site-packages/oslo_concurrency/lockutils.py:519}}
May 13 09:41:07.857268 np0000000681 nova-scheduler[95341]: DEBUG oslo_concurrency.lockutils [None req-c1bcd71b-e58c-4037-85de-8cd0e4d782bb tempest-AttachSCSIVolumeTestJSON-912809189 tempest-AttachSCSIVolumeTestJSON-912809189-project-member] Lock "dd16189e-bfbf-4149-88ed-b6e57c867702" "released" by "nova.context.set_target_cell..get_or_set_cached_cell_and_set_connections" :: held 0.001s {{(pid=95341) inner /opt/stack/data/venv/lib/python3.12/site-packages/oslo_concurrency/lockutils.py:538}}
May 13 09:41:07.859047 np0000000681 nova-scheduler[95341]: INFO dbcounter [None req-c1bcd71b-e58c-4037-85de-8cd0e4d782bb tempest-AttachSCSIVolumeTestJSON-912809189 tempest-AttachSCSIVolumeTestJSON-912809189-project-member] Registered counter for database nova_cell1
May 13 09:41:07.864532 np0000000681 nova-scheduler[95341]: DEBUG oslo_db.sqlalchemy.engines [None req-c1bcd71b-e58c-4037-85de-8cd0e4d782bb tempest-AttachSCSIVolumeTestJSON-912809189 tempest-AttachSCSIVolumeTestJSON-912809189-project-member] MySQL server mode set to STRICT_TRANS_TABLES,STRICT_ALL_TABLES,NO_ZERO_IN_DATE,NO_ZERO_DATE,ERROR_FOR_DIVISION_BY_ZERO,TRADITIONAL,NO_ENGINE_SUBSTITUTION {{(pid=95341) _check_effective_sql_mode /opt/stack/data/venv/lib/python3.12/site-packages/oslo_db/sqlalchemy/engines.py:325}}
May 13 09:41:07.868978 np0000000681 nova-scheduler[95341]: DEBUG dbcounter [-] [95341] Writer thread running {{(pid=95341) stat_writer /opt/stack/data/venv/lib/python3.12/site-packages/dbcounter.py:102}}
May 13 09:41:07.886407 np0000000681 nova-scheduler[95341]: DEBUG dbcounter [-] [95341] Writer thread running {{(pid=95341) stat_writer /opt/stack/data/venv/lib/python3.12/site-packages/dbcounter.py:102}}
May 13 09:41:07.893177 np0000000681 nova-scheduler[95341]: DEBUG oslo_concurrency.lockutils [None req-c1bcd71b-e58c-4037-85de-8cd0e4d782bb tempest-AttachSCSIVolumeTestJSON-912809189 tempest-AttachSCSIVolumeTestJSON-912809189-project-member] Acquiring lock "dd16189e-bfbf-4149-88ed-b6e57c867702" by "nova.context.set_target_cell..get_or_set_cached_cell_and_set_connections" {{(pid=95341) inner /opt/stack/data/venv/lib/python3.12/site-packages/oslo_concurrency/lockutils.py:506}}
May 13 09:41:07.893805 np0000000681 nova-scheduler[95341]: DEBUG oslo_concurrency.lockutils [None req-c1bcd71b-e58c-4037-85de-8cd0e4d782bb tempest-AttachSCSIVolumeTestJSON-912809189 tempest-AttachSCSIVolumeTestJSON-912809189-project-member] Lock "dd16189e-bfbf-4149-88ed-b6e57c867702" acquired by "nova.context.set_target_cell..get_or_set_cached_cell_and_set_connections" :: waited 0.000s {{(pid=95341) inner /opt/stack/data/venv/lib/python3.12/site-packages/oslo_concurrency/lockutils.py:519}}
