May 13 09:37:35.458116 np0000000681 neutron-periodic-workers[91592]: DEBUG cotyledon.oslo_config_glue [-] ovn.bfd_mult = 3 {{(pid=91592) log_opt_values /opt/stack/data/venv/lib/python3.12/site-packages/oslo_config/cfg.py:3006}}
May 13 09:37:35.458116 np0000000681 neutron-periodic-workers[91592]: DEBUG cotyledon.oslo_config_glue [-] ovn.broadcast_arps_to_all_routers = True {{(pid=91592) log_opt_values /opt/stack/data/venv/lib/python3.12/site-packages/oslo_config/cfg.py:3006}}
May 13 09:37:35.458116 np0000000681 neutron-periodic-workers[91592]: DEBUG cotyledon.oslo_config_glue [-] ovn.dhcp_default_lease_time = 43200 {{(pid=91592) log_opt_values /opt/stack/data/venv/lib/python3.12/site-packages/oslo_config/cfg.py:3006}}
May 13 09:37:35.458116 np0000000681 neutron-periodic-workers[91592]: DEBUG cotyledon.oslo_config_glue [-] ovn.disable_ovn_dhcp_for_baremetal_ports = False {{(pid=91592) log_opt_values /opt/stack/data/venv/lib/python3.12/site-packages/oslo_config/cfg.py:3006}}
May 13 09:37:35.458116 np0000000681 neutron-periodic-workers[91592]: DEBUG cotyledon.oslo_config_glue [-] ovn.dns_records_ovn_owned = False {{(pid=91592) log_opt_values /opt/stack/data/venv/lib/python3.12/site-packages/oslo_config/cfg.py:3006}}
May 13 09:37:35.458116 np0000000681 neutron-periodic-workers[91592]: DEBUG cotyledon.oslo_config_glue [-] ovn.dns_servers = [] {{(pid=91592) log_opt_values /opt/stack/data/venv/lib/python3.12/site-packages/oslo_config/cfg.py:3006}}
May 13 09:37:35.458324 np0000000681 neutron-periodic-workers[91592]: DEBUG cotyledon.oslo_config_glue [-] ovn.enable_distributed_floating_ip = False {{(pid=91592) log_opt_values /opt/stack/data/venv/lib/python3.12/site-packages/oslo_config/cfg.py:3006}}
May 13 09:37:35.458324 np0000000681 neutron-periodic-workers[91592]: DEBUG cotyledon.oslo_config_glue [-] ovn.fdb_age_threshold = 300 {{(pid=91592) log_opt_values /opt/stack/data/venv/lib/python3.12/site-packages/oslo_config/cfg.py:3006}}
May 13 09:37:35.458324 np0000000681 neutron-periodic-workers[91592]: DEBUG cotyledon.oslo_config_glue [-] ovn.ha_failover_strategy = normal {{(pid=91592) log_opt_values /opt/stack/data/venv/lib/python3.12/site-packages/oslo_config/cfg.py:3006}}
May 13 09:37:35.458324 np0000000681 neutron-periodic-workers[91592]: DEBUG cotyledon.oslo_config_glue [-] ovn.live_migration_activation_strategy = rarp {{(pid=91592) log_opt_values /opt/stack/data/venv/lib/python3.12/site-packages/oslo_config/cfg.py:3006}}
May 13 09:37:35.458324 np0000000681 neutron-periodic-workers[91592]: DEBUG cotyledon.oslo_config_glue [-] ovn.localnet_learn_fdb = False {{(pid=91592) log_opt_values /opt/stack/data/venv/lib/python3.12/site-packages/oslo_config/cfg.py:3006}}
May 13 09:37:35.458324 np0000000681 neutron-periodic-workers[91592]: DEBUG cotyledon.oslo_config_glue [-] ovn.mac_binding_age_threshold = 300 {{(pid=91592) log_opt_values /opt/stack/data/venv/lib/python3.12/site-packages/oslo_config/cfg.py:3006}}
May 13 09:37:35.458324 np0000000681 neutron-periodic-workers[91592]: DEBUG cotyledon.oslo_config_glue [-] ovn.neutron_sync_mode = log {{(pid=91592) log_opt_values /opt/stack/data/venv/lib/python3.12/site-packages/oslo_config/cfg.py:3006}}
May 13 09:37:35.458324 np0000000681 neutron-periodic-workers[91592]: DEBUG cotyledon.oslo_config_glue [-] ovn.ovn_dhcp4_global_options = {} {{(pid=91592) log_opt_values /opt/stack/data/venv/lib/python3.12/site-packages/oslo_config/cfg.py:3006}}
May 13 09:37:35.458324 np0000000681 neutron-periodic-workers[91592]: DEBUG cotyledon.oslo_config_glue [-] ovn.ovn_dhcp6_global_options = {} {{(pid=91592) log_opt_values /opt/stack/data/venv/lib/python3.12/site-packages/oslo_config/cfg.py:3006}}
May 13 09:37:35.458627 np0000000681 neutron-periodic-workers[91592]: DEBUG cotyledon.oslo_config_glue [-] ovn.ovn_l3_scheduler = leastloaded {{(pid=91592) log_opt_values /opt/stack/data/venv/lib/python3.12/site-packages/oslo_config/cfg.py:3006}}
May 13 09:37:35.458627 np0000000681 neutron-periodic-workers[91592]: DEBUG cotyledon.oslo_config_glue [-] ovn.ovn_metadata_enabled = True {{(pid=91592) log_opt_values /opt/stack/data/venv/lib/python3.12/site-packages/oslo_config/cfg.py:3006}}
May 13 09:37:35.458627 np0000000681 neutron-periodic-workers[91592]: DEBUG cotyledon.oslo_config_glue [-] ovn.ovn_nb_ca_cert = /opt/stack/data/CA/int-ca/ca-chain.pem {{(pid=91592) log_opt_values /opt/stack/data/venv/lib/python3.12/site-packages/oslo_config/cfg.py:3006}}
May 13 09:37:35.458627 np0000000681 neutron-periodic-workers[91592]: DEBUG cotyledon.oslo_config_glue [-] ovn.ovn_nb_certificate = /opt/stack/data/CA/int-ca/devstack-cert.crt {{(pid=91592) log_opt_values /opt/stack/data/venv/lib/python3.12/site-packages/oslo_config/cfg.py:3006}}
May 13 09:37:35.458627 np0000000681 neutron-periodic-workers[91592]: DEBUG cotyledon.oslo_config_glue [-] ovn.ovn_nb_connection = ['ssl:10.4.3.67:6641'] {{(pid=91592) log_opt_values /opt/stack/data/venv/lib/python3.12/site-packages/oslo_config/cfg.py:3006}}
May 13 09:37:35.458627 np0000000681 neutron-periodic-workers[91592]: DEBUG cotyledon.oslo_config_glue [-] ovn.ovn_nb_private_key = /opt/stack/data/CA/int-ca/private/devstack-cert.key {{(pid=91592) log_opt_values /opt/stack/data/venv/lib/python3.12/site-packages/oslo_config/cfg.py:3006}}
May 13 09:37:35.458627 np0000000681 neutron-periodic-workers[91592]: DEBUG cotyledon.oslo_config_glue [-] ovn.ovn_router_indirect_snat = False {{(pid=91592) log_opt_values /opt/stack/data/venv/lib/python3.12/site-packages/oslo_config/cfg.py:3006}}
May 13 09:37:35.458627 np0000000681 neutron-periodic-workers[91592]: DEBUG cotyledon.oslo_config_glue [-] ovn.ovn_sb_ca_cert = /opt/stack/data/CA/int-ca/ca-chain.pem {{(pid=91592) log_opt_values /opt/stack/data/venv/lib/python3.12/site-packages/oslo_config/cfg.py:3006}}
May 13 09:37:35.458935 np0000000681 neutron-periodic-workers[91592]: DEBUG cotyledon.oslo_config_glue [-] ovn.ovn_sb_certificate = /opt/stack/data/CA/int-ca/devstack-cert.crt {{(pid=91592) log_opt_values /opt/stack/data/venv/lib/python3.12/site-packages/oslo_config/cfg.py:3006}}
May 13 09:37:35.458935 np0000000681 neutron-periodic-workers[91592]: DEBUG cotyledon.oslo_config_glue [-] ovn.ovn_sb_connection = ['ssl:10.4.3.67:6642'] {{(pid=91592) log_opt_values /opt/stack/data/venv/lib/python3.12/site-packages/oslo_config/cfg.py:3006}}
May 13 09:37:35.458935 np0000000681 neutron-periodic-workers[91592]: DEBUG cotyledon.oslo_config_glue [-] ovn.ovn_sb_private_key = /opt/stack/data/CA/int-ca/private/devstack-cert.key {{(pid=91592) log_opt_values /opt/stack/data/venv/lib/python3.12/site-packages/oslo_config/cfg.py:3006}}
May 13 09:37:35.458935 np0000000681 neutron-periodic-workers[91592]: DEBUG cotyledon.oslo_config_glue [-] ovn.ovs_create_tap = False {{(pid=91592) log_opt_values /opt/stack/data/venv/lib/python3.12/site-packages/oslo_config/cfg.py:3006}}
May 13 09:37:35.458935 np0000000681 neutron-periodic-workers[91592]: DEBUG cotyledon.oslo_config_glue [-] ovn.ovsdb_connection_timeout = 180 {{(pid=91592) log_opt_values /opt/stack/data/venv/lib/python3.12/site-packages/oslo_config/cfg.py:3006}}
May 13 09:37:35.458935 np0000000681 neutron-periodic-workers[91592]: DEBUG cotyledon.oslo_config_glue [-] ovn.ovsdb_log_level = INFO {{(pid=91592) log_opt_values /opt/stack/data/venv/lib/python3.12/site-packages/oslo_config/cfg.py:3006}}
May 13 09:37:35.458935 np0000000681 neutron-periodic-workers[91592]: DEBUG cotyledon.oslo_config_glue [-] ovn.ovsdb_probe_interval = 60000 {{(pid=91592) log_opt_values /opt/stack/data/venv/lib/python3.12/site-packages/oslo_config/cfg.py:3006}}
May 13 09:37:35.458935 np0000000681 neutron-periodic-workers[91592]: DEBUG cotyledon.oslo_config_glue [-] ovn.ovsdb_retry_max_interval = 180 {{(pid=91592) log_opt_values /opt/stack/data/venv/lib/python3.12/site-packages/oslo_config/cfg.py:3006}}
May 13 09:37:35.458935 np0000000681 neutron-periodic-workers[91592]: DEBUG cotyledon.oslo_config_glue [-] ovn.stateless_nat_enabled = False {{(pid=91592) log_opt_values /opt/stack/data/venv/lib/python3.12/site-packages/oslo_config/cfg.py:3006}}
May 13 09:37:35.459242 np0000000681 neutron-periodic-workers[91592]: DEBUG cotyledon.oslo_config_glue [-] ovn.vhost_sock_dir = /var/run/openvswitch {{(pid=91592) log_opt_values /opt/stack/data/venv/lib/python3.12/site-packages/oslo_config/cfg.py:3006}}
May 13 09:37:35.459242 np0000000681 neutron-periodic-workers[91592]: DEBUG cotyledon.oslo_config_glue [-] OVS.bridge_mac_table_size = 50000 {{(pid=91592) log_opt_values /opt/stack/data/venv/lib/python3.12/site-packages/oslo_config/cfg.py:3006}}
May 13 09:37:35.459242 np0000000681 neutron-periodic-workers[91592]: DEBUG cotyledon.oslo_config_glue [-] OVS.igmp_flood = False {{(pid=91592) log_opt_values /opt/stack/data/venv/lib/python3.12/site-packages/oslo_config/cfg.py:3006}}
May 13 09:37:35.459242 np0000000681 neutron-periodic-workers[91592]: DEBUG cotyledon.oslo_config_glue [-] OVS.igmp_flood_reports = True {{(pid=91592) log_opt_values /opt/stack/data/venv/lib/python3.12/site-packages/oslo_config/cfg.py:3006}}
May 13 09:37:35.459242 np0000000681 neutron-periodic-workers[91592]: DEBUG cotyledon.oslo_config_glue [-] OVS.igmp_flood_unregistered = False {{(pid=91592) log_opt_values /opt/stack/data/venv/lib/python3.12/site-packages/oslo_config/cfg.py:3006}}
May 13 09:37:35.459242 np0000000681 neutron-periodic-workers[91592]: DEBUG cotyledon.oslo_config_glue [-] OVS.igmp_snooping_enable = False {{(pid=91592) log_opt_values /opt/stack/data/venv/lib/python3.12/site-packages/oslo_config/cfg.py:3006}}
May 13 09:37:35.459242 np0000000681 neutron-periodic-workers[91592]: DEBUG cotyledon.oslo_config_glue [-] OVS.ovsdb_timeout = 10 {{(pid=91592) log_opt_values /opt/stack/data/venv/lib/python3.12/site-packages/oslo_config/cfg.py:3006}}
May 13 09:37:35.459242 np0000000681 neutron-periodic-workers[91592]: DEBUG cotyledon.oslo_config_glue [-] ovn_nb_global.fdb_removal_limit = 0 {{(pid=91592) log_opt_values /opt/stack/data/venv/lib/python3.12/site-packages/oslo_config/cfg.py:3006}}
May 13 09:37:35.459242 np0000000681 neutron-periodic-workers[91592]: DEBUG cotyledon.oslo_config_glue [-] ovn_nb_global.ignore_lsp_down = False {{(pid=91592) log_opt_values /opt/stack/data/venv/lib/python3.12/site-packages/oslo_config/cfg.py:3006}}
May 13 09:37:35.459566 np0000000681 neutron-periodic-workers[91592]: DEBUG cotyledon.oslo_config_glue [-] ovn_nb_global.mac_binding_removal_limit = 0 {{(pid=91592) log_opt_values /opt/stack/data/venv/lib/python3.12/site-packages/oslo_config/cfg.py:3006}}
May 13 09:37:35.459566 np0000000681 neutron-periodic-workers[91592]: DEBUG cotyledon.oslo_config_glue [-] ******************************************************************************** {{(pid=91592) log_opt_values /opt/stack/data/venv/lib/python3.12/site-packages/oslo_config/cfg.py:3013}}
May 13 09:37:35.459566 np0000000681 neutron-periodic-workers[91592]: DEBUG cotyledon._service_worker [-] Run service ServiceWrapper(0) [91592] {{(pid=91592) wait_forever /opt/stack/data/venv/lib/python3.12/site-packages/cotyledon/_service_worker.py:218}}
May 13 09:37:45.033018 np0000000681 neutron-periodic-workers[90599]: DEBUG dbcounter [-] [90599] Writing DB stats neutron:SELECT=4 {{(pid=90599) stat_writer /opt/stack/data/venv/lib/python3.12/site-packages/dbcounter.py:115}}
May 13 09:38:24.446602 np0000000681 neutron-periodic-workers[91573]: DEBUG oslo_db.sqlalchemy.engines [None req-c12ed95b-5d34-4ddc-9026-ca265a9ea138 None None] Parent process 90599 forked (91573) with an open database connection, which is being discarded and recreated. {{(pid=91573) checkout /opt/stack/data/venv/lib/python3.12/site-packages/oslo_db/sqlalchemy/engines.py:402}}
May 13 09:38:24.454848 np0000000681 neutron-periodic-workers[91573]: DEBUG dbcounter [-] [91573] Writer thread running {{(pid=91573) stat_writer /opt/stack/data/venv/lib/python3.12/site-packages/dbcounter.py:102}}
May 13 09:38:24.458282 np0000000681 neutron-periodic-workers[91573]: DEBUG neutron.db.agents_db [None req-c12ed95b-5d34-4ddc-9026-ca265a9ea138 None None] Agent healthcheck: found 0 active agents {{(pid=91573) agent_health_check /opt/stack/neutron/neutron/db/agents_db.py:322}}
May 13 09:38:24.458469 np0000000681 neutron-periodic-workers[91573]: DEBUG oslo.service.backend._threading.loopingcall [None req-c12ed95b-5d34-4ddc-9026-ca265a9ea138 None None] Fixed interval looping call 'neutron.plugins.ml2.plugin.AgentDbMixin.agent_health_check' sleeping for 36.98 seconds {{(pid=91573) _run_loop /opt/stack/data/venv/lib/python3.12/site-packages/oslo_service/backend/_threading/loopingcall.py:125}}
May 13 09:38:34.455380 np0000000681 neutron-periodic-workers[91573]: DEBUG dbcounter [-] [91573] Writing DB stats neutron:SELECT=1 {{(pid=91573) stat_writer /opt/stack/data/venv/lib/python3.12/site-packages/dbcounter.py:115}}
May 13 09:38:37.493369 np0000000681 neutron-periodic-workers[91592]: DEBUG dbcounter [-] [91592] Writer thread running {{(pid=91592) stat_writer /opt/stack/data/venv/lib/python3.12/site-packages/dbcounter.py:102}}
May 13 09:38:37.504451 np0000000681 neutron-periodic-workers[91592]: DEBUG oslo.service.backend._threading.loopingcall [None req-20f02d70-d271-4d9c-bb7b-fedd15047921 None None] Fixed interval looping call 'neutron.services.ovn_l3.plugin.L3_NAT_dbonly_mixin._clean_garbage' sleeping for 299.96 seconds {{(pid=91592) _run_loop /opt/stack/data/venv/lib/python3.12/site-packages/oslo_service/backend/_threading/loopingcall.py:125}}
May 13 09:38:42.443746 np0000000681 neutron-periodic-workers[91566]: DEBUG dbcounter [-] [91566] Writer thread running {{(pid=91566) stat_writer /opt/stack/data/venv/lib/python3.12/site-packages/dbcounter.py:102}}
May 13 09:38:42.452541 np0000000681 neutron-periodic-workers[91566]: DEBUG oslo.service.backend._threading.loopingcall [None req-3fc73b1c-b4f4-442a-a3b8-a78510d0090e None None] Fixed interval looping call 'neutron.plugins.ml2.plugin.DhcpAgentSchedulerDbMixin.remove_networks_from_down_agents' sleeping for 36.98 seconds {{(pid=91566) _run_loop /opt/stack/data/venv/lib/python3.12/site-packages/oslo_service/backend/_threading/loopingcall.py:125}}
May 13 09:38:47.493941 np0000000681 neutron-periodic-workers[91592]: DEBUG dbcounter [-] [91592] Writing DB stats neutron:SELECT=1 {{(pid=91592) stat_writer /opt/stack/data/venv/lib/python3.12/site-packages/dbcounter.py:115}}
May 13 09:38:52.451379 np0000000681 neutron-periodic-workers[91566]: DEBUG dbcounter [-] [91566] Writing DB stats neutron:SELECT=3 {{(pid=91566) stat_writer /opt/stack/data/venv/lib/python3.12/site-packages/dbcounter.py:115}}
May 13 09:39:01.441508 np0000000681 neutron-periodic-workers[91573]: DEBUG neutron.db.agents_db [None req-c12ed95b-5d34-4ddc-9026-ca265a9ea138 None None] Agent healthcheck: found 0 active agents {{(pid=91573) agent_health_check /opt/stack/neutron/neutron/db/agents_db.py:322}}
May 13 09:39:01.441901 np0000000681 neutron-periodic-workers[91573]: DEBUG oslo.service.backend._threading.loopingcall [None req-c12ed95b-5d34-4ddc-9026-ca265a9ea138 None None] Fixed interval looping call 'neutron.plugins.ml2.plugin.AgentDbMixin.agent_health_check' sleeping for 37.00 seconds {{(pid=91573) _run_loop /opt/stack/data/venv/lib/python3.12/site-packages/oslo_service/backend/_threading/loopingcall.py:125}}
May 13 09:39:11.440599 np0000000681 neutron-periodic-workers[91573]: DEBUG dbcounter [-] [91573] Writing DB stats neutron:SELECT=1 {{(pid=91573) stat_writer /opt/stack/data/venv/lib/python3.12/site-packages/dbcounter.py:115}}
May 13 09:39:19.438443 np0000000681 neutron-periodic-workers[91566]: DEBUG oslo.service.backend._threading.loopingcall [None req-3fc73b1c-b4f4-442a-a3b8-a78510d0090e None None] Fixed interval looping call 'neutron.plugins.ml2.plugin.DhcpAgentSchedulerDbMixin.remove_networks_from_down_agents' sleeping for 36.99 seconds {{(pid=91566) _run_loop /opt/stack/data/venv/lib/python3.12/site-packages/oslo_service/backend/_threading/loopingcall.py:125}}
May 13 09:39:29.437485 np0000000681 neutron-periodic-workers[91566]: DEBUG dbcounter [-] [91566] Writing DB stats neutron:SELECT=3 {{(pid=91566) stat_writer /opt/stack/data/venv/lib/python3.12/site-packages/dbcounter.py:115}}
May 13 09:39:35.455175 np0000000681 neutron-periodic-workers[91579]: DEBUG dbcounter [-] [91579] Writer thread running {{(pid=91579) stat_writer /opt/stack/data/venv/lib/python3.12/site-packages/dbcounter.py:102}}
May 13 09:39:35.456793 np0000000681 neutron-periodic-workers[91579]: DEBUG oslo.service.backend._threading.loopingcall [None req-41ec32c8-87a5-45c9-97c9-63602a815655 None None] Fixed interval looping call 'neutron.db.quota.driver_nolock.DbQuotaNoLockDriver._remove_expired_reservations' sleeping for 119.99 seconds {{(pid=91579) _run_loop /opt/stack/data/venv/lib/python3.12/site-packages/oslo_service/backend/_threading/loopingcall.py:125}}
May 13 09:39:38.445797 np0000000681 neutron-periodic-workers[91573]: DEBUG neutron.db.agents_db [None req-c12ed95b-5d34-4ddc-9026-ca265a9ea138 None None] Agent healthcheck: found 0 active agents {{(pid=91573) agent_health_check /opt/stack/neutron/neutron/db/agents_db.py:322}}
May 13 09:39:38.446361 np0000000681 neutron-periodic-workers[91573]: DEBUG oslo.service.backend._threading.loopingcall [None req-c12ed95b-5d34-4ddc-9026-ca265a9ea138 None None] Fixed interval looping call 'neutron.plugins.ml2.plugin.AgentDbMixin.agent_health_check' sleeping for 37.00 seconds {{(pid=91573) _run_loop /opt/stack/data/venv/lib/python3.12/site-packages/oslo_service/backend/_threading/loopingcall.py:125}}
May 13 09:39:45.455542 np0000000681 neutron-periodic-workers[91579]: DEBUG dbcounter [-] [91579] Writing DB stats neutron:DELETE=1 {{(pid=91579) stat_writer /opt/stack/data/venv/lib/python3.12/site-packages/dbcounter.py:115}}
May 13 09:39:48.444832 np0000000681 neutron-periodic-workers[91573]: DEBUG dbcounter [-] [91573] Writing DB stats neutron:SELECT=1 {{(pid=91573) stat_writer /opt/stack/data/venv/lib/python3.12/site-packages/dbcounter.py:115}}
May 13 09:39:56.434846 np0000000681 neutron-periodic-workers[91566]: DEBUG oslo.service.backend._threading.loopingcall [None req-3fc73b1c-b4f4-442a-a3b8-a78510d0090e None None] Fixed interval looping call 'neutron.plugins.ml2.plugin.DhcpAgentSchedulerDbMixin.remove_networks_from_down_agents' sleeping for 36.99 seconds {{(pid=91566) _run_loop /opt/stack/data/venv/lib/python3.12/site-packages/oslo_service/backend/_threading/loopingcall.py:125}}
May 13 09:40:06.433854 np0000000681 neutron-periodic-workers[91566]: DEBUG dbcounter [-] [91566] Writing DB stats neutron:SELECT=3 {{(pid=91566) stat_writer /opt/stack/data/venv/lib/python3.12/site-packages/dbcounter.py:115}}
May 13 09:40:15.450013 np0000000681 neutron-periodic-workers[91573]: DEBUG neutron.db.agents_db [None req-c12ed95b-5d34-4ddc-9026-ca265a9ea138 None None] Agent healthcheck: found 0 active agents {{(pid=91573) agent_health_check /opt/stack/neutron/neutron/db/agents_db.py:322}}
May 13 09:40:15.450424 np0000000681 neutron-periodic-workers[91573]: DEBUG oslo.service.backend._threading.loopingcall [None req-c12ed95b-5d34-4ddc-9026-ca265a9ea138 None None] Fixed interval looping call 'neutron.plugins.ml2.plugin.AgentDbMixin.agent_health_check' sleeping for 37.00 seconds {{(pid=91573) _run_loop /opt/stack/data/venv/lib/python3.12/site-packages/oslo_service/backend/_threading/loopingcall.py:125}}
May 13 09:40:25.448670 np0000000681 neutron-periodic-workers[91573]: DEBUG dbcounter [-] [91573] Writing DB stats neutron:SELECT=1 {{(pid=91573) stat_writer /opt/stack/data/venv/lib/python3.12/site-packages/dbcounter.py:115}}
May 13 09:40:33.430357 np0000000681 neutron-periodic-workers[91566]: DEBUG oslo.service.backend._threading.loopingcall [None req-3fc73b1c-b4f4-442a-a3b8-a78510d0090e None None] Fixed interval looping call 'neutron.plugins.ml2.plugin.DhcpAgentSchedulerDbMixin.remove_networks_from_down_agents' sleeping for 36.99 seconds {{(pid=91566) _run_loop /opt/stack/data/venv/lib/python3.12/site-packages/oslo_service/backend/_threading/loopingcall.py:125}}
May 13 09:40:43.429980 np0000000681 neutron-periodic-workers[91566]: DEBUG dbcounter [-] [91566] Writing DB stats neutron:SELECT=3 {{(pid=91566) stat_writer /opt/stack/data/venv/lib/python3.12/site-packages/dbcounter.py:115}}
May 13 09:40:52.454191 np0000000681 neutron-periodic-workers[91573]: DEBUG neutron.db.agents_db [None req-c12ed95b-5d34-4ddc-9026-ca265a9ea138 None None] Agent healthcheck: found 0 active agents {{(pid=91573) agent_health_check /opt/stack/neutron/neutron/db/agents_db.py:322}}
May 13 09:40:52.454611 np0000000681 neutron-periodic-workers[91573]: DEBUG oslo.service.backend._threading.loopingcall [None req-c12ed95b-5d34-4ddc-9026-ca265a9ea138 None None] Fixed interval looping call 'neutron.plugins.ml2.plugin.AgentDbMixin.agent_health_check' sleeping for 37.00 seconds {{(pid=91573) _run_loop /opt/stack/data/venv/lib/python3.12/site-packages/oslo_service/backend/_threading/loopingcall.py:125}}
May 13 09:41:02.452625 np0000000681 neutron-periodic-workers[91573]: DEBUG dbcounter [-] [91573] Writing DB stats neutron:SELECT=1 {{(pid=91573) stat_writer /opt/stack/data/venv/lib/python3.12/site-packages/dbcounter.py:115}}
May 13 09:41:10.431025 np0000000681 neutron-periodic-workers[91566]: DEBUG oslo.service.backend._threading.loopingcall [None req-3fc73b1c-b4f4-442a-a3b8-a78510d0090e None None] Fixed interval looping call 'neutron.plugins.ml2.plugin.DhcpAgentSchedulerDbMixin.remove_networks_from_down_agents' sleeping for 36.99 seconds {{(pid=91566) _run_loop /opt/stack/data/venv/lib/python3.12/site-packages/oslo_service/backend/_threading/loopingcall.py:125}}
May 13 09:41:20.430025 np0000000681 neutron-periodic-workers[91566]: DEBUG dbcounter [-] [91566] Writing DB stats neutron:SELECT=3 {{(pid=91566) stat_writer /opt/stack/data/venv/lib/python3.12/site-packages/dbcounter.py:115}}
May 13 09:41:29.457887 np0000000681 neutron-periodic-workers[91573]: DEBUG neutron.db.agents_db [None req-c12ed95b-5d34-4ddc-9026-ca265a9ea138 None None] Agent healthcheck: found 0 active agents {{(pid=91573) agent_health_check /opt/stack/neutron/neutron/db/agents_db.py:322}}
May 13 09:41:29.458167 np0000000681 neutron-periodic-workers[91573]: DEBUG oslo.service.backend._threading.loopingcall [None req-c12ed95b-5d34-4ddc-9026-ca265a9ea138 None None] Fixed interval looping call 'neutron.plugins.ml2.plugin.AgentDbMixin.agent_health_check' sleeping for 37.00 seconds {{(pid=91573) _run_loop /opt/stack/data/venv/lib/python3.12/site-packages/oslo_service/backend/_threading/loopingcall.py:125}}
May 13 09:41:35.452771 np0000000681 neutron-periodic-workers[91579]: DEBUG oslo.service.backend._threading.loopingcall [None req-41ec32c8-87a5-45c9-97c9-63602a815655 None None] Fixed interval looping call 'neutron.db.quota.driver_nolock.DbQuotaNoLockDriver._remove_expired_reservations' sleeping for 120.00 seconds {{(pid=91579) _run_loop /opt/stack/data/venv/lib/python3.12/site-packages/oslo_service/backend/_threading/loopingcall.py:125}}
May 13 09:41:39.456748 np0000000681 neutron-periodic-workers[91573]: DEBUG dbcounter [-] [91573] Writing DB stats neutron:SELECT=1 {{(pid=91573) stat_writer /opt/stack/data/venv/lib/python3.12/site-packages/dbcounter.py:115}}
May 13 09:41:45.451923 np0000000681 neutron-periodic-workers[91579]: DEBUG dbcounter [-] [91579] Writing DB stats neutron:DELETE=1 {{(pid=91579) stat_writer /opt/stack/data/venv/lib/python3.12/site-packages/dbcounter.py:115}}
May 13 09:41:47.432861 np0000000681 neutron-periodic-workers[91566]: DEBUG oslo.service.backend._threading.loopingcall [None req-3fc73b1c-b4f4-442a-a3b8-a78510d0090e None None] Fixed interval looping call 'neutron.plugins.ml2.plugin.DhcpAgentSchedulerDbMixin.remove_networks_from_down_agents' sleeping for 36.99 seconds {{(pid=91566) _run_loop /opt/stack/data/venv/lib/python3.12/site-packages/oslo_service/backend/_threading/loopingcall.py:125}}
May 13 09:41:57.431612 np0000000681 neutron-periodic-workers[91566]: DEBUG dbcounter [-] [91566] Writing DB stats neutron:SELECT=3 {{(pid=91566) stat_writer /opt/stack/data/venv/lib/python3.12/site-packages/dbcounter.py:115}}
May 13 09:42:06.467628 np0000000681 neutron-periodic-workers[91573]: DEBUG neutron.db.agents_db [None req-c12ed95b-5d34-4ddc-9026-ca265a9ea138 None None] Agent healthcheck: found 0 active agents {{(pid=91573) agent_health_check /opt/stack/neutron/neutron/db/agents_db.py:322}}
May 13 09:42:06.467628 np0000000681 neutron-periodic-workers[91573]: DEBUG oslo.service.backend._threading.loopingcall [None req-c12ed95b-5d34-4ddc-9026-ca265a9ea138 None None] Fixed interval looping call 'neutron.plugins.ml2.plugin.AgentDbMixin.agent_health_check' sleeping for 36.99 seconds {{(pid=91573) _run_loop /opt/stack/data/venv/lib/python3.12/site-packages/oslo_service/backend/_threading/loopingcall.py:125}}
May 13 09:42:16.464220 np0000000681 neutron-periodic-workers[91573]: DEBUG dbcounter [-] [91573] Writing DB stats neutron:SELECT=1 {{(pid=91573) stat_writer /opt/stack/data/venv/lib/python3.12/site-packages/dbcounter.py:115}}
May 13 09:42:24.431671 np0000000681 neutron-periodic-workers[91566]: DEBUG oslo.service.backend._threading.loopingcall [None req-3fc73b1c-b4f4-442a-a3b8-a78510d0090e None None] Fixed interval looping call 'neutron.plugins.ml2.plugin.DhcpAgentSchedulerDbMixin.remove_networks_from_down_agents' sleeping for 36.99 seconds {{(pid=91566) _run_loop /opt/stack/data/venv/lib/python3.12/site-packages/oslo_service/backend/_threading/loopingcall.py:125}}
May 13 09:42:34.430931 np0000000681 neutron-periodic-workers[91566]: DEBUG dbcounter [-] [91566] Writing DB stats neutron:SELECT=3 {{(pid=91566) stat_writer /opt/stack/data/venv/lib/python3.12/site-packages/dbcounter.py:115}}
May 13 09:42:43.462178 np0000000681 neutron-periodic-workers[91573]: DEBUG neutron.db.agents_db [None req-c12ed95b-5d34-4ddc-9026-ca265a9ea138 None None] Agent healthcheck: found 0 active agents {{(pid=91573) agent_health_check /opt/stack/neutron/neutron/db/agents_db.py:322}}
May 13 09:42:43.462625 np0000000681 neutron-periodic-workers[91573]: DEBUG oslo.service.backend._threading.loopingcall [None req-c12ed95b-5d34-4ddc-9026-ca265a9ea138 None None] Fixed interval looping call 'neutron.plugins.ml2.plugin.AgentDbMixin.agent_health_check' sleeping for 36.99 seconds {{(pid=91573) _run_loop /opt/stack/data/venv/lib/python3.12/site-packages/oslo_service/backend/_threading/loopingcall.py:125}}
May 13 09:42:53.461264 np0000000681 neutron-periodic-workers[91573]: DEBUG dbcounter [-] [91573] Writing DB stats neutron:SELECT=1 {{(pid=91573) stat_writer /opt/stack/data/venv/lib/python3.12/site-packages/dbcounter.py:115}}
May 13 09:43:01.428840 np0000000681 neutron-periodic-workers[91566]: DEBUG oslo.service.backend._threading.loopingcall [None req-3fc73b1c-b4f4-442a-a3b8-a78510d0090e None None] Fixed interval looping call 'neutron.plugins.ml2.plugin.DhcpAgentSchedulerDbMixin.remove_networks_from_down_agents' sleeping for 36.99 seconds {{(pid=91566) _run_loop /opt/stack/data/venv/lib/python3.12/site-packages/oslo_service/backend/_threading/loopingcall.py:125}}
May 13 09:43:11.428016 np0000000681 neutron-periodic-workers[91566]: DEBUG dbcounter [-] [91566] Writing DB stats neutron:SELECT=3 {{(pid=91566) stat_writer /opt/stack/data/venv/lib/python3.12/site-packages/dbcounter.py:115}}
May 13 09:43:20.455762 np0000000681 neutron-periodic-workers[91573]: DEBUG neutron.db.agents_db [None req-c12ed95b-5d34-4ddc-9026-ca265a9ea138 None None] Agent healthcheck: found 0 active agents {{(pid=91573) agent_health_check /opt/stack/neutron/neutron/db/agents_db.py:322}}
May 13 09:43:20.456431 np0000000681 neutron-periodic-workers[91573]: DEBUG oslo.service.backend._threading.loopingcall [None req-c12ed95b-5d34-4ddc-9026-ca265a9ea138 None None] Fixed interval looping call 'neutron.plugins.ml2.plugin.AgentDbMixin.agent_health_check' sleeping for 37.00 seconds {{(pid=91573) _run_loop /opt/stack/data/venv/lib/python3.12/site-packages/oslo_service/backend/_threading/loopingcall.py:125}}
May 13 09:43:30.454973 np0000000681 neutron-periodic-workers[91573]: DEBUG dbcounter [-] [91573] Writing DB stats neutron:SELECT=1 {{(pid=91573) stat_writer /opt/stack/data/venv/lib/python3.12/site-packages/dbcounter.py:115}}
May 13 09:43:35.455675 np0000000681 neutron-periodic-workers[91579]: DEBUG oslo.service.backend._threading.loopingcall [None req-41ec32c8-87a5-45c9-97c9-63602a815655 None None] Fixed interval looping call 'neutron.db.quota.driver_nolock.DbQuotaNoLockDriver._remove_expired_reservations' sleeping for 120.00 seconds {{(pid=91579) _run_loop /opt/stack/data/venv/lib/python3.12/site-packages/oslo_service/backend/_threading/loopingcall.py:125}}
May 13 09:43:37.477364 np0000000681 neutron-periodic-workers[91592]: DEBUG oslo.service.backend._threading.loopingcall [None req-20f02d70-d271-4d9c-bb7b-fedd15047921 None None] Fixed interval looping call 'neutron.services.ovn_l3.plugin.L3_NAT_dbonly_mixin._clean_garbage' sleeping for 299.99 seconds {{(pid=91592) _run_loop /opt/stack/data/venv/lib/python3.12/site-packages/oslo_service/backend/_threading/loopingcall.py:125}}
May 13 09:43:38.425075 np0000000681 neutron-periodic-workers[91566]: DEBUG oslo.service.backend._threading.loopingcall [None req-3fc73b1c-b4f4-442a-a3b8-a78510d0090e None None] Fixed interval looping call 'neutron.plugins.ml2.plugin.DhcpAgentSchedulerDbMixin.remove_networks_from_down_agents' sleeping for 36.99 seconds {{(pid=91566) _run_loop /opt/stack/data/venv/lib/python3.12/site-packages/oslo_service/backend/_threading/loopingcall.py:125}}
May 13 09:43:45.454691 np0000000681 neutron-periodic-workers[91579]: DEBUG dbcounter [-] [91579] Writing DB stats neutron:DELETE=1 {{(pid=91579) stat_writer /opt/stack/data/venv/lib/python3.12/site-packages/dbcounter.py:115}}
May 13 09:43:47.466570 np0000000681 neutron-periodic-workers[91592]: DEBUG dbcounter [-] [91592] Writing DB stats neutron:SELECT=1 {{(pid=91592) stat_writer /opt/stack/data/venv/lib/python3.12/site-packages/dbcounter.py:115}}
May 13 09:43:48.424347 np0000000681 neutron-periodic-workers[91566]: DEBUG dbcounter [-] [91566] Writing DB stats neutron:SELECT=3 {{(pid=91566) stat_writer /opt/stack/data/venv/lib/python3.12/site-packages/dbcounter.py:115}}
May 13 09:43:57.464448 np0000000681 neutron-periodic-workers[91573]: DEBUG neutron.db.agents_db [None req-c12ed95b-5d34-4ddc-9026-ca265a9ea138 None None] Agent healthcheck: found 0 active agents {{(pid=91573) agent_health_check /opt/stack/neutron/neutron/db/agents_db.py:322}}
May 13 09:43:57.465023 np0000000681 neutron-periodic-workers[91573]: DEBUG oslo.service.backend._threading.loopingcall [None req-c12ed95b-5d34-4ddc-9026-ca265a9ea138 None None] Fixed interval looping call 'neutron.plugins.ml2.plugin.AgentDbMixin.agent_health_check' sleeping for 36.99 seconds {{(pid=91573) _run_loop /opt/stack/data/venv/lib/python3.12/site-packages/oslo_service/backend/_threading/loopingcall.py:125}}
May 13 09:44:07.461274 np0000000681 neutron-periodic-workers[91573]: DEBUG dbcounter [-] [91573] Writing DB stats neutron:SELECT=1 {{(pid=91573) stat_writer /opt/stack/data/venv/lib/python3.12/site-packages/dbcounter.py:115}}
May 13 09:44:15.424978 np0000000681 neutron-periodic-workers[91566]: DEBUG oslo.service.backend._threading.loopingcall [None req-3fc73b1c-b4f4-442a-a3b8-a78510d0090e None None] Fixed interval looping call 'neutron.plugins.ml2.plugin.DhcpAgentSchedulerDbMixin.remove_networks_from_down_agents' sleeping for 36.99 seconds {{(pid=91566) _run_loop /opt/stack/data/venv/lib/python3.12/site-packages/oslo_service/backend/_threading/loopingcall.py:125}}
May 13 09:44:25.424138 np0000000681 neutron-periodic-workers[91566]: DEBUG dbcounter [-] [91566] Writing DB stats neutron:SELECT=3 {{(pid=91566) stat_writer /opt/stack/data/venv/lib/python3.12/site-packages/dbcounter.py:115}}
May 13 09:44:34.458112 np0000000681 neutron-periodic-workers[91573]: DEBUG neutron.db.agents_db [None req-c12ed95b-5d34-4ddc-9026-ca265a9ea138 None None] Agent healthcheck: found 0 active agents {{(pid=91573) agent_health_check /opt/stack/neutron/neutron/db/agents_db.py:322}}
May 13 09:44:34.458501 np0000000681 neutron-periodic-workers[91573]: DEBUG oslo.service.backend._threading.loopingcall [None req-c12ed95b-5d34-4ddc-9026-ca265a9ea138 None None] Fixed interval looping call 'neutron.plugins.ml2.plugin.AgentDbMixin.agent_health_check' sleeping for 37.00 seconds {{(pid=91573) _run_loop /opt/stack/data/venv/lib/python3.12/site-packages/oslo_service/backend/_threading/loopingcall.py:125}}
May 13 09:44:44.457151 np0000000681 neutron-periodic-workers[91573]: DEBUG dbcounter [-] [91573] Writing DB stats neutron:SELECT=1 {{(pid=91573) stat_writer /opt/stack/data/venv/lib/python3.12/site-packages/dbcounter.py:115}}
May 13 09:44:52.429139 np0000000681 neutron-periodic-workers[91566]: DEBUG oslo.service.backend._threading.loopingcall [None req-3fc73b1c-b4f4-442a-a3b8-a78510d0090e None None] Fixed interval looping call 'neutron.plugins.ml2.plugin.DhcpAgentSchedulerDbMixin.remove_networks_from_down_agents' sleeping for 36.99 seconds {{(pid=91566) _run_loop /opt/stack/data/venv/lib/python3.12/site-packages/oslo_service/backend/_threading/loopingcall.py:125}}
May 13 09:45:02.428922 np0000000681 neutron-periodic-workers[91566]: DEBUG dbcounter [-] [91566] Writing DB stats neutron:SELECT=3 {{(pid=91566) stat_writer /opt/stack/data/venv/lib/python3.12/site-packages/dbcounter.py:115}}
May 13 09:45:11.462173 np0000000681 neutron-periodic-workers[91573]: DEBUG neutron.db.agents_db [None req-c12ed95b-5d34-4ddc-9026-ca265a9ea138 None None] Agent healthcheck: found 0 active agents {{(pid=91573) agent_health_check /opt/stack/neutron/neutron/db/agents_db.py:322}}
May 13 09:45:11.462550 np0000000681 neutron-periodic-workers[91573]: DEBUG oslo.service.backend._threading.loopingcall [None req-c12ed95b-5d34-4ddc-9026-ca265a9ea138 None None] Fixed interval looping call 'neutron.plugins.ml2.plugin.AgentDbMixin.agent_health_check' sleeping for 37.00 seconds {{(pid=91573) _run_loop /opt/stack/data/venv/lib/python3.12/site-packages/oslo_service/backend/_threading/loopingcall.py:125}}
May 13 09:45:21.461054 np0000000681 neutron-periodic-workers[91573]: DEBUG dbcounter [-] [91573] Writing DB stats neutron:SELECT=1 {{(pid=91573) stat_writer /opt/stack/data/venv/lib/python3.12/site-packages/dbcounter.py:115}}
May 13 09:45:29.429223 np0000000681 neutron-periodic-workers[91566]: DEBUG oslo.service.backend._threading.loopingcall [None req-3fc73b1c-b4f4-442a-a3b8-a78510d0090e None None] Fixed interval looping call 'neutron.plugins.ml2.plugin.DhcpAgentSchedulerDbMixin.remove_networks_from_down_agents' sleeping for 36.99 seconds {{(pid=91566) _run_loop /opt/stack/data/venv/lib/python3.12/site-packages/oslo_service/backend/_threading/loopingcall.py:125}}
May 13 09:45:35.458979 np0000000681 neutron-periodic-workers[91579]: DEBUG oslo.service.backend._threading.loopingcall [None req-41ec32c8-87a5-45c9-97c9-63602a815655 None None] Fixed interval looping call 'neutron.db.quota.driver_nolock.DbQuotaNoLockDriver._remove_expired_reservations' sleeping for 120.00 seconds {{(pid=91579) _run_loop /opt/stack/data/venv/lib/python3.12/site-packages/oslo_service/backend/_threading/loopingcall.py:125}}
May 13 09:45:39.428667 np0000000681 neutron-periodic-workers[91566]: DEBUG dbcounter [-] [91566] Writing DB stats neutron:SELECT=3 {{(pid=91566) stat_writer /opt/stack/data/venv/lib/python3.12/site-packages/dbcounter.py:115}}
May 13 09:45:45.458241 np0000000681 neutron-periodic-workers[91579]: DEBUG dbcounter [-] [91579] Writing DB stats neutron:DELETE=1 {{(pid=91579) stat_writer /opt/stack/data/venv/lib/python3.12/site-packages/dbcounter.py:115}}
May 13 09:45:48.467209 np0000000681 neutron-periodic-workers[91573]: DEBUG neutron.db.agents_db [None req-c12ed95b-5d34-4ddc-9026-ca265a9ea138 None None] Agent healthcheck: found 0 active agents {{(pid=91573) agent_health_check /opt/stack/neutron/neutron/db/agents_db.py:322}}
May 13 09:45:48.468180 np0000000681 neutron-periodic-workers[91573]: DEBUG oslo.service.backend._threading.loopingcall [None req-c12ed95b-5d34-4ddc-9026-ca265a9ea138 None None] Fixed interval looping call 'neutron.plugins.ml2.plugin.AgentDbMixin.agent_health_check' sleeping for 37.00 seconds {{(pid=91573) _run_loop /opt/stack/data/venv/lib/python3.12/site-packages/oslo_service/backend/_threading/loopingcall.py:125}}
May 13 09:45:58.467826 np0000000681 neutron-periodic-workers[91573]: DEBUG dbcounter [-] [91573] Writing DB stats neutron:SELECT=1 {{(pid=91573) stat_writer /opt/stack/data/venv/lib/python3.12/site-packages/dbcounter.py:115}}
May 13 09:46:06.426947 np0000000681 neutron-periodic-workers[91566]: DEBUG oslo.service.backend._threading.loopingcall [None req-3fc73b1c-b4f4-442a-a3b8-a78510d0090e None None] Fixed interval looping call 'neutron.plugins.ml2.plugin.DhcpAgentSchedulerDbMixin.remove_networks_from_down_agents' sleeping for 36.99 seconds {{(pid=91566) _run_loop /opt/stack/data/venv/lib/python3.12/site-packages/oslo_service/backend/_threading/loopingcall.py:125}}
May 13 09:46:16.425810 np0000000681 neutron-periodic-workers[91566]: DEBUG dbcounter [-] [91566] Writing DB stats neutron:SELECT=3 {{(pid=91566) stat_writer /opt/stack/data/venv/lib/python3.12/site-packages/dbcounter.py:115}}
May 13 09:46:25.471330 np0000000681 neutron-periodic-workers[91573]: DEBUG neutron.db.agents_db [None req-c12ed95b-5d34-4ddc-9026-ca265a9ea138 None None] Agent healthcheck: found 0 active agents {{(pid=91573) agent_health_check /opt/stack/neutron/neutron/db/agents_db.py:322}}
May 13 09:46:25.471821 np0000000681 neutron-periodic-workers[91573]: DEBUG oslo.service.backend._threading.loopingcall [None req-c12ed95b-5d34-4ddc-9026-ca265a9ea138 None None] Fixed interval looping call 'neutron.plugins.ml2.plugin.AgentDbMixin.agent_health_check' sleeping for 37.00 seconds {{(pid=91573) _run_loop /opt/stack/data/venv/lib/python3.12/site-packages/oslo_service/backend/_threading/loopingcall.py:125}}
May 13 09:46:35.469831 np0000000681 neutron-periodic-workers[91573]: DEBUG dbcounter [-] [91573] Writing DB stats neutron:SELECT=1 {{(pid=91573) stat_writer /opt/stack/data/venv/lib/python3.12/site-packages/dbcounter.py:115}}
May 13 09:46:43.429367 np0000000681 neutron-periodic-workers[91566]: DEBUG oslo.service.backend._threading.loopingcall [None req-3fc73b1c-b4f4-442a-a3b8-a78510d0090e None None] Fixed interval looping call 'neutron.plugins.ml2.plugin.DhcpAgentSchedulerDbMixin.remove_networks_from_down_agents' sleeping for 36.99 seconds {{(pid=91566) _run_loop /opt/stack/data/venv/lib/python3.12/site-packages/oslo_service/backend/_threading/loopingcall.py:125}}
May 13 09:46:53.426945 np0000000681 neutron-periodic-workers[91566]: DEBUG dbcounter [-] [91566] Writing DB stats neutron:SELECT=3 {{(pid=91566) stat_writer /opt/stack/data/venv/lib/python3.12/site-packages/dbcounter.py:115}}
May 13 09:47:02.479238 np0000000681 neutron-periodic-workers[91573]: DEBUG neutron.db.agents_db [None req-c12ed95b-5d34-4ddc-9026-ca265a9ea138 None None] Agent healthcheck: found 0 active agents {{(pid=91573) agent_health_check /opt/stack/neutron/neutron/db/agents_db.py:322}}
May 13 09:47:02.479834 np0000000681 neutron-periodic-workers[91573]: DEBUG oslo.service.backend._threading.loopingcall [None req-c12ed95b-5d34-4ddc-9026-ca265a9ea138 None None] Fixed interval looping call 'neutron.plugins.ml2.plugin.AgentDbMixin.agent_health_check' sleeping for 36.99 seconds {{(pid=91573) _run_loop /opt/stack/data/venv/lib/python3.12/site-packages/oslo_service/backend/_threading/loopingcall.py:125}}
May 13 09:47:12.479507 np0000000681 neutron-periodic-workers[91573]: DEBUG dbcounter [-] [91573] Writing DB stats neutron:SELECT=1 {{(pid=91573) stat_writer /opt/stack/data/venv/lib/python3.12/site-packages/dbcounter.py:115}}
May 13 09:47:20.439491 np0000000681 neutron-periodic-workers[91566]: DEBUG oslo.service.backend._threading.loopingcall [None req-3fc73b1c-b4f4-442a-a3b8-a78510d0090e None None] Fixed interval looping call 'neutron.plugins.ml2.plugin.DhcpAgentSchedulerDbMixin.remove_networks_from_down_agents' sleeping for 36.98 seconds {{(pid=91566) _run_loop /opt/stack/data/venv/lib/python3.12/site-packages/oslo_service/backend/_threading/loopingcall.py:125}}
May 13 09:47:30.438144 np0000000681 neutron-periodic-workers[91566]: DEBUG dbcounter [-] [91566] Writing DB stats neutron:SELECT=3 {{(pid=91566) stat_writer /opt/stack/data/venv/lib/python3.12/site-packages/dbcounter.py:115}}
May 13 09:47:35.461769 np0000000681 neutron-periodic-workers[91579]: DEBUG oslo.service.backend._threading.loopingcall [None req-41ec32c8-87a5-45c9-97c9-63602a815655 None None] Fixed interval looping call 'neutron.db.quota.driver_nolock.DbQuotaNoLockDriver._remove_expired_reservations' sleeping for 120.00 seconds {{(pid=91579) _run_loop /opt/stack/data/venv/lib/python3.12/site-packages/oslo_service/backend/_threading/loopingcall.py:125}}
May 13 09:47:39.472989 np0000000681 neutron-periodic-workers[91573]: DEBUG neutron.db.agents_db [None req-c12ed95b-5d34-4ddc-9026-ca265a9ea138 None None] Agent healthcheck: found 0 active agents {{(pid=91573) agent_health_check /opt/stack/neutron/neutron/db/agents_db.py:322}}
May 13 09:47:39.473276 np0000000681 neutron-periodic-workers[91573]: DEBUG oslo.service.backend._threading.loopingcall [None req-c12ed95b-5d34-4ddc-9026-ca265a9ea138 None None] Fixed interval looping call 'neutron.plugins.ml2.plugin.AgentDbMixin.agent_health_check' sleeping for 37.00 seconds {{(pid=91573) _run_loop /opt/stack/data/venv/lib/python3.12/site-packages/oslo_service/backend/_threading/loopingcall.py:125}}
May 13 09:47:45.460998 np0000000681 neutron-periodic-workers[91579]: DEBUG dbcounter [-] [91579] Writing DB stats neutron:DELETE=1 {{(pid=91579) stat_writer /opt/stack/data/venv/lib/python3.12/site-packages/dbcounter.py:115}}
May 13 09:47:49.472766 np0000000681 neutron-periodic-workers[91573]: DEBUG dbcounter [-] [91573] Writing DB stats neutron:SELECT=1 {{(pid=91573) stat_writer /opt/stack/data/venv/lib/python3.12/site-packages/dbcounter.py:115}}
May 13 09:47:57.427884 np0000000681 neutron-periodic-workers[91566]: DEBUG oslo.service.backend._threading.loopingcall [None req-3fc73b1c-b4f4-442a-a3b8-a78510d0090e None None] Fixed interval looping call 'neutron.plugins.ml2.plugin.DhcpAgentSchedulerDbMixin.remove_networks_from_down_agents' sleeping for 36.99 seconds {{(pid=91566) _run_loop /opt/stack/data/venv/lib/python3.12/site-packages/oslo_service/backend/_threading/loopingcall.py:125}}
May 13 09:48:07.426522 np0000000681 neutron-periodic-workers[91566]: DEBUG dbcounter [-] [91566] Writing DB stats neutron:SELECT=3 {{(pid=91566) stat_writer /opt/stack/data/venv/lib/python3.12/site-packages/dbcounter.py:115}}
May 13 09:48:16.476471 np0000000681 neutron-periodic-workers[91573]: DEBUG neutron.db.agents_db [None req-c12ed95b-5d34-4ddc-9026-ca265a9ea138 None None] Agent healthcheck: found 0 active agents {{(pid=91573) agent_health_check /opt/stack/neutron/neutron/db/agents_db.py:322}}
May 13 09:48:16.476843 np0000000681 neutron-periodic-workers[91573]: DEBUG oslo.service.backend._threading.loopingcall [None req-c12ed95b-5d34-4ddc-9026-ca265a9ea138 None None] Fixed interval looping call 'neutron.plugins.ml2.plugin.AgentDbMixin.agent_health_check' sleeping for 37.00 seconds {{(pid=91573) _run_loop /opt/stack/data/venv/lib/python3.12/site-packages/oslo_service/backend/_threading/loopingcall.py:125}}
May 13 09:48:26.476190 np0000000681 neutron-periodic-workers[91573]: DEBUG dbcounter [-] [91573] Writing DB stats neutron:SELECT=1 {{(pid=91573) stat_writer /opt/stack/data/venv/lib/python3.12/site-packages/dbcounter.py:115}}
May 13 09:48:34.427245 np0000000681 neutron-periodic-workers[91566]: DEBUG oslo.service.backend._threading.loopingcall [None req-3fc73b1c-b4f4-442a-a3b8-a78510d0090e None None] Fixed interval looping call 'neutron.plugins.ml2.plugin.DhcpAgentSchedulerDbMixin.remove_networks_from_down_agents' sleeping for 36.99 seconds {{(pid=91566) _run_loop /opt/stack/data/venv/lib/python3.12/site-packages/oslo_service/backend/_threading/loopingcall.py:125}}
May 13 09:48:37.473260 np0000000681 neutron-periodic-workers[91592]: DEBUG oslo.service.backend._threading.loopingcall [None req-20f02d70-d271-4d9c-bb7b-fedd15047921 None None] Fixed interval looping call 'neutron.services.ovn_l3.plugin.L3_NAT_dbonly_mixin._clean_garbage' sleeping for 299.99 seconds {{(pid=91592) _run_loop /opt/stack/data/venv/lib/python3.12/site-packages/oslo_service/backend/_threading/loopingcall.py:125}}
May 13 09:48:44.426049 np0000000681 neutron-periodic-workers[91566]: DEBUG dbcounter [-] [91566] Writing DB stats neutron:SELECT=3 {{(pid=91566) stat_writer /opt/stack/data/venv/lib/python3.12/site-packages/dbcounter.py:115}}
May 13 09:48:47.469307 np0000000681 neutron-periodic-workers[91592]: DEBUG dbcounter [-] [91592] Writing DB stats neutron:SELECT=1 {{(pid=91592) stat_writer /opt/stack/data/venv/lib/python3.12/site-packages/dbcounter.py:115}}
May 13 09:48:53.480112 np0000000681 neutron-periodic-workers[91573]: DEBUG neutron.db.agents_db [None req-c12ed95b-5d34-4ddc-9026-ca265a9ea138 None None] Agent healthcheck: found 0 active agents {{(pid=91573) agent_health_check /opt/stack/neutron/neutron/db/agents_db.py:322}}
May 13 09:48:53.480610 np0000000681 neutron-periodic-workers[91573]: DEBUG oslo.service.backend._threading.loopingcall [None req-c12ed95b-5d34-4ddc-9026-ca265a9ea138 None None] Fixed interval looping call 'neutron.plugins.ml2.plugin.AgentDbMixin.agent_health_check' sleeping for 37.00 seconds {{(pid=91573) _run_loop /opt/stack/data/venv/lib/python3.12/site-packages/oslo_service/backend/_threading/loopingcall.py:125}}
May 13 09:49:03.479318 np0000000681 neutron-periodic-workers[91573]: DEBUG dbcounter [-] [91573] Writing DB stats neutron:SELECT=1 {{(pid=91573) stat_writer /opt/stack/data/venv/lib/python3.12/site-packages/dbcounter.py:115}}
May 13 09:49:11.427866 np0000000681 neutron-periodic-workers[91566]: DEBUG oslo.service.backend._threading.loopingcall [None req-3fc73b1c-b4f4-442a-a3b8-a78510d0090e None None] Fixed interval looping call 'neutron.plugins.ml2.plugin.DhcpAgentSchedulerDbMixin.remove_networks_from_down_agents' sleeping for 36.99 seconds {{(pid=91566) _run_loop /opt/stack/data/venv/lib/python3.12/site-packages/oslo_service/backend/_threading/loopingcall.py:125}}
May 13 09:49:21.425857 np0000000681 neutron-periodic-workers[91566]: DEBUG dbcounter [-] [91566] Writing DB stats neutron:SELECT=3 {{(pid=91566) stat_writer /opt/stack/data/venv/lib/python3.12/site-packages/dbcounter.py:115}}
May 13 09:49:30.484350 np0000000681 neutron-periodic-workers[91573]: DEBUG neutron.db.agents_db [None req-c12ed95b-5d34-4ddc-9026-ca265a9ea138 None None] Agent healthcheck: found 0 active agents {{(pid=91573) agent_health_check /opt/stack/neutron/neutron/db/agents_db.py:322}}
May 13 09:49:30.484350 np0000000681 neutron-periodic-workers[91573]: DEBUG oslo.service.backend._threading.loopingcall [None req-c12ed95b-5d34-4ddc-9026-ca265a9ea138 None None] Fixed interval looping call 'neutron.plugins.ml2.plugin.AgentDbMixin.agent_health_check' sleeping for 37.00 seconds {{(pid=91573) _run_loop /opt/stack/data/venv/lib/python3.12/site-packages/oslo_service/backend/_threading/loopingcall.py:125}}
May 13 09:49:35.464702 np0000000681 neutron-periodic-workers[91579]: DEBUG oslo.service.backend._threading.loopingcall [None req-41ec32c8-87a5-45c9-97c9-63602a815655 None None] Fixed interval looping call 'neutron.db.quota.driver_nolock.DbQuotaNoLockDriver._remove_expired_reservations' sleeping for 120.00 seconds {{(pid=91579) _run_loop /opt/stack/data/venv/lib/python3.12/site-packages/oslo_service/backend/_threading/loopingcall.py:125}}
May 13 09:49:40.482761 np0000000681 neutron-periodic-workers[91573]: DEBUG dbcounter [-] [91573] Writing DB stats neutron:SELECT=1 {{(pid=91573) stat_writer /opt/stack/data/venv/lib/python3.12/site-packages/dbcounter.py:115}}
May 13 09:49:45.463740 np0000000681 neutron-periodic-workers[91579]: DEBUG dbcounter [-] [91579] Writing DB stats neutron:DELETE=1 {{(pid=91579) stat_writer /opt/stack/data/venv/lib/python3.12/site-packages/dbcounter.py:115}}
May 13 09:49:48.426050 np0000000681 neutron-periodic-workers[91566]: DEBUG oslo.service.backend._threading.loopingcall [None req-3fc73b1c-b4f4-442a-a3b8-a78510d0090e None None] Fixed interval looping call 'neutron.plugins.ml2.plugin.DhcpAgentSchedulerDbMixin.remove_networks_from_down_agents' sleeping for 36.99 seconds {{(pid=91566) _run_loop /opt/stack/data/venv/lib/python3.12/site-packages/oslo_service/backend/_threading/loopingcall.py:125}}
May 13 09:49:58.424496 np0000000681 neutron-periodic-workers[91566]: DEBUG dbcounter [-] [91566] Writing DB stats neutron:SELECT=3 {{(pid=91566) stat_writer /opt/stack/data/venv/lib/python3.12/site-packages/dbcounter.py:115}}
May 13 09:50:07.487432 np0000000681 neutron-periodic-workers[91573]: DEBUG neutron.db.agents_db [None req-c12ed95b-5d34-4ddc-9026-ca265a9ea138 None None] Agent healthcheck: found 0 active agents {{(pid=91573) agent_health_check /opt/stack/neutron/neutron/db/agents_db.py:322}}
May 13 09:50:07.487780 np0000000681 neutron-periodic-workers[91573]: DEBUG oslo.service.backend._threading.loopingcall [None req-c12ed95b-5d34-4ddc-9026-ca265a9ea138 None None] Fixed interval looping call 'neutron.plugins.ml2.plugin.AgentDbMixin.agent_health_check' sleeping for 37.00 seconds {{(pid=91573) _run_loop /opt/stack/data/venv/lib/python3.12/site-packages/oslo_service/backend/_threading/loopingcall.py:125}}
May 13 09:50:17.486506 np0000000681 neutron-periodic-workers[91573]: DEBUG dbcounter [-] [91573] Writing DB stats neutron:SELECT=1 {{(pid=91573) stat_writer /opt/stack/data/venv/lib/python3.12/site-packages/dbcounter.py:115}}
