Aug 12 16:29:23.431475 np0000007073 systemd[1]: Starting devstack@n-api-meta.service - Devstack devstack@n-api-meta.service...
Aug 12 16:29:23.438594 np0000007073 devstack@n-api-meta.service[96032]: [uWSGI] getting INI configuration from /etc/nova/nova-metadata-uwsgi.ini
Aug 12 16:29:23.441775 np0000007073 devstack@n-api-meta.service[96032]: *** Starting uWSGI 2.0.24-debian (64bit) on [Wed Aug 12 16:29:23 2026] ***
Aug 12 16:29:23.441775 np0000007073 devstack@n-api-meta.service[96032]: compiled with version: 13.2.0 on 17 April 2024 16:23:48
Aug 12 16:29:23.441775 np0000007073 devstack@n-api-meta.service[96032]: os: Linux-6.8.0-100-generic #100-Ubuntu SMP PREEMPT_DYNAMIC Tue Jan 13 16:40:06 UTC 2026
Aug 12 16:29:23.441775 np0000007073 devstack@n-api-meta.service[96032]: nodename: np0000007073
Aug 12 16:29:23.441775 np0000007073 devstack@n-api-meta.service[96032]: machine: x86_64
Aug 12 16:29:23.441775 np0000007073 devstack@n-api-meta.service[96032]: clock source: unix
Aug 12 16:29:23.441775 np0000007073 devstack@n-api-meta.service[96032]: pcre jit disabled
Aug 12 16:29:23.441775 np0000007073 devstack@n-api-meta.service[96032]: detected number of CPU cores: 16
Aug 12 16:29:23.441775 np0000007073 devstack@n-api-meta.service[96032]: current working directory: /
Aug 12 16:29:23.441775 np0000007073 devstack@n-api-meta.service[96032]: detected binary path: /usr/bin/uwsgi-core
Aug 12 16:29:23.441775 np0000007073 devstack@n-api-meta.service[96032]: your processes number limit is 257052
Aug 12 16:29:23.441775 np0000007073 devstack@n-api-meta.service[96032]: your memory page size is 4096 bytes
Aug 12 16:29:23.441775 np0000007073 devstack@n-api-meta.service[96032]: detected max file descriptor number: 2048
Aug 12 16:29:23.441775 np0000007073 devstack@n-api-meta.service[96032]: lock engine: pthread robust mutexes
Aug 12 16:29:23.442410 np0000007073 devstack@n-api-meta.service[96032]: thunder lock: enabled
Aug 12 16:29:23.442410 np0000007073 devstack@n-api-meta.service[96032]: uWSGI http bound on 0.0.0.0:8775 fd 5
Aug 12 16:29:23.442509 np0000007073 devstack@n-api-meta.service[96032]: uwsgi socket 0 bound to TCP address 127.0.0.1:39121 (port auto-assigned) fd 4
Aug 12 16:29:23.442509 np0000007073 devstack@n-api-meta.service[96032]: Python version: 3.12.3 (main, Jun 19 2026, 12:46:00) [GCC 13.3.0]
Aug 12 16:29:23.442509 np0000007073 devstack@n-api-meta.service[96032]: PEP 405 virtualenv detected: /opt/stack/data/venv
Aug 12 16:29:23.442509 np0000007073 devstack@n-api-meta.service[96032]: Set PythonHome to /opt/stack/data/venv
Aug 12 16:29:23.488668 np0000007073 devstack@n-api-meta.service[96032]: Python main interpreter initialized at 0x706e5e8a4668
Aug 12 16:29:23.488724 np0000007073 devstack@n-api-meta.service[96032]: python threads support enabled
Aug 12 16:29:23.488724 np0000007073 devstack@n-api-meta.service[96032]: your server socket listen backlog is limited to 100 connections
Aug 12 16:29:23.488724 np0000007073 devstack@n-api-meta.service[96032]: your mercy for graceful operations on workers is 80 seconds
Aug 12 16:29:23.489434 np0000007073 devstack@n-api-meta.service[96032]: mapped 671795 bytes (656 KB) for 4 cores
Aug 12 16:29:23.489634 np0000007073 devstack@n-api-meta.service[96032]: *** Operational MODE: preforking ***
Aug 12 16:29:23.489911 np0000007073 devstack@n-api-meta.service[96032]: *** uWSGI is running in multiple interpreter mode ***
Aug 12 16:29:23.489911 np0000007073 devstack@n-api-meta.service[96032]: spawned uWSGI master process (pid: 96032)
Aug 12 16:29:23.490148 np0000007073 systemd[1]: Started devstack@n-api-meta.service - Devstack devstack@n-api-meta.service.
Aug 12 16:29:23.490720 np0000007073 devstack@n-api-meta.service[96032]: spawned uWSGI worker 1 (pid: 96035, cores: 1)
Aug 12 16:29:23.491402 np0000007073 devstack@n-api-meta.service[96032]: spawned uWSGI worker 2 (pid: 96036, cores: 1)
Aug 12 16:29:23.491917 np0000007073 devstack@n-api-meta.service[96032]: spawned uWSGI worker 3 (pid: 96037, cores: 1)
Aug 12 16:29:23.492679 np0000007073 devstack@n-api-meta.service[96032]: spawned uWSGI worker 4 (pid: 96038, cores: 1)
Aug 12 16:29:23.493267 np0000007073 devstack@n-api-meta.service[96032]: spawned uWSGI http 1 (pid: 96040)
Aug 12 16:29:23.493267 np0000007073 devstack@n-api-meta.service[96032]: running "unix_signal:15 gracefully_kill_them_all" (master-start)...
Aug 12 16:29:25.297980 np0000007073 devstack@n-api-meta.service[96037]: INFO dbcounter [None req-f3945fc1-05e6-497c-a1af-e025656ead4e None None] Registered counter for database nova_api
Aug 12 16:29:25.302581 np0000007073 devstack@n-api-meta.service[96038]: INFO dbcounter [None req-21834df2-0a67-4fde-b7e3-56b912526f3f None None] Registered counter for database nova_api
Aug 12 16:29:25.342855 np0000007073 devstack@n-api-meta.service[96035]: INFO dbcounter [None req-16e2410d-7c0f-4b2f-9b8a-546b6ca065f1 None None] Registered counter for database nova_api
Aug 12 16:29:25.343354 np0000007073 devstack@n-api-meta.service[96037]: DEBUG oslo_db.sqlalchemy.engines [None req-f3945fc1-05e6-497c-a1af-e025656ead4e None None] MySQL server mode set to STRICT_TRANS_TABLES,STRICT_ALL_TABLES,NO_ZERO_IN_DATE,NO_ZERO_DATE,ERROR_FOR_DIVISION_BY_ZERO,TRADITIONAL,NO_ENGINE_SUBSTITUTION {{(pid=96037) _check_effective_sql_mode /opt/stack/data/venv/lib/python3.12/site-packages/oslo_db/sqlalchemy/engines.py:325}}
Aug 12 16:29:25.349149 np0000007073 devstack@n-api-meta.service[96038]: DEBUG oslo_db.sqlalchemy.engines [None req-21834df2-0a67-4fde-b7e3-56b912526f3f None None] MySQL server mode set to STRICT_TRANS_TABLES,STRICT_ALL_TABLES,NO_ZERO_IN_DATE,NO_ZERO_DATE,ERROR_FOR_DIVISION_BY_ZERO,TRADITIONAL,NO_ENGINE_SUBSTITUTION {{(pid=96038) _check_effective_sql_mode /opt/stack/data/venv/lib/python3.12/site-packages/oslo_db/sqlalchemy/engines.py:325}}
Aug 12 16:29:25.374213 np0000007073 devstack@n-api-meta.service[96037]: DEBUG dbcounter [-] [96037] Writer thread running {{(pid=96037) stat_writer /opt/stack/data/venv/lib/python3.12/site-packages/dbcounter.py:102}}
Aug 12 16:29:25.377194 np0000007073 devstack@n-api-meta.service[96037]: DEBUG nova.context [None req-f3945fc1-05e6-497c-a1af-e025656ead4e None None] Found 2 cells: 00000000-0000-0000-0000-000000000000(cell0),3b5fd09e-368d-4885-9d98-5e4e245dc4ba(cell1) {{(pid=96037) load_cells /opt/stack/nova/nova/context.py:509}}
Aug 12 16:29:25.377917 np0000007073 devstack@n-api-meta.service[96037]: INFO nova.utils [None req-f3945fc1-05e6-497c-a1af-e025656ead4e None None] The cell worker thread pool MainProcess.cell_worker is initialized
Aug 12 16:29:25.379814 np0000007073 devstack@n-api-meta.service[96037]: DEBUG oslo_concurrency.lockutils [None req-f3945fc1-05e6-497c-a1af-e025656ead4e None None] Acquiring lock "00000000-0000-0000-0000-000000000000" by "nova.context.set_target_cell..get_or_set_cached_cell_and_set_connections" {{(pid=96037) inner /opt/stack/data/venv/lib/python3.12/site-packages/oslo_concurrency/lockutils.py:512}}
Aug 12 16:29:25.380073 np0000007073 devstack@n-api-meta.service[96037]: DEBUG oslo_concurrency.lockutils [None req-f3945fc1-05e6-497c-a1af-e025656ead4e None None] Lock "00000000-0000-0000-0000-000000000000" acquired by "nova.context.set_target_cell..get_or_set_cached_cell_and_set_connections" :: waited 0.000s {{(pid=96037) inner /opt/stack/data/venv/lib/python3.12/site-packages/oslo_concurrency/lockutils.py:525}}
Aug 12 16:29:25.380876 np0000007073 devstack@n-api-meta.service[96037]: DEBUG oslo_concurrency.lockutils [None req-f3945fc1-05e6-497c-a1af-e025656ead4e None None] Lock "00000000-0000-0000-0000-000000000000" "released" by "nova.context.set_target_cell..get_or_set_cached_cell_and_set_connections" :: held 0.001s {{(pid=96037) inner /opt/stack/data/venv/lib/python3.12/site-packages/oslo_concurrency/lockutils.py:544}}
Aug 12 16:29:25.381330 np0000007073 devstack@n-api-meta.service[96037]: DEBUG oslo_concurrency.lockutils [None req-f3945fc1-05e6-497c-a1af-e025656ead4e None None] Acquiring lock "3b5fd09e-368d-4885-9d98-5e4e245dc4ba" by "nova.context.set_target_cell..get_or_set_cached_cell_and_set_connections" {{(pid=96037) inner /opt/stack/data/venv/lib/python3.12/site-packages/oslo_concurrency/lockutils.py:512}}
Aug 12 16:29:25.382901 np0000007073 devstack@n-api-meta.service[96038]: DEBUG dbcounter [-] [96038] Writer thread running {{(pid=96038) stat_writer /opt/stack/data/venv/lib/python3.12/site-packages/dbcounter.py:102}}
Aug 12 16:29:25.383710 np0000007073 devstack@n-api-meta.service[96037]: INFO dbcounter [None req-f3945fc1-05e6-497c-a1af-e025656ead4e None None] Registered counter for database nova_cell0
Aug 12 16:29:25.384307 np0000007073 devstack@n-api-meta.service[96037]: DEBUG oslo_concurrency.lockutils [None req-f3945fc1-05e6-497c-a1af-e025656ead4e None None] Lock "3b5fd09e-368d-4885-9d98-5e4e245dc4ba" acquired by "nova.context.set_target_cell..get_or_set_cached_cell_and_set_connections" :: waited 0.002s {{(pid=96037) inner /opt/stack/data/venv/lib/python3.12/site-packages/oslo_concurrency/lockutils.py:525}}
Aug 12 16:29:25.385331 np0000007073 devstack@n-api-meta.service[96038]: DEBUG nova.context [None req-21834df2-0a67-4fde-b7e3-56b912526f3f None None] Found 2 cells: 00000000-0000-0000-0000-000000000000(cell0),3b5fd09e-368d-4885-9d98-5e4e245dc4ba(cell1) {{(pid=96038) load_cells /opt/stack/nova/nova/context.py:509}}
Aug 12 16:29:25.385627 np0000007073 devstack@n-api-meta.service[96038]: INFO nova.utils [None req-21834df2-0a67-4fde-b7e3-56b912526f3f None None] The cell worker thread pool MainProcess.cell_worker is initialized
Aug 12 16:29:25.385778 np0000007073 devstack@n-api-meta.service[96037]: DEBUG oslo_concurrency.lockutils [None req-f3945fc1-05e6-497c-a1af-e025656ead4e None None] Lock "3b5fd09e-368d-4885-9d98-5e4e245dc4ba" "released" by "nova.context.set_target_cell..get_or_set_cached_cell_and_set_connections" :: held 0.003s {{(pid=96037) inner /opt/stack/data/venv/lib/python3.12/site-packages/oslo_concurrency/lockutils.py:544}}
Aug 12 16:29:25.389051 np0000007073 devstack@n-api-meta.service[96038]: DEBUG oslo_concurrency.lockutils [None req-21834df2-0a67-4fde-b7e3-56b912526f3f None None] Acquiring lock "00000000-0000-0000-0000-000000000000" by "nova.context.set_target_cell..get_or_set_cached_cell_and_set_connections" {{(pid=96038) inner /opt/stack/data/venv/lib/python3.12/site-packages/oslo_concurrency/lockutils.py:512}}
Aug 12 16:29:25.389051 np0000007073 devstack@n-api-meta.service[96038]: DEBUG oslo_concurrency.lockutils [None req-21834df2-0a67-4fde-b7e3-56b912526f3f None None] Lock "00000000-0000-0000-0000-000000000000" acquired by "nova.context.set_target_cell..get_or_set_cached_cell_and_set_connections" :: waited 0.000s {{(pid=96038) inner /opt/stack/data/venv/lib/python3.12/site-packages/oslo_concurrency/lockutils.py:525}}
Aug 12 16:29:25.389160 np0000007073 devstack@n-api-meta.service[96037]: INFO dbcounter [None req-f3945fc1-05e6-497c-a1af-e025656ead4e None None] Registered counter for database nova_cell1
Aug 12 16:29:25.389227 np0000007073 devstack@n-api-meta.service[96038]: DEBUG oslo_concurrency.lockutils [None req-21834df2-0a67-4fde-b7e3-56b912526f3f None None] Lock "00000000-0000-0000-0000-000000000000" "released" by "nova.context.set_target_cell..get_or_set_cached_cell_and_set_connections" :: held 0.000s {{(pid=96038) inner /opt/stack/data/venv/lib/python3.12/site-packages/oslo_concurrency/lockutils.py:544}}
Aug 12 16:29:25.389227 np0000007073 devstack@n-api-meta.service[96038]: DEBUG oslo_concurrency.lockutils [None req-21834df2-0a67-4fde-b7e3-56b912526f3f None None] Acquiring lock "3b5fd09e-368d-4885-9d98-5e4e245dc4ba" by "nova.context.set_target_cell..get_or_set_cached_cell_and_set_connections" {{(pid=96038) inner /opt/stack/data/venv/lib/python3.12/site-packages/oslo_concurrency/lockutils.py:512}}
Aug 12 16:29:25.389327 np0000007073 devstack@n-api-meta.service[96038]: DEBUG oslo_concurrency.lockutils [None req-21834df2-0a67-4fde-b7e3-56b912526f3f None None] Lock "3b5fd09e-368d-4885-9d98-5e4e245dc4ba" acquired by "nova.context.set_target_cell..get_or_set_cached_cell_and_set_connections" :: waited 0.000s {{(pid=96038) inner /opt/stack/data/venv/lib/python3.12/site-packages/oslo_concurrency/lockutils.py:525}}
Aug 12 16:29:25.390474 np0000007073 devstack@n-api-meta.service[96038]: DEBUG oslo_concurrency.lockutils [None req-21834df2-0a67-4fde-b7e3-56b912526f3f None None] Lock "3b5fd09e-368d-4885-9d98-5e4e245dc4ba" "released" by "nova.context.set_target_cell..get_or_set_cached_cell_and_set_connections" :: held 0.001s {{(pid=96038) inner /opt/stack/data/venv/lib/python3.12/site-packages/oslo_concurrency/lockutils.py:544}}
Aug 12 16:29:25.392275 np0000007073 devstack@n-api-meta.service[96038]: INFO dbcounter [None req-21834df2-0a67-4fde-b7e3-56b912526f3f None None] Registered counter for database nova_cell0
Aug 12 16:29:25.394909 np0000007073 devstack@n-api-meta.service[96038]: INFO dbcounter [None req-21834df2-0a67-4fde-b7e3-56b912526f3f None None] Registered counter for database nova_cell1
Aug 12 16:29:25.400238 np0000007073 devstack@n-api-meta.service[96035]: DEBUG oslo_db.sqlalchemy.engines [None req-16e2410d-7c0f-4b2f-9b8a-546b6ca065f1 None None] MySQL server mode set to STRICT_TRANS_TABLES,STRICT_ALL_TABLES,NO_ZERO_IN_DATE,NO_ZERO_DATE,ERROR_FOR_DIVISION_BY_ZERO,TRADITIONAL,NO_ENGINE_SUBSTITUTION {{(pid=96035) _check_effective_sql_mode /opt/stack/data/venv/lib/python3.12/site-packages/oslo_db/sqlalchemy/engines.py:325}}
Aug 12 16:29:25.407712 np0000007073 devstack@n-api-meta.service[96036]: INFO dbcounter [None req-a4b8ca2f-1bf2-4710-be83-6cb359c0423c None None] Registered counter for database nova_api
Aug 12 16:29:25.432232 np0000007073 devstack@n-api-meta.service[96035]: DEBUG dbcounter [-] [96035] Writer thread running {{(pid=96035) stat_writer /opt/stack/data/venv/lib/python3.12/site-packages/dbcounter.py:102}}
Aug 12 16:29:25.435154 np0000007073 devstack@n-api-meta.service[96035]: DEBUG nova.context [None req-16e2410d-7c0f-4b2f-9b8a-546b6ca065f1 None None] Found 2 cells: 00000000-0000-0000-0000-000000000000(cell0),3b5fd09e-368d-4885-9d98-5e4e245dc4ba(cell1) {{(pid=96035) load_cells /opt/stack/nova/nova/context.py:509}}
Aug 12 16:29:25.435436 np0000007073 devstack@n-api-meta.service[96035]: INFO nova.utils [None req-16e2410d-7c0f-4b2f-9b8a-546b6ca065f1 None None] The cell worker thread pool MainProcess.cell_worker is initialized
Aug 12 16:29:25.437255 np0000007073 devstack@n-api-meta.service[96035]: DEBUG oslo_concurrency.lockutils [None req-16e2410d-7c0f-4b2f-9b8a-546b6ca065f1 None None] Acquiring lock "00000000-0000-0000-0000-000000000000" by "nova.context.set_target_cell..get_or_set_cached_cell_and_set_connections" {{(pid=96035) inner /opt/stack/data/venv/lib/python3.12/site-packages/oslo_concurrency/lockutils.py:512}}
Aug 12 16:29:25.437471 np0000007073 devstack@n-api-meta.service[96035]: DEBUG oslo_concurrency.lockutils [None req-16e2410d-7c0f-4b2f-9b8a-546b6ca065f1 None None] Lock "00000000-0000-0000-0000-000000000000" acquired by "nova.context.set_target_cell..get_or_set_cached_cell_and_set_connections" :: waited 0.000s {{(pid=96035) inner /opt/stack/data/venv/lib/python3.12/site-packages/oslo_concurrency/lockutils.py:525}}
Aug 12 16:29:25.437867 np0000007073 devstack@n-api-meta.service[96037]: DEBUG oslo_db.sqlalchemy.engines [None req-f3945fc1-05e6-497c-a1af-e025656ead4e None None] MySQL server mode set to STRICT_TRANS_TABLES,STRICT_ALL_TABLES,NO_ZERO_IN_DATE,NO_ZERO_DATE,ERROR_FOR_DIVISION_BY_ZERO,TRADITIONAL,NO_ENGINE_SUBSTITUTION {{(pid=96037) _check_effective_sql_mode /opt/stack/data/venv/lib/python3.12/site-packages/oslo_db/sqlalchemy/engines.py:325}}
Aug 12 16:29:25.437924 np0000007073 devstack@n-api-meta.service[96035]: DEBUG oslo_concurrency.lockutils [None req-16e2410d-7c0f-4b2f-9b8a-546b6ca065f1 None None] Lock "00000000-0000-0000-0000-000000000000" "released" by "nova.context.set_target_cell..get_or_set_cached_cell_and_set_connections" :: held 0.000s {{(pid=96035) inner /opt/stack/data/venv/lib/python3.12/site-packages/oslo_concurrency/lockutils.py:544}}
Aug 12 16:29:25.439467 np0000007073 devstack@n-api-meta.service[96035]: DEBUG oslo_concurrency.lockutils [None req-16e2410d-7c0f-4b2f-9b8a-546b6ca065f1 None None] Acquiring lock "3b5fd09e-368d-4885-9d98-5e4e245dc4ba" by "nova.context.set_target_cell..get_or_set_cached_cell_and_set_connections" {{(pid=96035) inner /opt/stack/data/venv/lib/python3.12/site-packages/oslo_concurrency/lockutils.py:512}}
Aug 12 16:29:25.439638 np0000007073 devstack@n-api-meta.service[96035]: DEBUG oslo_concurrency.lockutils [None req-16e2410d-7c0f-4b2f-9b8a-546b6ca065f1 None None] Lock "3b5fd09e-368d-4885-9d98-5e4e245dc4ba" acquired by "nova.context.set_target_cell..get_or_set_cached_cell_and_set_connections" :: waited 0.000s {{(pid=96035) inner /opt/stack/data/venv/lib/python3.12/site-packages/oslo_concurrency/lockutils.py:525}}
Aug 12 16:29:25.440524 np0000007073 devstack@n-api-meta.service[96035]: DEBUG oslo_concurrency.lockutils [None req-16e2410d-7c0f-4b2f-9b8a-546b6ca065f1 None None] Lock "3b5fd09e-368d-4885-9d98-5e4e245dc4ba" "released" by "nova.context.set_target_cell..get_or_set_cached_cell_and_set_connections" :: held 0.001s {{(pid=96035) inner /opt/stack/data/venv/lib/python3.12/site-packages/oslo_concurrency/lockutils.py:544}}
Aug 12 16:29:25.440946 np0000007073 devstack@n-api-meta.service[96037]: DEBUG oslo_db.sqlalchemy.engines [None req-f3945fc1-05e6-497c-a1af-e025656ead4e None None] MySQL server mode set to STRICT_TRANS_TABLES,STRICT_ALL_TABLES,NO_ZERO_IN_DATE,NO_ZERO_DATE,ERROR_FOR_DIVISION_BY_ZERO,TRADITIONAL,NO_ENGINE_SUBSTITUTION {{(pid=96037) _check_effective_sql_mode /opt/stack/data/venv/lib/python3.12/site-packages/oslo_db/sqlalchemy/engines.py:325}}
Aug 12 16:29:25.442193 np0000007073 devstack@n-api-meta.service[96035]: INFO dbcounter [None req-16e2410d-7c0f-4b2f-9b8a-546b6ca065f1 None None] Registered counter for database nova_cell0
Aug 12 16:29:25.445133 np0000007073 devstack@n-api-meta.service[96035]: INFO dbcounter [None req-16e2410d-7c0f-4b2f-9b8a-546b6ca065f1 None None] Registered counter for database nova_cell1
Aug 12 16:29:25.447268 np0000007073 devstack@n-api-meta.service[96038]: DEBUG oslo_db.sqlalchemy.engines [None req-21834df2-0a67-4fde-b7e3-56b912526f3f None None] MySQL server mode set to STRICT_TRANS_TABLES,STRICT_ALL_TABLES,NO_ZERO_IN_DATE,NO_ZERO_DATE,ERROR_FOR_DIVISION_BY_ZERO,TRADITIONAL,NO_ENGINE_SUBSTITUTION {{(pid=96038) _check_effective_sql_mode /opt/stack/data/venv/lib/python3.12/site-packages/oslo_db/sqlalchemy/engines.py:325}}
Aug 12 16:29:25.451592 np0000007073 devstack@n-api-meta.service[96038]: DEBUG oslo_db.sqlalchemy.engines [None req-21834df2-0a67-4fde-b7e3-56b912526f3f None None] MySQL server mode set to STRICT_TRANS_TABLES,STRICT_ALL_TABLES,NO_ZERO_IN_DATE,NO_ZERO_DATE,ERROR_FOR_DIVISION_BY_ZERO,TRADITIONAL,NO_ENGINE_SUBSTITUTION {{(pid=96038) _check_effective_sql_mode /opt/stack/data/venv/lib/python3.12/site-packages/oslo_db/sqlalchemy/engines.py:325}}
Aug 12 16:29:25.455321 np0000007073 devstack@n-api-meta.service[96036]: DEBUG oslo_db.sqlalchemy.engines [None req-a4b8ca2f-1bf2-4710-be83-6cb359c0423c None None] MySQL server mode set to STRICT_TRANS_TABLES,STRICT_ALL_TABLES,NO_ZERO_IN_DATE,NO_ZERO_DATE,ERROR_FOR_DIVISION_BY_ZERO,TRADITIONAL,NO_ENGINE_SUBSTITUTION {{(pid=96036) _check_effective_sql_mode /opt/stack/data/venv/lib/python3.12/site-packages/oslo_db/sqlalchemy/engines.py:325}}
Aug 12 16:29:25.491612 np0000007073 devstack@n-api-meta.service[96036]: DEBUG dbcounter [-] [96036] Writer thread running {{(pid=96036) stat_writer /opt/stack/data/venv/lib/python3.12/site-packages/dbcounter.py:102}}
Aug 12 16:29:25.494853 np0000007073 devstack@n-api-meta.service[96036]: DEBUG nova.context [None req-a4b8ca2f-1bf2-4710-be83-6cb359c0423c None None] Found 2 cells: 00000000-0000-0000-0000-000000000000(cell0),3b5fd09e-368d-4885-9d98-5e4e245dc4ba(cell1) {{(pid=96036) load_cells /opt/stack/nova/nova/context.py:509}}
Aug 12 16:29:25.495159 np0000007073 devstack@n-api-meta.service[96036]: INFO nova.utils [None req-a4b8ca2f-1bf2-4710-be83-6cb359c0423c None None] The cell worker thread pool MainProcess.cell_worker is initialized
Aug 12 16:29:25.497137 np0000007073 devstack@n-api-meta.service[96036]: DEBUG oslo_concurrency.lockutils [None req-a4b8ca2f-1bf2-4710-be83-6cb359c0423c None None] Acquiring lock "00000000-0000-0000-0000-000000000000" by "nova.context.set_target_cell..get_or_set_cached_cell_and_set_connections" {{(pid=96036) inner /opt/stack/data/venv/lib/python3.12/site-packages/oslo_concurrency/lockutils.py:512}}
Aug 12 16:29:25.497346 np0000007073 devstack@n-api-meta.service[96036]: DEBUG oslo_concurrency.lockutils [None req-a4b8ca2f-1bf2-4710-be83-6cb359c0423c None None] Lock "00000000-0000-0000-0000-000000000000" acquired by "nova.context.set_target_cell..get_or_set_cached_cell_and_set_connections" :: waited 0.000s {{(pid=96036) inner /opt/stack/data/venv/lib/python3.12/site-packages/oslo_concurrency/lockutils.py:525}}
Aug 12 16:29:25.497769 np0000007073 devstack@n-api-meta.service[96036]: DEBUG oslo_concurrency.lockutils [None req-a4b8ca2f-1bf2-4710-be83-6cb359c0423c None None] Lock "00000000-0000-0000-0000-000000000000" "released" by "nova.context.set_target_cell..get_or_set_cached_cell_and_set_connections" :: held 0.000s {{(pid=96036) inner /opt/stack/data/venv/lib/python3.12/site-packages/oslo_concurrency/lockutils.py:544}}
Aug 12 16:29:25.498606 np0000007073 devstack@n-api-meta.service[96036]: DEBUG oslo_concurrency.lockutils [None req-a4b8ca2f-1bf2-4710-be83-6cb359c0423c None None] Acquiring lock "3b5fd09e-368d-4885-9d98-5e4e245dc4ba" by "nova.context.set_target_cell..get_or_set_cached_cell_and_set_connections" {{(pid=96036) inner /opt/stack/data/venv/lib/python3.12/site-packages/oslo_concurrency/lockutils.py:512}}
Aug 12 16:29:25.498782 np0000007073 devstack@n-api-meta.service[96036]: DEBUG oslo_concurrency.lockutils [None req-a4b8ca2f-1bf2-4710-be83-6cb359c0423c None None] Lock "3b5fd09e-368d-4885-9d98-5e4e245dc4ba" acquired by "nova.context.set_target_cell..get_or_set_cached_cell_and_set_connections" :: waited 0.000s {{(pid=96036) inner /opt/stack/data/venv/lib/python3.12/site-packages/oslo_concurrency/lockutils.py:525}}
Aug 12 16:29:25.498836 np0000007073 devstack@n-api-meta.service[96035]: DEBUG oslo_db.sqlalchemy.engines [None req-16e2410d-7c0f-4b2f-9b8a-546b6ca065f1 None None] MySQL server mode set to STRICT_TRANS_TABLES,STRICT_ALL_TABLES,NO_ZERO_IN_DATE,NO_ZERO_DATE,ERROR_FOR_DIVISION_BY_ZERO,TRADITIONAL,NO_ENGINE_SUBSTITUTION {{(pid=96035) _check_effective_sql_mode /opt/stack/data/venv/lib/python3.12/site-packages/oslo_db/sqlalchemy/engines.py:325}}
Aug 12 16:29:25.499668 np0000007073 devstack@n-api-meta.service[96036]: DEBUG oslo_concurrency.lockutils [None req-a4b8ca2f-1bf2-4710-be83-6cb359c0423c None None] Lock "3b5fd09e-368d-4885-9d98-5e4e245dc4ba" "released" by "nova.context.set_target_cell..get_or_set_cached_cell_and_set_connections" :: held 0.001s {{(pid=96036) inner /opt/stack/data/venv/lib/python3.12/site-packages/oslo_concurrency/lockutils.py:544}}
Aug 12 16:29:25.501989 np0000007073 devstack@n-api-meta.service[96036]: INFO dbcounter [None req-a4b8ca2f-1bf2-4710-be83-6cb359c0423c None None] Registered counter for database nova_cell0
Aug 12 16:29:25.505962 np0000007073 devstack@n-api-meta.service[96036]: INFO dbcounter [None req-a4b8ca2f-1bf2-4710-be83-6cb359c0423c None None] Registered counter for database nova_cell1
Aug 12 16:29:25.509921 np0000007073 devstack@n-api-meta.service[96035]: DEBUG oslo_db.sqlalchemy.engines [None req-16e2410d-7c0f-4b2f-9b8a-546b6ca065f1 None None] MySQL server mode set to STRICT_TRANS_TABLES,STRICT_ALL_TABLES,NO_ZERO_IN_DATE,NO_ZERO_DATE,ERROR_FOR_DIVISION_BY_ZERO,TRADITIONAL,NO_ENGINE_SUBSTITUTION {{(pid=96035) _check_effective_sql_mode /opt/stack/data/venv/lib/python3.12/site-packages/oslo_db/sqlalchemy/engines.py:325}}
Aug 12 16:29:25.527968 np0000007073 devstack@n-api-meta.service[96037]: DEBUG dbcounter [-] [96037] Writer thread running {{(pid=96037) stat_writer /opt/stack/data/venv/lib/python3.12/site-packages/dbcounter.py:102}}
Aug 12 16:29:25.531142 np0000007073 devstack@n-api-meta.service[96037]: DEBUG dbcounter [-] [96037] Writer thread running {{(pid=96037) stat_writer /opt/stack/data/venv/lib/python3.12/site-packages/dbcounter.py:102}}
Aug 12 16:29:25.533854 np0000007073 devstack@n-api-meta.service[96037]: INFO dbcounter [None req-f3945fc1-05e6-497c-a1af-e025656ead4e None None] Registered counter for database nova_cell0
Aug 12 16:29:25.548155 np0000007073 devstack@n-api-meta.service[96038]: DEBUG dbcounter [-] [96038] Writer thread running {{(pid=96038) stat_writer /opt/stack/data/venv/lib/python3.12/site-packages/dbcounter.py:102}}
Aug 12 16:29:25.557102 np0000007073 devstack@n-api-meta.service[96038]: DEBUG dbcounter [-] [96038] Writer thread running {{(pid=96038) stat_writer /opt/stack/data/venv/lib/python3.12/site-packages/dbcounter.py:102}}
Aug 12 16:29:25.561342 np0000007073 devstack@n-api-meta.service[96036]: DEBUG oslo_db.sqlalchemy.engines [None req-a4b8ca2f-1bf2-4710-be83-6cb359c0423c None None] MySQL server mode set to STRICT_TRANS_TABLES,STRICT_ALL_TABLES,NO_ZERO_IN_DATE,NO_ZERO_DATE,ERROR_FOR_DIVISION_BY_ZERO,TRADITIONAL,NO_ENGINE_SUBSTITUTION {{(pid=96036) _check_effective_sql_mode /opt/stack/data/venv/lib/python3.12/site-packages/oslo_db/sqlalchemy/engines.py:325}}
Aug 12 16:29:25.562288 np0000007073 devstack@n-api-meta.service[96038]: INFO dbcounter [None req-21834df2-0a67-4fde-b7e3-56b912526f3f None None] Registered counter for database nova_cell0
Aug 12 16:29:25.572619 np0000007073 devstack@n-api-meta.service[96037]: DEBUG oslo_db.sqlalchemy.engines [None req-f3945fc1-05e6-497c-a1af-e025656ead4e None None] MySQL server mode set to STRICT_TRANS_TABLES,STRICT_ALL_TABLES,NO_ZERO_IN_DATE,NO_ZERO_DATE,ERROR_FOR_DIVISION_BY_ZERO,TRADITIONAL,NO_ENGINE_SUBSTITUTION {{(pid=96037) _check_effective_sql_mode /opt/stack/data/venv/lib/python3.12/site-packages/oslo_db/sqlalchemy/engines.py:325}}
Aug 12 16:29:25.580380 np0000007073 devstack@n-api-meta.service[96037]: DEBUG dbcounter [-] [96037] Writer thread running {{(pid=96037) stat_writer /opt/stack/data/venv/lib/python3.12/site-packages/dbcounter.py:102}}
Aug 12 16:29:25.599170 np0000007073 devstack@n-api-meta.service[96035]: DEBUG dbcounter [-] [96035] Writer thread running {{(pid=96035) stat_writer /opt/stack/data/venv/lib/python3.12/site-packages/dbcounter.py:102}}
Aug 12 16:29:25.601567 np0000007073 devstack@n-api-meta.service[96038]: DEBUG oslo_db.sqlalchemy.engines [None req-21834df2-0a67-4fde-b7e3-56b912526f3f None None] MySQL server mode set to STRICT_TRANS_TABLES,STRICT_ALL_TABLES,NO_ZERO_IN_DATE,NO_ZERO_DATE,ERROR_FOR_DIVISION_BY_ZERO,TRADITIONAL,NO_ENGINE_SUBSTITUTION {{(pid=96038) _check_effective_sql_mode /opt/stack/data/venv/lib/python3.12/site-packages/oslo_db/sqlalchemy/engines.py:325}}
Aug 12 16:29:25.603699 np0000007073 devstack@n-api-meta.service[96035]: DEBUG dbcounter [-] [96035] Writer thread running {{(pid=96035) stat_writer /opt/stack/data/venv/lib/python3.12/site-packages/dbcounter.py:102}}
Aug 12 16:29:25.606920 np0000007073 devstack@n-api-meta.service[96035]: INFO dbcounter [None req-16e2410d-7c0f-4b2f-9b8a-546b6ca065f1 None None] Registered counter for database nova_cell0
Aug 12 16:29:25.608700 np0000007073 devstack@n-api-meta.service[96038]: DEBUG dbcounter [-] [96038] Writer thread running {{(pid=96038) stat_writer /opt/stack/data/venv/lib/python3.12/site-packages/dbcounter.py:102}}
Aug 12 16:29:25.624305 np0000007073 devstack@n-api-meta.service[96036]: DEBUG oslo_db.sqlalchemy.engines [None req-a4b8ca2f-1bf2-4710-be83-6cb359c0423c None None] MySQL server mode set to STRICT_TRANS_TABLES,STRICT_ALL_TABLES,NO_ZERO_IN_DATE,NO_ZERO_DATE,ERROR_FOR_DIVISION_BY_ZERO,TRADITIONAL,NO_ENGINE_SUBSTITUTION {{(pid=96036) _check_effective_sql_mode /opt/stack/data/venv/lib/python3.12/site-packages/oslo_db/sqlalchemy/engines.py:325}}
Aug 12 16:29:25.625409 np0000007073 devstack@n-api-meta.service[96037]: WARNING nova.api.metadata.handler [None req-f3945fc1-05e6-497c-a1af-e025656ead4e None None] metadata_proxy_shared_secret is not configured, the metadata information returned by the proxy cannot be trusted
Aug 12 16:29:25.627905 np0000007073 devstack@n-api-meta.service[96037]: DEBUG nova.api.openstack.wsgi_app [None req-f3945fc1-05e6-497c-a1af-e025656ead4e None None] ******************************************************************************** {{(pid=96037) log_opt_values /opt/stack/data/venv/lib/python3.12/site-packages/oslo_config/cfg.py:3518}}
Aug 12 16:29:25.628047 np0000007073 devstack@n-api-meta.service[96037]: DEBUG nova.api.openstack.wsgi_app [None req-f3945fc1-05e6-497c-a1af-e025656ead4e None None] Configuration options gathered from: {{(pid=96037) log_opt_values /opt/stack/data/venv/lib/python3.12/site-packages/oslo_config/cfg.py:3519}}
Aug 12 16:29:25.628205 np0000007073 devstack@n-api-meta.service[96037]: DEBUG nova.api.openstack.wsgi_app [None req-f3945fc1-05e6-497c-a1af-e025656ead4e None None] command line args: [] {{(pid=96037) log_opt_values /opt/stack/data/venv/lib/python3.12/site-packages/oslo_config/cfg.py:3520}}
Aug 12 16:29:25.628361 np0000007073 devstack@n-api-meta.service[96037]: DEBUG nova.api.openstack.wsgi_app [None req-f3945fc1-05e6-497c-a1af-e025656ead4e None None] config files: ['/etc/nova/api-paste.ini', '/etc/nova/nova.conf'] {{(pid=96037) log_opt_values /opt/stack/data/venv/lib/python3.12/site-packages/oslo_config/cfg.py:3521}}
Aug 12 16:29:25.628454 np0000007073 devstack@n-api-meta.service[96037]: DEBUG nova.api.openstack.wsgi_app [None req-f3945fc1-05e6-497c-a1af-e025656ead4e None None] ================================================================================ {{(pid=96037) log_opt_values /opt/stack/data/venv/lib/python3.12/site-packages/oslo_config/cfg.py:3526}}
Aug 12 16:29:25.628646 np0000007073 devstack@n-api-meta.service[96037]: DEBUG nova.api.openstack.wsgi_app [None req-f3945fc1-05e6-497c-a1af-e025656ead4e None None] allow_resize_to_same_host = True {{(pid=96037) log_opt_values /opt/stack/data/venv/lib/python3.12/site-packages/oslo_config/cfg.py:3534}}
Aug 12 16:29:25.628815 np0000007073 devstack@n-api-meta.service[96037]: DEBUG nova.api.openstack.wsgi_app [None req-f3945fc1-05e6-497c-a1af-e025656ead4e None None] arq_binding_timeout = 300 {{(pid=96037) log_opt_values /opt/stack/data/venv/lib/python3.12/site-packages/oslo_config/cfg.py:3534}}
Aug 12 16:29:25.628932 np0000007073 devstack@n-api-meta.service[96037]: DEBUG nova.api.openstack.wsgi_app [None req-f3945fc1-05e6-497c-a1af-e025656ead4e None None] block_device_allocate_retries = 60 {{(pid=96037) log_opt_values /opt/stack/data/venv/lib/python3.12/site-packages/oslo_config/cfg.py:3534}}
Aug 12 16:29:25.629102 np0000007073 devstack@n-api-meta.service[96037]: DEBUG nova.api.openstack.wsgi_app [None req-f3945fc1-05e6-497c-a1af-e025656ead4e None None] block_device_allocate_retries_interval = 3 {{(pid=96037) log_opt_values /opt/stack/data/venv/lib/python3.12/site-packages/oslo_config/cfg.py:3534}}
Aug 12 16:29:25.629243 np0000007073 devstack@n-api-meta.service[96037]: DEBUG nova.api.openstack.wsgi_app [None req-f3945fc1-05e6-497c-a1af-e025656ead4e None None] cell_worker_thread_pool_size = 5 {{(pid=96037) log_opt_values /opt/stack/data/venv/lib/python3.12/site-packages/oslo_config/cfg.py:3534}}
Aug 12 16:29:25.629372 np0000007073 devstack@n-api-meta.service[96037]: DEBUG nova.api.openstack.wsgi_app [None req-f3945fc1-05e6-497c-a1af-e025656ead4e None None] cert = self.pem {{(pid=96037) log_opt_values /opt/stack/data/venv/lib/python3.12/site-packages/oslo_config/cfg.py:3534}}
Aug 12 16:29:25.629597 np0000007073 devstack@n-api-meta.service[96037]: DEBUG nova.api.openstack.wsgi_app [None req-f3945fc1-05e6-497c-a1af-e025656ead4e None None] compute_driver = libvirt.LibvirtDriver {{(pid=96037) log_opt_values /opt/stack/data/venv/lib/python3.12/site-packages/oslo_config/cfg.py:3534}}
Aug 12 16:29:25.629794 np0000007073 devstack@n-api-meta.service[96037]: DEBUG nova.api.openstack.wsgi_app [None req-f3945fc1-05e6-497c-a1af-e025656ead4e None None] compute_monitors = [] {{(pid=96037) log_opt_values /opt/stack/data/venv/lib/python3.12/site-packages/oslo_config/cfg.py:3534}}
Aug 12 16:29:25.629928 np0000007073 devstack@n-api-meta.service[96037]: DEBUG nova.api.openstack.wsgi_app [None req-f3945fc1-05e6-497c-a1af-e025656ead4e None None] concurrency_backend = auto {{(pid=96037) log_opt_values /opt/stack/data/venv/lib/python3.12/site-packages/oslo_config/cfg.py:3534}}
Aug 12 16:29:25.630108 np0000007073 devstack@n-api-meta.service[96037]: DEBUG nova.api.openstack.wsgi_app [None req-f3945fc1-05e6-497c-a1af-e025656ead4e None None] config_dir = [] {{(pid=96037) log_opt_values /opt/stack/data/venv/lib/python3.12/site-packages/oslo_config/cfg.py:3534}}
Aug 12 16:29:25.630273 np0000007073 devstack@n-api-meta.service[96037]: DEBUG nova.api.openstack.wsgi_app [None req-f3945fc1-05e6-497c-a1af-e025656ead4e None None] config_drive_format = iso9660 {{(pid=96037) log_opt_values /opt/stack/data/venv/lib/python3.12/site-packages/oslo_config/cfg.py:3534}}
Aug 12 16:29:25.630372 np0000007073 devstack@n-api-meta.service[96037]: DEBUG nova.api.openstack.wsgi_app [None req-f3945fc1-05e6-497c-a1af-e025656ead4e None None] config_file = ['/etc/nova/api-paste.ini', '/etc/nova/nova.conf'] {{(pid=96037) log_opt_values /opt/stack/data/venv/lib/python3.12/site-packages/oslo_config/cfg.py:3534}}
Aug 12 16:29:25.630504 np0000007073 devstack@n-api-meta.service[96037]: DEBUG nova.api.openstack.wsgi_app [None req-f3945fc1-05e6-497c-a1af-e025656ead4e None None] config_source = [] {{(pid=96037) log_opt_values /opt/stack/data/venv/lib/python3.12/site-packages/oslo_config/cfg.py:3534}}
Aug 12 16:29:25.630624 np0000007073 devstack@n-api-meta.service[96037]: DEBUG nova.api.openstack.wsgi_app [None req-f3945fc1-05e6-497c-a1af-e025656ead4e None None] console_host = np0000007073 {{(pid=96037) log_opt_values /opt/stack/data/venv/lib/python3.12/site-packages/oslo_config/cfg.py:3534}}
Aug 12 16:29:25.630767 np0000007073 devstack@n-api-meta.service[96037]: DEBUG nova.api.openstack.wsgi_app [None req-f3945fc1-05e6-497c-a1af-e025656ead4e None None] control_exchange = nova {{(pid=96037) log_opt_values /opt/stack/data/venv/lib/python3.12/site-packages/oslo_config/cfg.py:3534}}
Aug 12 16:29:25.630881 np0000007073 devstack@n-api-meta.service[96037]: DEBUG nova.api.openstack.wsgi_app [None req-f3945fc1-05e6-497c-a1af-e025656ead4e None None] cpu_allocation_ratio = None {{(pid=96037) log_opt_values /opt/stack/data/venv/lib/python3.12/site-packages/oslo_config/cfg.py:3534}}
Aug 12 16:29:25.630990 np0000007073 devstack@n-api-meta.service[96037]: DEBUG nova.api.openstack.wsgi_app [None req-f3945fc1-05e6-497c-a1af-e025656ead4e None None] daemon = False {{(pid=96037) log_opt_values /opt/stack/data/venv/lib/python3.12/site-packages/oslo_config/cfg.py:3534}}
Aug 12 16:29:25.631157 np0000007073 devstack@n-api-meta.service[96037]: DEBUG nova.api.openstack.wsgi_app [None req-f3945fc1-05e6-497c-a1af-e025656ead4e None None] debug = True {{(pid=96037) log_opt_values /opt/stack/data/venv/lib/python3.12/site-packages/oslo_config/cfg.py:3534}}
Aug 12 16:29:25.631274 np0000007073 devstack@n-api-meta.service[96037]: DEBUG nova.api.openstack.wsgi_app [None req-f3945fc1-05e6-497c-a1af-e025656ead4e None None] default_access_ip_network_name = None {{(pid=96037) log_opt_values /opt/stack/data/venv/lib/python3.12/site-packages/oslo_config/cfg.py:3534}}
Aug 12 16:29:25.631391 np0000007073 devstack@n-api-meta.service[96037]: DEBUG nova.api.openstack.wsgi_app [None req-f3945fc1-05e6-497c-a1af-e025656ead4e None None] default_availability_zone = nova {{(pid=96037) log_opt_values /opt/stack/data/venv/lib/python3.12/site-packages/oslo_config/cfg.py:3534}}
Aug 12 16:29:25.631523 np0000007073 devstack@n-api-meta.service[96037]: DEBUG nova.api.openstack.wsgi_app [None req-f3945fc1-05e6-497c-a1af-e025656ead4e None None] default_ephemeral_format = ext4 {{(pid=96037) log_opt_values /opt/stack/data/venv/lib/python3.12/site-packages/oslo_config/cfg.py:3534}}
Aug 12 16:29:25.631636 np0000007073 devstack@n-api-meta.service[96037]: DEBUG nova.api.openstack.wsgi_app [None req-f3945fc1-05e6-497c-a1af-e025656ead4e None None] default_green_pool_size = 1000 {{(pid=96037) log_opt_values /opt/stack/data/venv/lib/python3.12/site-packages/oslo_config/cfg.py:3534}}
Aug 12 16:29:25.631837 np0000007073 devstack@n-api-meta.service[96037]: DEBUG nova.api.openstack.wsgi_app [None req-f3945fc1-05e6-497c-a1af-e025656ead4e None None] default_log_levels = ['amqp=WARN', 'boto=WARN', 'sqlalchemy=WARN', 'suds=INFO', 'oslo.messaging=INFO', 'oslo_messaging=INFO', 'iso8601=WARN', 'requests.packages.urllib3.connectionpool=WARN', 'urllib3.connectionpool=WARN', 'websocket=WARN', 'requests.packages.urllib3.util.retry=WARN', 'urllib3.util.retry=WARN', 'keystonemiddleware=WARN', 'routes.middleware=WARN', 'stevedore=WARN', 'taskflow=WARN', 'keystoneauth=WARN', 'oslo.cache=INFO', 'oslo_policy=INFO', 'dogpile.core.dogpile=INFO', 'glanceclient=WARN', 'oslo.privsep.daemon=INFO'] {{(pid=96037) log_opt_values /opt/stack/data/venv/lib/python3.12/site-packages/oslo_config/cfg.py:3534}}
Aug 12 16:29:25.631947 np0000007073 devstack@n-api-meta.service[96037]: DEBUG nova.api.openstack.wsgi_app [None req-f3945fc1-05e6-497c-a1af-e025656ead4e None None] default_schedule_zone = None {{(pid=96037) log_opt_values /opt/stack/data/venv/lib/python3.12/site-packages/oslo_config/cfg.py:3534}}
Aug 12 16:29:25.632098 np0000007073 devstack@n-api-meta.service[96037]: DEBUG nova.api.openstack.wsgi_app [None req-f3945fc1-05e6-497c-a1af-e025656ead4e None None] default_thread_pool_size = 10 {{(pid=96037) log_opt_values /opt/stack/data/venv/lib/python3.12/site-packages/oslo_config/cfg.py:3534}}
Aug 12 16:29:25.632249 np0000007073 devstack@n-api-meta.service[96037]: DEBUG nova.api.openstack.wsgi_app [None req-f3945fc1-05e6-497c-a1af-e025656ead4e None None] disk_allocation_ratio = None {{(pid=96037) log_opt_values /opt/stack/data/venv/lib/python3.12/site-packages/oslo_config/cfg.py:3534}}
Aug 12 16:29:25.632362 np0000007073 devstack@n-api-meta.service[96037]: DEBUG nova.api.openstack.wsgi_app [None req-f3945fc1-05e6-497c-a1af-e025656ead4e None None] enable_new_services = True {{(pid=96037) log_opt_values /opt/stack/data/venv/lib/python3.12/site-packages/oslo_config/cfg.py:3534}}
Aug 12 16:29:25.632488 np0000007073 devstack@n-api-meta.service[96037]: DEBUG nova.api.openstack.wsgi_app [None req-f3945fc1-05e6-497c-a1af-e025656ead4e None None] flat_injected = False {{(pid=96037) log_opt_values /opt/stack/data/venv/lib/python3.12/site-packages/oslo_config/cfg.py:3534}}
Aug 12 16:29:25.632641 np0000007073 devstack@n-api-meta.service[96037]: DEBUG nova.api.openstack.wsgi_app [None req-f3945fc1-05e6-497c-a1af-e025656ead4e None None] force_config_drive = True {{(pid=96037) log_opt_values /opt/stack/data/venv/lib/python3.12/site-packages/oslo_config/cfg.py:3534}}
Aug 12 16:29:25.632793 np0000007073 devstack@n-api-meta.service[96037]: DEBUG nova.api.openstack.wsgi_app [None req-f3945fc1-05e6-497c-a1af-e025656ead4e None None] force_raw_images = True {{(pid=96037) log_opt_values /opt/stack/data/venv/lib/python3.12/site-packages/oslo_config/cfg.py:3534}}
Aug 12 16:29:25.632943 np0000007073 devstack@n-api-meta.service[96037]: DEBUG nova.api.openstack.wsgi_app [None req-f3945fc1-05e6-497c-a1af-e025656ead4e None None] graceful_shutdown_timeout = 5 {{(pid=96037) log_opt_values /opt/stack/data/venv/lib/python3.12/site-packages/oslo_config/cfg.py:3534}}
Aug 12 16:29:25.633172 np0000007073 devstack@n-api-meta.service[96037]: DEBUG nova.api.openstack.wsgi_app [None req-f3945fc1-05e6-497c-a1af-e025656ead4e None None] heal_instance_info_cache_interval = -1 {{(pid=96037) log_opt_values /opt/stack/data/venv/lib/python3.12/site-packages/oslo_config/cfg.py:3534}}
Aug 12 16:29:25.633358 np0000007073 devstack@n-api-meta.service[96037]: DEBUG nova.api.openstack.wsgi_app [None req-f3945fc1-05e6-497c-a1af-e025656ead4e None None] host = np0000007073 {{(pid=96037) log_opt_values /opt/stack/data/venv/lib/python3.12/site-packages/oslo_config/cfg.py:3534}}
Aug 12 16:29:25.633563 np0000007073 devstack@n-api-meta.service[96037]: DEBUG nova.api.openstack.wsgi_app [None req-f3945fc1-05e6-497c-a1af-e025656ead4e None None] initial_cpu_allocation_ratio = 4.0 {{(pid=96037) log_opt_values /opt/stack/data/venv/lib/python3.12/site-packages/oslo_config/cfg.py:3534}}
Aug 12 16:29:25.633746 np0000007073 devstack@n-api-meta.service[96037]: DEBUG nova.api.openstack.wsgi_app [None req-f3945fc1-05e6-497c-a1af-e025656ead4e None None] initial_disk_allocation_ratio = 1.0 {{(pid=96037) log_opt_values /opt/stack/data/venv/lib/python3.12/site-packages/oslo_config/cfg.py:3534}}
Aug 12 16:29:25.633911 np0000007073 devstack@n-api-meta.service[96037]: DEBUG nova.api.openstack.wsgi_app [None req-f3945fc1-05e6-497c-a1af-e025656ead4e None None] initial_ram_allocation_ratio = 1.0 {{(pid=96037) log_opt_values /opt/stack/data/venv/lib/python3.12/site-packages/oslo_config/cfg.py:3534}}
Aug 12 16:29:25.634146 np0000007073 devstack@n-api-meta.service[96037]: DEBUG nova.api.openstack.wsgi_app [None req-f3945fc1-05e6-497c-a1af-e025656ead4e None None] injected_network_template = /opt/stack/nova/nova/virt/interfaces.template {{(pid=96037) log_opt_values /opt/stack/data/venv/lib/python3.12/site-packages/oslo_config/cfg.py:3534}}
Aug 12 16:29:25.634285 np0000007073 devstack@n-api-meta.service[96037]: DEBUG nova.api.openstack.wsgi_app [None req-f3945fc1-05e6-497c-a1af-e025656ead4e None None] instance_build_timeout = 0 {{(pid=96037) log_opt_values /opt/stack/data/venv/lib/python3.12/site-packages/oslo_config/cfg.py:3534}}
Aug 12 16:29:25.634400 np0000007073 devstack@n-api-meta.service[96037]: DEBUG nova.api.openstack.wsgi_app [None req-f3945fc1-05e6-497c-a1af-e025656ead4e None None] instance_delete_interval = 300 {{(pid=96037) log_opt_values /opt/stack/data/venv/lib/python3.12/site-packages/oslo_config/cfg.py:3534}}
Aug 12 16:29:25.634534 np0000007073 devstack@n-api-meta.service[96037]: DEBUG nova.api.openstack.wsgi_app [None req-f3945fc1-05e6-497c-a1af-e025656ead4e None None] instance_format = [instance: %(uuid)s] {{(pid=96037) log_opt_values /opt/stack/data/venv/lib/python3.12/site-packages/oslo_config/cfg.py:3534}}
Aug 12 16:29:25.634691 np0000007073 devstack@n-api-meta.service[96037]: DEBUG nova.api.openstack.wsgi_app [None req-f3945fc1-05e6-497c-a1af-e025656ead4e None None] instance_name_template = instance-%08x {{(pid=96037) log_opt_values /opt/stack/data/venv/lib/python3.12/site-packages/oslo_config/cfg.py:3534}}
Aug 12 16:29:25.634821 np0000007073 devstack@n-api-meta.service[96037]: DEBUG nova.api.openstack.wsgi_app [None req-f3945fc1-05e6-497c-a1af-e025656ead4e None None] instance_usage_audit = False {{(pid=96037) log_opt_values /opt/stack/data/venv/lib/python3.12/site-packages/oslo_config/cfg.py:3534}}
Aug 12 16:29:25.634945 np0000007073 devstack@n-api-meta.service[96037]: DEBUG nova.api.openstack.wsgi_app [None req-f3945fc1-05e6-497c-a1af-e025656ead4e None None] instance_usage_audit_period = month {{(pid=96037) log_opt_values /opt/stack/data/venv/lib/python3.12/site-packages/oslo_config/cfg.py:3534}}
Aug 12 16:29:25.635097 np0000007073 devstack@n-api-meta.service[96037]: DEBUG nova.api.openstack.wsgi_app [None req-f3945fc1-05e6-497c-a1af-e025656ead4e None None] instance_uuid_format = [instance: %(uuid)s] {{(pid=96037) log_opt_values /opt/stack/data/venv/lib/python3.12/site-packages/oslo_config/cfg.py:3534}}
Aug 12 16:29:25.635253 np0000007073 devstack@n-api-meta.service[96037]: DEBUG nova.api.openstack.wsgi_app [None req-f3945fc1-05e6-497c-a1af-e025656ead4e None None] instances_path = /opt/stack/data/nova/instances {{(pid=96037) log_opt_values /opt/stack/data/venv/lib/python3.12/site-packages/oslo_config/cfg.py:3534}}
Aug 12 16:29:25.635379 np0000007073 devstack@n-api-meta.service[96037]: DEBUG nova.api.openstack.wsgi_app [None req-f3945fc1-05e6-497c-a1af-e025656ead4e None None] internal_service_availability_zone = internal {{(pid=96037) log_opt_values /opt/stack/data/venv/lib/python3.12/site-packages/oslo_config/cfg.py:3534}}
Aug 12 16:29:25.635511 np0000007073 devstack@n-api-meta.service[96037]: DEBUG nova.api.openstack.wsgi_app [None req-f3945fc1-05e6-497c-a1af-e025656ead4e None None] key = None {{(pid=96037) log_opt_values /opt/stack/data/venv/lib/python3.12/site-packages/oslo_config/cfg.py:3534}}
Aug 12 16:29:25.635627 np0000007073 devstack@n-api-meta.service[96037]: DEBUG nova.api.openstack.wsgi_app [None req-f3945fc1-05e6-497c-a1af-e025656ead4e None None] live_migration_retry_count = 30 {{(pid=96037) log_opt_values /opt/stack/data/venv/lib/python3.12/site-packages/oslo_config/cfg.py:3534}}
Aug 12 16:29:25.635801 np0000007073 devstack@n-api-meta.service[96037]: DEBUG nova.api.openstack.wsgi_app [None req-f3945fc1-05e6-497c-a1af-e025656ead4e None None] log_color = False {{(pid=96037) log_opt_values /opt/stack/data/venv/lib/python3.12/site-packages/oslo_config/cfg.py:3534}}
Aug 12 16:29:25.635937 np0000007073 devstack@n-api-meta.service[96037]: DEBUG nova.api.openstack.wsgi_app [None req-f3945fc1-05e6-497c-a1af-e025656ead4e None None] log_config_append = None {{(pid=96037) log_opt_values /opt/stack/data/venv/lib/python3.12/site-packages/oslo_config/cfg.py:3534}}
Aug 12 16:29:25.636088 np0000007073 devstack@n-api-meta.service[96037]: DEBUG nova.api.openstack.wsgi_app [None req-f3945fc1-05e6-497c-a1af-e025656ead4e None None] log_date_format = %Y-%m-%d %H:%M:%S {{(pid=96037) log_opt_values /opt/stack/data/venv/lib/python3.12/site-packages/oslo_config/cfg.py:3534}}
Aug 12 16:29:25.636237 np0000007073 devstack@n-api-meta.service[96037]: DEBUG nova.api.openstack.wsgi_app [None req-f3945fc1-05e6-497c-a1af-e025656ead4e None None] log_dir = None {{(pid=96037) log_opt_values /opt/stack/data/venv/lib/python3.12/site-packages/oslo_config/cfg.py:3534}}
Aug 12 16:29:25.636393 np0000007073 devstack@n-api-meta.service[96037]: DEBUG nova.api.openstack.wsgi_app [None req-f3945fc1-05e6-497c-a1af-e025656ead4e None None] log_file = None {{(pid=96037) log_opt_values /opt/stack/data/venv/lib/python3.12/site-packages/oslo_config/cfg.py:3534}}
Aug 12 16:29:25.636538 np0000007073 devstack@n-api-meta.service[96037]: DEBUG nova.api.openstack.wsgi_app [None req-f3945fc1-05e6-497c-a1af-e025656ead4e None None] log_options = True {{(pid=96037) log_opt_values /opt/stack/data/venv/lib/python3.12/site-packages/oslo_config/cfg.py:3534}}
Aug 12 16:29:25.636715 np0000007073 devstack@n-api-meta.service[96037]: DEBUG nova.api.openstack.wsgi_app [None req-f3945fc1-05e6-497c-a1af-e025656ead4e None None] log_rotate_interval = 1 {{(pid=96037) log_opt_values /opt/stack/data/venv/lib/python3.12/site-packages/oslo_config/cfg.py:3534}}
Aug 12 16:29:25.636910 np0000007073 devstack@n-api-meta.service[96037]: DEBUG nova.api.openstack.wsgi_app [None req-f3945fc1-05e6-497c-a1af-e025656ead4e None None] log_rotate_interval_type = days {{(pid=96037) log_opt_values /opt/stack/data/venv/lib/python3.12/site-packages/oslo_config/cfg.py:3534}}
Aug 12 16:29:25.637145 np0000007073 devstack@n-api-meta.service[96037]: DEBUG nova.api.openstack.wsgi_app [None req-f3945fc1-05e6-497c-a1af-e025656ead4e None None] log_rotation_type = none {{(pid=96037) log_opt_values /opt/stack/data/venv/lib/python3.12/site-packages/oslo_config/cfg.py:3534}}
Aug 12 16:29:25.637294 np0000007073 devstack@n-api-meta.service[96037]: DEBUG nova.api.openstack.wsgi_app [None req-f3945fc1-05e6-497c-a1af-e025656ead4e None None] logging_context_format_string = %(color)s%(levelname)s %(name)s [%(global_request_id)s %(request_id)s %(project_name)s %(user_name)s%(color)s] %(instance)s%(color)s%(message)s {{(pid=96037) log_opt_values /opt/stack/data/venv/lib/python3.12/site-packages/oslo_config/cfg.py:3534}}
Aug 12 16:29:25.637390 np0000007073 devstack@n-api-meta.service[96037]: DEBUG nova.api.openstack.wsgi_app [None req-f3945fc1-05e6-497c-a1af-e025656ead4e None None] logging_debug_format_suffix = {{(pid=%(process)d) %(funcName)s %(pathname)s:%(lineno)d}} {{(pid=96037) log_opt_values /opt/stack/data/venv/lib/python3.12/site-packages/oslo_config/cfg.py:3534}}
Aug 12 16:29:25.637537 np0000007073 devstack@n-api-meta.service[96037]: DEBUG nova.api.openstack.wsgi_app [None req-f3945fc1-05e6-497c-a1af-e025656ead4e None None] logging_default_format_string = %(color)s%(levelname)s %(name)s [-%(color)s] %(instance)s%(color)s%(message)s {{(pid=96037) log_opt_values /opt/stack/data/venv/lib/python3.12/site-packages/oslo_config/cfg.py:3534}}
Aug 12 16:29:25.637661 np0000007073 devstack@n-api-meta.service[96037]: DEBUG nova.api.openstack.wsgi_app [None req-f3945fc1-05e6-497c-a1af-e025656ead4e None None] logging_exception_prefix = ERROR %(name)s %(instance)s {{(pid=96037) log_opt_values /opt/stack/data/venv/lib/python3.12/site-packages/oslo_config/cfg.py:3534}}
Aug 12 16:29:25.637769 np0000007073 devstack@n-api-meta.service[96037]: DEBUG nova.api.openstack.wsgi_app [None req-f3945fc1-05e6-497c-a1af-e025656ead4e None None] logging_user_identity_format = %(user)s %(project)s %(domain)s %(system_scope)s %(user_domain)s %(project_domain)s {{(pid=96037) log_opt_values /opt/stack/data/venv/lib/python3.12/site-packages/oslo_config/cfg.py:3534}}
Aug 12 16:29:25.637884 np0000007073 devstack@n-api-meta.service[96037]: DEBUG nova.api.openstack.wsgi_app [None req-f3945fc1-05e6-497c-a1af-e025656ead4e None None] long_rpc_timeout = 1800 {{(pid=96037) log_opt_values /opt/stack/data/venv/lib/python3.12/site-packages/oslo_config/cfg.py:3534}}
Aug 12 16:29:25.637998 np0000007073 devstack@n-api-meta.service[96037]: DEBUG nova.api.openstack.wsgi_app [None req-f3945fc1-05e6-497c-a1af-e025656ead4e None None] manager_shutdown_timeout = 160 {{(pid=96037) log_opt_values /opt/stack/data/venv/lib/python3.12/site-packages/oslo_config/cfg.py:3534}}
