Aug 12 16:28:59.490643 np0000007073 devstack@neutron-api.service[90765]: DEBUG neutron.api.extensions [None req-49285f8d-be0d-4ba5-9d3e-07ffb0286031 None None] Extended resource: service_profiles {{(pid=90765) __init__ /opt/stack/neutron/neutron/api/extensions.py:156}}
Aug 12 16:28:59.490643 np0000007073 devstack@neutron-api.service[90765]: DEBUG neutron.api.extensions [None req-49285f8d-be0d-4ba5-9d3e-07ffb0286031 None None] Extended resource: next_providers {{(pid=90765) __init__ /opt/stack/neutron/neutron/api/extensions.py:156}}
Aug 12 16:28:59.490765 np0000007073 devstack@neutron-api.service[90766]: DEBUG neutron.api.extensions [None req-99b1c842-2afb-4819-919a-4d84572a26c6 None None] Ext name="Tag support for resources with standard attribute: port, subnet, subnetpool, network, security_group, router, floatingip, policy, trunk, network_segment_range" alias="standard-attr-tag" description="Enables to set tag on resources with standard attribute." updated="2017-01-01T00:00:00-00:00" {{(pid=90766) _check_extension /opt/stack/neutron/neutron/api/extensions.py:415}}
Aug 12 16:28:59.490765 np0000007073 devstack@neutron-api.service[90766]: INFO neutron.api.extensions [None req-99b1c842-2afb-4819-919a-4d84572a26c6 None None] Loaded extension: standard-attr-tag
Aug 12 16:28:59.490765 np0000007073 devstack@neutron-api.service[90766]: DEBUG neutron.api.extensions [None req-99b1c842-2afb-4819-919a-4d84572a26c6 None None] Loading extension file: timestamp.py {{(pid=90766) _load_all_extensions_from_path /opt/stack/neutron/neutron/api/extensions.py:449}}
Aug 12 16:28:59.490765 np0000007073 devstack@neutron-api.service[90766]: DEBUG neutron.api.extensions [None req-99b1c842-2afb-4819-919a-4d84572a26c6 None None] Ext name="Resource timestamps" alias="standard-attr-timestamp" description="Adds created_at and updated_at fields to all Neutron resources that have Neutron standard attributes." updated="2016-09-12T10:00:00-00:00" {{(pid=90766) _check_extension /opt/stack/neutron/neutron/api/extensions.py:415}}
Aug 12 16:28:59.490951 np0000007073 devstack@neutron-api.service[90765]: DEBUG neutron.api.extensions [None req-49285f8d-be0d-4ba5-9d3e-07ffb0286031 None None] Extended resource: service_profiles {{(pid=90765) __init__ /opt/stack/neutron/neutron/api/extensions.py:156}}
Aug 12 16:28:59.491070 np0000007073 devstack@neutron-api.service[90766]: INFO neutron.api.extensions [None req-99b1c842-2afb-4819-919a-4d84572a26c6 None None] Loaded extension: standard-attr-timestamp
Aug 12 16:28:59.491070 np0000007073 devstack@neutron-api.service[90766]: DEBUG neutron.api.extensions [None req-99b1c842-2afb-4819-919a-4d84572a26c6 None None] Loading extension file: trunk.py {{(pid=90766) _load_all_extensions_from_path /opt/stack/neutron/neutron/api/extensions.py:449}}
Aug 12 16:28:59.491070 np0000007073 devstack@neutron-api.service[90766]: DEBUG neutron.api.extensions [None req-99b1c842-2afb-4819-919a-4d84572a26c6 None None] Ext name="Trunk Extension" alias="trunk" description="Provides support for trunk ports" updated="2016-01-01T10:00:00-00:00" {{(pid=90766) _check_extension /opt/stack/neutron/neutron/api/extensions.py:415}}
Aug 12 16:28:59.491070 np0000007073 devstack@neutron-api.service[90766]: INFO neutron.api.extensions [None req-99b1c842-2afb-4819-919a-4d84572a26c6 None None] Extension trunk not supported by any of loaded plugins
Aug 12 16:28:59.491070 np0000007073 devstack@neutron-api.service[90766]: DEBUG neutron.api.extensions [None req-99b1c842-2afb-4819-919a-4d84572a26c6 None None] Loading extension file: trunk_details.py {{(pid=90766) _load_all_extensions_from_path /opt/stack/neutron/neutron/api/extensions.py:449}}
Aug 12 16:28:59.491070 np0000007073 devstack@neutron-api.service[90766]: DEBUG neutron.api.extensions [None req-99b1c842-2afb-4819-919a-4d84572a26c6 None None] Ext name="Trunk port details" alias="trunk-details" description="Expose trunk port details" updated="2016-01-01T10:00:00-00:00" {{(pid=90766) _check_extension /opt/stack/neutron/neutron/api/extensions.py:415}}
Aug 12 16:28:59.491070 np0000007073 devstack@neutron-api.service[90766]: INFO neutron.api.extensions [None req-99b1c842-2afb-4819-919a-4d84572a26c6 None None] Extension trunk-details not supported by any of loaded plugins
Aug 12 16:28:59.491279 np0000007073 devstack@neutron-api.service[90765]: DEBUG neutron.api.extensions [None req-49285f8d-be0d-4ba5-9d3e-07ffb0286031 None None] Extended resource: floatingip-pools {{(pid=90765) __init__ /opt/stack/neutron/neutron/api/extensions.py:156}}
Aug 12 16:28:59.491379 np0000007073 devstack@neutron-api.service[90766]: DEBUG neutron.api.extensions [None req-99b1c842-2afb-4819-919a-4d84572a26c6 None None] Loading extension file: uplink_status_propagation.py {{(pid=90766) _load_all_extensions_from_path /opt/stack/neutron/neutron/api/extensions.py:449}}
Aug 12 16:28:59.491379 np0000007073 devstack@neutron-api.service[90766]: DEBUG neutron.api.extensions [None req-99b1c842-2afb-4819-919a-4d84572a26c6 None None] Ext name="Uplink status propagation extension" alias="uplink-status-propagation" description="Provides ability to propagate port uplink status." updated="2018-05-31T18:00:00-00:00" {{(pid=90766) _check_extension /opt/stack/neutron/neutron/api/extensions.py:415}}
Aug 12 16:28:59.491379 np0000007073 devstack@neutron-api.service[90766]: INFO neutron.api.extensions [None req-99b1c842-2afb-4819-919a-4d84572a26c6 None None] Extension uplink-status-propagation not supported by any of loaded plugins
Aug 12 16:28:59.491379 np0000007073 devstack@neutron-api.service[90766]: DEBUG neutron.api.extensions [None req-99b1c842-2afb-4819-919a-4d84572a26c6 None None] Loading extension file: uplink_status_propagation_updatable.py {{(pid=90766) _load_all_extensions_from_path /opt/stack/neutron/neutron/api/extensions.py:449}}
Aug 12 16:28:59.491527 np0000007073 devstack@neutron-api.service[90765]: DEBUG neutron.api.extensions [None req-49285f8d-be0d-4ba5-9d3e-07ffb0286031 None None] Extended resource: routers {{(pid=90765) __init__ /opt/stack/neutron/neutron/api/extensions.py:156}}
Aug 12 16:28:59.491685 np0000007073 devstack@neutron-api.service[90766]: DEBUG neutron.api.extensions [None req-99b1c842-2afb-4819-919a-4d84572a26c6 None None] Ext name="Uplink status propagation updatable extension" alias="uplink-status-propagation-updatable" description="Provides ability to update the port uplink status." updated="2024-09-03T18:00:00-00:00" {{(pid=90766) _check_extension /opt/stack/neutron/neutron/api/extensions.py:415}}
Aug 12 16:28:59.491685 np0000007073 devstack@neutron-api.service[90766]: INFO neutron.api.extensions [None req-99b1c842-2afb-4819-919a-4d84572a26c6 None None] Extension uplink-status-propagation-updatable not supported by any of loaded plugins
Aug 12 16:28:59.491685 np0000007073 devstack@neutron-api.service[90766]: DEBUG neutron.api.extensions [None req-99b1c842-2afb-4819-919a-4d84572a26c6 None None] Loading extension file: vlantransparent.py {{(pid=90766) _load_all_extensions_from_path /opt/stack/neutron/neutron/api/extensions.py:449}}
Aug 12 16:28:59.491969 np0000007073 devstack@neutron-api.service[90766]: DEBUG neutron.api.extensions [None req-99b1c842-2afb-4819-919a-4d84572a26c6 None None] Ext name="Vlantransparent" alias="vlan-transparent" description="Provides Vlan Transparent Networks" updated="2015-03-23T09:00:00-00:00" {{(pid=90766) _check_extension /opt/stack/neutron/neutron/api/extensions.py:415}}
Aug 12 16:28:59.492145 np0000007073 devstack@neutron-api.service[90766]: INFO neutron.api.extensions [None req-99b1c842-2afb-4819-919a-4d84572a26c6 None None] Loaded extension: vlan-transparent
Aug 12 16:28:59.492702 np0000007073 devstack@neutron-api.service[90765]: DEBUG neutron.api.extensions [None req-49285f8d-be0d-4ba5-9d3e-07ffb0286031 None None] Extended resource: floatingips {{(pid=90765) __init__ /opt/stack/neutron/neutron/api/extensions.py:156}}
Aug 12 16:28:59.493184 np0000007073 devstack@neutron-api.service[90763]: DEBUG neutron_lib.callbacks.manager [None req-890307bf-05b0-4bc4-86da-d8fa1b249e0b None None] Publish callbacks ['neutron.plugins.ml2.drivers.ovn.mech_driver.mech_driver.OVNMechanismDriver.pre_fork_initialize-175550'] for process (None), before_spawn {{(pid=90763) _notify_loop /opt/stack/data/venv/lib/python3.12/site-packages/neutron_lib/callbacks/manager.py:184}}
Aug 12 16:28:59.493854 np0000007073 devstack@neutron-api.service[90766]: INFO neutron.quota.resource_registry [None req-99b1c842-2afb-4819-919a-4d84572a26c6 None None] Creating instance of TrackedResource for resource:network
Aug 12 16:28:59.494080 np0000007073 devstack@neutron-api.service[90763]: DEBUG oslo_concurrency.processutils [None req-890307bf-05b0-4bc4-86da-d8fa1b249e0b None None] Running cmd (subprocess): ovsdb-client transact ssl:10.4.3.214:6641 --timeout 180 -p /opt/stack/data/CA/int-ca/private/devstack-cert.key -c /opt/stack/data/CA/int-ca/devstack-cert.crt -C /opt/stack/data/CA/int-ca/ca-chain.pem ["OVN_Northbound", {"op": "wait", "timeout": 0, "table": "Port_Group", "where": [["name", "==", "neutron_pg_drop"]], "until": "==", "rows": []}, {"op": "insert", "table": "ACL", "row": {"action": "drop", "direction": "to-lport", "match": "outport == @neutron_pg_drop && ip", "priority": 1000}, "uuid-name": "droptoport"}, {"op": "insert", "table": "ACL", "row": {"action": "drop", "direction": "from-lport", "match": "inport == @neutron_pg_drop && ip", "priority": 1000}, "uuid-name": "dropfromport"}, {"op": "insert", "table": "Port_Group", "row": {"name": "neutron_pg_drop", "acls": ["set", [["named-uuid", "droptoport"], ["named-uuid", "dropfromport"]]]}}] {{(pid=90763) execute /opt/stack/data/venv/lib/python3.12/site-packages/oslo_concurrency/processutils.py:440}}
Aug 12 16:28:59.494347 np0000007073 devstack@neutron-api.service[90766]: INFO neutron.quota.resource_registry [None req-99b1c842-2afb-4819-919a-4d84572a26c6 None None] Creating instance of TrackedResource for resource:subnet
Aug 12 16:28:59.494347 np0000007073 devstack@neutron-api.service[90766]: INFO neutron.quota.resource_registry [None req-99b1c842-2afb-4819-919a-4d84572a26c6 None None] Creating instance of TrackedResource for resource:subnetpool
Aug 12 16:28:59.494347 np0000007073 devstack@neutron-api.service[90766]: INFO neutron.quota.resource_registry [None req-99b1c842-2afb-4819-919a-4d84572a26c6 None None] Creating instance of TrackedResource for resource:port
Aug 12 16:28:59.494576 np0000007073 devstack@neutron-api.service[90765]: DEBUG neutron.api.extensions [None req-49285f8d-be0d-4ba5-9d3e-07ffb0286031 None None] Extended resource: l3-routers {{(pid=90765) __init__ /opt/stack/neutron/neutron/api/extensions.py:156}}
Aug 12 16:28:59.495236 np0000007073 devstack@neutron-api.service[90765]: DEBUG neutron.api.extensions [None req-49285f8d-be0d-4ba5-9d3e-07ffb0286031 None None] Extended resource: l3-agents {{(pid=90765) __init__ /opt/stack/neutron/neutron/api/extensions.py:156}}
Aug 12 16:28:59.495664 np0000007073 devstack@neutron-api.service[90766]: INFO neutron.quota.resource_registry [None req-99b1c842-2afb-4819-919a-4d84572a26c6 None None] Creating instance of CountableResource for resource:router_route
Aug 12 16:28:59.495880 np0000007073 devstack@neutron-api.service[90766]: DEBUG neutron.api.v2.resource_helper [None req-99b1c842-2afb-4819-919a-4d84572a26c6 None None] Service L3_ROUTER_NAT assigned prefix: {{(pid=90766) build_resource_info /opt/stack/neutron/neutron/api/v2/resource_helper.py:77}}
Aug 12 16:28:59.496218 np0000007073 devstack@neutron-api.service[90765]: DEBUG neutron.api.extensions [None req-49285f8d-be0d-4ba5-9d3e-07ffb0286031 None None] Extended resource: network-ip-availabilities {{(pid=90765) __init__ /opt/stack/neutron/neutron/api/extensions.py:156}}
Aug 12 16:28:59.496576 np0000007073 devstack@neutron-api.service[90766]: DEBUG neutron.api.v2.resource_helper [None req-99b1c842-2afb-4819-919a-4d84572a26c6 None None] Service FLAVORS assigned prefix: {{(pid=90766) build_resource_info /opt/stack/neutron/neutron/api/v2/resource_helper.py:77}}
Aug 12 16:28:59.496946 np0000007073 devstack@neutron-api.service[90765]: DEBUG neutron.api.extensions [None req-49285f8d-be0d-4ba5-9d3e-07ffb0286031 None None] Extended resource: network-ip-availabilities {{(pid=90765) __init__ /opt/stack/neutron/neutron/api/extensions.py:156}}
Aug 12 16:28:59.497350 np0000007073 devstack@neutron-api.service[90766]: DEBUG neutron.api.v2.resource_helper [None req-99b1c842-2afb-4819-919a-4d84572a26c6 None None] Service L3_ROUTER_NAT assigned prefix: {{(pid=90766) build_resource_info /opt/stack/neutron/neutron/api/v2/resource_helper.py:77}}
Aug 12 16:28:59.497697 np0000007073 devstack@neutron-api.service[90765]: DEBUG neutron.api.extensions [None req-49285f8d-be0d-4ba5-9d3e-07ffb0286031 None None] Extended resource: bindings {{(pid=90765) __init__ /opt/stack/neutron/neutron/api/extensions.py:156}}
Aug 12 16:28:59.498051 np0000007073 devstack@neutron-api.service[90766]: DEBUG neutron.api.v2.resource_helper [None req-99b1c842-2afb-4819-919a-4d84572a26c6 None None] Service L3_ROUTER_NAT assigned prefix: {{(pid=90766) build_resource_info /opt/stack/neutron/neutron/api/v2/resource_helper.py:77}}
Aug 12 16:28:59.498051 np0000007073 devstack@neutron-api.service[90766]: INFO neutron.quota.resource_registry [None req-99b1c842-2afb-4819-919a-4d84572a26c6 None None] Creating instance of TrackedResource for resource:router
Aug 12 16:28:59.498051 np0000007073 devstack@neutron-api.service[90766]: INFO neutron.quota.resource_registry [None req-99b1c842-2afb-4819-919a-4d84572a26c6 None None] Creating instance of TrackedResource for resource:floatingip
Aug 12 16:28:59.498449 np0000007073 devstack@neutron-api.service[90765]: DEBUG neutron.api.extensions [None req-49285f8d-be0d-4ba5-9d3e-07ffb0286031 None None] Extended resource: quotas {{(pid=90765) __init__ /opt/stack/neutron/neutron/api/extensions.py:156}}
Aug 12 16:28:59.499314 np0000007073 devstack@neutron-api.service[90766]: INFO neutron.quota.resource_registry [None req-99b1c842-2afb-4819-919a-4d84572a26c6 None None] Creating instance of CountableResource for resource:rbac_policy
Aug 12 16:28:59.499738 np0000007073 devstack@neutron-api.service[90765]: DEBUG neutron.api.extensions [None req-49285f8d-be0d-4ba5-9d3e-07ffb0286031 None None] Extended resource: quotas {{(pid=90765) __init__ /opt/stack/neutron/neutron/api/extensions.py:156}}
Aug 12 16:28:59.500184 np0000007073 devstack@neutron-api.service[90766]: INFO neutron.quota.resource_registry [None req-99b1c842-2afb-4819-919a-4d84572a26c6 None None] Creating instance of TrackedResource for resource:security_group
Aug 12 16:28:59.500611 np0000007073 devstack@neutron-api.service[90765]: DEBUG neutron.api.extensions [None req-49285f8d-be0d-4ba5-9d3e-07ffb0286031 None None] Extended resource: rbac-policies {{(pid=90765) __init__ /opt/stack/neutron/neutron/api/extensions.py:156}}
Aug 12 16:28:59.500989 np0000007073 devstack@neutron-api.service[90766]: INFO neutron.quota.resource_registry [None req-99b1c842-2afb-4819-919a-4d84572a26c6 None None] Creating instance of TrackedResource for resource:security_group_rule
Aug 12 16:28:59.501397 np0000007073 devstack@neutron-api.service[90765]: DEBUG neutron.api.extensions [None req-49285f8d-be0d-4ba5-9d3e-07ffb0286031 None None] Extended resource: default-security-group-rules {{(pid=90765) __init__ /opt/stack/neutron/neutron/api/extensions.py:156}}
Aug 12 16:28:59.501689 np0000007073 devstack@neutron-api.service[90766]: DEBUG neutron.api.v2.resource_helper [None req-99b1c842-2afb-4819-919a-4d84572a26c6 None None] Service CORE assigned prefix: {{(pid=90766) build_resource_info /opt/stack/neutron/neutron/api/v2/resource_helper.py:77}}
Aug 12 16:28:59.501689 np0000007073 devstack@neutron-api.service[90766]: INFO neutron.quota.resource_registry [None req-99b1c842-2afb-4819-919a-4d84572a26c6 None None] Creating instance of TrackedResource for resource:subnetpool
Aug 12 16:28:59.501689 np0000007073 devstack@neutron-api.service[90766]: WARNING neutron.quota.resource_registry [None req-99b1c842-2afb-4819-919a-4d84572a26c6 None None] subnetpool is already registered
Aug 12 16:28:59.502082 np0000007073 devstack@neutron-api.service[90765]: DEBUG neutron.api.extensions [None req-49285f8d-be0d-4ba5-9d3e-07ffb0286031 None None] Extended resource: security-groups-default-statefulness {{(pid=90765) __init__ /opt/stack/neutron/neutron/api/extensions.py:156}}
Aug 12 16:28:59.502429 np0000007073 devstack@neutron-api.service[90766]: DEBUG neutron.api.v2.resource_helper [None req-99b1c842-2afb-4819-919a-4d84572a26c6 None None] Service CORE assigned prefix: {{(pid=90766) build_resource_info /opt/stack/neutron/neutron/api/v2/resource_helper.py:77}}
Aug 12 16:28:59.502429 np0000007073 devstack@neutron-api.service[90766]: INFO neutron.quota.resource_registry [None req-99b1c842-2afb-4819-919a-4d84572a26c6 None None] Creating instance of TrackedResource for resource:subnetpool
Aug 12 16:28:59.502429 np0000007073 devstack@neutron-api.service[90766]: WARNING neutron.quota.resource_registry [None req-99b1c842-2afb-4819-919a-4d84572a26c6 None None] subnetpool is already registered
Aug 12 16:28:59.502983 np0000007073 devstack@neutron-api.service[90765]: DEBUG neutron.api.extensions [None req-49285f8d-be0d-4ba5-9d3e-07ffb0286031 None None] Extended resource: security-groups {{(pid=90765) __init__ /opt/stack/neutron/neutron/api/extensions.py:156}}
Aug 12 16:28:59.502983 np0000007073 devstack@neutron-api.service[90765]: DEBUG neutron.api.extensions [None req-49285f8d-be0d-4ba5-9d3e-07ffb0286031 None None] Extended resource: security-group-rules {{(pid=90765) __init__ /opt/stack/neutron/neutron/api/extensions.py:156}}
Aug 12 16:28:59.502983 np0000007073 devstack@neutron-api.service[90765]: DEBUG neutron.api.extensions [None req-49285f8d-be0d-4ba5-9d3e-07ffb0286031 None None] Extended resource: service-providers {{(pid=90765) __init__ /opt/stack/neutron/neutron/api/extensions.py:156}}
Aug 12 16:28:59.502983 np0000007073 devstack@neutron-api.service[90765]: DEBUG neutron.api.extensions [None req-49285f8d-be0d-4ba5-9d3e-07ffb0286031 None None] Extended resource: subnetpools {{(pid=90765) __init__ /opt/stack/neutron/neutron/api/extensions.py:156}}
Aug 12 16:28:59.503539 np0000007073 devstack@neutron-api.service[90765]: DEBUG neutron.api.extensions [None req-49285f8d-be0d-4ba5-9d3e-07ffb0286031 None None] Extended resource: subnetpools {{(pid=90765) __init__ /opt/stack/neutron/neutron/api/extensions.py:156}}
Aug 12 16:28:59.503849 np0000007073 devstack@neutron-api.service[90766]: INFO neutron.quota.resource_registry [None req-99b1c842-2afb-4819-919a-4d84572a26c6 None None] Creating instance of CountableResource for resource:router_route
Aug 12 16:28:59.503849 np0000007073 devstack@neutron-api.service[90766]: WARNING neutron.quota.resource_registry [None req-99b1c842-2afb-4819-919a-4d84572a26c6 None None] router_route is already registered
Aug 12 16:28:59.503849 np0000007073 devstack@neutron-api.service[90766]: DEBUG neutron.api.v2.resource_helper [None req-99b1c842-2afb-4819-919a-4d84572a26c6 None None] Service L3_ROUTER_NAT assigned prefix: {{(pid=90766) build_resource_info /opt/stack/neutron/neutron/api/v2/resource_helper.py:77}}
Aug 12 16:28:59.504208 np0000007073 devstack@neutron-api.service[90765]: DEBUG neutron.api.extensions [None req-49285f8d-be0d-4ba5-9d3e-07ffb0286031 None None] Extended resource: tags {{(pid=90765) __init__ /opt/stack/neutron/neutron/api/extensions.py:156}}
Aug 12 16:28:59.504406 np0000007073 devstack@neutron-api.service[90766]: DEBUG neutron.api.v2.resource_helper [None req-99b1c842-2afb-4819-919a-4d84572a26c6 None None] Service FLAVORS assigned prefix: {{(pid=90766) build_resource_info /opt/stack/neutron/neutron/api/v2/resource_helper.py:77}}
Aug 12 16:28:59.504822 np0000007073 devstack@neutron-api.service[90765]: DEBUG neutron.api.extensions [None req-49285f8d-be0d-4ba5-9d3e-07ffb0286031 None None] Extended resource: tags {{(pid=90765) __init__ /opt/stack/neutron/neutron/api/extensions.py:156}}
Aug 12 16:28:59.505180 np0000007073 devstack@neutron-api.service[90766]: DEBUG neutron.api.v2.resource_helper [None req-99b1c842-2afb-4819-919a-4d84572a26c6 None None] Service L3_ROUTER_NAT assigned prefix: {{(pid=90766) build_resource_info /opt/stack/neutron/neutron/api/v2/resource_helper.py:77}}
Aug 12 16:28:59.505508 np0000007073 devstack@neutron-api.service[90765]: DEBUG neutron.api.extensions [None req-49285f8d-be0d-4ba5-9d3e-07ffb0286031 None None] Extended resource: tags {{(pid=90765) __init__ /opt/stack/neutron/neutron/api/extensions.py:156}}
Aug 12 16:28:59.505801 np0000007073 devstack@neutron-api.service[90766]: DEBUG neutron.api.v2.resource_helper [None req-99b1c842-2afb-4819-919a-4d84572a26c6 None None] Service L3_ROUTER_NAT assigned prefix: {{(pid=90766) build_resource_info /opt/stack/neutron/neutron/api/v2/resource_helper.py:77}}
Aug 12 16:28:59.505801 np0000007073 devstack@neutron-api.service[90766]: INFO neutron.quota.resource_registry [None req-99b1c842-2afb-4819-919a-4d84572a26c6 None None] Creating instance of TrackedResource for resource:router
Aug 12 16:28:59.505801 np0000007073 devstack@neutron-api.service[90766]: WARNING neutron.quota.resource_registry [None req-99b1c842-2afb-4819-919a-4d84572a26c6 None None] router is already registered
Aug 12 16:28:59.505801 np0000007073 devstack@neutron-api.service[90766]: INFO neutron.quota.resource_registry [None req-99b1c842-2afb-4819-919a-4d84572a26c6 None None] Creating instance of TrackedResource for resource:floatingip
Aug 12 16:28:59.506249 np0000007073 devstack@neutron-api.service[90766]: WARNING neutron.quota.resource_registry [None req-99b1c842-2afb-4819-919a-4d84572a26c6 None None] floatingip is already registered
Aug 12 16:28:59.506595 np0000007073 devstack@neutron-api.service[90765]: DEBUG neutron.api.extensions [None req-49285f8d-be0d-4ba5-9d3e-07ffb0286031 None None] Extended resource: tags {{(pid=90765) __init__ /opt/stack/neutron/neutron/api/extensions.py:156}}
Aug 12 16:28:59.506595 np0000007073 devstack@neutron-api.service[90765]: DEBUG neutron.api.extensions [None req-49285f8d-be0d-4ba5-9d3e-07ffb0286031 None None] Extended resource: tags {{(pid=90765) __init__ /opt/stack/neutron/neutron/api/extensions.py:156}}
Aug 12 16:28:59.506959 np0000007073 devstack@neutron-api.service[90766]: INFO neutron.quota.resource_registry [None req-99b1c842-2afb-4819-919a-4d84572a26c6 None None] Creating instance of CountableResource for resource:rbac_policy
Aug 12 16:28:59.506959 np0000007073 devstack@neutron-api.service[90766]: WARNING neutron.quota.resource_registry [None req-99b1c842-2afb-4819-919a-4d84572a26c6 None None] rbac_policy is already registered
Aug 12 16:28:59.507341 np0000007073 devstack@neutron-api.service[90765]: DEBUG neutron.api.extensions [None req-49285f8d-be0d-4ba5-9d3e-07ffb0286031 None None] Extended resource: tags {{(pid=90765) __init__ /opt/stack/neutron/neutron/api/extensions.py:156}}
Aug 12 16:28:59.507646 np0000007073 devstack@neutron-api.service[90766]: INFO neutron.quota.resource_registry [None req-99b1c842-2afb-4819-919a-4d84572a26c6 None None] Creating instance of TrackedResource for resource:security_group
Aug 12 16:28:59.507972 np0000007073 devstack@neutron-api.service[90766]: WARNING neutron.quota.resource_registry [None req-99b1c842-2afb-4819-919a-4d84572a26c6 None None] security_group is already registered
Aug 12 16:28:59.507972 np0000007073 devstack@neutron-api.service[90766]: INFO neutron.quota.resource_registry [None req-99b1c842-2afb-4819-919a-4d84572a26c6 None None] Creating instance of TrackedResource for resource:security_group_rule
Aug 12 16:28:59.508447 np0000007073 devstack@neutron-api.service[90765]: DEBUG neutron.api.extensions [None req-49285f8d-be0d-4ba5-9d3e-07ffb0286031 None None] Extended resource: tags {{(pid=90765) __init__ /opt/stack/neutron/neutron/api/extensions.py:156}}
Aug 12 16:28:59.508800 np0000007073 devstack@neutron-api.service[90766]: WARNING neutron.quota.resource_registry [None req-99b1c842-2afb-4819-919a-4d84572a26c6 None None] security_group_rule is already registered
Aug 12 16:28:59.508800 np0000007073 devstack@neutron-api.service[90766]: DEBUG neutron.api.v2.resource_helper [None req-99b1c842-2afb-4819-919a-4d84572a26c6 None None] Service CORE assigned prefix: {{(pid=90766) build_resource_info /opt/stack/neutron/neutron/api/v2/resource_helper.py:77}}
Aug 12 16:28:59.508800 np0000007073 devstack@neutron-api.service[90766]: INFO neutron.quota.resource_registry [None req-99b1c842-2afb-4819-919a-4d84572a26c6 None None] Creating instance of TrackedResource for resource:subnetpool
Aug 12 16:28:59.508800 np0000007073 devstack@neutron-api.service[90766]: WARNING neutron.quota.resource_registry [None req-99b1c842-2afb-4819-919a-4d84572a26c6 None None] subnetpool is already registered
Aug 12 16:28:59.509272 np0000007073 devstack@neutron-api.service[90765]: DEBUG neutron.api.extensions [None req-49285f8d-be0d-4ba5-9d3e-07ffb0286031 None None] Extended resource: tags {{(pid=90765) __init__ /opt/stack/neutron/neutron/api/extensions.py:156}}
Aug 12 16:28:59.509660 np0000007073 devstack@neutron-api.service[90766]: DEBUG neutron.api.v2.resource_helper [None req-99b1c842-2afb-4819-919a-4d84572a26c6 None None] Service CORE assigned prefix: {{(pid=90766) build_resource_info /opt/stack/neutron/neutron/api/v2/resource_helper.py:77}}
Aug 12 16:28:59.509660 np0000007073 devstack@neutron-api.service[90766]: INFO neutron.quota.resource_registry [None req-99b1c842-2afb-4819-919a-4d84572a26c6 None None] Creating instance of TrackedResource for resource:subnetpool
Aug 12 16:28:59.509660 np0000007073 devstack@neutron-api.service[90766]: WARNING neutron.quota.resource_registry [None req-99b1c842-2afb-4819-919a-4d84572a26c6 None None] subnetpool is already registered
Aug 12 16:28:59.510161 np0000007073 devstack@neutron-api.service[90766]: DEBUG neutron.api.extensions [None req-99b1c842-2afb-4819-919a-4d84572a26c6 None None] Extended resource: extensions {{(pid=90766) __init__ /opt/stack/neutron/neutron/api/extensions.py:156}}
Aug 12 16:28:59.510579 np0000007073 devstack@neutron-api.service[90765]: DEBUG neutron.api.extensions [None req-49285f8d-be0d-4ba5-9d3e-07ffb0286031 None None] Extended resource: tags {{(pid=90765) __init__ /opt/stack/neutron/neutron/api/extensions.py:156}}
Aug 12 16:28:59.510935 np0000007073 devstack@neutron-api.service[90766]: DEBUG neutron.api.extensions [None req-99b1c842-2afb-4819-919a-4d84572a26c6 None None] Extended resource: address-groups {{(pid=90766) __init__ /opt/stack/neutron/neutron/api/extensions.py:156}}
Aug 12 16:28:59.511329 np0000007073 devstack@neutron-api.service[90766]: DEBUG neutron.api.extensions [None req-99b1c842-2afb-4819-919a-4d84572a26c6 None None] Extended resource: address-scopes {{(pid=90766) __init__ /opt/stack/neutron/neutron/api/extensions.py:156}}
Aug 12 16:28:59.511682 np0000007073 devstack@neutron-api.service[90765]: DEBUG neutron.api.extensions [None req-49285f8d-be0d-4ba5-9d3e-07ffb0286031 None None] Extended resource: tags {{(pid=90765) __init__ /opt/stack/neutron/neutron/api/extensions.py:156}}
Aug 12 16:28:59.512020 np0000007073 devstack@neutron-api.service[90766]: DEBUG neutron.api.extensions [None req-99b1c842-2afb-4819-919a-4d84572a26c6 None None] Extended resource: agents {{(pid=90766) __init__ /opt/stack/neutron/neutron/api/extensions.py:156}}
Aug 12 16:28:59.512020 np0000007073 devstack@neutron-api.service[90766]: DEBUG neutron.api.extensions [None req-99b1c842-2afb-4819-919a-4d84572a26c6 None None] Extended resource: auto-allocated-topology {{(pid=90766) __init__ /opt/stack/neutron/neutron/api/extensions.py:156}}
Aug 12 16:28:59.512476 np0000007073 devstack@neutron-api.service[90766]: DEBUG neutron.api.extensions [None req-99b1c842-2afb-4819-919a-4d84572a26c6 None None] Extended resource: availability_zones {{(pid=90766) __init__ /opt/stack/neutron/neutron/api/extensions.py:156}}
Aug 12 16:28:59.513253 np0000007073 devstack@neutron-api.service[90766]: DEBUG neutron.api.extensions [None req-99b1c842-2afb-4819-919a-4d84572a26c6 None None] Extended resource: dhcp-networks {{(pid=90766) __init__ /opt/stack/neutron/neutron/api/extensions.py:156}}
Aug 12 16:28:59.513603 np0000007073 devstack@neutron-api.service[90766]: DEBUG neutron.api.extensions [None req-99b1c842-2afb-4819-919a-4d84572a26c6 None None] Extended resource: dhcp-agents {{(pid=90766) __init__ /opt/stack/neutron/neutron/api/extensions.py:156}}
Aug 12 16:28:59.514019 np0000007073 devstack@neutron-api.service[90766]: DEBUG neutron.api.extensions [None req-99b1c842-2afb-4819-919a-4d84572a26c6 None None] Extended resource: routers {{(pid=90766) __init__ /opt/stack/neutron/neutron/api/extensions.py:156}}
Aug 12 16:28:59.514765 np0000007073 devstack@neutron-api.service[90766]: DEBUG neutron.api.extensions [None req-99b1c842-2afb-4819-919a-4d84572a26c6 None None] Extended resource: flavors {{(pid=90766) __init__ /opt/stack/neutron/neutron/api/extensions.py:156}}
Aug 12 16:28:59.515444 np0000007073 devstack@neutron-api.service[90766]: DEBUG neutron.api.extensions [None req-99b1c842-2afb-4819-919a-4d84572a26c6 None None] Extended resource: service_profiles {{(pid=90766) __init__ /opt/stack/neutron/neutron/api/extensions.py:156}}
Aug 12 16:28:59.516143 np0000007073 devstack@neutron-api.service[90766]: DEBUG neutron.api.extensions [None req-99b1c842-2afb-4819-919a-4d84572a26c6 None None] Extended resource: next_providers {{(pid=90766) __init__ /opt/stack/neutron/neutron/api/extensions.py:156}}
Aug 12 16:28:59.516480 np0000007073 devstack@neutron-api.service[90766]: DEBUG neutron.api.extensions [None req-99b1c842-2afb-4819-919a-4d84572a26c6 None None] Extended resource: service_profiles {{(pid=90766) __init__ /opt/stack/neutron/neutron/api/extensions.py:156}}
Aug 12 16:28:59.517150 np0000007073 devstack@neutron-api.service[90766]: DEBUG neutron.api.extensions [None req-99b1c842-2afb-4819-919a-4d84572a26c6 None None] Extended resource: floatingip-pools {{(pid=90766) __init__ /opt/stack/neutron/neutron/api/extensions.py:156}}
Aug 12 16:28:59.517811 np0000007073 devstack@neutron-api.service[90766]: DEBUG neutron.api.extensions [None req-99b1c842-2afb-4819-919a-4d84572a26c6 None None] Extended resource: routers {{(pid=90766) __init__ /opt/stack/neutron/neutron/api/extensions.py:156}}
Aug 12 16:28:59.519077 np0000007073 devstack@neutron-api.service[90766]: DEBUG neutron.api.extensions [None req-99b1c842-2afb-4819-919a-4d84572a26c6 None None] Extended resource: floatingips {{(pid=90766) __init__ /opt/stack/neutron/neutron/api/extensions.py:156}}
Aug 12 16:28:59.519467 np0000007073 devstack@neutron-api.service[90766]: DEBUG neutron.api.extensions [None req-99b1c842-2afb-4819-919a-4d84572a26c6 None None] Extended resource: l3-routers {{(pid=90766) __init__ /opt/stack/neutron/neutron/api/extensions.py:156}}
Aug 12 16:28:59.520090 np0000007073 devstack@neutron-api.service[90766]: DEBUG neutron.api.extensions [None req-99b1c842-2afb-4819-919a-4d84572a26c6 None None] Extended resource: l3-agents {{(pid=90766) __init__ /opt/stack/neutron/neutron/api/extensions.py:156}}
Aug 12 16:28:59.520618 np0000007073 devstack@neutron-api.service[90766]: DEBUG neutron.api.extensions [None req-99b1c842-2afb-4819-919a-4d84572a26c6 None None] Extended resource: network-ip-availabilities {{(pid=90766) __init__ /opt/stack/neutron/neutron/api/extensions.py:156}}
Aug 12 16:28:59.521069 np0000007073 devstack@neutron-api.service[90766]: DEBUG neutron.api.extensions [None req-99b1c842-2afb-4819-919a-4d84572a26c6 None None] Extended resource: network-ip-availabilities {{(pid=90766) __init__ /opt/stack/neutron/neutron/api/extensions.py:156}}
Aug 12 16:28:59.522460 np0000007073 devstack@neutron-api.service[90766]: DEBUG neutron.api.extensions [None req-99b1c842-2afb-4819-919a-4d84572a26c6 None None] Extended resource: bindings {{(pid=90766) __init__ /opt/stack/neutron/neutron/api/extensions.py:156}}
Aug 12 16:28:59.523345 np0000007073 devstack@neutron-api.service[90766]: DEBUG neutron.api.extensions [None req-99b1c842-2afb-4819-919a-4d84572a26c6 None None] Extended resource: quotas {{(pid=90766) __init__ /opt/stack/neutron/neutron/api/extensions.py:156}}
Aug 12 16:28:59.523869 np0000007073 devstack@neutron-api.service[90765]: DEBUG neutron_lib.callbacks.manager [None req-49285f8d-be0d-4ba5-9d3e-07ffb0286031 None None] Publish callbacks ['neutron.plugins.ml2.drivers.ovn.mech_driver.mech_driver.OVNMechanismDriver.pre_fork_initialize-446103'] for process (None), before_spawn {{(pid=90765) _notify_loop /opt/stack/data/venv/lib/python3.12/site-packages/neutron_lib/callbacks/manager.py:184}}
Aug 12 16:28:59.523980 np0000007073 devstack@neutron-api.service[90766]: DEBUG neutron.api.extensions [None req-99b1c842-2afb-4819-919a-4d84572a26c6 None None] Extended resource: quotas {{(pid=90766) __init__ /opt/stack/neutron/neutron/api/extensions.py:156}}
Aug 12 16:28:59.524273 np0000007073 devstack@neutron-api.service[90765]: DEBUG oslo_concurrency.processutils [None req-49285f8d-be0d-4ba5-9d3e-07ffb0286031 None None] Running cmd (subprocess): ovsdb-client transact ssl:10.4.3.214:6641 --timeout 180 -p /opt/stack/data/CA/int-ca/private/devstack-cert.key -c /opt/stack/data/CA/int-ca/devstack-cert.crt -C /opt/stack/data/CA/int-ca/ca-chain.pem ["OVN_Northbound", {"op": "wait", "timeout": 0, "table": "Port_Group", "where": [["name", "==", "neutron_pg_drop"]], "until": "==", "rows": []}, {"op": "insert", "table": "ACL", "row": {"action": "drop", "direction": "to-lport", "match": "outport == @neutron_pg_drop && ip", "priority": 1000}, "uuid-name": "droptoport"}, {"op": "insert", "table": "ACL", "row": {"action": "drop", "direction": "from-lport", "match": "inport == @neutron_pg_drop && ip", "priority": 1000}, "uuid-name": "dropfromport"}, {"op": "insert", "table": "Port_Group", "row": {"name": "neutron_pg_drop", "acls": ["set", [["named-uuid", "droptoport"], ["named-uuid", "dropfromport"]]]}}] {{(pid=90765) execute /opt/stack/data/venv/lib/python3.12/site-packages/oslo_concurrency/processutils.py:440}}
Aug 12 16:28:59.524520 np0000007073 devstack@neutron-api.service[90766]: DEBUG neutron.api.extensions [None req-99b1c842-2afb-4819-919a-4d84572a26c6 None None] Extended resource: rbac-policies {{(pid=90766) __init__ /opt/stack/neutron/neutron/api/extensions.py:156}}
Aug 12 16:28:59.524819 np0000007073 devstack@neutron-api.service[90766]: DEBUG neutron.api.extensions [None req-99b1c842-2afb-4819-919a-4d84572a26c6 None None] Extended resource: default-security-group-rules {{(pid=90766) __init__ /opt/stack/neutron/neutron/api/extensions.py:156}}
Aug 12 16:28:59.525325 np0000007073 devstack@neutron-api.service[90766]: DEBUG neutron.api.extensions [None req-99b1c842-2afb-4819-919a-4d84572a26c6 None None] Extended resource: security-groups-default-statefulness {{(pid=90766) __init__ /opt/stack/neutron/neutron/api/extensions.py:156}}
Aug 12 16:28:59.525775 np0000007073 devstack@neutron-api.service[90766]: DEBUG neutron.api.extensions [None req-99b1c842-2afb-4819-919a-4d84572a26c6 None None] Extended resource: security-groups {{(pid=90766) __init__ /opt/stack/neutron/neutron/api/extensions.py:156}}
Aug 12 16:28:59.526143 np0000007073 devstack@neutron-api.service[90766]: DEBUG neutron.api.extensions [None req-99b1c842-2afb-4819-919a-4d84572a26c6 None None] Extended resource: security-group-rules {{(pid=90766) __init__ /opt/stack/neutron/neutron/api/extensions.py:156}}
Aug 12 16:28:59.526559 np0000007073 devstack@neutron-api.service[90766]: DEBUG neutron.api.extensions [None req-99b1c842-2afb-4819-919a-4d84572a26c6 None None] Extended resource: service-providers {{(pid=90766) __init__ /opt/stack/neutron/neutron/api/extensions.py:156}}
Aug 12 16:28:59.526940 np0000007073 devstack@neutron-api.service[90766]: DEBUG neutron.api.extensions [None req-99b1c842-2afb-4819-919a-4d84572a26c6 None None] Extended resource: subnetpools {{(pid=90766) __init__ /opt/stack/neutron/neutron/api/extensions.py:156}}
Aug 12 16:28:59.527455 np0000007073 devstack@neutron-api.service[90766]: DEBUG neutron.api.extensions [None req-99b1c842-2afb-4819-919a-4d84572a26c6 None None] Extended resource: subnetpools {{(pid=90766) __init__ /opt/stack/neutron/neutron/api/extensions.py:156}}
Aug 12 16:28:59.527959 np0000007073 devstack@neutron-api.service[90766]: DEBUG neutron.api.extensions [None req-99b1c842-2afb-4819-919a-4d84572a26c6 None None] Extended resource: tags {{(pid=90766) __init__ /opt/stack/neutron/neutron/api/extensions.py:156}}
Aug 12 16:28:59.528697 np0000007073 devstack@neutron-api.service[90766]: DEBUG neutron.api.extensions [None req-99b1c842-2afb-4819-919a-4d84572a26c6 None None] Extended resource: tags {{(pid=90766) __init__ /opt/stack/neutron/neutron/api/extensions.py:156}}
Aug 12 16:28:59.529440 np0000007073 devstack@neutron-api.service[90766]: DEBUG neutron.api.extensions [None req-99b1c842-2afb-4819-919a-4d84572a26c6 None None] Extended resource: tags {{(pid=90766) __init__ /opt/stack/neutron/neutron/api/extensions.py:156}}
Aug 12 16:28:59.530270 np0000007073 devstack@neutron-api.service[90766]: DEBUG neutron.api.extensions [None req-99b1c842-2afb-4819-919a-4d84572a26c6 None None] Extended resource: tags {{(pid=90766) __init__ /opt/stack/neutron/neutron/api/extensions.py:156}}
Aug 12 16:28:59.530955 np0000007073 devstack@neutron-api.service[90766]: DEBUG neutron.api.extensions [None req-99b1c842-2afb-4819-919a-4d84572a26c6 None None] Extended resource: tags {{(pid=90766) __init__ /opt/stack/neutron/neutron/api/extensions.py:156}}
Aug 12 16:28:59.531605 np0000007073 devstack@neutron-api.service[90766]: DEBUG neutron.api.extensions [None req-99b1c842-2afb-4819-919a-4d84572a26c6 None None] Extended resource: tags {{(pid=90766) __init__ /opt/stack/neutron/neutron/api/extensions.py:156}}
Aug 12 16:28:59.532050 np0000007073 devstack@neutron-api.service[90766]: DEBUG neutron.api.extensions [None req-99b1c842-2afb-4819-919a-4d84572a26c6 None None] Extended resource: tags {{(pid=90766) __init__ /opt/stack/neutron/neutron/api/extensions.py:156}}
Aug 12 16:28:59.532852 np0000007073 devstack@neutron-api.service[90766]: DEBUG neutron.api.extensions [None req-99b1c842-2afb-4819-919a-4d84572a26c6 None None] Extended resource: tags {{(pid=90766) __init__ /opt/stack/neutron/neutron/api/extensions.py:156}}
Aug 12 16:28:59.533468 np0000007073 devstack@neutron-api.service[90766]: DEBUG neutron.api.extensions [None req-99b1c842-2afb-4819-919a-4d84572a26c6 None None] Extended resource: tags {{(pid=90766) __init__ /opt/stack/neutron/neutron/api/extensions.py:156}}
Aug 12 16:28:59.534003 np0000007073 devstack@neutron-api.service[90766]: DEBUG neutron.api.extensions [None req-99b1c842-2afb-4819-919a-4d84572a26c6 None None] Extended resource: tags {{(pid=90766) __init__ /opt/stack/neutron/neutron/api/extensions.py:156}}
Aug 12 16:28:59.542448 np0000007073 devstack@neutron-api.service[90766]: DEBUG neutron_lib.callbacks.manager [None req-99b1c842-2afb-4819-919a-4d84572a26c6 None None] Publish callbacks ['neutron.plugins.ml2.drivers.ovn.mech_driver.mech_driver.OVNMechanismDriver.pre_fork_initialize-330064'] for process (None), before_spawn {{(pid=90766) _notify_loop /opt/stack/data/venv/lib/python3.12/site-packages/neutron_lib/callbacks/manager.py:184}}
Aug 12 16:28:59.542791 np0000007073 devstack@neutron-api.service[90766]: DEBUG oslo_concurrency.processutils [None req-99b1c842-2afb-4819-919a-4d84572a26c6 None None] Running cmd (subprocess): ovsdb-client transact ssl:10.4.3.214:6641 --timeout 180 -p /opt/stack/data/CA/int-ca/private/devstack-cert.key -c /opt/stack/data/CA/int-ca/devstack-cert.crt -C /opt/stack/data/CA/int-ca/ca-chain.pem ["OVN_Northbound", {"op": "wait", "timeout": 0, "table": "Port_Group", "where": [["name", "==", "neutron_pg_drop"]], "until": "==", "rows": []}, {"op": "insert", "table": "ACL", "row": {"action": "drop", "direction": "to-lport", "match": "outport == @neutron_pg_drop && ip", "priority": 1000}, "uuid-name": "droptoport"}, {"op": "insert", "table": "ACL", "row": {"action": "drop", "direction": "from-lport", "match": "inport == @neutron_pg_drop && ip", "priority": 1000}, "uuid-name": "dropfromport"}, {"op": "insert", "table": "Port_Group", "row": {"name": "neutron_pg_drop", "acls": ["set", [["named-uuid", "droptoport"], ["named-uuid", "dropfromport"]]]}}] {{(pid=90766) execute /opt/stack/data/venv/lib/python3.12/site-packages/oslo_concurrency/processutils.py:440}}
Aug 12 16:28:59.567738 np0000007073 devstack@neutron-api.service[90763]: DEBUG oslo_concurrency.processutils [None req-890307bf-05b0-4bc4-86da-d8fa1b249e0b None None] CMD "ovsdb-client transact ssl:10.4.3.214:6641 --timeout 180 -p /opt/stack/data/CA/int-ca/private/devstack-cert.key -c /opt/stack/data/CA/int-ca/devstack-cert.crt -C /opt/stack/data/CA/int-ca/ca-chain.pem ["OVN_Northbound", {"op": "wait", "timeout": 0, "table": "Port_Group", "where": [["name", "==", "neutron_pg_drop"]], "until": "==", "rows": []}, {"op": "insert", "table": "ACL", "row": {"action": "drop", "direction": "to-lport", "match": "outport == @neutron_pg_drop && ip", "priority": 1000}, "uuid-name": "droptoport"}, {"op": "insert", "table": "ACL", "row": {"action": "drop", "direction": "from-lport", "match": "inport == @neutron_pg_drop && ip", "priority": 1000}, "uuid-name": "dropfromport"}, {"op": "insert", "table": "Port_Group", "row": {"name": "neutron_pg_drop", "acls": ["set", [["named-uuid", "droptoport"], ["named-uuid", "dropfromport"]]]}}]" returned: 0 in 0.074s {{(pid=90763) execute /opt/stack/data/venv/lib/python3.12/site-packages/oslo_concurrency/processutils.py:468}}
Aug 12 16:28:59.568244 np0000007073 devstack@neutron-api.service[90763]: DEBUG neutron_lib.callbacks.manager [None req-890307bf-05b0-4bc4-86da-d8fa1b249e0b None None] Publish callbacks ['neutron.plugins.ml2.drivers.ovn.mech_driver.mech_driver.OVNMechanismDriver.post_fork_initialize-175510', 'neutron.services.pvlan.drivers.ovn.driver._initialize_pvlan_pg_drop-8236816437362', 'neutron.services.ovn_l3.plugin.OVNL3RouterPlugin._post_fork_initialize-1462378'] for process (None), after_init {{(pid=90763) _notify_loop /opt/stack/data/venv/lib/python3.12/site-packages/neutron_lib/callbacks/manager.py:184}}
Aug 12 16:28:59.568677 np0000007073 devstack@neutron-api.service[90763]: DEBUG oslo_concurrency.lockutils [None req-890307bf-05b0-4bc4-86da-d8fa1b249e0b None None] Acquiring lock "singleton_lock" {{(pid=90763) lock /opt/stack/data/venv/lib/python3.12/site-packages/oslo_concurrency/lockutils.py:396}}
Aug 12 16:28:59.568677 np0000007073 devstack@neutron-api.service[90763]: DEBUG oslo_concurrency.lockutils [None req-890307bf-05b0-4bc4-86da-d8fa1b249e0b None None] Acquired lock "singleton_lock" {{(pid=90763) lock /opt/stack/data/venv/lib/python3.12/site-packages/oslo_concurrency/lockutils.py:399}}
Aug 12 16:28:59.569098 np0000007073 devstack@neutron-api.service[90763]: DEBUG oslo_concurrency.lockutils [None req-890307bf-05b0-4bc4-86da-d8fa1b249e0b None None] Releasing lock "singleton_lock" {{(pid=90763) lock /opt/stack/data/venv/lib/python3.12/site-packages/oslo_concurrency/lockutils.py:419}}
Aug 12 16:28:59.569908 np0000007073 devstack@neutron-api.service[90765]: DEBUG oslo_concurrency.processutils [None req-49285f8d-be0d-4ba5-9d3e-07ffb0286031 None None] CMD "ovsdb-client transact ssl:10.4.3.214:6641 --timeout 180 -p /opt/stack/data/CA/int-ca/private/devstack-cert.key -c /opt/stack/data/CA/int-ca/devstack-cert.crt -C /opt/stack/data/CA/int-ca/ca-chain.pem ["OVN_Northbound", {"op": "wait", "timeout": 0, "table": "Port_Group", "where": [["name", "==", "neutron_pg_drop"]], "until": "==", "rows": []}, {"op": "insert", "table": "ACL", "row": {"action": "drop", "direction": "to-lport", "match": "outport == @neutron_pg_drop && ip", "priority": 1000}, "uuid-name": "droptoport"}, {"op": "insert", "table": "ACL", "row": {"action": "drop", "direction": "from-lport", "match": "inport == @neutron_pg_drop && ip", "priority": 1000}, "uuid-name": "dropfromport"}, {"op": "insert", "table": "Port_Group", "row": {"name": "neutron_pg_drop", "acls": ["set", [["named-uuid", "droptoport"], ["named-uuid", "dropfromport"]]]}}]" returned: 0 in 0.045s {{(pid=90765) execute /opt/stack/data/venv/lib/python3.12/site-packages/oslo_concurrency/processutils.py:468}}
Aug 12 16:28:59.572590 np0000007073 devstack@neutron-api.service[90763]: DEBUG neutron.plugins.ml2.drivers.ovn.mech_driver.mech_driver [None req-890307bf-05b0-4bc4-86da-d8fa1b249e0b None None] Hash Ring setup using WSGI start time 2026-08-12 16:28:58+00:00 {{(pid=90763) _init_hash_ring /opt/stack/neutron/neutron/plugins/ml2/drivers/ovn/mech_driver/mech_driver.py:382}}
Aug 12 16:28:59.573508 np0000007073 devstack@neutron-api.service[90765]: DEBUG neutron_lib.callbacks.manager [None req-49285f8d-be0d-4ba5-9d3e-07ffb0286031 None None] Publish callbacks ['neutron.plugins.ml2.drivers.ovn.mech_driver.mech_driver.OVNMechanismDriver.post_fork_initialize-474435', 'neutron.services.pvlan.drivers.ovn.driver._initialize_pvlan_pg_drop-8236816346052', 'neutron.services.ovn_l3.plugin.OVNL3RouterPlugin._post_fork_initialize-1637316'] for process (None), after_init {{(pid=90765) _notify_loop /opt/stack/data/venv/lib/python3.12/site-packages/neutron_lib/callbacks/manager.py:184}}
Aug 12 16:28:59.573921 np0000007073 devstack@neutron-api.service[90765]: DEBUG oslo_concurrency.lockutils [None req-49285f8d-be0d-4ba5-9d3e-07ffb0286031 None None] Acquiring lock "singleton_lock" {{(pid=90765) lock /opt/stack/data/venv/lib/python3.12/site-packages/oslo_concurrency/lockutils.py:396}}
Aug 12 16:28:59.574101 np0000007073 devstack@neutron-api.service[90765]: DEBUG oslo_concurrency.lockutils [None req-49285f8d-be0d-4ba5-9d3e-07ffb0286031 None None] Acquired lock "singleton_lock" {{(pid=90765) lock /opt/stack/data/venv/lib/python3.12/site-packages/oslo_concurrency/lockutils.py:399}}
Aug 12 16:28:59.574330 np0000007073 devstack@neutron-api.service[90765]: DEBUG oslo_concurrency.lockutils [None req-49285f8d-be0d-4ba5-9d3e-07ffb0286031 None None] Releasing lock "singleton_lock" {{(pid=90765) lock /opt/stack/data/venv/lib/python3.12/site-packages/oslo_concurrency/lockutils.py:419}}
Aug 12 16:28:59.579694 np0000007073 devstack@neutron-api.service[90765]: DEBUG neutron.plugins.ml2.drivers.ovn.mech_driver.mech_driver [None req-49285f8d-be0d-4ba5-9d3e-07ffb0286031 None None] Hash Ring setup using WSGI start time 2026-08-12 16:28:58+00:00 {{(pid=90765) _init_hash_ring /opt/stack/neutron/neutron/plugins/ml2/drivers/ovn/mech_driver/mech_driver.py:382}}
Aug 12 16:28:59.582627 np0000007073 devstack@neutron-api.service[90763]: INFO neutron.db.ovn_hash_ring_db [None req-890307bf-05b0-4bc4-86da-d8fa1b249e0b None None] Nodes from host "np0000007073" and group "mechanism_driver" removed from the Hash Ring created at 2026-08-12 16:28:58+00:00
Aug 12 16:28:59.585847 np0000007073 devstack@neutron-api.service[90763]: INFO neutron.db.ovn_hash_ring_db [None req-890307bf-05b0-4bc4-86da-d8fa1b249e0b None None] Node 1f6d3564f0b656f2befd43edc0f7df9a from host "np0000007073" and group "mechanism_driver" added to the Hash Ring
Aug 12 16:28:59.589176 np0000007073 devstack@neutron-api.service[90763]: DEBUG neutron.plugins.ml2.drivers.ovn.mech_driver.mech_driver [None req-890307bf-05b0-4bc4-86da-d8fa1b249e0b None None] Hash Ring setup, this worker has detected 2 OVN hash ring registers in the database {{(pid=90763) _init_hash_ring /opt/stack/neutron/neutron/plugins/ml2/drivers/ovn/mech_driver/mech_driver.py:392}}
Aug 12 16:28:59.591717 np0000007073 devstack@neutron-api.service[90765]: INFO neutron.db.ovn_hash_ring_db [None req-49285f8d-be0d-4ba5-9d3e-07ffb0286031 None None] Nodes from host "np0000007073" and group "mechanism_driver" removed from the Hash Ring created at 2026-08-12 16:28:58+00:00
Aug 12 16:28:59.592373 np0000007073 devstack@neutron-api.service[90763]: DEBUG neutron.plugins.ml2.drivers.ovn.mech_driver.ovsdb.maintenance [None req-890307bf-05b0-4bc4-86da-d8fa1b249e0b None None] Periodic task found: HashRingHealthCheckPeriodics.touch_hash_ring_node {{(pid=90763) add_periodics /opt/stack/neutron/neutron/plugins/ml2/drivers/ovn/mech_driver/ovsdb/maintenance.py:148}}
Aug 12 16:28:59.593648 np0000007073 devstack@neutron-api.service[90763]: INFO neutron.plugins.ml2.drivers.ovn.mech_driver.mech_driver [None req-890307bf-05b0-4bc4-86da-d8fa1b249e0b None None] Hash Ring probing thread for node 1f6d3564f0b656f2befd43edc0f7df9a has started
Aug 12 16:28:59.594702 np0000007073 devstack@neutron-api.service[90763]: INFO neutron.plugins.ml2.drivers.ovn.mech_driver.ovsdb.impl_idl_ovn [None req-890307bf-05b0-4bc4-86da-d8fa1b249e0b None None] Getting OvsdbNbOvnIdl for WorkerService with retry
Aug 12 16:28:59.595635 np0000007073 devstack@neutron-api.service[90765]: INFO neutron.db.ovn_hash_ring_db [None req-49285f8d-be0d-4ba5-9d3e-07ffb0286031 None None] Node 63869c9748005bb3a91efad73fa2ddf2 from host "np0000007073" and group "mechanism_driver" added to the Hash Ring
Aug 12 16:28:59.599720 np0000007073 devstack@neutron-api.service[90765]: DEBUG neutron.plugins.ml2.drivers.ovn.mech_driver.mech_driver [None req-49285f8d-be0d-4ba5-9d3e-07ffb0286031 None None] Hash Ring setup, this worker has detected 3 OVN hash ring registers in the database {{(pid=90765) _init_hash_ring /opt/stack/neutron/neutron/plugins/ml2/drivers/ovn/mech_driver/mech_driver.py:392}}
