Aug 24 07:30:39.325696 np0000007949 devstack@c-api.service[100243]: INFO cinder.api.openstack.wsgi [req-762e6b5d-7d15-4839-9e6c-f44309b89f61 req-6c67d925-ca58-4269-8134-55584e71f498 tempest-AttachVolumeMultiAttachTest-2091077683 tempest-AttachVolumeMultiAttachTest-2091077683-project-member] POST https://10.4.3.73/volume/v3/volumes/6be74cc5-ad9e-471b-88b2-ef3d337c245e/action
Aug 24 07:30:39.326463 np0000007949 devstack@c-api.service[100243]: DEBUG cinder.api.openstack.wsgi [req-762e6b5d-7d15-4839-9e6c-f44309b89f61 req-6c67d925-ca58-4269-8134-55584e71f498 tempest-AttachVolumeMultiAttachTest-2091077683 tempest-AttachVolumeMultiAttachTest-2091077683-project-member] Action body: b'{"os-begin_detaching": null}' {{(pid=100243) get_method /opt/stack/cinder/cinder/api/openstack/wsgi.py:993}}
Aug 24 07:30:39.327144 np0000007949 devstack@c-api.service[100243]: DEBUG cinder.api.openstack.wsgi [req-762e6b5d-7d15-4839-9e6c-f44309b89f61 req-6c67d925-ca58-4269-8134-55584e71f498 tempest-AttachVolumeMultiAttachTest-2091077683 tempest-AttachVolumeMultiAttachTest-2091077683-project-member] Action: 'action', calling method: _begin_detaching, body: {"os-begin_detaching": null} {{(pid=100243) _process_stack /opt/stack/cinder/cinder/api/openstack/wsgi.py:876}}
Aug 24 07:30:39.347001 np0000007949 devstack@c-api.service[100243]: /opt/stack/data/venv/lib/python3.12/site-packages/oslo_context/context.py:102: DeprecationWarning: Policy enforcement is depending on the value of is_admin. This key is deprecated. Please update your policy file to use the standard policy values.
Aug 24 07:30:39.347001 np0000007949 devstack@c-api.service[100243]: warnings.warn(
Aug 24 07:30:39.347471 np0000007949 devstack@c-api.service[100243]: INFO cinder.volume.api [req-762e6b5d-7d15-4839-9e6c-f44309b89f61 req-6c67d925-ca58-4269-8134-55584e71f498 tempest-AttachVolumeMultiAttachTest-2091077683 tempest-AttachVolumeMultiAttachTest-2091077683-project-member] Volume info retrieved successfully.
Aug 24 07:30:39.359650 np0000007949 devstack@c-api.service[100243]: INFO cinder.volume.api [req-762e6b5d-7d15-4839-9e6c-f44309b89f61 req-6c67d925-ca58-4269-8134-55584e71f498 tempest-AttachVolumeMultiAttachTest-2091077683 tempest-AttachVolumeMultiAttachTest-2091077683-project-member] Begin detaching volume completed successfully.
Aug 24 07:30:39.360172 np0000007949 devstack@c-api.service[100243]: INFO cinder.api.openstack.wsgi [req-762e6b5d-7d15-4839-9e6c-f44309b89f61 req-6c67d925-ca58-4269-8134-55584e71f498 tempest-AttachVolumeMultiAttachTest-2091077683 tempest-AttachVolumeMultiAttachTest-2091077683-project-member] https://10.4.3.73/volume/v3/volumes/6be74cc5-ad9e-471b-88b2-ef3d337c245e/action returned with HTTP 202
Aug 24 07:30:39.361040 np0000007949 devstack@c-api.service[100243]: [pid: 100243|app: 0|req: 91/366] 10.4.3.73 () {72 vars in 1665 bytes} [Mon Aug 24 07:30:39 2026] POST /volume/v3/volumes/6be74cc5-ad9e-471b-88b2-ef3d337c245e/action => generated 0 bytes in 38 msecs (HTTP/1.1 202) 7 headers in 289 bytes (1 switches on core 0)
Aug 24 07:30:39.396424 np0000007949 devstack@c-api.service[100242]: DEBUG cinder.api.middleware.request_id [None req-7e999fd3-7482-4695-b50f-a011f86fe60d None None] RequestId filter calling following filter/app {{(pid=100242) _context_setter /opt/stack/cinder/cinder/api/middleware/request_id.py:62}}
Aug 24 07:30:39.400999 np0000007949 devstack@c-api.service[100242]: INFO cinder.api.openstack.wsgi [None req-7e999fd3-7482-4695-b50f-a011f86fe60d tempest-AttachVolumeMultiAttachTest-2091077683 tempest-AttachVolumeMultiAttachTest-2091077683-project-member] GET https://10.4.3.73/volume/v3/volumes/6be74cc5-ad9e-471b-88b2-ef3d337c245e
Aug 24 07:30:39.400999 np0000007949 devstack@c-api.service[100242]: DEBUG cinder.api.openstack.wsgi [None req-7e999fd3-7482-4695-b50f-a011f86fe60d tempest-AttachVolumeMultiAttachTest-2091077683 tempest-AttachVolumeMultiAttachTest-2091077683-project-member] Empty body provided in request {{(pid=100242) get_body /opt/stack/cinder/cinder/api/openstack/wsgi.py:725}}
Aug 24 07:30:39.400999 np0000007949 devstack@c-api.service[100242]: DEBUG cinder.api.openstack.wsgi [None req-7e999fd3-7482-4695-b50f-a011f86fe60d tempest-AttachVolumeMultiAttachTest-2091077683 tempest-AttachVolumeMultiAttachTest-2091077683-project-member] Calling method 'show' {{(pid=100242) _process_stack /opt/stack/cinder/cinder/api/openstack/wsgi.py:878}}
Aug 24 07:30:39.431748 np0000007949 devstack@c-api.service[100242]: /opt/stack/data/venv/lib/python3.12/site-packages/oslo_context/context.py:102: DeprecationWarning: Policy enforcement is depending on the value of is_admin. This key is deprecated. Please update your policy file to use the standard policy values.
Aug 24 07:30:39.431748 np0000007949 devstack@c-api.service[100242]: warnings.warn(
Aug 24 07:30:39.441002 np0000007949 devstack@c-api.service[100242]: INFO cinder.volume.api [None req-7e999fd3-7482-4695-b50f-a011f86fe60d tempest-AttachVolumeMultiAttachTest-2091077683 tempest-AttachVolumeMultiAttachTest-2091077683-project-member] Volume info retrieved successfully.
Aug 24 07:30:39.451569 np0000007949 devstack@c-api.service[100242]: INFO cinder.api.openstack.wsgi [None req-7e999fd3-7482-4695-b50f-a011f86fe60d tempest-AttachVolumeMultiAttachTest-2091077683 tempest-AttachVolumeMultiAttachTest-2091077683-project-member] https://10.4.3.73/volume/v3/volumes/6be74cc5-ad9e-471b-88b2-ef3d337c245e returned with HTTP 200
Aug 24 07:30:39.452015 np0000007949 devstack@c-api.service[100245]: DEBUG cinder.api.middleware.request_id [None req-9c75a8b0-bdfb-46e6-bfdc-fe91ca78e54c None None] RequestId filter calling following filter/app {{(pid=100245) _context_setter /opt/stack/cinder/cinder/api/middleware/request_id.py:62}}
Aug 24 07:30:39.452105 np0000007949 devstack@c-api.service[100242]: [pid: 100242|app: 0|req: 91/367] 10.4.3.73 () {66 vars in 1341 bytes} [Mon Aug 24 07:30:39 2026] GET /volume/v3/volumes/6be74cc5-ad9e-471b-88b2-ef3d337c245e => generated 1443 bytes in 57 msecs (HTTP/1.1 200) 7 headers in 286 bytes (1 switches on core 0)
Aug 24 07:30:39.453582 np0000007949 devstack@c-api.service[100245]: INFO cinder.api.openstack.wsgi [None req-9c75a8b0-bdfb-46e6-bfdc-fe91ca78e54c None None] GET https://10.4.3.73/volume//
Aug 24 07:30:39.453582 np0000007949 devstack@c-api.service[100245]: DEBUG cinder.api.openstack.wsgi [None req-9c75a8b0-bdfb-46e6-bfdc-fe91ca78e54c None None] Empty body provided in request {{(pid=100245) get_body /opt/stack/cinder/cinder/api/openstack/wsgi.py:725}}
Aug 24 07:30:39.453728 np0000007949 devstack@c-api.service[100245]: DEBUG cinder.api.openstack.wsgi [None req-9c75a8b0-bdfb-46e6-bfdc-fe91ca78e54c None None] Calling method 'all' {{(pid=100245) _process_stack /opt/stack/cinder/cinder/api/openstack/wsgi.py:878}}
Aug 24 07:30:39.454543 np0000007949 devstack@c-api.service[100245]: INFO cinder.api.openstack.wsgi [None req-9c75a8b0-bdfb-46e6-bfdc-fe91ca78e54c None None] https://10.4.3.73/volume// returned with HTTP 300
Aug 24 07:30:39.455184 np0000007949 devstack@c-api.service[100245]: [pid: 100245|app: 0|req: 93/368] 10.4.3.73 () {66 vars in 1419 bytes} [Mon Aug 24 07:30:39 2026] GET /volume/ => generated 385 bytes in 4 msecs (HTTP/1.1 300) 7 headers in 299 bytes (1 switches on core 0)
Aug 24 07:30:39.472147 np0000007949 devstack@c-api.service[100244]: DEBUG cinder.api.middleware.request_id [req-762e6b5d-7d15-4839-9e6c-f44309b89f61 req-be49b097-99b6-4ed3-a4cd-506d415b9ed0 None None] RequestId filter calling following filter/app {{(pid=100244) _context_setter /opt/stack/cinder/cinder/api/middleware/request_id.py:62}}
Aug 24 07:30:39.478452 np0000007949 devstack@c-api.service[100244]: INFO cinder.api.openstack.wsgi [req-762e6b5d-7d15-4839-9e6c-f44309b89f61 req-be49b097-99b6-4ed3-a4cd-506d415b9ed0 tempest-AttachVolumeMultiAttachTest-2091077683 tempest-AttachVolumeMultiAttachTest-2091077683-project-member] GET https://10.4.3.73/volume/v3/volumes/6be74cc5-ad9e-471b-88b2-ef3d337c245e
Aug 24 07:30:39.478452 np0000007949 devstack@c-api.service[100244]: DEBUG cinder.api.openstack.wsgi [req-762e6b5d-7d15-4839-9e6c-f44309b89f61 req-be49b097-99b6-4ed3-a4cd-506d415b9ed0 tempest-AttachVolumeMultiAttachTest-2091077683 tempest-AttachVolumeMultiAttachTest-2091077683-project-member] Empty body provided in request {{(pid=100244) get_body /opt/stack/cinder/cinder/api/openstack/wsgi.py:725}}
Aug 24 07:30:39.478452 np0000007949 devstack@c-api.service[100244]: DEBUG cinder.api.openstack.wsgi [req-762e6b5d-7d15-4839-9e6c-f44309b89f61 req-be49b097-99b6-4ed3-a4cd-506d415b9ed0 tempest-AttachVolumeMultiAttachTest-2091077683 tempest-AttachVolumeMultiAttachTest-2091077683-project-member] Calling method 'show' {{(pid=100244) _process_stack /opt/stack/cinder/cinder/api/openstack/wsgi.py:878}}
Aug 24 07:30:39.511250 np0000007949 devstack@c-api.service[100244]: /opt/stack/data/venv/lib/python3.12/site-packages/oslo_context/context.py:102: DeprecationWarning: Policy enforcement is depending on the value of is_admin. This key is deprecated. Please update your policy file to use the standard policy values.
Aug 24 07:30:39.511250 np0000007949 devstack@c-api.service[100244]: warnings.warn(
Aug 24 07:30:39.516133 np0000007949 devstack@c-api.service[100244]: INFO cinder.volume.api [req-762e6b5d-7d15-4839-9e6c-f44309b89f61 req-be49b097-99b6-4ed3-a4cd-506d415b9ed0 tempest-AttachVolumeMultiAttachTest-2091077683 tempest-AttachVolumeMultiAttachTest-2091077683-project-member] Volume info retrieved successfully.
Aug 24 07:30:39.522086 np0000007949 devstack@c-api.service[100244]: INFO cinder.api.openstack.wsgi [req-762e6b5d-7d15-4839-9e6c-f44309b89f61 req-be49b097-99b6-4ed3-a4cd-506d415b9ed0 tempest-AttachVolumeMultiAttachTest-2091077683 tempest-AttachVolumeMultiAttachTest-2091077683-project-member] https://10.4.3.73/volume/v3/volumes/6be74cc5-ad9e-471b-88b2-ef3d337c245e returned with HTTP 200
Aug 24 07:30:39.522631 np0000007949 devstack@c-api.service[100244]: [pid: 100244|app: 0|req: 94/369] 10.4.3.73 () {70 vars in 1632 bytes} [Mon Aug 24 07:30:39 2026] GET /volume/v3/volumes/6be74cc5-ad9e-471b-88b2-ef3d337c245e => generated 1623 bytes in 51 msecs (HTTP/1.1 200) 7 headers in 287 bytes (1 switches on core 0)
Aug 24 07:30:40.161495 np0000007949 devstack@c-api.service[100243]: DEBUG cinder.api.middleware.request_id [None req-e42c392e-ffa9-429f-82db-723862f90f4b None None] RequestId filter calling following filter/app {{(pid=100243) _context_setter /opt/stack/cinder/cinder/api/middleware/request_id.py:62}}
Aug 24 07:30:40.166293 np0000007949 devstack@c-api.service[100243]: INFO cinder.api.openstack.wsgi [None req-e42c392e-ffa9-429f-82db-723862f90f4b tempest-GroupsTest-1548658217 tempest-GroupsTest-1548658217-project-member] GET https://10.4.3.73/volume/v3/groups/f214014a-8547-4bf0-947f-090b37174b8c
Aug 24 07:30:40.166293 np0000007949 devstack@c-api.service[100243]: DEBUG cinder.api.openstack.wsgi [None req-e42c392e-ffa9-429f-82db-723862f90f4b tempest-GroupsTest-1548658217 tempest-GroupsTest-1548658217-project-member] Empty body provided in request {{(pid=100243) get_body /opt/stack/cinder/cinder/api/openstack/wsgi.py:725}}
Aug 24 07:30:40.166293 np0000007949 devstack@c-api.service[100243]: DEBUG cinder.api.openstack.wsgi [None req-e42c392e-ffa9-429f-82db-723862f90f4b tempest-GroupsTest-1548658217 tempest-GroupsTest-1548658217-project-member] Calling method 'version_select' {{(pid=100243) _process_stack /opt/stack/cinder/cinder/api/openstack/wsgi.py:878}}
Aug 24 07:30:40.166771 np0000007949 devstack@c-api.service[100243]: DEBUG cinder.api.v3.groups [None req-e42c392e-ffa9-429f-82db-723862f90f4b tempest-GroupsTest-1548658217 tempest-GroupsTest-1548658217-project-member] show called for member f214014a-8547-4bf0-947f-090b37174b8c {{(pid=100243) show /opt/stack/cinder/cinder/api/v3/groups.py:58}}
Aug 24 07:30:40.173076 np0000007949 devstack@c-api.service[100243]: /opt/stack/data/venv/lib/python3.12/site-packages/oslo_context/context.py:102: DeprecationWarning: Policy enforcement is depending on the value of is_admin. This key is deprecated. Please update your policy file to use the standard policy values.
Aug 24 07:30:40.173076 np0000007949 devstack@c-api.service[100243]: warnings.warn(
Aug 24 07:30:40.209561 np0000007949 devstack@c-api.service[100243]: INFO cinder.api.openstack.wsgi [None req-e42c392e-ffa9-429f-82db-723862f90f4b tempest-GroupsTest-1548658217 tempest-GroupsTest-1548658217-project-member] https://10.4.3.73/volume/v3/groups/f214014a-8547-4bf0-947f-090b37174b8c returned with HTTP 200
Aug 24 07:30:40.209561 np0000007949 devstack@c-api.service[100243]: [pid: 100243|app: 0|req: 92/370] 10.4.3.73 () {68 vars in 1379 bytes} [Mon Aug 24 07:30:40 2026] GET /volume/v3/groups/f214014a-8547-4bf0-947f-090b37174b8c => generated 322 bytes in 50 msecs (HTTP/1.1 200) 7 headers in 286 bytes (1 switches on core 0)
Aug 24 07:30:40.225138 np0000007949 devstack@c-api.service[100242]: DEBUG cinder.api.middleware.request_id [None req-20e67440-e5ca-40fc-959a-a4066d589d81 None None] RequestId filter calling following filter/app {{(pid=100242) _context_setter /opt/stack/cinder/cinder/api/middleware/request_id.py:62}}
Aug 24 07:30:40.228910 np0000007949 devstack@c-api.service[100242]: INFO cinder.api.openstack.wsgi [None req-20e67440-e5ca-40fc-959a-a4066d589d81 tempest-GroupsTest-1548658217 tempest-GroupsTest-1548658217-project-member] POST https://10.4.3.73/volume/v3/volumes
Aug 24 07:30:40.229043 np0000007949 devstack@c-api.service[100242]: DEBUG cinder.api.openstack.wsgi [None req-20e67440-e5ca-40fc-959a-a4066d589d81 tempest-GroupsTest-1548658217 tempest-GroupsTest-1548658217-project-member] Action: 'create', calling method: create, body: {"volume": {"name": "tempest-volume-2065120495", "volume_type": "14dc6adb-b166-42ff-a577-0ed3367939f0", "group_id": "bfd719e7-1e22-4786-8f8c-57501b0fb760", "size": 1}} {{(pid=100242) _process_stack /opt/stack/cinder/cinder/api/openstack/wsgi.py:876}}
Aug 24 07:30:40.231222 np0000007949 devstack@c-api.service[100242]: DEBUG cinder.api.v3.volumes [None req-20e67440-e5ca-40fc-959a-a4066d589d81 tempest-GroupsTest-1548658217 tempest-GroupsTest-1548658217-project-member] Create volume request body: {'volume': {'name': 'tempest-volume-2065120495', 'volume_type': '14dc6adb-b166-42ff-a577-0ed3367939f0', 'group_id': 'bfd719e7-1e22-4786-8f8c-57501b0fb760', 'size': 1}} {{(pid=100242) create /opt/stack/cinder/cinder/api/v3/volumes.py:368}}
Aug 24 07:30:40.248342 np0000007949 devstack@c-api.service[100242]: /opt/stack/data/venv/lib/python3.12/site-packages/oslo_context/context.py:102: DeprecationWarning: Policy enforcement is depending on the value of is_admin. This key is deprecated. Please update your policy file to use the standard policy values.
Aug 24 07:30:40.248342 np0000007949 devstack@c-api.service[100242]: warnings.warn(
Aug 24 07:30:40.249444 np0000007949 devstack@c-api.service[100242]: INFO cinder.api.v3.volumes [None req-20e67440-e5ca-40fc-959a-a4066d589d81 tempest-GroupsTest-1548658217 tempest-GroupsTest-1548658217-project-member] Create volume of 1 GB
Aug 24 07:30:40.283985 np0000007949 devstack@c-api.service[100242]: INFO cinder.volume.api [None req-20e67440-e5ca-40fc-959a-a4066d589d81 tempest-GroupsTest-1548658217 tempest-GroupsTest-1548658217-project-member] Availability Zones retrieved successfully.
Aug 24 07:30:40.293494 np0000007949 devstack@c-api.service[100242]: DEBUG cinder.volume.api [None req-20e67440-e5ca-40fc-959a-a4066d589d81 tempest-GroupsTest-1548658217 tempest-GroupsTest-1548658217-project-member] Flow 'volume_create_api' (fc5ff66e-310e-4065-9a30-f724f657b9c9) transitioned into state 'RUNNING' from state 'PENDING' {{(pid=100242) _flow_receiver /opt/stack/data/venv/lib/python3.12/site-packages/taskflow/listeners/logging.py:160}}
Aug 24 07:30:40.295127 np0000007949 devstack@c-api.service[100242]: DEBUG cinder.volume.api [None req-20e67440-e5ca-40fc-959a-a4066d589d81 tempest-GroupsTest-1548658217 tempest-GroupsTest-1548658217-project-member] Task 'cinder.volume.flows.api.create_volume.ExtractVolumeRequestTask;volume:create' (34b92991-10bb-4dfa-b6cd-5ef87155341d) transitioned into state 'RUNNING' from state 'PENDING' {{(pid=100242) _task_receiver /opt/stack/data/venv/lib/python3.12/site-packages/taskflow/listeners/logging.py:242}}
Aug 24 07:30:40.295797 np0000007949 devstack@c-api.service[100242]: /opt/stack/data/venv/lib/python3.12/site-packages/oslo_context/context.py:102: DeprecationWarning: Policy enforcement is depending on the value of is_admin. This key is deprecated. Please update your policy file to use the standard policy values.
Aug 24 07:30:40.295797 np0000007949 devstack@c-api.service[100242]: warnings.warn(
Aug 24 07:30:40.296415 np0000007949 devstack@c-api.service[100242]: DEBUG cinder.volume.flows.api.create_volume [None req-20e67440-e5ca-40fc-959a-a4066d589d81 tempest-GroupsTest-1548658217 tempest-GroupsTest-1548658217-project-member] Validating volume size '1' using validate_int {{(pid=100242) _extract_size /opt/stack/cinder/cinder/volume/flows/api/create_volume.py:226}}
Aug 24 07:30:40.341543 np0000007949 devstack@c-api.service[100242]: DEBUG cinder.volume.api [None req-20e67440-e5ca-40fc-959a-a4066d589d81 tempest-GroupsTest-1548658217 tempest-GroupsTest-1548658217-project-member] Task 'cinder.volume.flows.api.create_volume.ExtractVolumeRequestTask;volume:create' (34b92991-10bb-4dfa-b6cd-5ef87155341d) transitioned into state 'SUCCESS' from state 'RUNNING' with result '{'size': 1, 'snapshot_id': None, 'source_volid': None, 'volume_type': VolumeType(created_at=2026-08-24T07:30:37Z,deleted=False,deleted_at=None,description=None,extra_specs={},id=14dc6adb-b166-42ff-a577-0ed3367939f0,is_public=True,name='tempest-GroupsTest-volume-type-836253625',projects=[],qos_specs=,qos_specs_id=None,updated_at=None), 'volume_type_id': '14dc6adb-b166-42ff-a577-0ed3367939f0', 'encryption_key_id': None, 'qos_specs': None, 'consistencygroup_id': None, 'cgsnapshot_id': None, 'group_id': 'bfd719e7-1e22-4786-8f8c-57501b0fb760', 'replication_status': 'disabled', 'refresh_az': False, 'backup_id': None, 'multiattach': False, 'availability_zones': ['nova']}' {{(pid=100242) _task_receiver /opt/stack/data/venv/lib/python3.12/site-packages/taskflow/listeners/logging.py:218}}
Aug 24 07:30:40.343928 np0000007949 devstack@c-api.service[100242]: DEBUG cinder.volume.api [None req-20e67440-e5ca-40fc-959a-a4066d589d81 tempest-GroupsTest-1548658217 tempest-GroupsTest-1548658217-project-member] Task 'cinder.volume.flows.api.create_volume.QuotaReserveTask;volume:create' (76863a82-ab55-46e8-930e-2e3697ef66ef) transitioned into state 'RUNNING' from state 'PENDING' {{(pid=100242) _task_receiver /opt/stack/data/venv/lib/python3.12/site-packages/taskflow/listeners/logging.py:242}}
Aug 24 07:30:40.405843 np0000007949 devstack@c-api.service[100242]: WARNING cinder.quota [None req-20e67440-e5ca-40fc-959a-a4066d589d81 tempest-GroupsTest-1548658217 tempest-GroupsTest-1548658217-project-member] Deprecated: Default quota for resource: volumes_tempest-GroupsTest-volume-type-836253625 is set by the default quota flag: quota_volumes_tempest-GroupsTest-volume-type-836253625, it is now deprecated. Please use the default quota class for default quota.
Aug 24 07:30:40.405843 np0000007949 devstack@c-api.service[100242]: WARNING cinder.quota [None req-20e67440-e5ca-40fc-959a-a4066d589d81 tempest-GroupsTest-1548658217 tempest-GroupsTest-1548658217-project-member] Deprecated: Default quota for resource: gigabytes_tempest-GroupsTest-volume-type-836253625 is set by the default quota flag: quota_gigabytes_tempest-GroupsTest-volume-type-836253625, it is now deprecated. Please use the default quota class for default quota.
Aug 24 07:30:40.476807 np0000007949 devstack@c-api.service[100245]: DEBUG cinder.api.middleware.request_id [None req-176567aa-0946-49a6-a43e-0fc48fcde44d None None] RequestId filter calling following filter/app {{(pid=100245) _context_setter /opt/stack/cinder/cinder/api/middleware/request_id.py:62}}
Aug 24 07:30:40.479696 np0000007949 devstack@c-api.service[100242]: DEBUG cinder.quota [None req-20e67440-e5ca-40fc-959a-a4066d589d81 tempest-GroupsTest-1548658217 tempest-GroupsTest-1548658217-project-member] Created reservations ['1c85f52e-b30d-4120-a74a-b17850044e2d', '22844fc2-1c88-47a8-a571-b8b81ab7cbed', 'c27be375-83c4-4225-b551-04753a41666e', 'd6b7b378-54af-4151-ab66-673f9cd5d1fb'] {{(pid=100242) reserve /opt/stack/cinder/cinder/quota.py:752}}
Aug 24 07:30:40.480867 np0000007949 devstack@c-api.service[100245]: INFO cinder.api.openstack.wsgi [None req-176567aa-0946-49a6-a43e-0fc48fcde44d tempest-AttachVolumeMultiAttachTest-2091077683 tempest-AttachVolumeMultiAttachTest-2091077683-project-member] GET https://10.4.3.73/volume/v3/volumes/6be74cc5-ad9e-471b-88b2-ef3d337c245e
Aug 24 07:30:40.481233 np0000007949 devstack@c-api.service[100242]: DEBUG cinder.volume.api [None req-20e67440-e5ca-40fc-959a-a4066d589d81 tempest-GroupsTest-1548658217 tempest-GroupsTest-1548658217-project-member] Task 'cinder.volume.flows.api.create_volume.QuotaReserveTask;volume:create' (76863a82-ab55-46e8-930e-2e3697ef66ef) transitioned into state 'SUCCESS' from state 'RUNNING' with result '{'reservations': ['1c85f52e-b30d-4120-a74a-b17850044e2d', '22844fc2-1c88-47a8-a571-b8b81ab7cbed', 'c27be375-83c4-4225-b551-04753a41666e', 'd6b7b378-54af-4151-ab66-673f9cd5d1fb']}' {{(pid=100242) _task_receiver /opt/stack/data/venv/lib/python3.12/site-packages/taskflow/listeners/logging.py:218}}
Aug 24 07:30:40.481498 np0000007949 devstack@c-api.service[100245]: DEBUG cinder.api.openstack.wsgi [None req-176567aa-0946-49a6-a43e-0fc48fcde44d tempest-AttachVolumeMultiAttachTest-2091077683 tempest-AttachVolumeMultiAttachTest-2091077683-project-member] Empty body provided in request {{(pid=100245) get_body /opt/stack/cinder/cinder/api/openstack/wsgi.py:725}}
Aug 24 07:30:40.481697 np0000007949 devstack@c-api.service[100245]: DEBUG cinder.api.openstack.wsgi [None req-176567aa-0946-49a6-a43e-0fc48fcde44d tempest-AttachVolumeMultiAttachTest-2091077683 tempest-AttachVolumeMultiAttachTest-2091077683-project-member] Calling method 'show' {{(pid=100245) _process_stack /opt/stack/cinder/cinder/api/openstack/wsgi.py:878}}
Aug 24 07:30:40.482636 np0000007949 devstack@c-api.service[100242]: DEBUG cinder.volume.api [None req-20e67440-e5ca-40fc-959a-a4066d589d81 tempest-GroupsTest-1548658217 tempest-GroupsTest-1548658217-project-member] Task 'cinder.volume.flows.api.create_volume.EntryCreateTask;volume:create' (75d6dd97-01a5-470f-97fe-5b7525a307b2) transitioned into state 'RUNNING' from state 'PENDING' {{(pid=100242) _task_receiver /opt/stack/data/venv/lib/python3.12/site-packages/taskflow/listeners/logging.py:242}}
Aug 24 07:30:40.509802 np0000007949 devstack@c-api.service[100245]: /opt/stack/data/venv/lib/python3.12/site-packages/oslo_context/context.py:102: DeprecationWarning: Policy enforcement is depending on the value of is_admin. This key is deprecated. Please update your policy file to use the standard policy values.
Aug 24 07:30:40.509802 np0000007949 devstack@c-api.service[100245]: warnings.warn(
Aug 24 07:30:40.515463 np0000007949 devstack@c-api.service[100244]: DEBUG cinder.api.middleware.request_id [req-762e6b5d-7d15-4839-9e6c-f44309b89f61 req-33693072-c7b4-407a-9a51-a750c19206ad None None] RequestId filter calling following filter/app {{(pid=100244) _context_setter /opt/stack/cinder/cinder/api/middleware/request_id.py:62}}
Aug 24 07:30:40.518932 np0000007949 devstack@c-api.service[100245]: INFO cinder.volume.api [None req-176567aa-0946-49a6-a43e-0fc48fcde44d tempest-AttachVolumeMultiAttachTest-2091077683 tempest-AttachVolumeMultiAttachTest-2091077683-project-member] Volume info retrieved successfully.
Aug 24 07:30:40.519397 np0000007949 devstack@c-api.service[100244]: INFO cinder.api.openstack.wsgi [req-762e6b5d-7d15-4839-9e6c-f44309b89f61 req-33693072-c7b4-407a-9a51-a750c19206ad tempest-AttachVolumeMultiAttachTest-2091077683 tempest-AttachVolumeMultiAttachTest-2091077683-project-member] GET https://10.4.3.73/volume/v3/volumes/6be74cc5-ad9e-471b-88b2-ef3d337c245e
Aug 24 07:30:40.519869 np0000007949 devstack@c-api.service[100244]: DEBUG cinder.api.openstack.wsgi [req-762e6b5d-7d15-4839-9e6c-f44309b89f61 req-33693072-c7b4-407a-9a51-a750c19206ad tempest-AttachVolumeMultiAttachTest-2091077683 tempest-AttachVolumeMultiAttachTest-2091077683-project-member] Empty body provided in request {{(pid=100244) get_body /opt/stack/cinder/cinder/api/openstack/wsgi.py:725}}
Aug 24 07:30:40.520173 np0000007949 devstack@c-api.service[100244]: DEBUG cinder.api.openstack.wsgi [req-762e6b5d-7d15-4839-9e6c-f44309b89f61 req-33693072-c7b4-407a-9a51-a750c19206ad tempest-AttachVolumeMultiAttachTest-2091077683 tempest-AttachVolumeMultiAttachTest-2091077683-project-member] Calling method 'show' {{(pid=100244) _process_stack /opt/stack/cinder/cinder/api/openstack/wsgi.py:878}}
Aug 24 07:30:40.530903 np0000007949 devstack@c-api.service[100245]: INFO cinder.api.openstack.wsgi [None req-176567aa-0946-49a6-a43e-0fc48fcde44d tempest-AttachVolumeMultiAttachTest-2091077683 tempest-AttachVolumeMultiAttachTest-2091077683-project-member] https://10.4.3.73/volume/v3/volumes/6be74cc5-ad9e-471b-88b2-ef3d337c245e returned with HTTP 200
Aug 24 07:30:40.532657 np0000007949 devstack@c-api.service[100245]: [pid: 100245|app: 0|req: 94/371] 10.4.3.73 () {66 vars in 1341 bytes} [Mon Aug 24 07:30:40 2026] GET /volume/v3/volumes/6be74cc5-ad9e-471b-88b2-ef3d337c245e => generated 1443 bytes in 58 msecs (HTTP/1.1 200) 7 headers in 286 bytes (1 switches on core 0)
Aug 24 07:30:40.535107 np0000007949 devstack@c-api.service[100242]: DEBUG cinder.volume.api [None req-20e67440-e5ca-40fc-959a-a4066d589d81 tempest-GroupsTest-1548658217 tempest-GroupsTest-1548658217-project-member] Task 'cinder.volume.flows.api.create_volume.EntryCreateTask;volume:create' (75d6dd97-01a5-470f-97fe-5b7525a307b2) transitioned into state 'SUCCESS' from state 'RUNNING' with result '{'volume_id': 'd9c3fc7f-6e6b-4705-9c89-b9238d5cd2d8', 'volume_properties': VolumeProperties(attach_status='detached',availability_zone='nova',cgsnapshot_id=None,consistencygroup_id=None,display_description=None,display_name='tempest-volume-2065120495',encryption_key_id=None,group_id=bfd719e7-1e22-4786-8f8c-57501b0fb760,group_type_id=,metadata={},multiattach=False,project_id='1b7f972e42f848d2836ac7d3b42e1424',qos_specs=None,replication_status=,reservations=['1c85f52e-b30d-4120-a74a-b17850044e2d','22844fc2-1c88-47a8-a571-b8b81ab7cbed','c27be375-83c4-4225-b551-04753a41666e','d6b7b378-54af-4151-ab66-673f9cd5d1fb'],size=1,snapshot_id=None,source_replicaid=,source_volid=None,status='creating',user_id='4eda7f4d25324a22be61850a8c9afeb3',volume_type_id=14dc6adb-b166-42ff-a577-0ed3367939f0), 'volume': Volume(_name_id=None,admin_metadata=,attach_status='detached',availability_zone='nova',bootable=False,cluster=,cluster_name=None,consistencygroup=,consistencygroup_id=None,created_at=2026-08-24T07:30:40Z,deleted=False,deleted_at=None,display_description=None,display_name='tempest-volume-2065120495',ec2_id=None,encryption_key_id=None,glance_metadata=,group=,group_id=bfd719e7-1e22-4786-8f8c-57501b0fb760,host=None,id=d9c3fc7f-6e6b-4705-9c89-b9238d5cd2d8,launched_at=None,metadata={},migration_status=None,multiattach=False,previous_status=None,project_id='1b7f972e42f848d2836ac7d3b42e1424',provider_auth=None,provider_geometry=None,provider_id=None,provider_location=None,replication_driver_data=None,replication_extended_status=None,replication_status=None,scheduled_at=None,service_uuid=None,shared_targets=True,size=1,snapshot_id=None,snapshots=,source_volid=None,status='creating',terminated_at=None,updated_at=None,use_quota=True,user_id='4eda7f4d25324a22be61850a8c9afeb3',volume_attachment=VolumeAttachmentList,volume_type=VolumeType(14dc6adb-b166-42ff-a577-0ed3367939f0),volume_type_id=14dc6adb-b166-42ff-a577-0ed3367939f0)}' {{(pid=100242) _task_receiver /opt/stack/data/venv/lib/python3.12/site-packages/taskflow/listeners/logging.py:218}}
Aug 24 07:30:40.537335 np0000007949 devstack@c-api.service[100242]: DEBUG cinder.volume.api [None req-20e67440-e5ca-40fc-959a-a4066d589d81 tempest-GroupsTest-1548658217 tempest-GroupsTest-1548658217-project-member] Task 'cinder.volume.flows.api.create_volume.QuotaCommitTask;volume:create' (ee8e68f6-6d5f-47a8-bde5-ccc3f6cd5225) transitioned into state 'RUNNING' from state 'PENDING' {{(pid=100242) _task_receiver /opt/stack/data/venv/lib/python3.12/site-packages/taskflow/listeners/logging.py:242}}
Aug 24 07:30:40.543425 np0000007949 devstack@c-api.service[100244]: /opt/stack/data/venv/lib/python3.12/site-packages/oslo_context/context.py:102: DeprecationWarning: Policy enforcement is depending on the value of is_admin. This key is deprecated. Please update your policy file to use the standard policy values.
Aug 24 07:30:40.543425 np0000007949 devstack@c-api.service[100244]: warnings.warn(
Aug 24 07:30:40.556563 np0000007949 devstack@c-api.service[100244]: INFO cinder.volume.api [req-762e6b5d-7d15-4839-9e6c-f44309b89f61 req-33693072-c7b4-407a-9a51-a750c19206ad tempest-AttachVolumeMultiAttachTest-2091077683 tempest-AttachVolumeMultiAttachTest-2091077683-project-member] Volume info retrieved successfully.
Aug 24 07:30:40.566051 np0000007949 devstack@c-api.service[100244]: INFO cinder.api.openstack.wsgi [req-762e6b5d-7d15-4839-9e6c-f44309b89f61 req-33693072-c7b4-407a-9a51-a750c19206ad tempest-AttachVolumeMultiAttachTest-2091077683 tempest-AttachVolumeMultiAttachTest-2091077683-project-member] https://10.4.3.73/volume/v3/volumes/6be74cc5-ad9e-471b-88b2-ef3d337c245e returned with HTTP 200
Aug 24 07:30:40.567210 np0000007949 devstack@c-api.service[100244]: [pid: 100244|app: 0|req: 95/372] 10.4.3.73 () {68 vars in 1591 bytes} [Mon Aug 24 07:30:40 2026] GET /volume/v3/volumes/6be74cc5-ad9e-471b-88b2-ef3d337c245e => generated 1443 bytes in 51 msecs (HTTP/1.1 200) 7 headers in 286 bytes (1 switches on core 0)
Aug 24 07:30:40.577828 np0000007949 devstack@c-api.service[100242]: DEBUG cinder.volume.api [None req-20e67440-e5ca-40fc-959a-a4066d589d81 tempest-GroupsTest-1548658217 tempest-GroupsTest-1548658217-project-member] Task 'cinder.volume.flows.api.create_volume.QuotaCommitTask;volume:create' (ee8e68f6-6d5f-47a8-bde5-ccc3f6cd5225) transitioned into state 'SUCCESS' from state 'RUNNING' with result '{'volume_properties': VolumeProperties(attach_status='detached',availability_zone='nova',cgsnapshot_id=None,consistencygroup_id=None,display_description=None,display_name='tempest-volume-2065120495',encryption_key_id=None,group_id=bfd719e7-1e22-4786-8f8c-57501b0fb760,group_type_id=,metadata={},multiattach=False,project_id='1b7f972e42f848d2836ac7d3b42e1424',qos_specs=None,replication_status=,reservations=['1c85f52e-b30d-4120-a74a-b17850044e2d','22844fc2-1c88-47a8-a571-b8b81ab7cbed','c27be375-83c4-4225-b551-04753a41666e','d6b7b378-54af-4151-ab66-673f9cd5d1fb'],size=1,snapshot_id=None,source_replicaid=,source_volid=None,status='creating',user_id='4eda7f4d25324a22be61850a8c9afeb3',volume_type_id=14dc6adb-b166-42ff-a577-0ed3367939f0)}' {{(pid=100242) _task_receiver /opt/stack/data/venv/lib/python3.12/site-packages/taskflow/listeners/logging.py:218}}
Aug 24 07:30:40.579633 np0000007949 devstack@c-api.service[100242]: DEBUG cinder.volume.api [None req-20e67440-e5ca-40fc-959a-a4066d589d81 tempest-GroupsTest-1548658217 tempest-GroupsTest-1548658217-project-member] Task 'cinder.volume.flows.api.create_volume.VolumeCastTask;volume:create' (7deb1f43-1f7a-44ea-baa7-bd5eec9ed7dc) transitioned into state 'RUNNING' from state 'PENDING' {{(pid=100242) _task_receiver /opt/stack/data/venv/lib/python3.12/site-packages/taskflow/listeners/logging.py:242}}
Aug 24 07:30:40.601456 np0000007949 devstack@c-api.service[100242]: DEBUG cinder.volume.api [None req-20e67440-e5ca-40fc-959a-a4066d589d81 tempest-GroupsTest-1548658217 tempest-GroupsTest-1548658217-project-member] Task 'cinder.volume.flows.api.create_volume.VolumeCastTask;volume:create' (7deb1f43-1f7a-44ea-baa7-bd5eec9ed7dc) transitioned into state 'SUCCESS' from state 'RUNNING' with result 'None' {{(pid=100242) _task_receiver /opt/stack/data/venv/lib/python3.12/site-packages/taskflow/listeners/logging.py:218}}
Aug 24 07:30:40.603691 np0000007949 devstack@c-api.service[100242]: DEBUG cinder.volume.api [None req-20e67440-e5ca-40fc-959a-a4066d589d81 tempest-GroupsTest-1548658217 tempest-GroupsTest-1548658217-project-member] Flow 'volume_create_api' (fc5ff66e-310e-4065-9a30-f724f657b9c9) transitioned into state 'SUCCESS' from state 'RUNNING' {{(pid=100242) _flow_receiver /opt/stack/data/venv/lib/python3.12/site-packages/taskflow/listeners/logging.py:160}}
Aug 24 07:30:40.603691 np0000007949 devstack@c-api.service[100242]: INFO cinder.volume.api [None req-20e67440-e5ca-40fc-959a-a4066d589d81 tempest-GroupsTest-1548658217 tempest-GroupsTest-1548658217-project-member] Create volume request issued successfully.
Aug 24 07:30:40.604188 np0000007949 devstack@c-api.service[100242]: WARNING stevedore.named [None req-20e67440-e5ca-40fc-959a-a4066d589d81 tempest-GroupsTest-1548658217 tempest-GroupsTest-1548658217-project-member] Could not load cinder.keymgr.conf_key_mgr.ConfKeyManager
Aug 24 07:30:40.604619 np0000007949 devstack@c-api.service[100242]: WARNING castellan.key_manager [None req-20e67440-e5ca-40fc-959a-a4066d589d81 tempest-GroupsTest-1548658217 tempest-GroupsTest-1548658217-project-member] Deprecation Warning : cinder.keymgr.conf_key_mgr.ConfKeyManager is not a stevedore based driver, trying to load it as a class: stevedore.exception.NoMatches: No 'castellan.drivers' driver found, looking for 'cinder.keymgr.conf_key_mgr.ConfKeyManager'
Aug 24 07:30:40.608985 np0000007949 devstack@c-api.service[100243]: DEBUG cinder.api.middleware.request_id [req-762e6b5d-7d15-4839-9e6c-f44309b89f61 req-3ee584af-6859-4e13-99ef-3506e1ce0dac None None] RequestId filter calling following filter/app {{(pid=100243) _context_setter /opt/stack/cinder/cinder/api/middleware/request_id.py:62}}
Aug 24 07:30:40.616286 np0000007949 devstack@c-api.service[100243]: INFO cinder.api.openstack.wsgi [req-762e6b5d-7d15-4839-9e6c-f44309b89f61 req-3ee584af-6859-4e13-99ef-3506e1ce0dac tempest-AttachVolumeMultiAttachTest-2091077683 tempest-AttachVolumeMultiAttachTest-2091077683-project-member] DELETE https://10.4.3.73/volume/v3/attachments/c7533795-71f5-45ef-8c8e-bc58fc242be6
Aug 24 07:30:40.616658 np0000007949 devstack@c-api.service[100243]: DEBUG cinder.api.openstack.wsgi [req-762e6b5d-7d15-4839-9e6c-f44309b89f61 req-3ee584af-6859-4e13-99ef-3506e1ce0dac tempest-AttachVolumeMultiAttachTest-2091077683 tempest-AttachVolumeMultiAttachTest-2091077683-project-member] Empty body provided in request {{(pid=100243) get_body /opt/stack/cinder/cinder/api/openstack/wsgi.py:725}}
Aug 24 07:30:40.616928 np0000007949 devstack@c-api.service[100243]: DEBUG cinder.api.openstack.wsgi [req-762e6b5d-7d15-4839-9e6c-f44309b89f61 req-3ee584af-6859-4e13-99ef-3506e1ce0dac tempest-AttachVolumeMultiAttachTest-2091077683 tempest-AttachVolumeMultiAttachTest-2091077683-project-member] Calling method 'version_select' {{(pid=100243) _process_stack /opt/stack/cinder/cinder/api/openstack/wsgi.py:878}}
Aug 24 07:30:40.640098 np0000007949 devstack@c-api.service[100243]: /opt/stack/data/venv/lib/python3.12/site-packages/oslo_context/context.py:102: DeprecationWarning: Policy enforcement is depending on the value of is_admin. This key is deprecated. Please update your policy file to use the standard policy values.
Aug 24 07:30:40.640098 np0000007949 devstack@c-api.service[100243]: warnings.warn(
Aug 24 07:30:40.678281 np0000007949 devstack@c-api.service[100242]: DEBUG oslo_db.sqlalchemy.engines [None req-20e67440-e5ca-40fc-959a-a4066d589d81 tempest-GroupsTest-1548658217 tempest-GroupsTest-1548658217-project-member] MySQL server mode set to STRICT_TRANS_TABLES,STRICT_ALL_TABLES,NO_ZERO_IN_DATE,NO_ZERO_DATE,ERROR_FOR_DIVISION_BY_ZERO,TRADITIONAL,NO_ENGINE_SUBSTITUTION {{(pid=100242) _check_effective_sql_mode /opt/stack/data/venv/lib/python3.12/site-packages/oslo_db/sqlalchemy/engines.py:325}}
Aug 24 07:30:40.684133 np0000007949 devstack@c-api.service[100242]: /opt/stack/data/venv/lib/python3.12/site-packages/oslo_context/context.py:102: DeprecationWarning: Policy enforcement is depending on the value of is_admin. This key is deprecated. Please update your policy file to use the standard policy values.
Aug 24 07:30:40.684133 np0000007949 devstack@c-api.service[100242]: warnings.warn(
Aug 24 07:30:40.695702 np0000007949 devstack@c-api.service[100242]: INFO cinder.api.openstack.wsgi [None req-20e67440-e5ca-40fc-959a-a4066d589d81 tempest-GroupsTest-1548658217 tempest-GroupsTest-1548658217-project-member] https://10.4.3.73/volume/v3/volumes returned with HTTP 202
Aug 24 07:30:40.695833 np0000007949 devstack@c-api.service[100242]: [pid: 100242|app: 0|req: 92/373] 10.4.3.73 () {70 vars in 1293 bytes} [Mon Aug 24 07:30:40 2026] POST /volume/v3/volumes => generated 812 bytes in 472 msecs (HTTP/1.1 202) 7 headers in 292 bytes (1 switches on core 0)
Aug 24 07:30:40.715319 np0000007949 devstack@c-api.service[100245]: DEBUG cinder.api.middleware.request_id [None req-d1cf3e99-714a-459a-8b9d-3aa11736c6ea None None] RequestId filter calling following filter/app {{(pid=100245) _context_setter /opt/stack/cinder/cinder/api/middleware/request_id.py:62}}
Aug 24 07:30:40.717547 np0000007949 devstack@c-api.service[100245]: INFO cinder.api.openstack.wsgi [None req-d1cf3e99-714a-459a-8b9d-3aa11736c6ea tempest-GroupsTest-1548658217 tempest-GroupsTest-1548658217-project-member] GET https://10.4.3.73/volume/v3/volumes/d9c3fc7f-6e6b-4705-9c89-b9238d5cd2d8
Aug 24 07:30:40.719788 np0000007949 devstack@c-api.service[100245]: DEBUG cinder.api.openstack.wsgi [None req-d1cf3e99-714a-459a-8b9d-3aa11736c6ea tempest-GroupsTest-1548658217 tempest-GroupsTest-1548658217-project-member] Empty body provided in request {{(pid=100245) get_body /opt/stack/cinder/cinder/api/openstack/wsgi.py:725}}
Aug 24 07:30:40.719788 np0000007949 devstack@c-api.service[100245]: DEBUG cinder.api.openstack.wsgi [None req-d1cf3e99-714a-459a-8b9d-3aa11736c6ea tempest-GroupsTest-1548658217 tempest-GroupsTest-1548658217-project-member] Calling method 'show' {{(pid=100245) _process_stack /opt/stack/cinder/cinder/api/openstack/wsgi.py:878}}
Aug 24 07:30:40.732135 np0000007949 devstack@c-api.service[100245]: /opt/stack/data/venv/lib/python3.12/site-packages/oslo_context/context.py:102: DeprecationWarning: Policy enforcement is depending on the value of is_admin. This key is deprecated. Please update your policy file to use the standard policy values.
Aug 24 07:30:40.732135 np0000007949 devstack@c-api.service[100245]: warnings.warn(
Aug 24 07:30:40.745897 np0000007949 devstack@c-api.service[100245]: INFO cinder.volume.api [None req-d1cf3e99-714a-459a-8b9d-3aa11736c6ea tempest-GroupsTest-1548658217 tempest-GroupsTest-1548658217-project-member] Volume info retrieved successfully.
Aug 24 07:30:40.745897 np0000007949 devstack@c-api.service[100245]: WARNING stevedore.named [None req-d1cf3e99-714a-459a-8b9d-3aa11736c6ea tempest-GroupsTest-1548658217 tempest-GroupsTest-1548658217-project-member] Could not load cinder.keymgr.conf_key_mgr.ConfKeyManager
Aug 24 07:30:40.745897 np0000007949 devstack@c-api.service[100245]: WARNING castellan.key_manager [None req-d1cf3e99-714a-459a-8b9d-3aa11736c6ea tempest-GroupsTest-1548658217 tempest-GroupsTest-1548658217-project-member] Deprecation Warning : cinder.keymgr.conf_key_mgr.ConfKeyManager is not a stevedore based driver, trying to load it as a class: stevedore.exception.NoMatches: No 'castellan.drivers' driver found, looking for 'cinder.keymgr.conf_key_mgr.ConfKeyManager'
Aug 24 07:30:40.756029 np0000007949 devstack@c-api.service[100243]: INFO cinder.api.openstack.wsgi [req-762e6b5d-7d15-4839-9e6c-f44309b89f61 req-3ee584af-6859-4e13-99ef-3506e1ce0dac tempest-AttachVolumeMultiAttachTest-2091077683 tempest-AttachVolumeMultiAttachTest-2091077683-project-member] https://10.4.3.73/volume/v3/attachments/c7533795-71f5-45ef-8c8e-bc58fc242be6 returned with HTTP 200
Aug 24 07:30:40.757092 np0000007949 devstack@c-api.service[100243]: [pid: 100243|app: 0|req: 93/374] 10.4.3.73 () {72 vars in 1666 bytes} [Mon Aug 24 07:30:40 2026] DELETE /volume/v3/attachments/c7533795-71f5-45ef-8c8e-bc58fc242be6 => generated 192 bytes in 149 msecs (HTTP/1.1 200) 7 headers in 286 bytes (1 switches on core 0)
Aug 24 07:30:40.814805 np0000007949 devstack@c-api.service[100245]: DEBUG oslo_db.sqlalchemy.engines [None req-d1cf3e99-714a-459a-8b9d-3aa11736c6ea tempest-GroupsTest-1548658217 tempest-GroupsTest-1548658217-project-member] MySQL server mode set to STRICT_TRANS_TABLES,STRICT_ALL_TABLES,NO_ZERO_IN_DATE,NO_ZERO_DATE,ERROR_FOR_DIVISION_BY_ZERO,TRADITIONAL,NO_ENGINE_SUBSTITUTION {{(pid=100245) _check_effective_sql_mode /opt/stack/data/venv/lib/python3.12/site-packages/oslo_db/sqlalchemy/engines.py:325}}
Aug 24 07:30:40.822647 np0000007949 devstack@c-api.service[100245]: /opt/stack/data/venv/lib/python3.12/site-packages/oslo_context/context.py:102: DeprecationWarning: Policy enforcement is depending on the value of is_admin. This key is deprecated. Please update your policy file to use the standard policy values.
Aug 24 07:30:40.822647 np0000007949 devstack@c-api.service[100245]: warnings.warn(
Aug 24 07:30:40.841765 np0000007949 devstack@c-api.service[100245]: INFO cinder.api.openstack.wsgi [None req-d1cf3e99-714a-459a-8b9d-3aa11736c6ea tempest-GroupsTest-1548658217 tempest-GroupsTest-1548658217-project-member] https://10.4.3.73/volume/v3/volumes/d9c3fc7f-6e6b-4705-9c89-b9238d5cd2d8 returned with HTTP 200
Aug 24 07:30:40.842886 np0000007949 devstack@c-api.service[100245]: [pid: 100245|app: 0|req: 95/375] 10.4.3.73 () {68 vars in 1382 bytes} [Mon Aug 24 07:30:40 2026] GET /volume/v3/volumes/d9c3fc7f-6e6b-4705-9c89-b9238d5cd2d8 => generated 880 bytes in 128 msecs (HTTP/1.1 200) 7 headers in 286 bytes (1 switches on core 0)
Aug 24 07:30:41.551293 np0000007949 devstack@c-api.service[100244]: DEBUG cinder.api.middleware.request_id [None req-550a9f64-1d49-46f7-bf23-29e9a54e3037 None None] RequestId filter calling following filter/app {{(pid=100244) _context_setter /opt/stack/cinder/cinder/api/middleware/request_id.py:62}}
Aug 24 07:30:41.553594 np0000007949 devstack@c-api.service[100244]: INFO cinder.api.openstack.wsgi [None req-550a9f64-1d49-46f7-bf23-29e9a54e3037 tempest-AttachVolumeMultiAttachTest-2091077683 tempest-AttachVolumeMultiAttachTest-2091077683-project-member] GET https://10.4.3.73/volume/v3/volumes/6be74cc5-ad9e-471b-88b2-ef3d337c245e
Aug 24 07:30:41.553789 np0000007949 devstack@c-api.service[100244]: DEBUG cinder.api.openstack.wsgi [None req-550a9f64-1d49-46f7-bf23-29e9a54e3037 tempest-AttachVolumeMultiAttachTest-2091077683 tempest-AttachVolumeMultiAttachTest-2091077683-project-member] Empty body provided in request {{(pid=100244) get_body /opt/stack/cinder/cinder/api/openstack/wsgi.py:725}}
Aug 24 07:30:41.554579 np0000007949 devstack@c-api.service[100244]: DEBUG cinder.api.openstack.wsgi [None req-550a9f64-1d49-46f7-bf23-29e9a54e3037 tempest-AttachVolumeMultiAttachTest-2091077683 tempest-AttachVolumeMultiAttachTest-2091077683-project-member] Calling method 'show' {{(pid=100244) _process_stack /opt/stack/cinder/cinder/api/openstack/wsgi.py:878}}
Aug 24 07:30:41.568855 np0000007949 devstack@c-api.service[100244]: /opt/stack/data/venv/lib/python3.12/site-packages/oslo_context/context.py:102: DeprecationWarning: Policy enforcement is depending on the value of is_admin. This key is deprecated. Please update your policy file to use the standard policy values.
Aug 24 07:30:41.568855 np0000007949 devstack@c-api.service[100244]: warnings.warn(
Aug 24 07:30:41.575464 np0000007949 devstack@c-api.service[100244]: INFO cinder.volume.api [None req-550a9f64-1d49-46f7-bf23-29e9a54e3037 tempest-AttachVolumeMultiAttachTest-2091077683 tempest-AttachVolumeMultiAttachTest-2091077683-project-member] Volume info retrieved successfully.
Aug 24 07:30:41.584251 np0000007949 devstack@c-api.service[100244]: INFO cinder.api.openstack.wsgi [None req-550a9f64-1d49-46f7-bf23-29e9a54e3037 tempest-AttachVolumeMultiAttachTest-2091077683 tempest-AttachVolumeMultiAttachTest-2091077683-project-member] https://10.4.3.73/volume/v3/volumes/6be74cc5-ad9e-471b-88b2-ef3d337c245e returned with HTTP 200
Aug 24 07:30:41.584997 np0000007949 devstack@c-api.service[100244]: [pid: 100244|app: 0|req: 96/376] 10.4.3.73 () {66 vars in 1341 bytes} [Mon Aug 24 07:30:41 2026] GET /volume/v3/volumes/6be74cc5-ad9e-471b-88b2-ef3d337c245e => generated 1143 bytes in 34 msecs (HTTP/1.1 200) 7 headers in 286 bytes (1 switches on core 0)
Aug 24 07:30:41.669954 np0000007949 devstack@c-api.service[100242]: DEBUG cinder.api.middleware.request_id [None req-dda923d7-cbd6-4024-ae17-524d208ed484 None None] RequestId filter calling following filter/app {{(pid=100242) _context_setter /opt/stack/cinder/cinder/api/middleware/request_id.py:62}}
Aug 24 07:30:41.672663 np0000007949 devstack@c-api.service[100242]: INFO cinder.api.openstack.wsgi [None req-dda923d7-cbd6-4024-ae17-524d208ed484 tempest-AttachVolumeMultiAttachTest-2091077683 tempest-AttachVolumeMultiAttachTest-2091077683-project-reader] GET https://10.4.3.73/volume/v3/volumes/6be74cc5-ad9e-471b-88b2-ef3d337c245e
Aug 24 07:30:41.672937 np0000007949 devstack@c-api.service[100242]: DEBUG cinder.api.openstack.wsgi [None req-dda923d7-cbd6-4024-ae17-524d208ed484 tempest-AttachVolumeMultiAttachTest-2091077683 tempest-AttachVolumeMultiAttachTest-2091077683-project-reader] Empty body provided in request {{(pid=100242) get_body /opt/stack/cinder/cinder/api/openstack/wsgi.py:725}}
Aug 24 07:30:41.674057 np0000007949 devstack@c-api.service[100242]: DEBUG cinder.api.openstack.wsgi [None req-dda923d7-cbd6-4024-ae17-524d208ed484 tempest-AttachVolumeMultiAttachTest-2091077683 tempest-AttachVolumeMultiAttachTest-2091077683-project-reader] Calling method 'show' {{(pid=100242) _process_stack /opt/stack/cinder/cinder/api/openstack/wsgi.py:878}}
Aug 24 07:30:41.686378 np0000007949 devstack@c-api.service[100242]: /opt/stack/data/venv/lib/python3.12/site-packages/oslo_context/context.py:102: DeprecationWarning: Policy enforcement is depending on the value of is_admin. This key is deprecated. Please update your policy file to use the standard policy values.
Aug 24 07:30:41.686378 np0000007949 devstack@c-api.service[100242]: warnings.warn(
Aug 24 07:30:41.692216 np0000007949 devstack@c-api.service[100242]: INFO cinder.volume.api [None req-dda923d7-cbd6-4024-ae17-524d208ed484 tempest-AttachVolumeMultiAttachTest-2091077683 tempest-AttachVolumeMultiAttachTest-2091077683-project-reader] Volume info retrieved successfully.
Aug 24 07:30:41.701216 np0000007949 devstack@c-api.service[100242]: INFO cinder.api.openstack.wsgi [None req-dda923d7-cbd6-4024-ae17-524d208ed484 tempest-AttachVolumeMultiAttachTest-2091077683 tempest-AttachVolumeMultiAttachTest-2091077683-project-reader] https://10.4.3.73/volume/v3/volumes/6be74cc5-ad9e-471b-88b2-ef3d337c245e returned with HTTP 200
Aug 24 07:30:41.701995 np0000007949 devstack@c-api.service[100242]: [pid: 100242|app: 0|req: 93/377] 10.4.3.73 () {66 vars in 1341 bytes} [Mon Aug 24 07:30:41 2026] GET /volume/v3/volumes/6be74cc5-ad9e-471b-88b2-ef3d337c245e => generated 1143 bytes in 32 msecs (HTTP/1.1 200) 7 headers in 286 bytes (1 switches on core 0)
Aug 24 07:30:41.774865 np0000007949 devstack@c-api.service[100243]: DEBUG cinder.api.middleware.request_id [req-f7693983-f2d3-497f-bc49-b2c73ecafcc0 req-c9dd84f3-64c5-4d5b-9b26-c1d7f1522579 None None] RequestId filter calling following filter/app {{(pid=100243) _context_setter /opt/stack/cinder/cinder/api/middleware/request_id.py:62}}
Aug 24 07:30:41.778016 np0000007949 devstack@c-api.service[100243]: INFO cinder.api.openstack.wsgi [req-f7693983-f2d3-497f-bc49-b2c73ecafcc0 req-c9dd84f3-64c5-4d5b-9b26-c1d7f1522579 tempest-AttachVolumeMultiAttachTest-2091077683 tempest-AttachVolumeMultiAttachTest-2091077683-project-member] GET https://10.4.3.73/volume/v3/volumes/6be74cc5-ad9e-471b-88b2-ef3d337c245e
Aug 24 07:30:41.778289 np0000007949 devstack@c-api.service[100243]: DEBUG cinder.api.openstack.wsgi [req-f7693983-f2d3-497f-bc49-b2c73ecafcc0 req-c9dd84f3-64c5-4d5b-9b26-c1d7f1522579 tempest-AttachVolumeMultiAttachTest-2091077683 tempest-AttachVolumeMultiAttachTest-2091077683-project-member] Empty body provided in request {{(pid=100243) get_body /opt/stack/cinder/cinder/api/openstack/wsgi.py:725}}
Aug 24 07:30:41.778407 np0000007949 devstack@c-api.service[100243]: DEBUG cinder.api.openstack.wsgi [req-f7693983-f2d3-497f-bc49-b2c73ecafcc0 req-c9dd84f3-64c5-4d5b-9b26-c1d7f1522579 tempest-AttachVolumeMultiAttachTest-2091077683 tempest-AttachVolumeMultiAttachTest-2091077683-project-member] Calling method 'show' {{(pid=100243) _process_stack /opt/stack/cinder/cinder/api/openstack/wsgi.py:878}}
Aug 24 07:30:41.809541 np0000007949 devstack@c-api.service[100243]: /opt/stack/data/venv/lib/python3.12/site-packages/oslo_context/context.py:102: DeprecationWarning: Policy enforcement is depending on the value of is_admin. This key is deprecated. Please update your policy file to use the standard policy values.
Aug 24 07:30:41.809541 np0000007949 devstack@c-api.service[100243]: warnings.warn(
Aug 24 07:30:41.819906 np0000007949 devstack@c-api.service[100243]: INFO cinder.volume.api [req-f7693983-f2d3-497f-bc49-b2c73ecafcc0 req-c9dd84f3-64c5-4d5b-9b26-c1d7f1522579 tempest-AttachVolumeMultiAttachTest-2091077683 tempest-AttachVolumeMultiAttachTest-2091077683-project-member] Volume info retrieved successfully.
Aug 24 07:30:41.830790 np0000007949 devstack@c-api.service[100243]: INFO cinder.api.openstack.wsgi [req-f7693983-f2d3-497f-bc49-b2c73ecafcc0 req-c9dd84f3-64c5-4d5b-9b26-c1d7f1522579 tempest-AttachVolumeMultiAttachTest-2091077683 tempest-AttachVolumeMultiAttachTest-2091077683-project-member] https://10.4.3.73/volume/v3/volumes/6be74cc5-ad9e-471b-88b2-ef3d337c245e returned with HTTP 200
