Jun 25 19:25:28.696888 np0000003638 devstack@g-api.service[99496]: DEBUG glance_store.location [-] Registering scheme swift+config with {'store': , 'location_class': , 'store_entry': 'swift'} {{(pid=99496) register_scheme_map /opt/stack/data/venv/lib/python3.12/site-packages/glance_store/location.py:146}}
Jun 25 19:25:28.696961 np0000003638 devstack@g-api.service[99497]: DEBUG glance.sqlite_migration [-] SQLite caching database not located, skipping migration {{(pid=99497) get_db_path /opt/stack/glance/glance/sqlite_migration.py:68}}
Jun 25 19:25:28.697099 np0000003638 devstack@g-api.service[99498]: DEBUG glance_store.capabilities [-] Store glance_store._drivers.swift.store.SingleTenantStore doesn't support updating dynamic storage capabilities. Please overwrite 'update_capabilities' method of the store to implement updating logics if needed. {{(pid=99498) update_capabilities /opt/stack/data/venv/lib/python3.12/site-packages/glance_store/capabilities.py:91}}
Jun 25 19:25:28.697139 np0000003638 devstack@g-api.service[99497]: WARNING glance.common.wsgi_app [-] Import methods are enabled but staging directory /tmp/staging/ does not exist; Imports will fail!
Jun 25 19:25:28.697170 np0000003638 devstack@g-api.service[99496]: DEBUG glance.sqlite_migration [-] SQLite caching database not located, skipping migration {{(pid=99496) get_db_path /opt/stack/glance/glance/sqlite_migration.py:68}}
Jun 25 19:25:28.697201 np0000003638 devstack@g-api.service[99498]: DEBUG glance_store.backend [-] Registering store swift with schemes ('swift+https', 'swift', 'swift+http', 'swift+config') {{(pid=99498) create_stores /opt/stack/data/venv/lib/python3.12/site-packages/glance_store/backend.py:261}}
Jun 25 19:25:28.697201 np0000003638 devstack@g-api.service[99498]: DEBUG glance_store.driver [-] Late loading location class glance_store._drivers.swift.store.StoreLocation {{(pid=99498) get_store_location_class /opt/stack/data/venv/lib/python3.12/site-packages/glance_store/driver.py:134}}
Jun 25 19:25:28.697249 np0000003638 devstack@g-api.service[99498]: DEBUG glance_store.location [-] Registering scheme swift+https with {'store': , 'location_class': , 'store_entry': 'swift'} {{(pid=99498) register_scheme_map /opt/stack/data/venv/lib/python3.12/site-packages/glance_store/location.py:146}}
Jun 25 19:25:28.697314 np0000003638 devstack@g-api.service[99498]: DEBUG glance_store.location [-] Registering scheme swift with {'store': , 'location_class': , 'store_entry': 'swift'} {{(pid=99498) register_scheme_map /opt/stack/data/venv/lib/python3.12/site-packages/glance_store/location.py:146}}
Jun 25 19:25:28.697349 np0000003638 devstack@g-api.service[99496]: WARNING glance.common.wsgi_app [-] Import methods are enabled but staging directory /tmp/staging/ does not exist; Imports will fail!
Jun 25 19:25:28.697375 np0000003638 devstack@g-api.service[99498]: DEBUG glance_store.location [-] Registering scheme swift+http with {'store': , 'location_class': , 'store_entry': 'swift'} {{(pid=99498) register_scheme_map /opt/stack/data/venv/lib/python3.12/site-packages/glance_store/location.py:146}}
Jun 25 19:25:28.697400 np0000003638 devstack@g-api.service[99498]: DEBUG glance_store.location [-] Registering scheme swift+config with {'store': , 'location_class': , 'store_entry': 'swift'} {{(pid=99498) register_scheme_map /opt/stack/data/venv/lib/python3.12/site-packages/glance_store/location.py:146}}
Jun 25 19:25:28.697515 np0000003638 devstack@g-api.service[99498]: DEBUG glance_store.backend [-] Attempting to import store swift {{(pid=99498) _load_store /opt/stack/data/venv/lib/python3.12/site-packages/glance_store/backend.py:215}}
Jun 25 19:25:28.698531 np0000003638 devstack@g-api.service[99498]: DEBUG glance_store.capabilities [-] Store glance_store._drivers.swift.store.SingleTenantStore doesn't support updating dynamic storage capabilities. Please overwrite 'update_capabilities' method of the store to implement updating logics if needed. {{(pid=99498) update_capabilities /opt/stack/data/venv/lib/python3.12/site-packages/glance_store/capabilities.py:91}}
Jun 25 19:25:28.698579 np0000003638 devstack@g-api.service[99498]: DEBUG glance_store.driver [-] Late loading location class glance_store._drivers.swift.store.StoreLocation {{(pid=99498) get_store_location_class /opt/stack/data/venv/lib/python3.12/site-packages/glance_store/driver.py:134}}
Jun 25 19:25:28.698645 np0000003638 devstack@g-api.service[99498]: DEBUG glance_store.location [-] Registering scheme swift+https with {'store': , 'location_class': , 'store_entry': 'swift'} {{(pid=99498) register_scheme_map /opt/stack/data/venv/lib/python3.12/site-packages/glance_store/location.py:146}}
Jun 25 19:25:28.698691 np0000003638 devstack@g-api.service[99498]: DEBUG glance_store.location [-] Registering scheme swift+https with {'store': , 'location_class': , 'store_entry': 'swift'} {{(pid=99498) register_scheme_map /opt/stack/data/venv/lib/python3.12/site-packages/glance_store/location.py:146}}
Jun 25 19:25:28.698742 np0000003638 devstack@g-api.service[99498]: DEBUG glance_store.location [-] Registering scheme swift with {'store': , 'location_class': , 'store_entry': 'swift'} {{(pid=99498) register_scheme_map /opt/stack/data/venv/lib/python3.12/site-packages/glance_store/location.py:146}}
Jun 25 19:25:28.698787 np0000003638 devstack@g-api.service[99498]: DEBUG glance_store.location [-] Registering scheme swift+https with {'store': , 'location_class': , 'store_entry': 'swift'} {{(pid=99498) register_scheme_map /opt/stack/data/venv/lib/python3.12/site-packages/glance_store/location.py:146}}
Jun 25 19:25:28.698834 np0000003638 devstack@g-api.service[99498]: DEBUG glance_store.location [-] Registering scheme swift with {'store': , 'location_class': , 'store_entry': 'swift'} {{(pid=99498) register_scheme_map /opt/stack/data/venv/lib/python3.12/site-packages/glance_store/location.py:146}}
Jun 25 19:25:28.698879 np0000003638 devstack@g-api.service[99498]: DEBUG glance_store.location [-] Registering scheme swift+http with {'store': , 'location_class': , 'store_entry': 'swift'} {{(pid=99498) register_scheme_map /opt/stack/data/venv/lib/python3.12/site-packages/glance_store/location.py:146}}
Jun 25 19:25:28.698926 np0000003638 devstack@g-api.service[99498]: DEBUG glance_store.location [-] Registering scheme swift+https with {'store': , 'location_class': , 'store_entry': 'swift'} {{(pid=99498) register_scheme_map /opt/stack/data/venv/lib/python3.12/site-packages/glance_store/location.py:146}}
Jun 25 19:25:28.698982 np0000003638 devstack@g-api.service[99498]: DEBUG glance_store.location [-] Registering scheme swift with {'store': , 'location_class': , 'store_entry': 'swift'} {{(pid=99498) register_scheme_map /opt/stack/data/venv/lib/python3.12/site-packages/glance_store/location.py:146}}
Jun 25 19:25:28.699050 np0000003638 devstack@g-api.service[99498]: DEBUG glance_store.location [-] Registering scheme swift+http with {'store': , 'location_class': , 'store_entry': 'swift'} {{(pid=99498) register_scheme_map /opt/stack/data/venv/lib/python3.12/site-packages/glance_store/location.py:146}}
Jun 25 19:25:28.699143 np0000003638 devstack@g-api.service[99498]: DEBUG glance_store.location [-] Registering scheme swift+config with {'store': , 'location_class': , 'store_entry': 'swift'} {{(pid=99498) register_scheme_map /opt/stack/data/venv/lib/python3.12/site-packages/glance_store/location.py:146}}
Jun 25 19:25:28.699426 np0000003638 devstack@g-api.service[99498]: DEBUG glance.sqlite_migration [-] SQLite caching database not located, skipping migration {{(pid=99498) get_db_path /opt/stack/glance/glance/sqlite_migration.py:68}}
Jun 25 19:25:28.699634 np0000003638 devstack@g-api.service[99498]: WARNING glance.common.wsgi_app [-] Import methods are enabled but staging directory /tmp/staging/ does not exist; Imports will fail!
Jun 25 19:25:28.821181 np0000003638 devstack@g-api.service[99497]: DEBUG glance.common.config [None req-f85cf3b9-5cce-4078-afc8-6cb57e92a943 None None] Loading glance-api-keystone+cachemanagement from /etc/glance/glance-api-paste.ini {{(pid=99497) load_paste_app /opt/stack/glance/glance/common/config.py:759}}
Jun 25 19:25:28.823495 np0000003638 devstack@g-api.service[99496]: DEBUG glance.common.config [None req-6f983ab1-791d-4288-bd6b-4b4b77c79c0d None None] Loading glance-api-keystone+cachemanagement from /etc/glance/glance-api-paste.ini {{(pid=99496) load_paste_app /opt/stack/glance/glance/common/config.py:759}}
Jun 25 19:25:28.833370 np0000003638 devstack@g-api.service[99498]: DEBUG glance.common.config [None req-f26d3397-bdbf-4f5e-9851-62f427873c17 None None] Loading glance-api-keystone+cachemanagement from /etc/glance/glance-api-paste.ini {{(pid=99498) load_paste_app /opt/stack/glance/glance/common/config.py:759}}
Jun 25 19:25:29.444540 np0000003638 devstack@g-api.service[99496]: INFO glance.image_cache [None req-6f983ab1-791d-4288-bd6b-4b4b77c79c0d None None] Image cache loaded driver 'centralized_db'.
Jun 25 19:25:29.444750 np0000003638 devstack@g-api.service[99497]: INFO glance.image_cache [None req-f85cf3b9-5cce-4078-afc8-6cb57e92a943 None None] Image cache loaded driver 'centralized_db'.
Jun 25 19:25:29.446089 np0000003638 devstack@g-api.service[99498]: INFO glance.image_cache [None req-f26d3397-bdbf-4f5e-9851-62f427873c17 None None] Image cache loaded driver 'centralized_db'.
Jun 25 19:25:29.488206 np0000003638 devstack@g-api.service[99497]: INFO dbcounter [None req-f85cf3b9-5cce-4078-afc8-6cb57e92a943 None None] Registered counter for database glance
Jun 25 19:25:29.490972 np0000003638 devstack@g-api.service[99496]: INFO dbcounter [None req-6f983ab1-791d-4288-bd6b-4b4b77c79c0d None None] Registered counter for database glance
Jun 25 19:25:29.498153 np0000003638 devstack@g-api.service[99498]: INFO dbcounter [None req-f26d3397-bdbf-4f5e-9851-62f427873c17 None None] Registered counter for database glance
Jun 25 19:25:29.527162 np0000003638 devstack@g-api.service[99497]: DEBUG oslo_db.sqlalchemy.engines [None req-f85cf3b9-5cce-4078-afc8-6cb57e92a943 None None] MySQL server mode set to STRICT_TRANS_TABLES,STRICT_ALL_TABLES,NO_ZERO_IN_DATE,NO_ZERO_DATE,ERROR_FOR_DIVISION_BY_ZERO,TRADITIONAL,NO_ENGINE_SUBSTITUTION {{(pid=99497) _check_effective_sql_mode /opt/stack/data/venv/lib/python3.12/site-packages/oslo_db/sqlalchemy/engines.py:325}}
Jun 25 19:25:29.528148 np0000003638 devstack@g-api.service[99496]: DEBUG oslo_db.sqlalchemy.engines [None req-6f983ab1-791d-4288-bd6b-4b4b77c79c0d None None] MySQL server mode set to STRICT_TRANS_TABLES,STRICT_ALL_TABLES,NO_ZERO_IN_DATE,NO_ZERO_DATE,ERROR_FOR_DIVISION_BY_ZERO,TRADITIONAL,NO_ENGINE_SUBSTITUTION {{(pid=99496) _check_effective_sql_mode /opt/stack/data/venv/lib/python3.12/site-packages/oslo_db/sqlalchemy/engines.py:325}}
Jun 25 19:25:29.546951 np0000003638 devstack@g-api.service[99498]: DEBUG oslo_db.sqlalchemy.engines [None req-f26d3397-bdbf-4f5e-9851-62f427873c17 None None] MySQL server mode set to STRICT_TRANS_TABLES,STRICT_ALL_TABLES,NO_ZERO_IN_DATE,NO_ZERO_DATE,ERROR_FOR_DIVISION_BY_ZERO,TRADITIONAL,NO_ENGINE_SUBSTITUTION {{(pid=99498) _check_effective_sql_mode /opt/stack/data/venv/lib/python3.12/site-packages/oslo_db/sqlalchemy/engines.py:325}}
Jun 25 19:25:29.549159 np0000003638 devstack@g-api.service[99497]: DEBUG dbcounter [-] [99497] Writer thread running {{(pid=99497) stat_writer /opt/stack/data/venv/lib/python3.12/site-packages/dbcounter.py:102}}
Jun 25 19:25:29.550002 np0000003638 devstack@g-api.service[99496]: DEBUG dbcounter [-] [99496] Writer thread running {{(pid=99496) stat_writer /opt/stack/data/venv/lib/python3.12/site-packages/dbcounter.py:102}}
Jun 25 19:25:29.561567 np0000003638 devstack@g-api.service[99496]: DEBUG glance.image_cache.drivers.centralized_db [None req-6f983ab1-791d-4288-bd6b-4b4b77c79c0d None None] Node reference is already recorded, ignoring it {{(pid=99496) configure /opt/stack/glance/glance/image_cache/drivers/centralized_db.py:71}}
Jun 25 19:25:29.562383 np0000003638 devstack@g-api.service[99497]: INFO glance.image_cache [None req-f85cf3b9-5cce-4078-afc8-6cb57e92a943 None None] Image cache loaded driver 'centralized_db'.
Jun 25 19:25:29.567683 np0000003638 devstack@g-api.service[99496]: INFO glance.image_cache [None req-6f983ab1-791d-4288-bd6b-4b4b77c79c0d None None] Image cache loaded driver 'centralized_db'.
Jun 25 19:25:29.572010 np0000003638 devstack@g-api.service[99497]: DEBUG glance.image_cache.drivers.centralized_db [None req-f85cf3b9-5cce-4078-afc8-6cb57e92a943 None None] Node reference is already recorded, ignoring it {{(pid=99497) configure /opt/stack/glance/glance/image_cache/drivers/centralized_db.py:71}}
Jun 25 19:25:29.573413 np0000003638 devstack@g-api.service[99498]: DEBUG dbcounter [-] [99498] Writer thread running {{(pid=99498) stat_writer /opt/stack/data/venv/lib/python3.12/site-packages/dbcounter.py:102}}
Jun 25 19:25:29.575025 np0000003638 devstack@g-api.service[99498]: DEBUG glance.image_cache.drivers.centralized_db [None req-f26d3397-bdbf-4f5e-9851-62f427873c17 None None] Node reference is already recorded, ignoring it {{(pid=99498) configure /opt/stack/glance/glance/image_cache/drivers/centralized_db.py:71}}
Jun 25 19:25:29.580151 np0000003638 devstack@g-api.service[99498]: INFO glance.image_cache [None req-f26d3397-bdbf-4f5e-9851-62f427873c17 None None] Image cache loaded driver 'centralized_db'.
Jun 25 19:25:29.585729 np0000003638 devstack@g-api.service[99498]: DEBUG glance.image_cache.drivers.centralized_db [None req-f26d3397-bdbf-4f5e-9851-62f427873c17 None None] Node reference is already recorded, ignoring it {{(pid=99498) configure /opt/stack/glance/glance/image_cache/drivers/centralized_db.py:71}}
Jun 25 19:25:29.664711 np0000003638 devstack@g-api.service[99497]: DEBUG glance.api.v2.cached_images [None req-f85cf3b9-5cce-4078-afc8-6cb57e92a943 None None] Started cache worker thread {{(pid=99497) __init__ /opt/stack/glance/glance/api/v2/cached_images.py:69}}
Jun 25 19:25:29.664711 np0000003638 devstack@g-api.service[99497]: INFO glance.image_cache [None req-f85cf3b9-5cce-4078-afc8-6cb57e92a943 None None] Image cache loaded driver 'centralized_db'.
Jun 25 19:25:29.672277 np0000003638 devstack@g-api.service[99496]: DEBUG glance.image_cache.drivers.centralized_db [None req-6f983ab1-791d-4288-bd6b-4b4b77c79c0d None None] Node reference is already recorded, ignoring it {{(pid=99496) configure /opt/stack/glance/glance/image_cache/drivers/centralized_db.py:71}}
Jun 25 19:25:29.673199 np0000003638 devstack@g-api.service[99497]: DEBUG glance.image_cache.drivers.centralized_db [None req-f85cf3b9-5cce-4078-afc8-6cb57e92a943 None None] Node reference is already recorded, ignoring it {{(pid=99497) configure /opt/stack/glance/glance/image_cache/drivers/centralized_db.py:71}}
Jun 25 19:25:29.677730 np0000003638 devstack@g-api.service[99496]: DEBUG glance.api.v2.cached_images [None req-6f983ab1-791d-4288-bd6b-4b4b77c79c0d None None] Started cache worker thread {{(pid=99496) __init__ /opt/stack/glance/glance/api/v2/cached_images.py:69}}
Jun 25 19:25:29.677730 np0000003638 devstack@g-api.service[99496]: INFO glance.image_cache [None req-6f983ab1-791d-4288-bd6b-4b4b77c79c0d None None] Image cache loaded driver 'centralized_db'.
Jun 25 19:25:29.679095 np0000003638 devstack@g-api.service[99497]: INFO glance.api.middleware.cache_manage [None req-f85cf3b9-5cce-4078-afc8-6cb57e92a943 None None] Initialized image cache management middleware
Jun 25 19:25:29.679095 np0000003638 devstack@g-api.service[99497]: INFO glance.image_cache [None req-f85cf3b9-5cce-4078-afc8-6cb57e92a943 None None] Image cache loaded driver 'centralized_db'.
Jun 25 19:25:29.690748 np0000003638 devstack@g-api.service[99497]: DEBUG glance.image_cache.drivers.centralized_db [None req-f85cf3b9-5cce-4078-afc8-6cb57e92a943 None None] Node reference is already recorded, ignoring it {{(pid=99497) configure /opt/stack/glance/glance/image_cache/drivers/centralized_db.py:71}}
Jun 25 19:25:29.691977 np0000003638 devstack@g-api.service[99496]: DEBUG glance.image_cache.drivers.centralized_db [None req-6f983ab1-791d-4288-bd6b-4b4b77c79c0d None None] Node reference is already recorded, ignoring it {{(pid=99496) configure /opt/stack/glance/glance/image_cache/drivers/centralized_db.py:71}}
Jun 25 19:25:29.696481 np0000003638 devstack@g-api.service[99498]: DEBUG glance.api.v2.cached_images [None req-f26d3397-bdbf-4f5e-9851-62f427873c17 None None] Started cache worker thread {{(pid=99498) __init__ /opt/stack/glance/glance/api/v2/cached_images.py:69}}
Jun 25 19:25:29.697726 np0000003638 devstack@g-api.service[99497]: INFO glance.api.middleware.cache [None req-f85cf3b9-5cce-4078-afc8-6cb57e92a943 None None] Initialized image cache middleware
Jun 25 19:25:29.699391 np0000003638 devstack@g-api.service[99498]: INFO glance.image_cache [None req-f26d3397-bdbf-4f5e-9851-62f427873c17 None None] Image cache loaded driver 'centralized_db'.
Jun 25 19:25:29.702031 np0000003638 devstack@g-api.service[99496]: INFO glance.api.middleware.cache_manage [None req-6f983ab1-791d-4288-bd6b-4b4b77c79c0d None None] Initialized image cache management middleware
Jun 25 19:25:29.702031 np0000003638 devstack@g-api.service[99496]: INFO glance.image_cache [None req-6f983ab1-791d-4288-bd6b-4b4b77c79c0d None None] Image cache loaded driver 'centralized_db'.
Jun 25 19:25:29.703022 np0000003638 devstack@g-api.service[99498]: DEBUG glance.image_cache.drivers.centralized_db [None req-f26d3397-bdbf-4f5e-9851-62f427873c17 None None] Node reference is already recorded, ignoring it {{(pid=99498) configure /opt/stack/glance/glance/image_cache/drivers/centralized_db.py:71}}
Jun 25 19:25:29.707937 np0000003638 devstack@g-api.service[99498]: INFO glance.api.middleware.cache_manage [None req-f26d3397-bdbf-4f5e-9851-62f427873c17 None None] Initialized image cache management middleware
Jun 25 19:25:29.707937 np0000003638 devstack@g-api.service[99498]: INFO glance.image_cache [None req-f26d3397-bdbf-4f5e-9851-62f427873c17 None None] Image cache loaded driver 'centralized_db'.
Jun 25 19:25:29.713931 np0000003638 devstack@g-api.service[99496]: DEBUG glance.image_cache.drivers.centralized_db [None req-6f983ab1-791d-4288-bd6b-4b4b77c79c0d None None] Node reference is already recorded, ignoring it {{(pid=99496) configure /opt/stack/glance/glance/image_cache/drivers/centralized_db.py:71}}
Jun 25 19:25:29.715828 np0000003638 devstack@g-api.service[99497]: DEBUG glance.common.config [None req-f85cf3b9-5cce-4078-afc8-6cb57e92a943 None None] ******************************************************************************** {{(pid=99497) log_opt_values /opt/stack/data/venv/lib/python3.12/site-packages/oslo_config/cfg.py:3226}}
Jun 25 19:25:29.715828 np0000003638 devstack@g-api.service[99497]: DEBUG glance.common.config [None req-f85cf3b9-5cce-4078-afc8-6cb57e92a943 None None] Configuration options gathered from: {{(pid=99497) log_opt_values /opt/stack/data/venv/lib/python3.12/site-packages/oslo_config/cfg.py:3227}}
Jun 25 19:25:29.715828 np0000003638 devstack@g-api.service[99497]: DEBUG glance.common.config [None req-f85cf3b9-5cce-4078-afc8-6cb57e92a943 None None] command line args: [] {{(pid=99497) log_opt_values /opt/stack/data/venv/lib/python3.12/site-packages/oslo_config/cfg.py:3228}}
Jun 25 19:25:29.715828 np0000003638 devstack@g-api.service[99497]: DEBUG glance.common.config [None req-f85cf3b9-5cce-4078-afc8-6cb57e92a943 None None] config files: ['/etc/glance/glance-image-import.conf', '/etc/glance/glance-api.conf'] {{(pid=99497) log_opt_values /opt/stack/data/venv/lib/python3.12/site-packages/oslo_config/cfg.py:3229}}
Jun 25 19:25:29.715828 np0000003638 devstack@g-api.service[99497]: DEBUG glance.common.config [None req-f85cf3b9-5cce-4078-afc8-6cb57e92a943 None None] ================================================================================ {{(pid=99497) log_opt_values /opt/stack/data/venv/lib/python3.12/site-packages/oslo_config/cfg.py:3234}}
Jun 25 19:25:29.715828 np0000003638 devstack@g-api.service[99497]: DEBUG glance.common.config [None req-f85cf3b9-5cce-4078-afc8-6cb57e92a943 None None] allow_anonymous_access = False {{(pid=99497) log_opt_values /opt/stack/data/venv/lib/python3.12/site-packages/oslo_config/cfg.py:3242}}
Jun 25 19:25:29.715828 np0000003638 devstack@g-api.service[99497]: DEBUG glance.common.config [None req-f85cf3b9-5cce-4078-afc8-6cb57e92a943 None None] api_limit_max = 1000 {{(pid=99497) log_opt_values /opt/stack/data/venv/lib/python3.12/site-packages/oslo_config/cfg.py:3242}}
Jun 25 19:25:29.717588 np0000003638 devstack@g-api.service[99498]: DEBUG glance.image_cache.drivers.centralized_db [None req-f26d3397-bdbf-4f5e-9851-62f427873c17 None None] Node reference is already recorded, ignoring it {{(pid=99498) configure /opt/stack/glance/glance/image_cache/drivers/centralized_db.py:71}}
Jun 25 19:25:29.718369 np0000003638 devstack@g-api.service[99497]: DEBUG glance.common.config [None req-f85cf3b9-5cce-4078-afc8-6cb57e92a943 None None] backlog = 4096 {{(pid=99497) log_opt_values /opt/stack/data/venv/lib/python3.12/site-packages/oslo_config/cfg.py:3242}}
Jun 25 19:25:29.718369 np0000003638 devstack@g-api.service[99497]: DEBUG glance.common.config [None req-f85cf3b9-5cce-4078-afc8-6cb57e92a943 None None] bind_host = 0.0.0.0 {{(pid=99497) log_opt_values /opt/stack/data/venv/lib/python3.12/site-packages/oslo_config/cfg.py:3242}}
Jun 25 19:25:29.718369 np0000003638 devstack@g-api.service[99497]: DEBUG glance.common.config [None req-f85cf3b9-5cce-4078-afc8-6cb57e92a943 None None] bind_port = 19292 {{(pid=99497) log_opt_values /opt/stack/data/venv/lib/python3.12/site-packages/oslo_config/cfg.py:3242}}
Jun 25 19:25:29.718369 np0000003638 devstack@g-api.service[99497]: DEBUG glance.common.config [None req-f85cf3b9-5cce-4078-afc8-6cb57e92a943 None None] client_socket_timeout = 900 {{(pid=99497) log_opt_values /opt/stack/data/venv/lib/python3.12/site-packages/oslo_config/cfg.py:3242}}
Jun 25 19:25:29.718369 np0000003638 devstack@g-api.service[99497]: DEBUG glance.common.config [None req-f85cf3b9-5cce-4078-afc8-6cb57e92a943 None None] config_dir = [] {{(pid=99497) log_opt_values /opt/stack/data/venv/lib/python3.12/site-packages/oslo_config/cfg.py:3242}}
Jun 25 19:25:29.718369 np0000003638 devstack@g-api.service[99497]: DEBUG glance.common.config [None req-f85cf3b9-5cce-4078-afc8-6cb57e92a943 None None] config_file = ['/etc/glance/glance-image-import.conf', '/etc/glance/glance-api.conf'] {{(pid=99497) log_opt_values /opt/stack/data/venv/lib/python3.12/site-packages/oslo_config/cfg.py:3242}}
Jun 25 19:25:29.718369 np0000003638 devstack@g-api.service[99497]: DEBUG glance.common.config [None req-f85cf3b9-5cce-4078-afc8-6cb57e92a943 None None] config_source = [] {{(pid=99497) log_opt_values /opt/stack/data/venv/lib/python3.12/site-packages/oslo_config/cfg.py:3242}}
Jun 25 19:25:29.719292 np0000003638 devstack@g-api.service[99497]: DEBUG glance.common.config [None req-f85cf3b9-5cce-4078-afc8-6cb57e92a943 None None] control_exchange = glance {{(pid=99497) log_opt_values /opt/stack/data/venv/lib/python3.12/site-packages/oslo_config/cfg.py:3242}}
Jun 25 19:25:29.719292 np0000003638 devstack@g-api.service[99497]: DEBUG glance.common.config [None req-f85cf3b9-5cce-4078-afc8-6cb57e92a943 None None] debug = True {{(pid=99497) log_opt_values /opt/stack/data/venv/lib/python3.12/site-packages/oslo_config/cfg.py:3242}}
Jun 25 19:25:29.719292 np0000003638 devstack@g-api.service[99497]: DEBUG glance.common.config [None req-f85cf3b9-5cce-4078-afc8-6cb57e92a943 None None] default_log_levels = ['amqp=WARN', 'boto=WARN', 'sqlalchemy=WARN', 'suds=INFO', 'oslo.messaging=INFO', 'oslo_messaging=INFO', 'iso8601=WARN', 'requests.packages.urllib3.connectionpool=WARN', 'urllib3.connectionpool=WARN', 'websocket=WARN', 'requests.packages.urllib3.util.retry=WARN', 'urllib3.util.retry=WARN', 'keystonemiddleware=WARN', 'routes.middleware=WARN', 'stevedore=WARN', 'taskflow=WARN', 'keystoneauth=WARN', 'oslo.cache=INFO', 'oslo_policy=INFO', 'dogpile.core.dogpile=INFO'] {{(pid=99497) log_opt_values /opt/stack/data/venv/lib/python3.12/site-packages/oslo_config/cfg.py:3242}}
Jun 25 19:25:29.719292 np0000003638 devstack@g-api.service[99497]: DEBUG glance.common.config [None req-f85cf3b9-5cce-4078-afc8-6cb57e92a943 None None] default_publisher_id = image.localhost {{(pid=99497) log_opt_values /opt/stack/data/venv/lib/python3.12/site-packages/oslo_config/cfg.py:3242}}
Jun 25 19:25:29.719292 np0000003638 devstack@g-api.service[99497]: DEBUG glance.common.config [None req-f85cf3b9-5cce-4078-afc8-6cb57e92a943 None None] delayed_delete = False {{(pid=99497) log_opt_values /opt/stack/data/venv/lib/python3.12/site-packages/oslo_config/cfg.py:3242}}
Jun 25 19:25:29.720828 np0000003638 devstack@g-api.service[99497]: DEBUG glance.common.config [None req-f85cf3b9-5cce-4078-afc8-6cb57e92a943 None None] digest_algorithm = sha256 {{(pid=99497) log_opt_values /opt/stack/data/venv/lib/python3.12/site-packages/oslo_config/cfg.py:3242}}
Jun 25 19:25:29.720828 np0000003638 devstack@g-api.service[99497]: DEBUG glance.common.config [None req-f85cf3b9-5cce-4078-afc8-6cb57e92a943 None None] disabled_notifications = [] {{(pid=99497) log_opt_values /opt/stack/data/venv/lib/python3.12/site-packages/oslo_config/cfg.py:3242}}
Jun 25 19:25:29.720828 np0000003638 devstack@g-api.service[99497]: DEBUG glance.common.config [None req-f85cf3b9-5cce-4078-afc8-6cb57e92a943 None None] do_secure_hash = True {{(pid=99497) log_opt_values /opt/stack/data/venv/lib/python3.12/site-packages/oslo_config/cfg.py:3242}}
Jun 25 19:25:29.720828 np0000003638 devstack@g-api.service[99497]: DEBUG glance.common.config [None req-f85cf3b9-5cce-4078-afc8-6cb57e92a943 None None] enabled_backends = None {{(pid=99497) log_opt_values /opt/stack/data/venv/lib/python3.12/site-packages/oslo_config/cfg.py:3242}}
Jun 25 19:25:29.722101 np0000003638 devstack@g-api.service[99496]: INFO glance.api.middleware.cache [None req-6f983ab1-791d-4288-bd6b-4b4b77c79c0d None None] Initialized image cache middleware
Jun 25 19:25:29.723145 np0000003638 devstack@g-api.service[99497]: DEBUG glance.common.config [None req-f85cf3b9-5cce-4078-afc8-6cb57e92a943 None None] enabled_import_methods = ['glance-direct', 'web-download', 'copy-image'] {{(pid=99497) log_opt_values /opt/stack/data/venv/lib/python3.12/site-packages/oslo_config/cfg.py:3242}}
Jun 25 19:25:29.723145 np0000003638 devstack@g-api.service[99497]: DEBUG glance.common.config [None req-f85cf3b9-5cce-4078-afc8-6cb57e92a943 None None] fatal_deprecations = False {{(pid=99497) log_opt_values /opt/stack/data/venv/lib/python3.12/site-packages/oslo_config/cfg.py:3242}}
Jun 25 19:25:29.723145 np0000003638 devstack@g-api.service[99497]: DEBUG glance.common.config [None req-f85cf3b9-5cce-4078-afc8-6cb57e92a943 None None] hashing_algorithm = sha512 {{(pid=99497) log_opt_values /opt/stack/data/venv/lib/python3.12/site-packages/oslo_config/cfg.py:3242}}
Jun 25 19:25:29.723145 np0000003638 devstack@g-api.service[99497]: DEBUG glance.common.config [None req-f85cf3b9-5cce-4078-afc8-6cb57e92a943 None None] http_keepalive = True {{(pid=99497) log_opt_values /opt/stack/data/venv/lib/python3.12/site-packages/oslo_config/cfg.py:3242}}
Jun 25 19:25:29.723145 np0000003638 devstack@g-api.service[99497]: DEBUG glance.common.config [None req-f85cf3b9-5cce-4078-afc8-6cb57e92a943 None None] http_retries = 3 {{(pid=99497) log_opt_values /opt/stack/data/venv/lib/python3.12/site-packages/oslo_config/cfg.py:3242}}
Jun 25 19:25:29.723145 np0000003638 devstack@g-api.service[99497]: DEBUG glance.common.config [None req-f85cf3b9-5cce-4078-afc8-6cb57e92a943 None None] image_cache_dir = /opt/stack/data/glance/cache/ {{(pid=99497) log_opt_values /opt/stack/data/venv/lib/python3.12/site-packages/oslo_config/cfg.py:3242}}
Jun 25 19:25:29.723145 np0000003638 devstack@g-api.service[99497]: DEBUG glance.common.config [None req-f85cf3b9-5cce-4078-afc8-6cb57e92a943 None None] image_cache_driver = centralized_db {{(pid=99497) log_opt_values /opt/stack/data/venv/lib/python3.12/site-packages/oslo_config/cfg.py:3242}}
Jun 25 19:25:29.723943 np0000003638 devstack@g-api.service[99498]: INFO glance.api.middleware.cache [None req-f26d3397-bdbf-4f5e-9851-62f427873c17 None None] Initialized image cache middleware
Jun 25 19:25:29.725442 np0000003638 devstack@g-api.service[99497]: DEBUG glance.common.config [None req-f85cf3b9-5cce-4078-afc8-6cb57e92a943 None None] image_cache_max_size = 10737418240 {{(pid=99497) log_opt_values /opt/stack/data/venv/lib/python3.12/site-packages/oslo_config/cfg.py:3242}}
Jun 25 19:25:29.725442 np0000003638 devstack@g-api.service[99497]: DEBUG glance.common.config [None req-f85cf3b9-5cce-4078-afc8-6cb57e92a943 None None] image_cache_sqlite_db = cache.db {{(pid=99497) log_opt_values /opt/stack/data/venv/lib/python3.12/site-packages/oslo_config/cfg.py:3242}}
Jun 25 19:25:29.725442 np0000003638 devstack@g-api.service[99497]: DEBUG glance.common.config [None req-f85cf3b9-5cce-4078-afc8-6cb57e92a943 None None] image_cache_stall_time = 86400 {{(pid=99497) log_opt_values /opt/stack/data/venv/lib/python3.12/site-packages/oslo_config/cfg.py:3242}}
Jun 25 19:25:29.725442 np0000003638 devstack@g-api.service[99497]: DEBUG glance.common.config [None req-f85cf3b9-5cce-4078-afc8-6cb57e92a943 None None] image_location_quota = 10 {{(pid=99497) log_opt_values /opt/stack/data/venv/lib/python3.12/site-packages/oslo_config/cfg.py:3242}}
Jun 25 19:25:29.725442 np0000003638 devstack@g-api.service[99497]: DEBUG glance.common.config [None req-f85cf3b9-5cce-4078-afc8-6cb57e92a943 None None] image_member_quota = 128 {{(pid=99497) log_opt_values /opt/stack/data/venv/lib/python3.12/site-packages/oslo_config/cfg.py:3242}}
Jun 25 19:25:29.725442 np0000003638 devstack@g-api.service[99497]: DEBUG glance.common.config [None req-f85cf3b9-5cce-4078-afc8-6cb57e92a943 None None] image_property_quota = 128 {{(pid=99497) log_opt_values /opt/stack/data/venv/lib/python3.12/site-packages/oslo_config/cfg.py:3242}}
Jun 25 19:25:29.725442 np0000003638 devstack@g-api.service[99497]: DEBUG glance.common.config [None req-f85cf3b9-5cce-4078-afc8-6cb57e92a943 None None] image_size_cap = 1099511627776 {{(pid=99497) log_opt_values /opt/stack/data/venv/lib/python3.12/site-packages/oslo_config/cfg.py:3242}}
Jun 25 19:25:29.727265 np0000003638 devstack@g-api.service[99497]: DEBUG glance.common.config [None req-f85cf3b9-5cce-4078-afc8-6cb57e92a943 None None] image_tag_quota = 128 {{(pid=99497) log_opt_values /opt/stack/data/venv/lib/python3.12/site-packages/oslo_config/cfg.py:3242}}
Jun 25 19:25:29.727265 np0000003638 devstack@g-api.service[99497]: DEBUG glance.common.config [None req-f85cf3b9-5cce-4078-afc8-6cb57e92a943 None None] instance_format = [instance: %(uuid)s] {{(pid=99497) log_opt_values /opt/stack/data/venv/lib/python3.12/site-packages/oslo_config/cfg.py:3242}}
Jun 25 19:25:29.727265 np0000003638 devstack@g-api.service[99497]: DEBUG glance.common.config [None req-f85cf3b9-5cce-4078-afc8-6cb57e92a943 None None] instance_uuid_format = [instance: %(uuid)s] {{(pid=99497) log_opt_values /opt/stack/data/venv/lib/python3.12/site-packages/oslo_config/cfg.py:3242}}
Jun 25 19:25:29.727265 np0000003638 devstack@g-api.service[99497]: DEBUG glance.common.config [None req-f85cf3b9-5cce-4078-afc8-6cb57e92a943 None None] limit_param_default = 25 {{(pid=99497) log_opt_values /opt/stack/data/venv/lib/python3.12/site-packages/oslo_config/cfg.py:3242}}
Jun 25 19:25:29.727265 np0000003638 devstack@g-api.service[99497]: DEBUG glance.common.config [None req-f85cf3b9-5cce-4078-afc8-6cb57e92a943 None None] log_color = False {{(pid=99497) log_opt_values /opt/stack/data/venv/lib/python3.12/site-packages/oslo_config/cfg.py:3242}}
Jun 25 19:25:29.727265 np0000003638 devstack@g-api.service[99497]: DEBUG glance.common.config [None req-f85cf3b9-5cce-4078-afc8-6cb57e92a943 None None] log_config_append = None {{(pid=99497) log_opt_values /opt/stack/data/venv/lib/python3.12/site-packages/oslo_config/cfg.py:3242}}
Jun 25 19:25:29.727265 np0000003638 devstack@g-api.service[99497]: DEBUG glance.common.config [None req-f85cf3b9-5cce-4078-afc8-6cb57e92a943 None None] log_date_format = %Y-%m-%d %H:%M:%S {{(pid=99497) log_opt_values /opt/stack/data/venv/lib/python3.12/site-packages/oslo_config/cfg.py:3242}}
Jun 25 19:25:29.728673 np0000003638 devstack@g-api.service[99497]: DEBUG glance.common.config [None req-f85cf3b9-5cce-4078-afc8-6cb57e92a943 None None] log_dir = None {{(pid=99497) log_opt_values /opt/stack/data/venv/lib/python3.12/site-packages/oslo_config/cfg.py:3242}}
Jun 25 19:25:29.728673 np0000003638 devstack@g-api.service[99497]: DEBUG glance.common.config [None req-f85cf3b9-5cce-4078-afc8-6cb57e92a943 None None] log_file = None {{(pid=99497) log_opt_values /opt/stack/data/venv/lib/python3.12/site-packages/oslo_config/cfg.py:3242}}
Jun 25 19:25:29.728673 np0000003638 devstack@g-api.service[99497]: DEBUG glance.common.config [None req-f85cf3b9-5cce-4078-afc8-6cb57e92a943 None None] log_rotate_interval = 1 {{(pid=99497) log_opt_values /opt/stack/data/venv/lib/python3.12/site-packages/oslo_config/cfg.py:3242}}
Jun 25 19:25:29.728673 np0000003638 devstack@g-api.service[99497]: DEBUG glance.common.config [None req-f85cf3b9-5cce-4078-afc8-6cb57e92a943 None None] log_rotate_interval_type = days {{(pid=99497) log_opt_values /opt/stack/data/venv/lib/python3.12/site-packages/oslo_config/cfg.py:3242}}
Jun 25 19:25:29.728673 np0000003638 devstack@g-api.service[99497]: DEBUG glance.common.config [None req-f85cf3b9-5cce-4078-afc8-6cb57e92a943 None None] log_rotation_type = none {{(pid=99497) log_opt_values /opt/stack/data/venv/lib/python3.12/site-packages/oslo_config/cfg.py:3242}}
Jun 25 19:25:29.728673 np0000003638 devstack@g-api.service[99497]: DEBUG glance.common.config [None req-f85cf3b9-5cce-4078-afc8-6cb57e92a943 None None] logging_context_format_string = %(color)s%(levelname)s %(name)s [%(global_request_id)s %(request_id)s %(project_name)s %(user_name)s%(color)s] %(instance)s%(color)s%(message)s {{(pid=99497) log_opt_values /opt/stack/data/venv/lib/python3.12/site-packages/oslo_config/cfg.py:3242}}
Jun 25 19:25:29.729954 np0000003638 devstack@g-api.service[99497]: DEBUG glance.common.config [None req-f85cf3b9-5cce-4078-afc8-6cb57e92a943 None None] logging_debug_format_suffix = {{(pid=%(process)d) %(funcName)s %(pathname)s:%(lineno)d}} {{(pid=99497) log_opt_values /opt/stack/data/venv/lib/python3.12/site-packages/oslo_config/cfg.py:3242}}
Jun 25 19:25:29.729954 np0000003638 devstack@g-api.service[99497]: DEBUG glance.common.config [None req-f85cf3b9-5cce-4078-afc8-6cb57e92a943 None None] logging_default_format_string = %(color)s%(levelname)s %(name)s [-%(color)s] %(instance)s%(color)s%(message)s {{(pid=99497) log_opt_values /opt/stack/data/venv/lib/python3.12/site-packages/oslo_config/cfg.py:3242}}
Jun 25 19:25:29.729954 np0000003638 devstack@g-api.service[99497]: DEBUG glance.common.config [None req-f85cf3b9-5cce-4078-afc8-6cb57e92a943 None None] logging_exception_prefix = ERROR %(name)s %(instance)s {{(pid=99497) log_opt_values /opt/stack/data/venv/lib/python3.12/site-packages/oslo_config/cfg.py:3242}}
Jun 25 19:25:29.729954 np0000003638 devstack@g-api.service[99497]: DEBUG glance.common.config [None req-f85cf3b9-5cce-4078-afc8-6cb57e92a943 None None] logging_user_identity_format = %(user)s %(project)s %(domain)s %(system_scope)s %(user_domain)s %(project_domain)s {{(pid=99497) log_opt_values /opt/stack/data/venv/lib/python3.12/site-packages/oslo_config/cfg.py:3242}}
Jun 25 19:25:29.729954 np0000003638 devstack@g-api.service[99497]: DEBUG glance.common.config [None req-f85cf3b9-5cce-4078-afc8-6cb57e92a943 None None] max_header_line = 16384 {{(pid=99497) log_opt_values /opt/stack/data/venv/lib/python3.12/site-packages/oslo_config/cfg.py:3242}}
Jun 25 19:25:29.729954 np0000003638 devstack@g-api.service[99497]: DEBUG glance.common.config [None req-f85cf3b9-5cce-4078-afc8-6cb57e92a943 None None] max_logfile_count = 30 {{(pid=99497) log_opt_values /opt/stack/data/venv/lib/python3.12/site-packages/oslo_config/cfg.py:3242}}
Jun 25 19:25:29.731381 np0000003638 devstack@g-api.service[99497]: DEBUG glance.common.config [None req-f85cf3b9-5cce-4078-afc8-6cb57e92a943 None None] max_logfile_size_mb = 200 {{(pid=99497) log_opt_values /opt/stack/data/venv/lib/python3.12/site-packages/oslo_config/cfg.py:3242}}
Jun 25 19:25:29.731381 np0000003638 devstack@g-api.service[99497]: DEBUG glance.common.config [None req-f85cf3b9-5cce-4078-afc8-6cb57e92a943 None None] max_request_id_length = 64 {{(pid=99497) log_opt_values /opt/stack/data/venv/lib/python3.12/site-packages/oslo_config/cfg.py:3242}}
Jun 25 19:25:29.731381 np0000003638 devstack@g-api.service[99497]: DEBUG glance.common.config [None req-f85cf3b9-5cce-4078-afc8-6cb57e92a943 None None] metadata_encryption_key = **** {{(pid=99497) log_opt_values /opt/stack/data/venv/lib/python3.12/site-packages/oslo_config/cfg.py:3242}}
Jun 25 19:25:29.731381 np0000003638 devstack@g-api.service[99497]: DEBUG glance.common.config [None req-f85cf3b9-5cce-4078-afc8-6cb57e92a943 None None] node_staging_uri = file:///tmp/staging/ {{(pid=99497) log_opt_values /opt/stack/data/venv/lib/python3.12/site-packages/oslo_config/cfg.py:3242}}
Jun 25 19:25:29.731381 np0000003638 devstack@g-api.service[99497]: DEBUG glance.common.config [None req-f85cf3b9-5cce-4078-afc8-6cb57e92a943 None None] property_protection_file = None {{(pid=99497) log_opt_values /opt/stack/data/venv/lib/python3.12/site-packages/oslo_config/cfg.py:3242}}
Jun 25 19:25:29.731381 np0000003638 devstack@g-api.service[99497]: DEBUG glance.common.config [None req-f85cf3b9-5cce-4078-afc8-6cb57e92a943 None None] property_protection_rule_format = roles {{(pid=99497) log_opt_values /opt/stack/data/venv/lib/python3.12/site-packages/oslo_config/cfg.py:3242}}
Jun 25 19:25:29.731381 np0000003638 devstack@g-api.service[99497]: DEBUG glance.common.config [None req-f85cf3b9-5cce-4078-afc8-6cb57e92a943 None None] public_endpoint = https://10.4.3.161/image {{(pid=99497) log_opt_values /opt/stack/data/venv/lib/python3.12/site-packages/oslo_config/cfg.py:3242}}
Jun 25 19:25:29.733493 np0000003638 devstack@g-api.service[99497]: DEBUG glance.common.config [None req-f85cf3b9-5cce-4078-afc8-6cb57e92a943 None None] publish_errors = False {{(pid=99497) log_opt_values /opt/stack/data/venv/lib/python3.12/site-packages/oslo_config/cfg.py:3242}}
Jun 25 19:25:29.733493 np0000003638 devstack@g-api.service[99497]: DEBUG glance.common.config [None req-f85cf3b9-5cce-4078-afc8-6cb57e92a943 None None] pydev_worker_debug_host = None {{(pid=99497) log_opt_values /opt/stack/data/venv/lib/python3.12/site-packages/oslo_config/cfg.py:3242}}
Jun 25 19:25:29.733493 np0000003638 devstack@g-api.service[99497]: DEBUG glance.common.config [None req-f85cf3b9-5cce-4078-afc8-6cb57e92a943 None None] pydev_worker_debug_port = 5678 {{(pid=99497) log_opt_values /opt/stack/data/venv/lib/python3.12/site-packages/oslo_config/cfg.py:3242}}
Jun 25 19:25:29.733493 np0000003638 devstack@g-api.service[99497]: DEBUG glance.common.config [None req-f85cf3b9-5cce-4078-afc8-6cb57e92a943 None None] rate_limit_burst = 0 {{(pid=99497) log_opt_values /opt/stack/data/venv/lib/python3.12/site-packages/oslo_config/cfg.py:3242}}
Jun 25 19:25:29.733493 np0000003638 devstack@g-api.service[99497]: DEBUG glance.common.config [None req-f85cf3b9-5cce-4078-afc8-6cb57e92a943 None None] rate_limit_except_level = CRITICAL {{(pid=99497) log_opt_values /opt/stack/data/venv/lib/python3.12/site-packages/oslo_config/cfg.py:3242}}
Jun 25 19:25:29.733493 np0000003638 devstack@g-api.service[99497]: DEBUG glance.common.config [None req-f85cf3b9-5cce-4078-afc8-6cb57e92a943 None None] rate_limit_interval = 0 {{(pid=99497) log_opt_values /opt/stack/data/venv/lib/python3.12/site-packages/oslo_config/cfg.py:3242}}
Jun 25 19:25:29.733493 np0000003638 devstack@g-api.service[99497]: DEBUG glance.common.config [None req-f85cf3b9-5cce-4078-afc8-6cb57e92a943 None None] scrub_pool_size = 1 {{(pid=99497) log_opt_values /opt/stack/data/venv/lib/python3.12/site-packages/oslo_config/cfg.py:3242}}
Jun 25 19:25:29.735076 np0000003638 devstack@g-api.service[99497]: DEBUG glance.common.config [None req-f85cf3b9-5cce-4078-afc8-6cb57e92a943 None None] scrub_time = 0 {{(pid=99497) log_opt_values /opt/stack/data/venv/lib/python3.12/site-packages/oslo_config/cfg.py:3242}}
Jun 25 19:25:29.735076 np0000003638 devstack@g-api.service[99497]: DEBUG glance.common.config [None req-f85cf3b9-5cce-4078-afc8-6cb57e92a943 None None] shell_completion = None {{(pid=99497) log_opt_values /opt/stack/data/venv/lib/python3.12/site-packages/oslo_config/cfg.py:3242}}
Jun 25 19:25:29.735076 np0000003638 devstack@g-api.service[99497]: DEBUG glance.common.config [None req-f85cf3b9-5cce-4078-afc8-6cb57e92a943 None None] show_image_direct_url = False {{(pid=99497) log_opt_values /opt/stack/data/venv/lib/python3.12/site-packages/oslo_config/cfg.py:3242}}
Jun 25 19:25:29.735076 np0000003638 devstack@g-api.service[99497]: WARNING oslo_config.cfg [None req-f85cf3b9-5cce-4078-afc8-6cb57e92a943 None None] Deprecated: Option "show_multiple_locations" from group "DEFAULT" is deprecated for removal (Use of this option, deprecated since Newton, is a security risk and will be removed once we figure out a way to satisfy those use cases that currently require it. An earlier announcement that the same functionality can be achieved with greater granularity by using policies is incorrect. You cannot work around this option via policy configuration at the present time, though that is the direction we believe the fix will take. Please keep an eye on the Glance release notes to stay up to date on progress in addressing this issue.). Its value may be silently ignored in the future.
Jun 25 19:25:29.735076 np0000003638 devstack@g-api.service[99497]: DEBUG glance.common.config [None req-f85cf3b9-5cce-4078-afc8-6cb57e92a943 None None] show_multiple_locations = False {{(pid=99497) log_opt_values /opt/stack/data/venv/lib/python3.12/site-packages/oslo_config/cfg.py:3242}}
Jun 25 19:25:29.735924 np0000003638 devstack@g-api.service[99497]: DEBUG glance.common.config [None req-f85cf3b9-5cce-4078-afc8-6cb57e92a943 None None] syslog_log_facility = LOG_USER {{(pid=99497) log_opt_values /opt/stack/data/venv/lib/python3.12/site-packages/oslo_config/cfg.py:3242}}
Jun 25 19:25:29.735924 np0000003638 devstack@g-api.service[99497]: DEBUG glance.common.config [None req-f85cf3b9-5cce-4078-afc8-6cb57e92a943 None None] tcp_keepidle = 600 {{(pid=99497) log_opt_values /opt/stack/data/venv/lib/python3.12/site-packages/oslo_config/cfg.py:3242}}
Jun 25 19:25:29.735924 np0000003638 devstack@g-api.service[99497]: DEBUG glance.common.config [None req-f85cf3b9-5cce-4078-afc8-6cb57e92a943 None None] transport_url = **** {{(pid=99497) log_opt_values /opt/stack/data/venv/lib/python3.12/site-packages/oslo_config/cfg.py:3242}}
Jun 25 19:25:29.735924 np0000003638 devstack@g-api.service[99497]: DEBUG glance.common.config [None req-f85cf3b9-5cce-4078-afc8-6cb57e92a943 None None] use_journal = False {{(pid=99497) log_opt_values /opt/stack/data/venv/lib/python3.12/site-packages/oslo_config/cfg.py:3242}}
Jun 25 19:25:29.735924 np0000003638 devstack@g-api.service[99497]: DEBUG glance.common.config [None req-f85cf3b9-5cce-4078-afc8-6cb57e92a943 None None] use_json = False {{(pid=99497) log_opt_values /opt/stack/data/venv/lib/python3.12/site-packages/oslo_config/cfg.py:3242}}
Jun 25 19:25:29.735924 np0000003638 devstack@g-api.service[99497]: DEBUG glance.common.config [None req-f85cf3b9-5cce-4078-afc8-6cb57e92a943 None None] use_keystone_limits = True {{(pid=99497) log_opt_values /opt/stack/data/venv/lib/python3.12/site-packages/oslo_config/cfg.py:3242}}
Jun 25 19:25:29.735924 np0000003638 devstack@g-api.service[99497]: DEBUG glance.common.config [None req-f85cf3b9-5cce-4078-afc8-6cb57e92a943 None None] use_stderr = False {{(pid=99497) log_opt_values /opt/stack/data/venv/lib/python3.12/site-packages/oslo_config/cfg.py:3242}}
Jun 25 19:25:29.736084 np0000003638 devstack@g-api.service[99497]: DEBUG glance.common.config [None req-f85cf3b9-5cce-4078-afc8-6cb57e92a943 None None] use_syslog = False {{(pid=99497) log_opt_values /opt/stack/data/venv/lib/python3.12/site-packages/oslo_config/cfg.py:3242}}
Jun 25 19:25:29.736084 np0000003638 devstack@g-api.service[99497]: DEBUG glance.common.config [None req-f85cf3b9-5cce-4078-afc8-6cb57e92a943 None None] user_storage_quota = 0 {{(pid=99497) log_opt_values /opt/stack/data/venv/lib/python3.12/site-packages/oslo_config/cfg.py:3242}}
Jun 25 19:25:29.736084 np0000003638 devstack@g-api.service[99497]: DEBUG glance.common.config [None req-f85cf3b9-5cce-4078-afc8-6cb57e92a943 None None] worker_self_reference_url = http://127.0.0.1:60999 {{(pid=99497) log_opt_values /opt/stack/data/venv/lib/python3.12/site-packages/oslo_config/cfg.py:3242}}
Jun 25 19:25:29.736084 np0000003638 devstack@g-api.service[99497]: DEBUG glance.common.config [None req-f85cf3b9-5cce-4078-afc8-6cb57e92a943 None None] workers = None {{(pid=99497) log_opt_values /opt/stack/data/venv/lib/python3.12/site-packages/oslo_config/cfg.py:3242}}
Jun 25 19:25:29.736084 np0000003638 devstack@g-api.service[99497]: DEBUG glance.common.config [None req-f85cf3b9-5cce-4078-afc8-6cb57e92a943 None None] oslo_concurrency.disable_process_locking = False {{(pid=99497) log_opt_values /opt/stack/data/venv/lib/python3.12/site-packages/oslo_config/cfg.py:3253}}
Jun 25 19:25:29.736084 np0000003638 devstack@g-api.service[99497]: DEBUG glance.common.config [None req-f85cf3b9-5cce-4078-afc8-6cb57e92a943 None None] oslo_concurrency.lock_path = /opt/stack/data/glance/locks {{(pid=99497) log_opt_values /opt/stack/data/venv/lib/python3.12/site-packages/oslo_config/cfg.py:3253}}
Jun 25 19:25:29.736084 np0000003638 devstack@g-api.service[99497]: DEBUG glance.common.config [None req-f85cf3b9-5cce-4078-afc8-6cb57e92a943 None None] oslo_middleware.enable_proxy_headers_parsing = False {{(pid=99497) log_opt_values /opt/stack/data/venv/lib/python3.12/site-packages/oslo_config/cfg.py:3253}}
Jun 25 19:25:29.736224 np0000003638 devstack@g-api.service[99497]: DEBUG glance.common.config [None req-f85cf3b9-5cce-4078-afc8-6cb57e92a943 None None] oslo_middleware.http_basic_auth_user_file = /etc/htpasswd {{(pid=99497) log_opt_values /opt/stack/data/venv/lib/python3.12/site-packages/oslo_config/cfg.py:3253}}
Jun 25 19:25:29.736224 np0000003638 devstack@g-api.service[99497]: DEBUG glance.common.config [None req-f85cf3b9-5cce-4078-afc8-6cb57e92a943 None None] paste_deploy.config_file = None {{(pid=99497) log_opt_values /opt/stack/data/venv/lib/python3.12/site-packages/oslo_config/cfg.py:3253}}
Jun 25 19:25:29.736224 np0000003638 devstack@g-api.service[99497]: DEBUG glance.common.config [None req-f85cf3b9-5cce-4078-afc8-6cb57e92a943 None None] paste_deploy.flavor = keystone+cachemanagement {{(pid=99497) log_opt_values /opt/stack/data/venv/lib/python3.12/site-packages/oslo_config/cfg.py:3253}}
Jun 25 19:25:29.736224 np0000003638 devstack@g-api.service[99497]: DEBUG glance.common.config [None req-f85cf3b9-5cce-4078-afc8-6cb57e92a943 None None] image_format.container_formats = ['ami', 'ari', 'aki', 'bare', 'ovf', 'ova', 'docker', 'compressed'] {{(pid=99497) log_opt_values /opt/stack/data/venv/lib/python3.12/site-packages/oslo_config/cfg.py:3253}}
Jun 25 19:25:29.736224 np0000003638 devstack@g-api.service[99497]: DEBUG glance.common.config [None req-f85cf3b9-5cce-4078-afc8-6cb57e92a943 None None] image_format.disk_formats = ['ami', 'ari', 'aki', 'vhd', 'vhdx', 'vmdk', 'raw', 'qcow2', 'vdi', 'iso', 'ploop'] {{(pid=99497) log_opt_values /opt/stack/data/venv/lib/python3.12/site-packages/oslo_config/cfg.py:3253}}
Jun 25 19:25:29.736224 np0000003638 devstack@g-api.service[99497]: DEBUG glance.common.config [None req-f85cf3b9-5cce-4078-afc8-6cb57e92a943 None None] image_format.gpt_safety_checks_nonfatal = [] {{(pid=99497) log_opt_values /opt/stack/data/venv/lib/python3.12/site-packages/oslo_config/cfg.py:3253}}
Jun 25 19:25:29.736339 np0000003638 devstack@g-api.service[99497]: DEBUG glance.common.config [None req-f85cf3b9-5cce-4078-afc8-6cb57e92a943 None None] image_format.require_image_format_match = True {{(pid=99497) log_opt_values /opt/stack/data/venv/lib/python3.12/site-packages/oslo_config/cfg.py:3253}}
Jun 25 19:25:29.736339 np0000003638 devstack@g-api.service[99497]: DEBUG glance.common.config [None req-f85cf3b9-5cce-4078-afc8-6cb57e92a943 None None] image_format.vmdk_allowed_types = ['streamOptimized', 'monolithicSparse'] {{(pid=99497) log_opt_values /opt/stack/data/venv/lib/python3.12/site-packages/oslo_config/cfg.py:3253}}
Jun 25 19:25:29.736339 np0000003638 devstack@g-api.service[99497]: DEBUG glance.common.config [None req-f85cf3b9-5cce-4078-afc8-6cb57e92a943 None None] task.task_executor = taskflow {{(pid=99497) log_opt_values /opt/stack/data/venv/lib/python3.12/site-packages/oslo_config/cfg.py:3253}}
Jun 25 19:25:29.736339 np0000003638 devstack@g-api.service[99497]: DEBUG glance.common.config [None req-f85cf3b9-5cce-4078-afc8-6cb57e92a943 None None] task.task_time_to_live = 48 {{(pid=99497) log_opt_values /opt/stack/data/venv/lib/python3.12/site-packages/oslo_config/cfg.py:3253}}
Jun 25 19:25:29.736339 np0000003638 devstack@g-api.service[99497]: DEBUG glance.common.config [None req-f85cf3b9-5cce-4078-afc8-6cb57e92a943 None None] task.work_dir = None {{(pid=99497) log_opt_values /opt/stack/data/venv/lib/python3.12/site-packages/oslo_config/cfg.py:3253}}
Jun 25 19:25:29.736339 np0000003638 devstack@g-api.service[99497]: DEBUG glance.common.config [None req-f85cf3b9-5cce-4078-afc8-6cb57e92a943 None None] wsgi.python_interpreter = /opt/stack/data/venv/bin/python3 {{(pid=99497) log_opt_values /opt/stack/data/venv/lib/python3.12/site-packages/oslo_config/cfg.py:3253}}
