Jun 03 02:03:37.774622 np0000002006 nova-scheduler[95794]: DEBUG cotyledon.oslo_config_glue [-] oslo_limit.endpoint_id = None {{(pid=95794) log_opt_values /opt/stack/data/venv/lib/python3.12/site-packages/oslo_config/cfg.py:3256}}
Jun 03 02:03:37.774622 np0000002006 nova-scheduler[95794]: DEBUG cotyledon.oslo_config_glue [-] oslo_limit.endpoint_interface = public {{(pid=95794) log_opt_values /opt/stack/data/venv/lib/python3.12/site-packages/oslo_config/cfg.py:3256}}
Jun 03 02:03:37.774622 np0000002006 nova-scheduler[95794]: DEBUG cotyledon.oslo_config_glue [-] oslo_limit.endpoint_override = None {{(pid=95794) log_opt_values /opt/stack/data/venv/lib/python3.12/site-packages/oslo_config/cfg.py:3256}}
Jun 03 02:03:37.774622 np0000002006 nova-scheduler[95794]: DEBUG cotyledon.oslo_config_glue [-] oslo_limit.endpoint_region_name = None {{(pid=95794) log_opt_values /opt/stack/data/venv/lib/python3.12/site-packages/oslo_config/cfg.py:3256}}
Jun 03 02:03:37.774825 np0000002006 nova-scheduler[95794]: DEBUG cotyledon.oslo_config_glue [-] oslo_limit.endpoint_service_name = None {{(pid=95794) log_opt_values /opt/stack/data/venv/lib/python3.12/site-packages/oslo_config/cfg.py:3256}}
Jun 03 02:03:37.774825 np0000002006 nova-scheduler[95794]: DEBUG cotyledon.oslo_config_glue [-] oslo_limit.endpoint_service_type = None {{(pid=95794) log_opt_values /opt/stack/data/venv/lib/python3.12/site-packages/oslo_config/cfg.py:3256}}
Jun 03 02:03:37.774862 np0000002006 nova-scheduler[95789]: INFO nova.service [-] Starting scheduler node (version 33.1.0)
Jun 03 02:03:37.774884 np0000002006 nova-scheduler[95794]: DEBUG cotyledon.oslo_config_glue [-] oslo_limit.insecure = False {{(pid=95794) log_opt_values /opt/stack/data/venv/lib/python3.12/site-packages/oslo_config/cfg.py:3256}}
Jun 03 02:03:37.774884 np0000002006 nova-scheduler[95794]: DEBUG cotyledon.oslo_config_glue [-] oslo_limit.keyfile = None {{(pid=95794) log_opt_values /opt/stack/data/venv/lib/python3.12/site-packages/oslo_config/cfg.py:3256}}
Jun 03 02:03:37.774884 np0000002006 nova-scheduler[95794]: DEBUG cotyledon.oslo_config_glue [-] oslo_limit.max_version = None {{(pid=95794) log_opt_values /opt/stack/data/venv/lib/python3.12/site-packages/oslo_config/cfg.py:3256}}
Jun 03 02:03:37.774884 np0000002006 nova-scheduler[95794]: DEBUG cotyledon.oslo_config_glue [-] oslo_limit.min_version = None {{(pid=95794) log_opt_values /opt/stack/data/venv/lib/python3.12/site-packages/oslo_config/cfg.py:3256}}
Jun 03 02:03:37.774884 np0000002006 nova-scheduler[95794]: DEBUG cotyledon.oslo_config_glue [-] oslo_limit.region_name = None {{(pid=95794) log_opt_values /opt/stack/data/venv/lib/python3.12/site-packages/oslo_config/cfg.py:3256}}
Jun 03 02:03:37.774884 np0000002006 nova-scheduler[95794]: DEBUG cotyledon.oslo_config_glue [-] oslo_limit.retriable_status_codes = None {{(pid=95794) log_opt_values /opt/stack/data/venv/lib/python3.12/site-packages/oslo_config/cfg.py:3256}}
Jun 03 02:03:37.774884 np0000002006 nova-scheduler[95794]: DEBUG cotyledon.oslo_config_glue [-] oslo_limit.service_name = None {{(pid=95794) log_opt_values /opt/stack/data/venv/lib/python3.12/site-packages/oslo_config/cfg.py:3256}}
Jun 03 02:03:37.774884 np0000002006 nova-scheduler[95794]: DEBUG cotyledon.oslo_config_glue [-] oslo_limit.service_type = None {{(pid=95794) log_opt_values /opt/stack/data/venv/lib/python3.12/site-packages/oslo_config/cfg.py:3256}}
Jun 03 02:03:37.774884 np0000002006 nova-scheduler[95794]: DEBUG cotyledon.oslo_config_glue [-] oslo_limit.split_loggers = False {{(pid=95794) log_opt_values /opt/stack/data/venv/lib/python3.12/site-packages/oslo_config/cfg.py:3256}}
Jun 03 02:03:37.775133 np0000002006 nova-scheduler[95794]: DEBUG cotyledon.oslo_config_glue [-] oslo_limit.status_code_retries = None {{(pid=95794) log_opt_values /opt/stack/data/venv/lib/python3.12/site-packages/oslo_config/cfg.py:3256}}
Jun 03 02:03:37.775133 np0000002006 nova-scheduler[95794]: DEBUG cotyledon.oslo_config_glue [-] oslo_limit.status_code_retry_delay = None {{(pid=95794) log_opt_values /opt/stack/data/venv/lib/python3.12/site-packages/oslo_config/cfg.py:3256}}
Jun 03 02:03:37.775133 np0000002006 nova-scheduler[95794]: DEBUG cotyledon.oslo_config_glue [-] oslo_limit.timeout = None {{(pid=95794) log_opt_values /opt/stack/data/venv/lib/python3.12/site-packages/oslo_config/cfg.py:3256}}
Jun 03 02:03:37.775133 np0000002006 nova-scheduler[95794]: DEBUG cotyledon.oslo_config_glue [-] oslo_limit.valid_interfaces = None {{(pid=95794) log_opt_values /opt/stack/data/venv/lib/python3.12/site-packages/oslo_config/cfg.py:3256}}
Jun 03 02:03:37.775133 np0000002006 nova-scheduler[95794]: DEBUG cotyledon.oslo_config_glue [-] oslo_limit.version = None {{(pid=95794) log_opt_values /opt/stack/data/venv/lib/python3.12/site-packages/oslo_config/cfg.py:3256}}
Jun 03 02:03:37.775133 np0000002006 nova-scheduler[95794]: DEBUG cotyledon.oslo_config_glue [-] oslo_reports.file_event_handler = None {{(pid=95794) log_opt_values /opt/stack/data/venv/lib/python3.12/site-packages/oslo_config/cfg.py:3256}}
Jun 03 02:03:37.775133 np0000002006 nova-scheduler[95794]: DEBUG cotyledon.oslo_config_glue [-] oslo_reports.file_event_handler_interval = 1 {{(pid=95794) log_opt_values /opt/stack/data/venv/lib/python3.12/site-packages/oslo_config/cfg.py:3256}}
Jun 03 02:03:37.775133 np0000002006 nova-scheduler[95794]: DEBUG cotyledon.oslo_config_glue [-] oslo_reports.log_dir = None {{(pid=95794) log_opt_values /opt/stack/data/venv/lib/python3.12/site-packages/oslo_config/cfg.py:3256}}
Jun 03 02:03:37.775133 np0000002006 nova-scheduler[95794]: DEBUG cotyledon.oslo_config_glue [-] ******************************************************************************** {{(pid=95794) log_opt_values /opt/stack/data/venv/lib/python3.12/site-packages/oslo_config/cfg.py:3263}}
Jun 03 02:03:37.775497 np0000002006 nova-scheduler[95794]: DEBUG cotyledon._service_worker [-] Run service ServiceWrapper(2) [95794] {{(pid=95794) wait_forever /opt/stack/data/venv/lib/python3.12/site-packages/cotyledon/_service_worker.py:218}}
Jun 03 02:03:37.775497 np0000002006 nova-scheduler[95794]: INFO nova.service [-] Starting scheduler node (version 33.1.0)
Jun 03 02:03:37.775580 np0000002006 nova-scheduler[95789]: INFO dbcounter [None req-9b33094b-a9bf-400c-bbfc-ede89cb2d4ad None None] Registered counter for database nova_cell0
Jun 03 02:03:37.775612 np0000002006 nova-scheduler[95794]: INFO dbcounter [None req-076b323b-1a7f-4464-9032-2024956a9f77 None None] Registered counter for database nova_cell0
Jun 03 02:03:37.792564 np0000002006 nova-scheduler[95785]: DEBUG oslo_db.sqlalchemy.engines [None req-4ee000eb-ec59-4511-a62e-904d58553b8f None None] MySQL server mode set to STRICT_TRANS_TABLES,STRICT_ALL_TABLES,NO_ZERO_IN_DATE,NO_ZERO_DATE,ERROR_FOR_DIVISION_BY_ZERO,TRADITIONAL,NO_ENGINE_SUBSTITUTION {{(pid=95785) _check_effective_sql_mode /opt/stack/data/venv/lib/python3.12/site-packages/oslo_db/sqlalchemy/engines.py:325}}
Jun 03 02:03:37.804142 np0000002006 nova-scheduler[95785]: DEBUG dbcounter [-] [95785] Writer thread running {{(pid=95785) stat_writer /opt/stack/data/venv/lib/python3.12/site-packages/dbcounter.py:102}}
Jun 03 02:03:37.818101 np0000002006 nova-scheduler[95794]: DEBUG oslo_db.sqlalchemy.engines [None req-076b323b-1a7f-4464-9032-2024956a9f77 None None] MySQL server mode set to STRICT_TRANS_TABLES,STRICT_ALL_TABLES,NO_ZERO_IN_DATE,NO_ZERO_DATE,ERROR_FOR_DIVISION_BY_ZERO,TRADITIONAL,NO_ENGINE_SUBSTITUTION {{(pid=95794) _check_effective_sql_mode /opt/stack/data/venv/lib/python3.12/site-packages/oslo_db/sqlalchemy/engines.py:325}}
Jun 03 02:03:37.827138 np0000002006 nova-scheduler[95785]: DEBUG nova.service [None req-4ee000eb-ec59-4511-a62e-904d58553b8f None None] Creating RPC server for service: nova-scheduler on topic: scheduler {{(pid=95785) start /opt/stack/nova/nova/service.py:195}}
Jun 03 02:03:37.827700 np0000002006 nova-scheduler[95794]: DEBUG dbcounter [-] [95794] Writer thread running {{(pid=95794) stat_writer /opt/stack/data/venv/lib/python3.12/site-packages/dbcounter.py:102}}
Jun 03 02:03:37.830150 np0000002006 nova-scheduler[95789]: DEBUG oslo_db.sqlalchemy.engines [None req-9b33094b-a9bf-400c-bbfc-ede89cb2d4ad None None] MySQL server mode set to STRICT_TRANS_TABLES,STRICT_ALL_TABLES,NO_ZERO_IN_DATE,NO_ZERO_DATE,ERROR_FOR_DIVISION_BY_ZERO,TRADITIONAL,NO_ENGINE_SUBSTITUTION {{(pid=95789) _check_effective_sql_mode /opt/stack/data/venv/lib/python3.12/site-packages/oslo_db/sqlalchemy/engines.py:325}}
Jun 03 02:03:37.830749 np0000002006 nova-scheduler[95794]: DEBUG nova.service [None req-076b323b-1a7f-4464-9032-2024956a9f77 None None] Creating RPC server for service: nova-scheduler on topic: scheduler {{(pid=95794) start /opt/stack/nova/nova/service.py:195}}
Jun 03 02:03:37.839664 np0000002006 nova-scheduler[95789]: DEBUG dbcounter [-] [95789] Writer thread running {{(pid=95789) stat_writer /opt/stack/data/venv/lib/python3.12/site-packages/dbcounter.py:102}}
Jun 03 02:03:37.843866 np0000002006 nova-scheduler[95789]: DEBUG nova.service [None req-9b33094b-a9bf-400c-bbfc-ede89cb2d4ad None None] Creating RPC server for service: nova-scheduler on topic: scheduler {{(pid=95789) start /opt/stack/nova/nova/service.py:195}}
Jun 03 02:03:37.855836 np0000002006 nova-scheduler[95785]: DEBUG nova.service [None req-4ee000eb-ec59-4511-a62e-904d58553b8f None None] Join ServiceGroup membership for this service scheduler {{(pid=95785) start /opt/stack/nova/nova/service.py:221}}
Jun 03 02:03:37.856182 np0000002006 nova-scheduler[95785]: DEBUG nova.servicegroup.drivers.db [None req-4ee000eb-ec59-4511-a62e-904d58553b8f None None] DB_Driver: join new ServiceGroup member np0000002006 to the scheduler group, service = {{(pid=95785) join /opt/stack/nova/nova/servicegroup/drivers/db.py:44}}
Jun 03 02:03:37.864899 np0000002006 nova-scheduler[95794]: DEBUG nova.service [None req-076b323b-1a7f-4464-9032-2024956a9f77 None None] Join ServiceGroup membership for this service scheduler {{(pid=95794) start /opt/stack/nova/nova/service.py:221}}
Jun 03 02:03:37.865156 np0000002006 nova-scheduler[95794]: DEBUG nova.servicegroup.drivers.db [None req-076b323b-1a7f-4464-9032-2024956a9f77 None None] DB_Driver: join new ServiceGroup member np0000002006 to the scheduler group, service = {{(pid=95794) join /opt/stack/nova/nova/servicegroup/drivers/db.py:44}}
Jun 03 02:03:37.867793 np0000002006 nova-scheduler[95789]: DEBUG nova.service [None req-9b33094b-a9bf-400c-bbfc-ede89cb2d4ad None None] Join ServiceGroup membership for this service scheduler {{(pid=95789) start /opt/stack/nova/nova/service.py:221}}
Jun 03 02:03:37.868014 np0000002006 nova-scheduler[95789]: DEBUG nova.servicegroup.drivers.db [None req-9b33094b-a9bf-400c-bbfc-ede89cb2d4ad None None] DB_Driver: join new ServiceGroup member np0000002006 to the scheduler group, service = {{(pid=95789) join /opt/stack/nova/nova/servicegroup/drivers/db.py:44}}
Jun 03 02:03:38.875607 np0000002006 nova-scheduler[95789]: DEBUG oslo.service.backend._threading.loopingcall [None req-9cf74c98-4cb1-4241-b810-5280d0236ae0 None None] Dynamic interval looping call 'nova.service.Service.periodic_tasks' sleeping for 60.00 seconds {{(pid=95789) _run_loop /opt/stack/data/venv/lib/python3.12/site-packages/oslo_service/backend/_threading/loopingcall.py:125}}
Jun 03 02:03:42.875242 np0000002006 nova-scheduler[95785]: DEBUG oslo.service.backend._threading.loopingcall [-] Fixed interval looping call 'nova.servicegroup.drivers.db.DbDriver._report_state' sleeping for 119.98 seconds {{(pid=95785) _run_loop /opt/stack/data/venv/lib/python3.12/site-packages/oslo_service/backend/_threading/loopingcall.py:125}}
Jun 03 02:03:42.882792 np0000002006 nova-scheduler[95789]: DEBUG oslo.service.backend._threading.loopingcall [-] Fixed interval looping call 'nova.servicegroup.drivers.db.DbDriver._report_state' sleeping for 119.99 seconds {{(pid=95789) _run_loop /opt/stack/data/venv/lib/python3.12/site-packages/oslo_service/backend/_threading/loopingcall.py:125}}
Jun 03 02:03:42.889327 np0000002006 nova-scheduler[95794]: DEBUG oslo.service.backend._threading.loopingcall [-] Fixed interval looping call 'nova.servicegroup.drivers.db.DbDriver._report_state' sleeping for 119.98 seconds {{(pid=95794) _run_loop /opt/stack/data/venv/lib/python3.12/site-packages/oslo_service/backend/_threading/loopingcall.py:125}}
Jun 03 02:03:46.401572 np0000002006 nova-scheduler[94591]: DEBUG dbcounter [-] [94591] Writing DB stats nova_api:SELECT=3 {{(pid=94591) stat_writer /opt/stack/data/venv/lib/python3.12/site-packages/dbcounter.py:115}}
Jun 03 02:03:46.524330 np0000002006 nova-scheduler[94591]: DEBUG dbcounter [-] [94591] Writing DB stats nova_cell1:SELECT=1 {{(pid=94591) stat_writer /opt/stack/data/venv/lib/python3.12/site-packages/dbcounter.py:115}}
Jun 03 02:03:46.530950 np0000002006 nova-scheduler[94591]: DEBUG dbcounter [-] [94591] Writing DB stats nova_cell0:SELECT=1 {{(pid=94591) stat_writer /opt/stack/data/venv/lib/python3.12/site-packages/dbcounter.py:115}}
Jun 03 02:03:50.870719 np0000002006 nova-scheduler[95794]: DEBUG oslo.service.backend._threading.loopingcall [None req-80d28f8a-da01-433a-98dc-129d8e08d080 None None] Dynamic interval looping call 'nova.service.Service.periodic_tasks' sleeping for 60.00 seconds {{(pid=95794) _run_loop /opt/stack/data/venv/lib/python3.12/site-packages/oslo_service/backend/_threading/loopingcall.py:125}}
Jun 03 02:03:52.868582 np0000002006 nova-scheduler[95785]: DEBUG dbcounter [-] [95785] Writing DB stats nova_cell0:SELECT=4,nova_cell0:INSERT=1,nova_cell0:UPDATE=1 {{(pid=95785) stat_writer /opt/stack/data/venv/lib/python3.12/site-packages/dbcounter.py:115}}
Jun 03 02:03:52.879710 np0000002006 nova-scheduler[95789]: DEBUG dbcounter [-] [95789] Writing DB stats nova_cell0:SELECT=3 {{(pid=95789) stat_writer /opt/stack/data/venv/lib/python3.12/site-packages/dbcounter.py:115}}
Jun 03 02:03:52.886156 np0000002006 nova-scheduler[95794]: DEBUG dbcounter [-] [95794] Writing DB stats nova_cell0:SELECT=3 {{(pid=95794) stat_writer /opt/stack/data/venv/lib/python3.12/site-packages/dbcounter.py:115}}
Jun 03 02:04:35.858110 np0000002006 nova-scheduler[95785]: DEBUG oslo.service.backend._threading.loopingcall [None req-a77fed19-6412-4c12-92bc-4db7fdc7dc24 None None] Dynamic interval looping call 'nova.service.Service.periodic_tasks' sleeping for 60.00 seconds {{(pid=95785) _run_loop /opt/stack/data/venv/lib/python3.12/site-packages/oslo_service/backend/_threading/loopingcall.py:125}}
Jun 03 02:04:38.876109 np0000002006 nova-scheduler[95789]: DEBUG oslo.service.backend._threading.loopingcall [None req-9cf74c98-4cb1-4241-b810-5280d0236ae0 None None] Dynamic interval looping call 'nova.service.Service.periodic_tasks' sleeping for 60.00 seconds {{(pid=95789) _run_loop /opt/stack/data/venv/lib/python3.12/site-packages/oslo_service/backend/_threading/loopingcall.py:125}}
Jun 03 02:04:50.871283 np0000002006 nova-scheduler[95794]: DEBUG oslo.service.backend._threading.loopingcall [None req-80d28f8a-da01-433a-98dc-129d8e08d080 None None] Dynamic interval looping call 'nova.service.Service.periodic_tasks' sleeping for 60.00 seconds {{(pid=95794) _run_loop /opt/stack/data/venv/lib/python3.12/site-packages/oslo_service/backend/_threading/loopingcall.py:125}}
Jun 03 02:05:35.858748 np0000002006 nova-scheduler[95785]: DEBUG oslo.service.backend._threading.loopingcall [None req-a77fed19-6412-4c12-92bc-4db7fdc7dc24 None None] Dynamic interval looping call 'nova.service.Service.periodic_tasks' sleeping for 60.00 seconds {{(pid=95785) _run_loop /opt/stack/data/venv/lib/python3.12/site-packages/oslo_service/backend/_threading/loopingcall.py:125}}
Jun 03 02:05:38.876682 np0000002006 nova-scheduler[95789]: DEBUG oslo.service.backend._threading.loopingcall [None req-9cf74c98-4cb1-4241-b810-5280d0236ae0 None None] Dynamic interval looping call 'nova.service.Service.periodic_tasks' sleeping for 60.00 seconds {{(pid=95789) _run_loop /opt/stack/data/venv/lib/python3.12/site-packages/oslo_service/backend/_threading/loopingcall.py:125}}
Jun 03 02:05:42.861826 np0000002006 nova-scheduler[95785]: DEBUG oslo.service.backend._threading.loopingcall [-] Fixed interval looping call 'nova.servicegroup.drivers.db.DbDriver._report_state' sleeping for 119.99 seconds {{(pid=95785) _run_loop /opt/stack/data/venv/lib/python3.12/site-packages/oslo_service/backend/_threading/loopingcall.py:125}}
Jun 03 02:05:42.873273 np0000002006 nova-scheduler[95794]: DEBUG oslo.service.backend._threading.loopingcall [-] Fixed interval looping call 'nova.servicegroup.drivers.db.DbDriver._report_state' sleeping for 120.00 seconds {{(pid=95794) _run_loop /opt/stack/data/venv/lib/python3.12/site-packages/oslo_service/backend/_threading/loopingcall.py:125}}
Jun 03 02:05:42.876332 np0000002006 nova-scheduler[95789]: DEBUG oslo.service.backend._threading.loopingcall [-] Fixed interval looping call 'nova.servicegroup.drivers.db.DbDriver._report_state' sleeping for 120.00 seconds {{(pid=95789) _run_loop /opt/stack/data/venv/lib/python3.12/site-packages/oslo_service/backend/_threading/loopingcall.py:125}}
Jun 03 02:05:50.871767 np0000002006 nova-scheduler[95794]: DEBUG oslo.service.backend._threading.loopingcall [None req-80d28f8a-da01-433a-98dc-129d8e08d080 None None] Dynamic interval looping call 'nova.service.Service.periodic_tasks' sleeping for 60.00 seconds {{(pid=95794) _run_loop /opt/stack/data/venv/lib/python3.12/site-packages/oslo_service/backend/_threading/loopingcall.py:125}}
Jun 03 02:05:52.858549 np0000002006 nova-scheduler[95785]: DEBUG dbcounter [-] [95785] Writing DB stats nova_cell0:SELECT=1,nova_cell0:UPDATE=1 {{(pid=95785) stat_writer /opt/stack/data/venv/lib/python3.12/site-packages/dbcounter.py:115}}
Jun 03 02:05:52.871322 np0000002006 nova-scheduler[95794]: DEBUG dbcounter [-] [95794] Writing DB stats nova_cell0:SELECT=1 {{(pid=95794) stat_writer /opt/stack/data/venv/lib/python3.12/site-packages/dbcounter.py:115}}
Jun 03 02:05:52.874558 np0000002006 nova-scheduler[95789]: DEBUG dbcounter [-] [95789] Writing DB stats nova_cell0:SELECT=1 {{(pid=95789) stat_writer /opt/stack/data/venv/lib/python3.12/site-packages/dbcounter.py:115}}
Jun 03 02:06:17.989200 np0000002006 nova-scheduler[95785]: DEBUG nova.scheduler.manager [None req-550cc9fa-f24e-498c-b1de-2911820d96f3 tempest-DeleteServersTestJSON-1310039774 tempest-DeleteServersTestJSON-1310039774-project-member] Starting to schedule for instances: ['0f7e2b24-71f0-4d32-889f-10338e2928f8'] {{(pid=95785) select_destinations /opt/stack/nova/nova/scheduler/manager.py:210}}
Jun 03 02:06:17.990374 np0000002006 nova-scheduler[95785]: DEBUG nova.scheduler.request_filter [None req-550cc9fa-f24e-498c-b1de-2911820d96f3 tempest-DeleteServersTestJSON-1310039774 tempest-DeleteServersTestJSON-1310039774-project-member] compute_status_filter request filter added forbidden trait COMPUTE_STATUS_DISABLED {{(pid=95785) compute_status_filter /opt/stack/nova/nova/scheduler/request_filter.py:253}}
Jun 03 02:06:17.990830 np0000002006 nova-scheduler[95785]: DEBUG nova.scheduler.request_filter [None req-550cc9fa-f24e-498c-b1de-2911820d96f3 tempest-DeleteServersTestJSON-1310039774 tempest-DeleteServersTestJSON-1310039774-project-member] Request filter 'compute_status_filter' took 0.0 seconds {{(pid=95785) wrapper /opt/stack/nova/nova/scheduler/request_filter.py:46}}
Jun 03 02:06:17.991212 np0000002006 nova-scheduler[95785]: DEBUG nova.scheduler.request_filter [None req-550cc9fa-f24e-498c-b1de-2911820d96f3 tempest-DeleteServersTestJSON-1310039774 tempest-DeleteServersTestJSON-1310039774-project-member] Request filter 'accelerators_filter' took 0.0 seconds {{(pid=95785) wrapper /opt/stack/nova/nova/scheduler/request_filter.py:46}}
Jun 03 02:06:17.991494 np0000002006 nova-scheduler[95785]: DEBUG nova.scheduler.request_filter [None req-550cc9fa-f24e-498c-b1de-2911820d96f3 tempest-DeleteServersTestJSON-1310039774 tempest-DeleteServersTestJSON-1310039774-project-member] Request filter 'packed_virtqueue_filter' took 0.0 seconds {{(pid=95785) wrapper /opt/stack/nova/nova/scheduler/request_filter.py:46}}
Jun 03 02:06:17.991864 np0000002006 nova-scheduler[95785]: DEBUG nova.scheduler.request_filter [None req-550cc9fa-f24e-498c-b1de-2911820d96f3 tempest-DeleteServersTestJSON-1310039774 tempest-DeleteServersTestJSON-1310039774-project-member] Request filter 'remote_managed_ports_filter' took 0.0 seconds {{(pid=95785) wrapper /opt/stack/nova/nova/scheduler/request_filter.py:46}}
Jun 03 02:06:17.992082 np0000002006 nova-scheduler[95785]: DEBUG nova.scheduler.request_filter [None req-550cc9fa-f24e-498c-b1de-2911820d96f3 tempest-DeleteServersTestJSON-1310039774 tempest-DeleteServersTestJSON-1310039774-project-member] ephemeral_encryption_filter skipped {{(pid=95785) ephemeral_encryption_filter /opt/stack/nova/nova/scheduler/request_filter.py:426}}
Jun 03 02:06:17.992247 np0000002006 nova-scheduler[95785]: DEBUG nova.scheduler.request_filter [None req-550cc9fa-f24e-498c-b1de-2911820d96f3 tempest-DeleteServersTestJSON-1310039774 tempest-DeleteServersTestJSON-1310039774-project-member] virtio_sound_filter skipped {{(pid=95785) virtio_sound_filter /opt/stack/nova/nova/scheduler/request_filter.py:460}}
Jun 03 02:06:17.992420 np0000002006 nova-scheduler[95785]: DEBUG nova.scheduler.request_filter [None req-550cc9fa-f24e-498c-b1de-2911820d96f3 tempest-DeleteServersTestJSON-1310039774 tempest-DeleteServersTestJSON-1310039774-project-member] tpm_secret_security_filter skipped {{(pid=95785) tpm_secret_security_filter /opt/stack/nova/nova/scheduler/request_filter.py:477}}
Jun 03 02:06:18.721268 np0000002006 nova-scheduler[95785]: INFO nova.utils [None req-550cc9fa-f24e-498c-b1de-2911820d96f3 tempest-DeleteServersTestJSON-1310039774 tempest-DeleteServersTestJSON-1310039774-project-member] The cell worker thread pool ForkProcess-1.cell_worker is initialized
Jun 03 02:06:18.721672 np0000002006 nova-scheduler[95785]: DEBUG oslo_concurrency.lockutils [None req-550cc9fa-f24e-498c-b1de-2911820d96f3 tempest-DeleteServersTestJSON-1310039774 tempest-DeleteServersTestJSON-1310039774-project-member] Acquiring lock "f7ef3669-24ed-4dd4-a0b9-7e523aa5721e" by "nova.context.set_target_cell..get_or_set_cached_cell_and_set_connections" {{(pid=95785) inner /opt/stack/data/venv/lib/python3.12/site-packages/oslo_concurrency/lockutils.py:511}}
Jun 03 02:06:18.721918 np0000002006 nova-scheduler[95785]: DEBUG oslo_concurrency.lockutils [None req-550cc9fa-f24e-498c-b1de-2911820d96f3 tempest-DeleteServersTestJSON-1310039774 tempest-DeleteServersTestJSON-1310039774-project-member] Lock "f7ef3669-24ed-4dd4-a0b9-7e523aa5721e" acquired by "nova.context.set_target_cell..get_or_set_cached_cell_and_set_connections" :: waited 0.000s {{(pid=95785) inner /opt/stack/data/venv/lib/python3.12/site-packages/oslo_concurrency/lockutils.py:524}}
Jun 03 02:06:18.723696 np0000002006 nova-scheduler[95785]: DEBUG oslo_concurrency.lockutils [None req-550cc9fa-f24e-498c-b1de-2911820d96f3 tempest-DeleteServersTestJSON-1310039774 tempest-DeleteServersTestJSON-1310039774-project-member] Lock "f7ef3669-24ed-4dd4-a0b9-7e523aa5721e" "released" by "nova.context.set_target_cell..get_or_set_cached_cell_and_set_connections" :: held 0.002s {{(pid=95785) inner /opt/stack/data/venv/lib/python3.12/site-packages/oslo_concurrency/lockutils.py:543}}
Jun 03 02:06:18.726064 np0000002006 nova-scheduler[95785]: INFO dbcounter [None req-550cc9fa-f24e-498c-b1de-2911820d96f3 tempest-DeleteServersTestJSON-1310039774 tempest-DeleteServersTestJSON-1310039774-project-member] Registered counter for database nova_cell1
Jun 03 02:06:18.776761 np0000002006 nova-scheduler[95785]: DEBUG oslo_db.sqlalchemy.engines [None req-550cc9fa-f24e-498c-b1de-2911820d96f3 tempest-DeleteServersTestJSON-1310039774 tempest-DeleteServersTestJSON-1310039774-project-member] MySQL server mode set to STRICT_TRANS_TABLES,STRICT_ALL_TABLES,NO_ZERO_IN_DATE,NO_ZERO_DATE,ERROR_FOR_DIVISION_BY_ZERO,TRADITIONAL,NO_ENGINE_SUBSTITUTION {{(pid=95785) _check_effective_sql_mode /opt/stack/data/venv/lib/python3.12/site-packages/oslo_db/sqlalchemy/engines.py:325}}
Jun 03 02:06:18.783190 np0000002006 nova-scheduler[95785]: DEBUG dbcounter [-] [95785] Writer thread running {{(pid=95785) stat_writer /opt/stack/data/venv/lib/python3.12/site-packages/dbcounter.py:102}}
Jun 03 02:06:18.804949 np0000002006 nova-scheduler[95785]: DEBUG oslo_db.sqlalchemy.engines [None req-550cc9fa-f24e-498c-b1de-2911820d96f3 tempest-DeleteServersTestJSON-1310039774 tempest-DeleteServersTestJSON-1310039774-project-member] Parent process 94591 forked (95785) with an open database connection, which is being discarded and recreated. {{(pid=95785) checkout /opt/stack/data/venv/lib/python3.12/site-packages/oslo_db/sqlalchemy/engines.py:402}}
Jun 03 02:06:18.868220 np0000002006 nova-scheduler[95785]: DEBUG dbcounter [-] [95785] Writer thread running {{(pid=95785) stat_writer /opt/stack/data/venv/lib/python3.12/site-packages/dbcounter.py:102}}
Jun 03 02:06:18.871719 np0000002006 nova-scheduler[95785]: DEBUG oslo_concurrency.lockutils [None req-550cc9fa-f24e-498c-b1de-2911820d96f3 tempest-DeleteServersTestJSON-1310039774 tempest-DeleteServersTestJSON-1310039774-project-member] Acquiring lock "f7ef3669-24ed-4dd4-a0b9-7e523aa5721e" by "nova.context.set_target_cell..get_or_set_cached_cell_and_set_connections" {{(pid=95785) inner /opt/stack/data/venv/lib/python3.12/site-packages/oslo_concurrency/lockutils.py:511}}
Jun 03 02:06:18.871901 np0000002006 nova-scheduler[95785]: DEBUG oslo_concurrency.lockutils [None req-550cc9fa-f24e-498c-b1de-2911820d96f3 tempest-DeleteServersTestJSON-1310039774 tempest-DeleteServersTestJSON-1310039774-project-member] Lock "f7ef3669-24ed-4dd4-a0b9-7e523aa5721e" acquired by "nova.context.set_target_cell..get_or_set_cached_cell_and_set_connections" :: waited 0.000s {{(pid=95785) inner /opt/stack/data/venv/lib/python3.12/site-packages/oslo_concurrency/lockutils.py:524}}
Jun 03 02:06:18.872098 np0000002006 nova-scheduler[95785]: DEBUG oslo_concurrency.lockutils [None req-550cc9fa-f24e-498c-b1de-2911820d96f3 tempest-DeleteServersTestJSON-1310039774 tempest-DeleteServersTestJSON-1310039774-project-member] Lock "f7ef3669-24ed-4dd4-a0b9-7e523aa5721e" "released" by "nova.context.set_target_cell..get_or_set_cached_cell_and_set_connections" :: held 0.000s {{(pid=95785) inner /opt/stack/data/venv/lib/python3.12/site-packages/oslo_concurrency/lockutils.py:543}}
Jun 03 02:06:18.876450 np0000002006 nova-scheduler[95785]: DEBUG oslo_concurrency.lockutils [None req-550cc9fa-f24e-498c-b1de-2911820d96f3 tempest-DeleteServersTestJSON-1310039774 tempest-DeleteServersTestJSON-1310039774-project-member] Acquiring lock "('np0000002006', 'np0000002006')" by "nova.scheduler.host_manager.HostState.update.._locked_update" {{(pid=95785) inner /opt/stack/data/venv/lib/python3.12/site-packages/oslo_concurrency/lockutils.py:511}}
Jun 03 02:06:18.876796 np0000002006 nova-scheduler[95785]: DEBUG oslo_concurrency.lockutils [None req-550cc9fa-f24e-498c-b1de-2911820d96f3 tempest-DeleteServersTestJSON-1310039774 tempest-DeleteServersTestJSON-1310039774-project-member] Lock "('np0000002006', 'np0000002006')" acquired by "nova.scheduler.host_manager.HostState.update.._locked_update" :: waited 0.000s {{(pid=95785) inner /opt/stack/data/venv/lib/python3.12/site-packages/oslo_concurrency/lockutils.py:524}}
Jun 03 02:06:18.878745 np0000002006 nova-scheduler[95785]: DEBUG nova.scheduler.host_manager [None req-550cc9fa-f24e-498c-b1de-2911820d96f3 tempest-DeleteServersTestJSON-1310039774 tempest-DeleteServersTestJSON-1310039774-project-member] Update host state from compute node: ComputeNode(cpu_allocation_ratio=4.0,cpu_info='{"arch": "x86_64", "model": "EPYC-Milan", "vendor": "AMD", "topology": {"cells": 1, "sockets": 12, "cores": 1, "threads": 1}, "maxphysaddr": {"mode": "emulate", "bits": 40}, "features": ["perfctr_core", "clzero", "svm", "popcnt", "v-vmsave-vmload", "mds-no", "lm", "3dnowprefetch", "sep", "pni", "null-sel-clr-base", "xsavec", "nrip-save", "apic", "vaes", "xgetbv1", "fxsr", "vmcb-clean", "sse", "hypervisor", "ibrs", "mmxext", "cmp_legacy", "lbrv", "pclmuldq", "pdpe1gb", "clflushopt", "cx16", "msr", "pfthreshold", "umip", "xsave", "mtrr", "clflush", "rdpid", "ibpb", "rdseed", "tsc", "flushbyasid", "fma", "erms", "lfence-always-serializing", "pat", "nx", "skip-l1dfl-vmentry", "xsaveopt", "amd-stibp", "amd-ssbd", "misalignsse", "x2apic", "cmov", "syscall", "tsc-scale", "rdtscp", "pse", "tsc_adjust", "de", "vme", "cr8legacy", "pschange-mc-no", "sse4.2", "adx", "avx2", "mce", "npt", "wbnoinvd", "fxsr_opt", "rdctl-no", "svme-addr-chk", "arch-capabilities", "movbe", "stibp", "osvw", "gds-no", "pge", "virt-ssbd", "pku", "sha-ni", "sse4a", "lahf_lm", "sse2", "pse36", "cx8", "bmi1", "mca", "clwb", "fsrm", "arat", "spec-ctrl", "ssse3", "vpclmulqdq", "pae", "amd-psfd", "topoext", "avx", "tsc-deadline", "ssbd", "fpu", "xsaves", "sse4.1", "invpcid", "no-nested-data-bp", "vgif", "smap", "pause-filter", "stibp-always-on", "abm", "fsgsbase", "rdrand", "xsaveerptr", "smep", "aes", "bmi2", "f16c", "pcid", "mmx"]}',created_at=2026-06-03T02:04:03Z,current_workload=0,deleted=False,deleted_at=None,disk_allocation_ratio=1.0,disk_available_least=74,free_disk_gb=95,free_ram_mb=23518,host='np0000002006',host_ip=10.4.3.249,hypervisor_hostname='np0000002006',hypervisor_type='QEMU',hypervisor_version=8002002,id=1,local_gb=95,local_gb_used=0,mapped=1,memory_mb=24030,memory_mb_used=512,metrics='[]',numa_topology='{"nova_object.name": "NUMATopology", "nova_object.namespace": "nova", "nova_object.version": "1.2", "nova_object.data": {"cells": [{"nova_object.name": "NUMACell", "nova_object.namespace": "nova", "nova_object.version": "1.5", "nova_object.data": {"id": 0, "cpuset": [0, 1, 2, 3, 4, 5, 6, 7, 8, 9, 10, 11], "pcpuset": [0, 1, 2, 3, 4, 5, 6, 7, 8, 9, 10, 11], "memory": 24030, "cpu_usage": 0, "memory_usage": 0, "pinned_cpus": [], "siblings": [[6], [2], [5], [11], [8], [4], [1], [7], [10], [0], [3], [9]], "mempages": [{"nova_object.name": "NUMAPagesTopology", "nova_object.namespace": "nova", "nova_object.version": "1.1", "nova_object.data": {"size_kb": 4, "total": 6151798, "used": 0, "reserved": 0}, "nova_object.changes": ["size_kb", "reserved", "used", "total"]}, {"nova_object.name": "NUMAPagesTopology", "nova_object.namespace": "nova", "nova_object.version": "1.1", "nova_object.data": {"size_kb": 2048, "total": 0, "used": 0, "reserved": 0}, "nova_object.changes": ["size_kb", "reserved", "used", "total"]}, {"nova_object.name": "NUMAPagesTopology", "nova_object.namespace": "nova", "nova_object.version": "1.1", "nova_object.data": {"size_kb": 1048576, "total": 0, "used": 0, "reserved": 0}, "nova_object.changes": ["size_kb", "reserved", "used", "total"]}], "network_metadata": {"nova_object.name": "NetworkMetadata", "nova_object.namespace": "nova", "nova_object.version": "1.0", "nova_object.data": {"physnets": [], "tunneled": false}, "nova_object.changes": ["physnets", "tunneled"]}, "socket": null}, "nova_object.changes": ["socket", "cpu_usage", "mempages", "memory", "cpuset", "pinned_cpus", "siblings", "id", "network_metadata", "pcpuset", "memory_usage"]}]}, "nova_object.changes": ["cells"]}',pci_device_pools=PciDevicePoolList,ram_allocation_ratio=1.0,running_vms=0,service_id=3,stats={failed_builds='0',uptime=' 02:05:48 up 27 min, 2 users, load average: 1.56, 1.50, 0.90
Jun 03 02:06:18.878745 np0000002006 nova-scheduler[95785]: '},supported_hv_specs=[HVSpec,HVSpec,HVSpec,HVSpec,HVSpec,HVSpec,HVSpec,HVSpec,HVSpec,HVSpec,HVSpec,HVSpec,HVSpec,HVSpec,HVSpec,HVSpec,HVSpec,HVSpec,HVSpec,HVSpec,HVSpec,HVSpec,HVSpec,HVSpec,HVSpec],updated_at=2026-06-03T02:05:50Z,uuid=71008aa9-ea1e-4be3-aa41-2806dfe8f018,vcpus=12,vcpus_used=0) {{(pid=95785) _locked_update /opt/stack/nova/nova/scheduler/host_manager.py:168}}
Jun 03 02:06:18.879737 np0000002006 nova-scheduler[95785]: DEBUG nova.scheduler.host_manager [None req-550cc9fa-f24e-498c-b1de-2911820d96f3 tempest-DeleteServersTestJSON-1310039774 tempest-DeleteServersTestJSON-1310039774-project-member] Update host state with aggregates: [] {{(pid=95785) _locked_update /opt/stack/nova/nova/scheduler/host_manager.py:171}}
Jun 03 02:06:18.879897 np0000002006 nova-scheduler[95785]: DEBUG nova.scheduler.host_manager [None req-550cc9fa-f24e-498c-b1de-2911820d96f3 tempest-DeleteServersTestJSON-1310039774 tempest-DeleteServersTestJSON-1310039774-project-member] Update host state with service dict: {'id': 3, 'uuid': '9737e146-6bc0-41f6-92c7-0caa19fd7d5e', 'host': 'np0000002006', 'binary': 'nova-compute', 'topic': 'compute', 'report_count': 2, 'disabled': False, 'disabled_reason': None, 'last_seen_up': datetime.datetime(2026, 6, 3, 2, 6, 11, tzinfo=datetime.timezone.utc), 'forced_down': False, 'version': 72, 'created_at': datetime.datetime(2026, 6, 3, 2, 4, 1, tzinfo=datetime.timezone.utc), 'updated_at': datetime.datetime(2026, 6, 3, 2, 6, 11, tzinfo=datetime.timezone.utc), 'deleted_at': None, 'deleted': False} {{(pid=95785) _locked_update /opt/stack/nova/nova/scheduler/host_manager.py:174}}
Jun 03 02:06:18.880118 np0000002006 nova-scheduler[95785]: DEBUG nova.scheduler.host_manager [None req-550cc9fa-f24e-498c-b1de-2911820d96f3 tempest-DeleteServersTestJSON-1310039774 tempest-DeleteServersTestJSON-1310039774-project-member] Update host state with instances: [] {{(pid=95785) _locked_update /opt/stack/nova/nova/scheduler/host_manager.py:177}}
Jun 03 02:06:18.880288 np0000002006 nova-scheduler[95785]: DEBUG oslo_concurrency.lockutils [None req-550cc9fa-f24e-498c-b1de-2911820d96f3 tempest-DeleteServersTestJSON-1310039774 tempest-DeleteServersTestJSON-1310039774-project-member] Lock "('np0000002006', 'np0000002006')" "released" by "nova.scheduler.host_manager.HostState.update.._locked_update" :: held 0.004s {{(pid=95785) inner /opt/stack/data/venv/lib/python3.12/site-packages/oslo_concurrency/lockutils.py:543}}
Jun 03 02:06:18.880827 np0000002006 nova-scheduler[95785]: DEBUG nova.filters [None req-550cc9fa-f24e-498c-b1de-2911820d96f3 tempest-DeleteServersTestJSON-1310039774 tempest-DeleteServersTestJSON-1310039774-project-member] Starting with 1 host(s) {{(pid=95785) get_filtered_objects /opt/stack/nova/nova/filters.py:70}}
Jun 03 02:06:18.881117 np0000002006 nova-scheduler[95785]: DEBUG nova.filters [None req-550cc9fa-f24e-498c-b1de-2911820d96f3 tempest-DeleteServersTestJSON-1310039774 tempest-DeleteServersTestJSON-1310039774-project-member] Filter ComputeFilter returned 1 host(s) {{(pid=95785) get_filtered_objects /opt/stack/nova/nova/filters.py:102}}
Jun 03 02:06:18.881304 np0000002006 nova-scheduler[95785]: DEBUG nova.filters [None req-550cc9fa-f24e-498c-b1de-2911820d96f3 tempest-DeleteServersTestJSON-1310039774 tempest-DeleteServersTestJSON-1310039774-project-member] Filter ComputeCapabilitiesFilter returned 1 host(s) {{(pid=95785) get_filtered_objects /opt/stack/nova/nova/filters.py:102}}
Jun 03 02:06:18.881571 np0000002006 nova-scheduler[95785]: DEBUG nova.filters [None req-550cc9fa-f24e-498c-b1de-2911820d96f3 tempest-DeleteServersTestJSON-1310039774 tempest-DeleteServersTestJSON-1310039774-project-member] Filter ImagePropertiesFilter returned 1 host(s) {{(pid=95785) get_filtered_objects /opt/stack/nova/nova/filters.py:102}}
Jun 03 02:06:18.881750 np0000002006 nova-scheduler[95785]: DEBUG nova.filters [None req-550cc9fa-f24e-498c-b1de-2911820d96f3 tempest-DeleteServersTestJSON-1310039774 tempest-DeleteServersTestJSON-1310039774-project-member] Filter ServerGroupAntiAffinityFilter returned 1 host(s) {{(pid=95785) get_filtered_objects /opt/stack/nova/nova/filters.py:102}}
Jun 03 02:06:18.881905 np0000002006 nova-scheduler[95785]: DEBUG nova.filters [None req-550cc9fa-f24e-498c-b1de-2911820d96f3 tempest-DeleteServersTestJSON-1310039774 tempest-DeleteServersTestJSON-1310039774-project-member] Filter ServerGroupAffinityFilter returned 1 host(s) {{(pid=95785) get_filtered_objects /opt/stack/nova/nova/filters.py:102}}
Jun 03 02:06:18.882131 np0000002006 nova-scheduler[95785]: DEBUG nova.filters [None req-550cc9fa-f24e-498c-b1de-2911820d96f3 tempest-DeleteServersTestJSON-1310039774 tempest-DeleteServersTestJSON-1310039774-project-member] Filter SameHostFilter returned 1 host(s) {{(pid=95785) get_filtered_objects /opt/stack/nova/nova/filters.py:102}}
Jun 03 02:06:18.882296 np0000002006 nova-scheduler[95785]: DEBUG nova.filters [None req-550cc9fa-f24e-498c-b1de-2911820d96f3 tempest-DeleteServersTestJSON-1310039774 tempest-DeleteServersTestJSON-1310039774-project-member] Filter DifferentHostFilter returned 1 host(s) {{(pid=95785) get_filtered_objects /opt/stack/nova/nova/filters.py:102}}
Jun 03 02:06:18.882481 np0000002006 nova-scheduler[95785]: DEBUG nova.scheduler.manager [None req-550cc9fa-f24e-498c-b1de-2911820d96f3 tempest-DeleteServersTestJSON-1310039774 tempest-DeleteServersTestJSON-1310039774-project-member] Filtered [(np0000002006, np0000002006) ram: 23518MB disk: 75776MB io_ops: 0 instances: 0, allocation_candidates: 1] {{(pid=95785) _get_sorted_hosts /opt/stack/nova/nova/scheduler/manager.py:743}}
Jun 03 02:06:18.882726 np0000002006 nova-scheduler[95785]: DEBUG nova.scheduler.manager [None req-550cc9fa-f24e-498c-b1de-2911820d96f3 tempest-DeleteServersTestJSON-1310039774 tempest-DeleteServersTestJSON-1310039774-project-member] Weighed [WeighedHost [host: (np0000002006, np0000002006) ram: 23518MB disk: 75776MB io_ops: 0 instances: 0, allocation_candidates: 1, weight: 0.0]] {{(pid=95785) _get_sorted_hosts /opt/stack/nova/nova/scheduler/manager.py:765}}
Jun 03 02:06:18.882984 np0000002006 nova-scheduler[95785]: DEBUG nova.scheduler.utils [None req-550cc9fa-f24e-498c-b1de-2911820d96f3 tempest-DeleteServersTestJSON-1310039774 tempest-DeleteServersTestJSON-1310039774-project-member] Attempting to claim resources in the placement API for instance 0f7e2b24-71f0-4d32-889f-10338e2928f8 {{(pid=95785) claim_resources /opt/stack/nova/nova/scheduler/utils.py:1345}}
Jun 03 02:06:19.036429 np0000002006 nova-scheduler[95785]: DEBUG nova.scheduler.manager [None req-550cc9fa-f24e-498c-b1de-2911820d96f3 tempest-DeleteServersTestJSON-1310039774 tempest-DeleteServersTestJSON-1310039774-project-member] [instance: 0f7e2b24-71f0-4d32-889f-10338e2928f8] Selected host: (np0000002006, np0000002006) ram: 23518MB disk: 75776MB io_ops: 0 instances: 0, allocation_candidates: 1 {{(pid=95785) _consume_selected_host /opt/stack/nova/nova/scheduler/manager.py:625}}
Jun 03 02:06:19.036970 np0000002006 nova-scheduler[95785]: DEBUG oslo_concurrency.lockutils [None req-550cc9fa-f24e-498c-b1de-2911820d96f3 tempest-DeleteServersTestJSON-1310039774 tempest-DeleteServersTestJSON-1310039774-project-member] Acquiring lock "('np0000002006', 'np0000002006')" by "nova.scheduler.host_manager.HostState.consume_from_request.._locked" {{(pid=95785) inner /opt/stack/data/venv/lib/python3.12/site-packages/oslo_concurrency/lockutils.py:511}}
Jun 03 02:06:19.037023 np0000002006 nova-scheduler[95785]: DEBUG oslo_concurrency.lockutils [None req-550cc9fa-f24e-498c-b1de-2911820d96f3 tempest-DeleteServersTestJSON-1310039774 tempest-DeleteServersTestJSON-1310039774-project-member] Lock "('np0000002006', 'np0000002006')" acquired by "nova.scheduler.host_manager.HostState.consume_from_request.._locked" :: waited 0.000s {{(pid=95785) inner /opt/stack/data/venv/lib/python3.12/site-packages/oslo_concurrency/lockutils.py:524}}
Jun 03 02:06:19.037267 np0000002006 nova-scheduler[95785]: DEBUG oslo_concurrency.lockutils [None req-550cc9fa-f24e-498c-b1de-2911820d96f3 tempest-DeleteServersTestJSON-1310039774 tempest-DeleteServersTestJSON-1310039774-project-member] Lock "('np0000002006', 'np0000002006')" "released" by "nova.scheduler.host_manager.HostState.consume_from_request.._locked" :: held 0.000s {{(pid=95785) inner /opt/stack/data/venv/lib/python3.12/site-packages/oslo_concurrency/lockutils.py:543}}
Jun 03 02:06:19.893739 np0000002006 nova-scheduler[95794]: DEBUG nova.scheduler.manager [None req-acdb504a-8d90-4c80-937e-63a4eae039f9 tempest-ServerActionsTestOtherB-913302360 tempest-ServerActionsTestOtherB-913302360-project-member] Starting to schedule for instances: ['9d139ca0-266b-4e48-a4f0-4799eb2a1cf8'] {{(pid=95794) select_destinations /opt/stack/nova/nova/scheduler/manager.py:210}}
Jun 03 02:06:19.893739 np0000002006 nova-scheduler[95794]: DEBUG nova.scheduler.request_filter [None req-acdb504a-8d90-4c80-937e-63a4eae039f9 tempest-ServerActionsTestOtherB-913302360 tempest-ServerActionsTestOtherB-913302360-project-member] compute_status_filter request filter added forbidden trait COMPUTE_STATUS_DISABLED {{(pid=95794) compute_status_filter /opt/stack/nova/nova/scheduler/request_filter.py:253}}
Jun 03 02:06:19.894431 np0000002006 nova-scheduler[95794]: DEBUG nova.scheduler.request_filter [None req-acdb504a-8d90-4c80-937e-63a4eae039f9 tempest-ServerActionsTestOtherB-913302360 tempest-ServerActionsTestOtherB-913302360-project-member] Request filter 'compute_status_filter' took 0.0 seconds {{(pid=95794) wrapper /opt/stack/nova/nova/scheduler/request_filter.py:46}}
Jun 03 02:06:19.896954 np0000002006 nova-scheduler[95794]: DEBUG nova.scheduler.request_filter [None req-acdb504a-8d90-4c80-937e-63a4eae039f9 tempest-ServerActionsTestOtherB-913302360 tempest-ServerActionsTestOtherB-913302360-project-member] Request filter 'accelerators_filter' took 0.0 seconds {{(pid=95794) wrapper /opt/stack/nova/nova/scheduler/request_filter.py:46}}
Jun 03 02:06:19.896954 np0000002006 nova-scheduler[95794]: DEBUG nova.scheduler.request_filter [None req-acdb504a-8d90-4c80-937e-63a4eae039f9 tempest-ServerActionsTestOtherB-913302360 tempest-ServerActionsTestOtherB-913302360-project-member] Request filter 'packed_virtqueue_filter' took 0.0 seconds {{(pid=95794) wrapper /opt/stack/nova/nova/scheduler/request_filter.py:46}}
Jun 03 02:06:19.896954 np0000002006 nova-scheduler[95794]: DEBUG nova.scheduler.request_filter [None req-acdb504a-8d90-4c80-937e-63a4eae039f9 tempest-ServerActionsTestOtherB-913302360 tempest-ServerActionsTestOtherB-913302360-project-member] Request filter 'remote_managed_ports_filter' took 0.0 seconds {{(pid=95794) wrapper /opt/stack/nova/nova/scheduler/request_filter.py:46}}
Jun 03 02:06:19.896954 np0000002006 nova-scheduler[95794]: DEBUG nova.scheduler.request_filter [None req-acdb504a-8d90-4c80-937e-63a4eae039f9 tempest-ServerActionsTestOtherB-913302360 tempest-ServerActionsTestOtherB-913302360-project-member] ephemeral_encryption_filter skipped {{(pid=95794) ephemeral_encryption_filter /opt/stack/nova/nova/scheduler/request_filter.py:426}}
Jun 03 02:06:19.896954 np0000002006 nova-scheduler[95794]: DEBUG nova.scheduler.request_filter [None req-acdb504a-8d90-4c80-937e-63a4eae039f9 tempest-ServerActionsTestOtherB-913302360 tempest-ServerActionsTestOtherB-913302360-project-member] virtio_sound_filter skipped {{(pid=95794) virtio_sound_filter /opt/stack/nova/nova/scheduler/request_filter.py:460}}
Jun 03 02:06:19.896954 np0000002006 nova-scheduler[95794]: DEBUG nova.scheduler.request_filter [None req-acdb504a-8d90-4c80-937e-63a4eae039f9 tempest-ServerActionsTestOtherB-913302360 tempest-ServerActionsTestOtherB-913302360-project-member] tpm_secret_security_filter skipped {{(pid=95794) tpm_secret_security_filter /opt/stack/nova/nova/scheduler/request_filter.py:477}}
Jun 03 02:06:20.022742 np0000002006 nova-scheduler[95794]: INFO nova.utils [None req-acdb504a-8d90-4c80-937e-63a4eae039f9 tempest-ServerActionsTestOtherB-913302360 tempest-ServerActionsTestOtherB-913302360-project-member] The cell worker thread pool ForkProcess-3.cell_worker is initialized
Jun 03 02:06:20.023222 np0000002006 nova-scheduler[95794]: DEBUG oslo_concurrency.lockutils [None req-acdb504a-8d90-4c80-937e-63a4eae039f9 tempest-ServerActionsTestOtherB-913302360 tempest-ServerActionsTestOtherB-913302360-project-member] Acquiring lock "f7ef3669-24ed-4dd4-a0b9-7e523aa5721e" by "nova.context.set_target_cell..get_or_set_cached_cell_and_set_connections" {{(pid=95794) inner /opt/stack/data/venv/lib/python3.12/site-packages/oslo_concurrency/lockutils.py:511}}
Jun 03 02:06:20.023561 np0000002006 nova-scheduler[95794]: DEBUG oslo_concurrency.lockutils [None req-acdb504a-8d90-4c80-937e-63a4eae039f9 tempest-ServerActionsTestOtherB-913302360 tempest-ServerActionsTestOtherB-913302360-project-member] Lock "f7ef3669-24ed-4dd4-a0b9-7e523aa5721e" acquired by "nova.context.set_target_cell..get_or_set_cached_cell_and_set_connections" :: waited 0.000s {{(pid=95794) inner /opt/stack/data/venv/lib/python3.12/site-packages/oslo_concurrency/lockutils.py:524}}
Jun 03 02:06:20.025129 np0000002006 nova-scheduler[95794]: DEBUG oslo_concurrency.lockutils [None req-acdb504a-8d90-4c80-937e-63a4eae039f9 tempest-ServerActionsTestOtherB-913302360 tempest-ServerActionsTestOtherB-913302360-project-member] Lock "f7ef3669-24ed-4dd4-a0b9-7e523aa5721e" "released" by "nova.context.set_target_cell..get_or_set_cached_cell_and_set_connections" :: held 0.002s {{(pid=95794) inner /opt/stack/data/venv/lib/python3.12/site-packages/oslo_concurrency/lockutils.py:543}}
Jun 03 02:06:20.027476 np0000002006 nova-scheduler[95794]: INFO dbcounter [None req-acdb504a-8d90-4c80-937e-63a4eae039f9 tempest-ServerActionsTestOtherB-913302360 tempest-ServerActionsTestOtherB-913302360-project-member] Registered counter for database nova_cell1
Jun 03 02:06:20.069272 np0000002006 nova-scheduler[95794]: DEBUG oslo_db.sqlalchemy.engines [None req-acdb504a-8d90-4c80-937e-63a4eae039f9 tempest-ServerActionsTestOtherB-913302360 tempest-ServerActionsTestOtherB-913302360-project-member] MySQL server mode set to STRICT_TRANS_TABLES,STRICT_ALL_TABLES,NO_ZERO_IN_DATE,NO_ZERO_DATE,ERROR_FOR_DIVISION_BY_ZERO,TRADITIONAL,NO_ENGINE_SUBSTITUTION {{(pid=95794) _check_effective_sql_mode /opt/stack/data/venv/lib/python3.12/site-packages/oslo_db/sqlalchemy/engines.py:325}}
Jun 03 02:06:20.077397 np0000002006 nova-scheduler[95794]: DEBUG dbcounter [-] [95794] Writer thread running {{(pid=95794) stat_writer /opt/stack/data/venv/lib/python3.12/site-packages/dbcounter.py:102}}
Jun 03 02:06:20.139036 np0000002006 nova-scheduler[95794]: DEBUG dbcounter [-] [95794] Writer thread running {{(pid=95794) stat_writer /opt/stack/data/venv/lib/python3.12/site-packages/dbcounter.py:102}}
Jun 03 02:06:20.142392 np0000002006 nova-scheduler[95794]: DEBUG oslo_concurrency.lockutils [None req-acdb504a-8d90-4c80-937e-63a4eae039f9 tempest-ServerActionsTestOtherB-913302360 tempest-ServerActionsTestOtherB-913302360-project-member] Acquiring lock "f7ef3669-24ed-4dd4-a0b9-7e523aa5721e" by "nova.context.set_target_cell..get_or_set_cached_cell_and_set_connections" {{(pid=95794) inner /opt/stack/data/venv/lib/python3.12/site-packages/oslo_concurrency/lockutils.py:511}}
Jun 03 02:06:20.142598 np0000002006 nova-scheduler[95794]: DEBUG oslo_concurrency.lockutils [None req-acdb504a-8d90-4c80-937e-63a4eae039f9 tempest-ServerActionsTestOtherB-913302360 tempest-ServerActionsTestOtherB-913302360-project-member] Lock "f7ef3669-24ed-4dd4-a0b9-7e523aa5721e" acquired by "nova.context.set_target_cell..get_or_set_cached_cell_and_set_connections" :: waited 0.000s {{(pid=95794) inner /opt/stack/data/venv/lib/python3.12/site-packages/oslo_concurrency/lockutils.py:524}}
Jun 03 02:06:20.142757 np0000002006 nova-scheduler[95794]: DEBUG oslo_concurrency.lockutils [None req-acdb504a-8d90-4c80-937e-63a4eae039f9 tempest-ServerActionsTestOtherB-913302360 tempest-ServerActionsTestOtherB-913302360-project-member] Lock "f7ef3669-24ed-4dd4-a0b9-7e523aa5721e" "released" by "nova.context.set_target_cell..get_or_set_cached_cell_and_set_connections" :: held 0.000s {{(pid=95794) inner /opt/stack/data/venv/lib/python3.12/site-packages/oslo_concurrency/lockutils.py:543}}
Jun 03 02:06:20.147553 np0000002006 nova-scheduler[95794]: DEBUG oslo_concurrency.lockutils [None req-acdb504a-8d90-4c80-937e-63a4eae039f9 tempest-ServerActionsTestOtherB-913302360 tempest-ServerActionsTestOtherB-913302360-project-member] Acquiring lock "('np0000002006', 'np0000002006')" by "nova.scheduler.host_manager.HostState.update.._locked_update" {{(pid=95794) inner /opt/stack/data/venv/lib/python3.12/site-packages/oslo_concurrency/lockutils.py:511}}
Jun 03 02:06:20.147725 np0000002006 nova-scheduler[95794]: DEBUG oslo_concurrency.lockutils [None req-acdb504a-8d90-4c80-937e-63a4eae039f9 tempest-ServerActionsTestOtherB-913302360 tempest-ServerActionsTestOtherB-913302360-project-member] Lock "('np0000002006', 'np0000002006')" acquired by "nova.scheduler.host_manager.HostState.update.._locked_update" :: waited 0.000s {{(pid=95794) inner /opt/stack/data/venv/lib/python3.12/site-packages/oslo_concurrency/lockutils.py:524}}
