Jul 21 05:54:05.771476 np0000005531 devstack@g-api.service[99708]: DEBUG glance_store.location [None req-e60eee65-8f2d-440c-b7b0-0b1d03ab0a8b tempest-ServerBootFromVolumeStableRescueTest-369828618 tempest-ServerBootFromVolumeStableRescueTest-369828618-project-member] Registering scheme swift+https with {'store': , 'location_class': , 'store_entry': 'swift'} {{(pid=99708) register_scheme_map /opt/stack/data/venv/lib/python3.12/site-packages/glance_store/location.py:146}}
Jul 21 05:54:05.771476 np0000005531 devstack@g-api.service[99708]: DEBUG glance_store.location [None req-e60eee65-8f2d-440c-b7b0-0b1d03ab0a8b tempest-ServerBootFromVolumeStableRescueTest-369828618 tempest-ServerBootFromVolumeStableRescueTest-369828618-project-member] Registering scheme swift with {'store': , 'location_class': , 'store_entry': 'swift'} {{(pid=99708) register_scheme_map /opt/stack/data/venv/lib/python3.12/site-packages/glance_store/location.py:146}}
Jul 21 05:54:05.771476 np0000005531 devstack@g-api.service[99708]: DEBUG glance_store.location [None req-e60eee65-8f2d-440c-b7b0-0b1d03ab0a8b tempest-ServerBootFromVolumeStableRescueTest-369828618 tempest-ServerBootFromVolumeStableRescueTest-369828618-project-member] Registering scheme swift+https with {'store': , 'location_class': , 'store_entry': 'swift'} {{(pid=99708) register_scheme_map /opt/stack/data/venv/lib/python3.12/site-packages/glance_store/location.py:146}}
Jul 21 05:54:05.771476 np0000005531 devstack@g-api.service[99708]: DEBUG glance_store.location [None req-e60eee65-8f2d-440c-b7b0-0b1d03ab0a8b tempest-ServerBootFromVolumeStableRescueTest-369828618 tempest-ServerBootFromVolumeStableRescueTest-369828618-project-member] Registering scheme swift with {'store': , 'location_class': , 'store_entry': 'swift'} {{(pid=99708) register_scheme_map /opt/stack/data/venv/lib/python3.12/site-packages/glance_store/location.py:146}}
Jul 21 05:54:05.771990 np0000005531 devstack@g-api.service[99708]: DEBUG glance_store.location [None req-e60eee65-8f2d-440c-b7b0-0b1d03ab0a8b tempest-ServerBootFromVolumeStableRescueTest-369828618 tempest-ServerBootFromVolumeStableRescueTest-369828618-project-member] Registering scheme swift+http with {'store': , 'location_class': , 'store_entry': 'swift'} {{(pid=99708) register_scheme_map /opt/stack/data/venv/lib/python3.12/site-packages/glance_store/location.py:146}}
Jul 21 05:54:05.771990 np0000005531 devstack@g-api.service[99708]: DEBUG glance_store.location [None req-e60eee65-8f2d-440c-b7b0-0b1d03ab0a8b tempest-ServerBootFromVolumeStableRescueTest-369828618 tempest-ServerBootFromVolumeStableRescueTest-369828618-project-member] Registering scheme swift+https with {'store': , 'location_class': , 'store_entry': 'swift'} {{(pid=99708) register_scheme_map /opt/stack/data/venv/lib/python3.12/site-packages/glance_store/location.py:146}}
Jul 21 05:54:05.771990 np0000005531 devstack@g-api.service[99708]: DEBUG glance_store.location [None req-e60eee65-8f2d-440c-b7b0-0b1d03ab0a8b tempest-ServerBootFromVolumeStableRescueTest-369828618 tempest-ServerBootFromVolumeStableRescueTest-369828618-project-member] Registering scheme swift with {'store': , 'location_class': , 'store_entry': 'swift'} {{(pid=99708) register_scheme_map /opt/stack/data/venv/lib/python3.12/site-packages/glance_store/location.py:146}}
Jul 21 05:54:05.771990 np0000005531 devstack@g-api.service[99708]: DEBUG glance_store.location [None req-e60eee65-8f2d-440c-b7b0-0b1d03ab0a8b tempest-ServerBootFromVolumeStableRescueTest-369828618 tempest-ServerBootFromVolumeStableRescueTest-369828618-project-member] Registering scheme swift+http with {'store': , 'location_class': , 'store_entry': 'swift'} {{(pid=99708) register_scheme_map /opt/stack/data/venv/lib/python3.12/site-packages/glance_store/location.py:146}}
Jul 21 05:54:05.771990 np0000005531 devstack@g-api.service[99708]: DEBUG glance_store.location [None req-e60eee65-8f2d-440c-b7b0-0b1d03ab0a8b tempest-ServerBootFromVolumeStableRescueTest-369828618 tempest-ServerBootFromVolumeStableRescueTest-369828618-project-member] Registering scheme swift+config with {'store': , 'location_class': , 'store_entry': 'swift'} {{(pid=99708) register_scheme_map /opt/stack/data/venv/lib/python3.12/site-packages/glance_store/location.py:146}}
Jul 21 05:54:05.774132 np0000005531 devstack@g-api.service[99705]: [pid: 99705|app: 0|req: 49/149] 127.0.0.1 () {44 vars in 1055 bytes} [Tue Jul 21 05:54:05 2026] GET /v2/schemas/image => generated 6083 bytes in 4 msecs (HTTP/1.1 200) 4 headers in 158 bytes (1 switches on core 0)
Jul 21 05:54:05.786510 np0000005531 devstack@g-api.service[99707]: DEBUG glance.api.middleware.version_negotiation [None req-7bbdf3e3-afac-4f4d-883f-f195fecb71d2 tempest-ServerActionsV293TestJSON-1681514565 tempest-ServerActionsV293TestJSON-1681514565-project-member] Determining version of request: GET /v2/schemas/image Accept: */* {{(pid=99707) process_request /opt/stack/glance/glance/api/middleware/version_negotiation.py:44}}
Jul 21 05:54:05.786994 np0000005531 devstack@g-api.service[99707]: DEBUG glance.api.middleware.version_negotiation [None req-7bbdf3e3-afac-4f4d-883f-f195fecb71d2 tempest-ServerActionsV293TestJSON-1681514565 tempest-ServerActionsV293TestJSON-1681514565-project-member] Using url versioning {{(pid=99707) process_request /opt/stack/glance/glance/api/middleware/version_negotiation.py:57}}
Jul 21 05:54:05.786994 np0000005531 devstack@g-api.service[99707]: DEBUG glance.api.middleware.version_negotiation [None req-7bbdf3e3-afac-4f4d-883f-f195fecb71d2 tempest-ServerActionsV293TestJSON-1681514565 tempest-ServerActionsV293TestJSON-1681514565-project-member] Matched version: v2 {{(pid=99707) process_request /opt/stack/glance/glance/api/middleware/version_negotiation.py:69}}
Jul 21 05:54:05.786994 np0000005531 devstack@g-api.service[99707]: DEBUG glance.api.middleware.version_negotiation [None req-7bbdf3e3-afac-4f4d-883f-f195fecb71d2 tempest-ServerActionsV293TestJSON-1681514565 tempest-ServerActionsV293TestJSON-1681514565-project-member] new path /v2/schemas/image {{(pid=99707) process_request /opt/stack/glance/glance/api/middleware/version_negotiation.py:70}}
Jul 21 05:54:05.789439 np0000005531 devstack@g-api.service[99707]: [pid: 99707|app: 0|req: 54/150] 127.0.0.1 () {44 vars in 1055 bytes} [Tue Jul 21 05:54:05 2026] GET /v2/schemas/image => generated 6083 bytes in 3 msecs (HTTP/1.1 200) 4 headers in 158 bytes (1 switches on core 0)
Jul 21 05:54:06.276652 np0000005531 devstack@g-api.service[99705]: DEBUG glance.api.middleware.version_negotiation [None req-7bbdf3e3-afac-4f4d-883f-f195fecb71d2 tempest-ServerActionsV293TestJSON-1681514565 tempest-ServerActionsV293TestJSON-1681514565-project-member] Determining version of request: GET /versions Accept: */* {{(pid=99705) process_request /opt/stack/glance/glance/api/middleware/version_negotiation.py:44}}
Jul 21 05:54:06.278019 np0000005531 devstack@g-api.service[99705]: [pid: 99705|app: 0|req: 50/151] 127.0.0.1 () {44 vars in 1039 bytes} [Tue Jul 21 05:54:06 2026] GET /versions => generated 1515 bytes in 1 msecs (HTTP/1.1 200) 3 headers in 92 bytes (1 switches on core 0)
Jul 21 05:54:06.287001 np0000005531 devstack@g-api.service[99707]: DEBUG glance.api.middleware.version_negotiation [None req-7bbdf3e3-afac-4f4d-883f-f195fecb71d2 tempest-ServerActionsV293TestJSON-1681514565 tempest-ServerActionsV293TestJSON-1681514565-project-member] Determining version of request: GET /v2/images/d397a893-55bb-4278-a8ff-f75b39918e73/locations Accept: */* {{(pid=99707) process_request /opt/stack/glance/glance/api/middleware/version_negotiation.py:44}}
Jul 21 05:54:06.287309 np0000005531 devstack@g-api.service[99707]: DEBUG glance.api.middleware.version_negotiation [None req-7bbdf3e3-afac-4f4d-883f-f195fecb71d2 tempest-ServerActionsV293TestJSON-1681514565 tempest-ServerActionsV293TestJSON-1681514565-project-member] Using url versioning {{(pid=99707) process_request /opt/stack/glance/glance/api/middleware/version_negotiation.py:57}}
Jul 21 05:54:06.287419 np0000005531 devstack@g-api.service[99707]: DEBUG glance.api.middleware.version_negotiation [None req-7bbdf3e3-afac-4f4d-883f-f195fecb71d2 tempest-ServerActionsV293TestJSON-1681514565 tempest-ServerActionsV293TestJSON-1681514565-project-member] Matched version: v2 {{(pid=99707) process_request /opt/stack/glance/glance/api/middleware/version_negotiation.py:69}}
Jul 21 05:54:06.287528 np0000005531 devstack@g-api.service[99707]: DEBUG glance.api.middleware.version_negotiation [None req-7bbdf3e3-afac-4f4d-883f-f195fecb71d2 tempest-ServerActionsV293TestJSON-1681514565 tempest-ServerActionsV293TestJSON-1681514565-project-member] new path /v2/images/d397a893-55bb-4278-a8ff-f75b39918e73/locations {{(pid=99707) process_request /opt/stack/glance/glance/api/middleware/version_negotiation.py:70}}
Jul 21 05:54:06.290355 np0000005531 devstack@g-api.service[99708]: DEBUG swiftclient [None req-e60eee65-8f2d-440c-b7b0-0b1d03ab0a8b tempest-ServerBootFromVolumeStableRescueTest-369828618 tempest-ServerBootFromVolumeStableRescueTest-369828618-project-member] REQ: curl -i https://10.4.3.170:8080/v1/AUTH_27193062641a47e78a0e301b7aa065ce/glance -I -H "X-Auth-Token: gAAAAABqXwl9atmS..." {{(pid=99708) http_log /opt/stack/data/venv/lib/python3.12/site-packages/swiftclient/client.py:160}}
Jul 21 05:54:06.290674 np0000005531 devstack@g-api.service[99708]: DEBUG swiftclient [None req-e60eee65-8f2d-440c-b7b0-0b1d03ab0a8b tempest-ServerBootFromVolumeStableRescueTest-369828618 tempest-ServerBootFromVolumeStableRescueTest-369828618-project-member] RESP STATUS: 204 No Content {{(pid=99708) http_log /opt/stack/data/venv/lib/python3.12/site-packages/swiftclient/client.py:161}}
Jul 21 05:54:06.290674 np0000005531 devstack@g-api.service[99708]: DEBUG swiftclient [None req-e60eee65-8f2d-440c-b7b0-0b1d03ab0a8b tempest-ServerBootFromVolumeStableRescueTest-369828618 tempest-ServerBootFromVolumeStableRescueTest-369828618-project-member] RESP HEADERS: {'Date': 'Tue, 21 Jul 2026 05:54:06 GMT', 'Server': 'Apache/2.4.58 (Ubuntu)', 'Content-Type': 'text/plain; charset=utf-8', 'X-Container-Object-Count': '3', 'X-Container-Bytes-Used': '64356352', 'X-Timestamp': '1784612997.21489', 'Last-Modified': 'Tue, 21 Jul 2026 05:49:58 GMT', 'Accept-Ranges': 'bytes', 'X-Storage-Policy': 'Policy-0', 'X-Container-Sharding': 'False', 'Vary': 'Accept', 'X-Trans-Id': 'tx7d55126d85ca4db18b72c-006a5f097d', 'X-Openstack-Request-Id': 'tx7d55126d85ca4db18b72c-006a5f097d', 'Connection': 'close'} {{(pid=99708) http_log /opt/stack/data/venv/lib/python3.12/site-packages/swiftclient/client.py:162}}
Jul 21 05:54:06.290870 np0000005531 devstack@g-api.service[99708]: DEBUG glance_store._drivers.swift.store [None req-e60eee65-8f2d-440c-b7b0-0b1d03ab0a8b tempest-ServerBootFromVolumeStableRescueTest-369828618 tempest-ServerBootFromVolumeStableRescueTest-369828618-project-member] Adding image object '5a6bb633-8c20-4f7f-9b4b-45d3b770bd84' to Swift {{(pid=99708) add /opt/stack/data/venv/lib/python3.12/site-packages/glance_store/_drivers/swift/store.py:970}}
Jul 21 05:54:06.290977 np0000005531 devstack@g-api.service[99708]: DEBUG glance_store._drivers.swift.store [None req-e60eee65-8f2d-440c-b7b0-0b1d03ab0a8b tempest-ServerBootFromVolumeStableRescueTest-369828618 tempest-ServerBootFromVolumeStableRescueTest-369828618-project-member] Cannot determine image size because it is either not provided in the request or chunked-transfer encoding is used. Adding image as a segmented object to Swift. {{(pid=99708) add /opt/stack/data/venv/lib/python3.12/site-packages/glance_store/_drivers/swift/store.py:994}}
Jul 21 05:54:06.298272 np0000005531 devstack@g-api.service[99708]: DEBUG oslo_utils.imageutils.format_inspector [None req-e60eee65-8f2d-440c-b7b0-0b1d03ab0a8b tempest-ServerBootFromVolumeStableRescueTest-369828618 tempest-ServerBootFromVolumeStableRescueTest-369828618-project-member] Format inspector for vmdk does not match, excluding from consideration (Signature KDMV not found: b'QFI\xfb') {{(pid=99708) _process_chunk /opt/stack/data/venv/lib/python3.12/site-packages/oslo_utils/imageutils/format_inspector.py:1758}}
Jul 21 05:54:06.300829 np0000005531 devstack@g-api.service[99708]: DEBUG oslo_utils.imageutils.format_inspector [None req-e60eee65-8f2d-440c-b7b0-0b1d03ab0a8b tempest-ServerBootFromVolumeStableRescueTest-369828618 tempest-ServerBootFromVolumeStableRescueTest-369828618-project-member] Format inspector for vhdx does not match, excluding from consideration (Region signature not found at 30000) {{(pid=99708) _process_chunk /opt/stack/data/venv/lib/python3.12/site-packages/oslo_utils/imageutils/format_inspector.py:1758}}
Jul 21 05:54:06.443859 np0000005531 devstack@g-api.service[99705]: DEBUG glance.api.middleware.version_negotiation [None req-7bbdf3e3-afac-4f4d-883f-f195fecb71d2 tempest-ServerActionsV293TestJSON-1681514565 tempest-ServerActionsV293TestJSON-1681514565-project-member] Determining version of request: GET /v2/images/5a6bb633-8c20-4f7f-9b4b-45d3b770bd84 Accept: application/json {{(pid=99705) process_request /opt/stack/glance/glance/api/middleware/version_negotiation.py:44}}
Jul 21 05:54:06.444338 np0000005531 devstack@g-api.service[99705]: DEBUG glance.api.middleware.version_negotiation [None req-7bbdf3e3-afac-4f4d-883f-f195fecb71d2 tempest-ServerActionsV293TestJSON-1681514565 tempest-ServerActionsV293TestJSON-1681514565-project-member] Using url versioning {{(pid=99705) process_request /opt/stack/glance/glance/api/middleware/version_negotiation.py:57}}
Jul 21 05:54:06.444338 np0000005531 devstack@g-api.service[99705]: DEBUG glance.api.middleware.version_negotiation [None req-7bbdf3e3-afac-4f4d-883f-f195fecb71d2 tempest-ServerActionsV293TestJSON-1681514565 tempest-ServerActionsV293TestJSON-1681514565-project-member] Matched version: v2 {{(pid=99705) process_request /opt/stack/glance/glance/api/middleware/version_negotiation.py:69}}
Jul 21 05:54:06.444402 np0000005531 devstack@g-api.service[99705]: DEBUG glance.api.middleware.version_negotiation [None req-7bbdf3e3-afac-4f4d-883f-f195fecb71d2 tempest-ServerActionsV293TestJSON-1681514565 tempest-ServerActionsV293TestJSON-1681514565-project-member] new path /v2/images/5a6bb633-8c20-4f7f-9b4b-45d3b770bd84 {{(pid=99705) process_request /opt/stack/glance/glance/api/middleware/version_negotiation.py:70}}
Jul 21 05:54:06.459793 np0000005531 devstack@g-api.service[99705]: [pid: 99705|app: 0|req: 51/152] 127.0.0.1 () {40 vars in 838 bytes} [Tue Jul 21 05:54:06 2026] GET /v2/images/5a6bb633-8c20-4f7f-9b4b-45d3b770bd84 => generated 1469 bytes in 16 msecs (HTTP/1.1 200) 4 headers in 158 bytes (1 switches on core 0)
Jul 21 05:54:06.539753 np0000005531 devstack@g-api.service[99707]: [pid: 99707|app: 0|req: 55/153] 127.0.0.1 () {44 vars in 1135 bytes} [Tue Jul 21 05:54:06 2026] GET /v2/images/d397a893-55bb-4278-a8ff-f75b39918e73/locations => generated 92 bytes in 253 msecs (HTTP/1.1 200) 4 headers in 156 bytes (1 switches on core 0)
Jul 21 05:54:06.545789 np0000005531 devstack@g-api.service[99708]: DEBUG swiftclient [None req-e60eee65-8f2d-440c-b7b0-0b1d03ab0a8b tempest-ServerBootFromVolumeStableRescueTest-369828618 tempest-ServerBootFromVolumeStableRescueTest-369828618-project-member] REQ: curl -i https://10.4.3.170:8080/v1/AUTH_27193062641a47e78a0e301b7aa065ce/glance/5a6bb633-8c20-4f7f-9b4b-45d3b770bd84-00001 -X PUT -H "X-Auth-Token: gAAAAABqXwl9atmS..." {{(pid=99708) http_log /opt/stack/data/venv/lib/python3.12/site-packages/swiftclient/client.py:160}}
Jul 21 05:54:06.545937 np0000005531 devstack@g-api.service[99708]: DEBUG swiftclient [None req-e60eee65-8f2d-440c-b7b0-0b1d03ab0a8b tempest-ServerBootFromVolumeStableRescueTest-369828618 tempest-ServerBootFromVolumeStableRescueTest-369828618-project-member] RESP STATUS: 201 Created {{(pid=99708) http_log /opt/stack/data/venv/lib/python3.12/site-packages/swiftclient/client.py:161}}
Jul 21 05:54:06.545993 np0000005531 devstack@g-api.service[99708]: DEBUG swiftclient [None req-e60eee65-8f2d-440c-b7b0-0b1d03ab0a8b tempest-ServerBootFromVolumeStableRescueTest-369828618 tempest-ServerBootFromVolumeStableRescueTest-369828618-project-member] RESP HEADERS: {'Date': 'Tue, 21 Jul 2026 05:54:06 GMT', 'Server': 'Apache/2.4.58 (Ubuntu)', 'Content-Type': 'text/html; charset=UTF-8', 'Content-Length': '0', 'Etag': '4fa343ee581d8d2e78533191fd1ac3e1', 'Last-Modified': 'Tue, 21 Jul 2026 05:54:07 GMT', 'X-Trans-Id': 'tx126386e4ee964f809d3eb-006a5f097e', 'X-Openstack-Request-Id': 'tx126386e4ee964f809d3eb-006a5f097e', 'Connection': 'close'} {{(pid=99708) http_log /opt/stack/data/venv/lib/python3.12/site-packages/swiftclient/client.py:162}}
Jul 21 05:54:06.546090 np0000005531 devstack@g-api.service[99708]: DEBUG glance_store._drivers.swift.store [None req-e60eee65-8f2d-440c-b7b0-0b1d03ab0a8b tempest-ServerBootFromVolumeStableRescueTest-369828618 tempest-ServerBootFromVolumeStableRescueTest-369828618-project-member] Wrote chunk 5a6bb633-8c20-4f7f-9b4b-45d3b770bd84-00001 (1/?) of length 23527424 to Swift returning MD5 of content: 4fa343ee581d8d2e78533191fd1ac3e1 {{(pid=99708) add /opt/stack/data/venv/lib/python3.12/site-packages/glance_store/_drivers/swift/store.py:1059}}
Jul 21 05:54:06.546370 np0000005531 devstack@g-api.service[99708]: DEBUG glance_store._drivers.swift.store [None req-e60eee65-8f2d-440c-b7b0-0b1d03ab0a8b tempest-ServerBootFromVolumeStableRescueTest-369828618 tempest-ServerBootFromVolumeStableRescueTest-369828618-project-member] Not writing zero-length chunk. {{(pid=99708) add /opt/stack/data/venv/lib/python3.12/site-packages/glance_store/_drivers/swift/store.py:1028}}
Jul 21 05:54:06.553822 np0000005531 devstack@g-api.service[99705]: DEBUG glance.api.middleware.version_negotiation [None req-32dc0b76-2e2d-4e36-9b19-3f8ee778f12d tempest-ServerBootFromVolumeStableRescueTest-369828618 tempest-ServerBootFromVolumeStableRescueTest-369828618-project-member] Determining version of request: GET /v2/images/d397a893-55bb-4278-a8ff-f75b39918e73 Accept: */* {{(pid=99705) process_request /opt/stack/glance/glance/api/middleware/version_negotiation.py:44}}
Jul 21 05:54:06.554014 np0000005531 devstack@g-api.service[99705]: DEBUG glance.api.middleware.version_negotiation [None req-32dc0b76-2e2d-4e36-9b19-3f8ee778f12d tempest-ServerBootFromVolumeStableRescueTest-369828618 tempest-ServerBootFromVolumeStableRescueTest-369828618-project-member] Using url versioning {{(pid=99705) process_request /opt/stack/glance/glance/api/middleware/version_negotiation.py:57}}
Jul 21 05:54:06.554233 np0000005531 devstack@g-api.service[99705]: DEBUG glance.api.middleware.version_negotiation [None req-32dc0b76-2e2d-4e36-9b19-3f8ee778f12d tempest-ServerBootFromVolumeStableRescueTest-369828618 tempest-ServerBootFromVolumeStableRescueTest-369828618-project-member] Matched version: v2 {{(pid=99705) process_request /opt/stack/glance/glance/api/middleware/version_negotiation.py:69}}
Jul 21 05:54:06.554356 np0000005531 devstack@g-api.service[99705]: DEBUG glance.api.middleware.version_negotiation [None req-32dc0b76-2e2d-4e36-9b19-3f8ee778f12d tempest-ServerBootFromVolumeStableRescueTest-369828618 tempest-ServerBootFromVolumeStableRescueTest-369828618-project-member] new path /v2/images/d397a893-55bb-4278-a8ff-f75b39918e73 {{(pid=99705) process_request /opt/stack/glance/glance/api/middleware/version_negotiation.py:70}}
Jul 21 05:54:06.567323 np0000005531 devstack@g-api.service[99705]: [pid: 99705|app: 0|req: 52/154] 127.0.0.1 () {44 vars in 1115 bytes} [Tue Jul 21 05:54:06 2026] GET /v2/images/d397a893-55bb-4278-a8ff-f75b39918e73 => generated 1044 bytes in 13 msecs (HTTP/1.1 200) 4 headers in 158 bytes (1 switches on core 0)
Jul 21 05:54:06.572724 np0000005531 devstack@g-api.service[99708]: DEBUG swiftclient [None req-e60eee65-8f2d-440c-b7b0-0b1d03ab0a8b tempest-ServerBootFromVolumeStableRescueTest-369828618 tempest-ServerBootFromVolumeStableRescueTest-369828618-project-member] REQ: curl -i https://10.4.3.170:8080/v1/AUTH_27193062641a47e78a0e301b7aa065ce/glance/5a6bb633-8c20-4f7f-9b4b-45d3b770bd84 -X PUT -H "X-Object-Manifest: glance/5a6bb633-8c20-4f7f-9b4b-45d3b770bd84-" -H "X-Auth-Token: gAAAAABqXwl9atmS..." -H "Content-Length: 0" {{(pid=99708) http_log /opt/stack/data/venv/lib/python3.12/site-packages/swiftclient/client.py:160}}
Jul 21 05:54:06.572857 np0000005531 devstack@g-api.service[99708]: DEBUG swiftclient [None req-e60eee65-8f2d-440c-b7b0-0b1d03ab0a8b tempest-ServerBootFromVolumeStableRescueTest-369828618 tempest-ServerBootFromVolumeStableRescueTest-369828618-project-member] RESP STATUS: 201 Created {{(pid=99708) http_log /opt/stack/data/venv/lib/python3.12/site-packages/swiftclient/client.py:161}}
Jul 21 05:54:06.573042 np0000005531 devstack@g-api.service[99708]: DEBUG swiftclient [None req-e60eee65-8f2d-440c-b7b0-0b1d03ab0a8b tempest-ServerBootFromVolumeStableRescueTest-369828618 tempest-ServerBootFromVolumeStableRescueTest-369828618-project-member] RESP HEADERS: {'Date': 'Tue, 21 Jul 2026 05:54:06 GMT', 'Server': 'Apache/2.4.58 (Ubuntu)', 'Content-Type': 'text/html; charset=UTF-8', 'Content-Length': '0', 'Etag': 'd41d8cd98f00b204e9800998ecf8427e', 'Last-Modified': 'Tue, 21 Jul 2026 05:54:07 GMT', 'X-Trans-Id': 'txec78509238c740029606a-006a5f097e', 'X-Openstack-Request-Id': 'txec78509238c740029606a-006a5f097e', 'Connection': 'close'} {{(pid=99708) http_log /opt/stack/data/venv/lib/python3.12/site-packages/swiftclient/client.py:162}}
Jul 21 05:54:06.573587 np0000005531 devstack@g-api.service[99708]: INFO glance.location [None req-e60eee65-8f2d-440c-b7b0-0b1d03ab0a8b tempest-ServerBootFromVolumeStableRescueTest-369828618 tempest-ServerBootFromVolumeStableRescueTest-369828618-project-member] Image format matched and virtual size computed: 1073741824
Jul 21 05:54:06.574805 np0000005531 devstack@g-api.service[99707]: DEBUG glance.api.middleware.version_negotiation [None req-7bbdf3e3-afac-4f4d-883f-f195fecb71d2 service glance] Determining version of request: GET /v2/schemas/image Accept: */* {{(pid=99707) process_request /opt/stack/glance/glance/api/middleware/version_negotiation.py:44}}
Jul 21 05:54:06.574998 np0000005531 devstack@g-api.service[99707]: DEBUG glance.api.middleware.version_negotiation [None req-7bbdf3e3-afac-4f4d-883f-f195fecb71d2 service glance] Using url versioning {{(pid=99707) process_request /opt/stack/glance/glance/api/middleware/version_negotiation.py:57}}
Jul 21 05:54:06.575226 np0000005531 devstack@g-api.service[99707]: DEBUG glance.api.middleware.version_negotiation [None req-7bbdf3e3-afac-4f4d-883f-f195fecb71d2 service glance] Matched version: v2 {{(pid=99707) process_request /opt/stack/glance/glance/api/middleware/version_negotiation.py:69}}
Jul 21 05:54:06.575359 np0000005531 devstack@g-api.service[99707]: DEBUG glance.api.middleware.version_negotiation [None req-7bbdf3e3-afac-4f4d-883f-f195fecb71d2 service glance] new path /v2/schemas/image {{(pid=99707) process_request /opt/stack/glance/glance/api/middleware/version_negotiation.py:70}}
Jul 21 05:54:06.578639 np0000005531 devstack@g-api.service[99707]: [pid: 99707|app: 0|req: 56/155] 127.0.0.1 () {44 vars in 1055 bytes} [Tue Jul 21 05:54:06 2026] GET /v2/schemas/image => generated 6083 bytes in 4 msecs (HTTP/1.1 200) 4 headers in 158 bytes (1 switches on core 0)
Jul 21 05:54:06.587061 np0000005531 devstack@g-api.service[99705]: DEBUG glance.api.middleware.version_negotiation [None req-7bbdf3e3-afac-4f4d-883f-f195fecb71d2 tempest-ServerActionsV293TestJSON-1681514565 tempest-ServerActionsV293TestJSON-1681514565-project-member] Determining version of request: GET /v2/schemas/image Accept: */* {{(pid=99705) process_request /opt/stack/glance/glance/api/middleware/version_negotiation.py:44}}
Jul 21 05:54:06.587232 np0000005531 devstack@g-api.service[99705]: DEBUG glance.api.middleware.version_negotiation [None req-7bbdf3e3-afac-4f4d-883f-f195fecb71d2 tempest-ServerActionsV293TestJSON-1681514565 tempest-ServerActionsV293TestJSON-1681514565-project-member] Using url versioning {{(pid=99705) process_request /opt/stack/glance/glance/api/middleware/version_negotiation.py:57}}
Jul 21 05:54:06.587434 np0000005531 devstack@g-api.service[99705]: DEBUG glance.api.middleware.version_negotiation [None req-7bbdf3e3-afac-4f4d-883f-f195fecb71d2 tempest-ServerActionsV293TestJSON-1681514565 tempest-ServerActionsV293TestJSON-1681514565-project-member] Matched version: v2 {{(pid=99705) process_request /opt/stack/glance/glance/api/middleware/version_negotiation.py:69}}
Jul 21 05:54:06.587611 np0000005531 devstack@g-api.service[99705]: DEBUG glance.api.middleware.version_negotiation [None req-7bbdf3e3-afac-4f4d-883f-f195fecb71d2 tempest-ServerActionsV293TestJSON-1681514565 tempest-ServerActionsV293TestJSON-1681514565-project-member] new path /v2/schemas/image {{(pid=99705) process_request /opt/stack/glance/glance/api/middleware/version_negotiation.py:70}}
Jul 21 05:54:06.593012 np0000005531 devstack@g-api.service[99705]: [pid: 99705|app: 0|req: 53/156] 127.0.0.1 () {44 vars in 1055 bytes} [Tue Jul 21 05:54:06 2026] GET /v2/schemas/image => generated 6083 bytes in 6 msecs (HTTP/1.1 200) 4 headers in 158 bytes (1 switches on core 0)
Jul 21 05:54:06.626607 np0000005531 devstack@g-api.service[99708]: DEBUG glance_store.backend [None req-e60eee65-8f2d-440c-b7b0-0b1d03ab0a8b tempest-ServerBootFromVolumeStableRescueTest-369828618 tempest-ServerBootFromVolumeStableRescueTest-369828618-project-member] Attempting to import store swift {{(pid=99708) _load_store /opt/stack/data/venv/lib/python3.12/site-packages/glance_store/backend.py:215}}
Jul 21 05:54:06.628726 np0000005531 devstack@g-api.service[99708]: DEBUG glance_store.capabilities [None req-e60eee65-8f2d-440c-b7b0-0b1d03ab0a8b tempest-ServerBootFromVolumeStableRescueTest-369828618 tempest-ServerBootFromVolumeStableRescueTest-369828618-project-member] Store glance_store._drivers.swift.store.SingleTenantStore doesn't support updating dynamic storage capabilities. Please overwrite 'update_capabilities' method of the store to implement updating logics if needed. {{(pid=99708) update_capabilities /opt/stack/data/venv/lib/python3.12/site-packages/glance_store/capabilities.py:91}}
Jul 21 05:54:06.629033 np0000005531 devstack@g-api.service[99708]: DEBUG glance_store.driver [None req-e60eee65-8f2d-440c-b7b0-0b1d03ab0a8b tempest-ServerBootFromVolumeStableRescueTest-369828618 tempest-ServerBootFromVolumeStableRescueTest-369828618-project-member] Late loading location class glance_store._drivers.swift.store.StoreLocation {{(pid=99708) get_store_location_class /opt/stack/data/venv/lib/python3.12/site-packages/glance_store/driver.py:134}}
Jul 21 05:54:06.629452 np0000005531 devstack@g-api.service[99708]: DEBUG glance_store.location [None req-e60eee65-8f2d-440c-b7b0-0b1d03ab0a8b tempest-ServerBootFromVolumeStableRescueTest-369828618 tempest-ServerBootFromVolumeStableRescueTest-369828618-project-member] Registering scheme swift+https with {'store': , 'location_class': , 'store_entry': 'swift'} {{(pid=99708) register_scheme_map /opt/stack/data/venv/lib/python3.12/site-packages/glance_store/location.py:146}}
Jul 21 05:54:06.629610 np0000005531 devstack@g-api.service[99708]: DEBUG glance_store.location [None req-e60eee65-8f2d-440c-b7b0-0b1d03ab0a8b tempest-ServerBootFromVolumeStableRescueTest-369828618 tempest-ServerBootFromVolumeStableRescueTest-369828618-project-member] Registering scheme swift+https with {'store': , 'location_class': , 'store_entry': 'swift'} {{(pid=99708) register_scheme_map /opt/stack/data/venv/lib/python3.12/site-packages/glance_store/location.py:146}}
Jul 21 05:54:06.629738 np0000005531 devstack@g-api.service[99708]: DEBUG glance_store.location [None req-e60eee65-8f2d-440c-b7b0-0b1d03ab0a8b tempest-ServerBootFromVolumeStableRescueTest-369828618 tempest-ServerBootFromVolumeStableRescueTest-369828618-project-member] Registering scheme swift with {'store': , 'location_class': , 'store_entry': 'swift'} {{(pid=99708) register_scheme_map /opt/stack/data/venv/lib/python3.12/site-packages/glance_store/location.py:146}}
Jul 21 05:54:06.629926 np0000005531 devstack@g-api.service[99708]: DEBUG glance_store.location [None req-e60eee65-8f2d-440c-b7b0-0b1d03ab0a8b tempest-ServerBootFromVolumeStableRescueTest-369828618 tempest-ServerBootFromVolumeStableRescueTest-369828618-project-member] Registering scheme swift+https with {'store': , 'location_class': , 'store_entry': 'swift'} {{(pid=99708) register_scheme_map /opt/stack/data/venv/lib/python3.12/site-packages/glance_store/location.py:146}}
Jul 21 05:54:06.630079 np0000005531 devstack@g-api.service[99708]: DEBUG glance_store.location [None req-e60eee65-8f2d-440c-b7b0-0b1d03ab0a8b tempest-ServerBootFromVolumeStableRescueTest-369828618 tempest-ServerBootFromVolumeStableRescueTest-369828618-project-member] Registering scheme swift with {'store': , 'location_class': , 'store_entry': 'swift'} {{(pid=99708) register_scheme_map /opt/stack/data/venv/lib/python3.12/site-packages/glance_store/location.py:146}}
Jul 21 05:54:06.630250 np0000005531 devstack@g-api.service[99708]: DEBUG glance_store.location [None req-e60eee65-8f2d-440c-b7b0-0b1d03ab0a8b tempest-ServerBootFromVolumeStableRescueTest-369828618 tempest-ServerBootFromVolumeStableRescueTest-369828618-project-member] Registering scheme swift+http with {'store': , 'location_class': , 'store_entry': 'swift'} {{(pid=99708) register_scheme_map /opt/stack/data/venv/lib/python3.12/site-packages/glance_store/location.py:146}}
Jul 21 05:54:06.630396 np0000005531 devstack@g-api.service[99708]: DEBUG glance_store.location [None req-e60eee65-8f2d-440c-b7b0-0b1d03ab0a8b tempest-ServerBootFromVolumeStableRescueTest-369828618 tempest-ServerBootFromVolumeStableRescueTest-369828618-project-member] Registering scheme swift+https with {'store': , 'location_class': , 'store_entry': 'swift'} {{(pid=99708) register_scheme_map /opt/stack/data/venv/lib/python3.12/site-packages/glance_store/location.py:146}}
Jul 21 05:54:06.630524 np0000005531 devstack@g-api.service[99708]: DEBUG glance_store.location [None req-e60eee65-8f2d-440c-b7b0-0b1d03ab0a8b tempest-ServerBootFromVolumeStableRescueTest-369828618 tempest-ServerBootFromVolumeStableRescueTest-369828618-project-member] Registering scheme swift with {'store': , 'location_class': , 'store_entry': 'swift'} {{(pid=99708) register_scheme_map /opt/stack/data/venv/lib/python3.12/site-packages/glance_store/location.py:146}}
Jul 21 05:54:06.630675 np0000005531 devstack@g-api.service[99708]: DEBUG glance_store.location [None req-e60eee65-8f2d-440c-b7b0-0b1d03ab0a8b tempest-ServerBootFromVolumeStableRescueTest-369828618 tempest-ServerBootFromVolumeStableRescueTest-369828618-project-member] Registering scheme swift+http with {'store': , 'location_class': , 'store_entry': 'swift'} {{(pid=99708) register_scheme_map /opt/stack/data/venv/lib/python3.12/site-packages/glance_store/location.py:146}}
Jul 21 05:54:06.630831 np0000005531 devstack@g-api.service[99708]: DEBUG glance_store.location [None req-e60eee65-8f2d-440c-b7b0-0b1d03ab0a8b tempest-ServerBootFromVolumeStableRescueTest-369828618 tempest-ServerBootFromVolumeStableRescueTest-369828618-project-member] Registering scheme swift+config with {'store': , 'location_class': , 'store_entry': 'swift'} {{(pid=99708) register_scheme_map /opt/stack/data/venv/lib/python3.12/site-packages/glance_store/location.py:146}}
Jul 21 05:54:06.630992 np0000005531 devstack@g-api.service[99708]: DEBUG glance_store.backend [None req-e60eee65-8f2d-440c-b7b0-0b1d03ab0a8b tempest-ServerBootFromVolumeStableRescueTest-369828618 tempest-ServerBootFromVolumeStableRescueTest-369828618-project-member] Skipping store.set_acls... not implemented. {{(pid=99708) set_acls /opt/stack/data/venv/lib/python3.12/site-packages/glance_store/backend.py:507}}
Jul 21 05:54:06.633793 np0000005531 devstack@g-api.service[99708]: [pid: 99708|app: 0|req: 48/157] 127.0.0.1 () {46 vars in 1158 bytes} [Tue Jul 21 05:54:04 2026] PUT /v2/images/5a6bb633-8c20-4f7f-9b4b-45d3b770bd84/file => generated 0 bytes in 2346 msecs (HTTP/1.1 204) 4 headers in 171 bytes (1 switches on core 0)
Jul 21 05:54:06.679933 np0000005531 devstack@g-api.service[99707]: DEBUG glance.api.middleware.version_negotiation [None req-7bbdf3e3-afac-4f4d-883f-f195fecb71d2 tempest-ServerActionsV293TestJSON-1681514565 tempest-ServerActionsV293TestJSON-1681514565-project-member] Determining version of request: GET /v2/images/5a6bb633-8c20-4f7f-9b4b-45d3b770bd84 Accept: */* {{(pid=99707) process_request /opt/stack/glance/glance/api/middleware/version_negotiation.py:44}}
Jul 21 05:54:06.680167 np0000005531 devstack@g-api.service[99707]: DEBUG glance.api.middleware.version_negotiation [None req-7bbdf3e3-afac-4f4d-883f-f195fecb71d2 tempest-ServerActionsV293TestJSON-1681514565 tempest-ServerActionsV293TestJSON-1681514565-project-member] Using url versioning {{(pid=99707) process_request /opt/stack/glance/glance/api/middleware/version_negotiation.py:57}}
Jul 21 05:54:06.680339 np0000005531 devstack@g-api.service[99707]: DEBUG glance.api.middleware.version_negotiation [None req-7bbdf3e3-afac-4f4d-883f-f195fecb71d2 tempest-ServerActionsV293TestJSON-1681514565 tempest-ServerActionsV293TestJSON-1681514565-project-member] Matched version: v2 {{(pid=99707) process_request /opt/stack/glance/glance/api/middleware/version_negotiation.py:69}}
Jul 21 05:54:06.680464 np0000005531 devstack@g-api.service[99707]: DEBUG glance.api.middleware.version_negotiation [None req-7bbdf3e3-afac-4f4d-883f-f195fecb71d2 tempest-ServerActionsV293TestJSON-1681514565 tempest-ServerActionsV293TestJSON-1681514565-project-member] new path /v2/images/5a6bb633-8c20-4f7f-9b4b-45d3b770bd84 {{(pid=99707) process_request /opt/stack/glance/glance/api/middleware/version_negotiation.py:70}}
Jul 21 05:54:06.693884 np0000005531 devstack@g-api.service[99707]: [pid: 99707|app: 0|req: 57/158] 127.0.0.1 () {44 vars in 1115 bytes} [Tue Jul 21 05:54:06 2026] GET /v2/images/5a6bb633-8c20-4f7f-9b4b-45d3b770bd84 => generated 1639 bytes in 14 msecs (HTTP/1.1 200) 4 headers in 158 bytes (1 switches on core 0)
Jul 21 05:54:06.726667 np0000005531 devstack@g-api.service[99705]: DEBUG glance.api.middleware.version_negotiation [None req-7bbdf3e3-afac-4f4d-883f-f195fecb71d2 tempest-ServerActionsV293TestJSON-1681514565 tempest-ServerActionsV293TestJSON-1681514565-project-member] Determining version of request: GET /v2/schemas/image Accept: */* {{(pid=99705) process_request /opt/stack/glance/glance/api/middleware/version_negotiation.py:44}}
Jul 21 05:54:06.726928 np0000005531 devstack@g-api.service[99705]: DEBUG glance.api.middleware.version_negotiation [None req-7bbdf3e3-afac-4f4d-883f-f195fecb71d2 tempest-ServerActionsV293TestJSON-1681514565 tempest-ServerActionsV293TestJSON-1681514565-project-member] Using url versioning {{(pid=99705) process_request /opt/stack/glance/glance/api/middleware/version_negotiation.py:57}}
Jul 21 05:54:06.727159 np0000005531 devstack@g-api.service[99705]: DEBUG glance.api.middleware.version_negotiation [None req-7bbdf3e3-afac-4f4d-883f-f195fecb71d2 tempest-ServerActionsV293TestJSON-1681514565 tempest-ServerActionsV293TestJSON-1681514565-project-member] Matched version: v2 {{(pid=99705) process_request /opt/stack/glance/glance/api/middleware/version_negotiation.py:69}}
Jul 21 05:54:06.727271 np0000005531 devstack@g-api.service[99705]: DEBUG glance.api.middleware.version_negotiation [None req-7bbdf3e3-afac-4f4d-883f-f195fecb71d2 tempest-ServerActionsV293TestJSON-1681514565 tempest-ServerActionsV293TestJSON-1681514565-project-member] new path /v2/schemas/image {{(pid=99705) process_request /opt/stack/glance/glance/api/middleware/version_negotiation.py:70}}
Jul 21 05:54:06.729791 np0000005531 devstack@g-api.service[99705]: [pid: 99705|app: 0|req: 54/159] 127.0.0.1 () {44 vars in 1055 bytes} [Tue Jul 21 05:54:06 2026] GET /v2/schemas/image => generated 6083 bytes in 3 msecs (HTTP/1.1 200) 4 headers in 158 bytes (1 switches on core 0)
Jul 21 05:54:07.471306 np0000005531 devstack@g-api.service[99708]: DEBUG glance.api.middleware.version_negotiation [None req-e60eee65-8f2d-440c-b7b0-0b1d03ab0a8b tempest-ServerBootFromVolumeStableRescueTest-369828618 tempest-ServerBootFromVolumeStableRescueTest-369828618-project-member] Determining version of request: GET /v2/images/5a6bb633-8c20-4f7f-9b4b-45d3b770bd84 Accept: application/json {{(pid=99708) process_request /opt/stack/glance/glance/api/middleware/version_negotiation.py:44}}
Jul 21 05:54:07.471833 np0000005531 devstack@g-api.service[99708]: DEBUG glance.api.middleware.version_negotiation [None req-e60eee65-8f2d-440c-b7b0-0b1d03ab0a8b tempest-ServerBootFromVolumeStableRescueTest-369828618 tempest-ServerBootFromVolumeStableRescueTest-369828618-project-member] Using url versioning {{(pid=99708) process_request /opt/stack/glance/glance/api/middleware/version_negotiation.py:57}}
Jul 21 05:54:07.471833 np0000005531 devstack@g-api.service[99708]: DEBUG glance.api.middleware.version_negotiation [None req-e60eee65-8f2d-440c-b7b0-0b1d03ab0a8b tempest-ServerBootFromVolumeStableRescueTest-369828618 tempest-ServerBootFromVolumeStableRescueTest-369828618-project-member] Matched version: v2 {{(pid=99708) process_request /opt/stack/glance/glance/api/middleware/version_negotiation.py:69}}
Jul 21 05:54:07.471833 np0000005531 devstack@g-api.service[99708]: DEBUG glance.api.middleware.version_negotiation [None req-e60eee65-8f2d-440c-b7b0-0b1d03ab0a8b tempest-ServerBootFromVolumeStableRescueTest-369828618 tempest-ServerBootFromVolumeStableRescueTest-369828618-project-member] new path /v2/images/5a6bb633-8c20-4f7f-9b4b-45d3b770bd84 {{(pid=99708) process_request /opt/stack/glance/glance/api/middleware/version_negotiation.py:70}}
Jul 21 05:54:07.616043 np0000005531 devstack@g-api.service[99708]: [pid: 99708|app: 0|req: 49/160] 127.0.0.1 () {40 vars in 838 bytes} [Tue Jul 21 05:54:07 2026] GET /v2/images/5a6bb633-8c20-4f7f-9b4b-45d3b770bd84 => generated 1639 bytes in 145 msecs (HTTP/1.1 200) 4 headers in 158 bytes (1 switches on core 0)
Jul 21 05:54:07.625650 np0000005531 devstack@g-api.service[99707]: DEBUG glance.api.middleware.version_negotiation [None req-e60eee65-8f2d-440c-b7b0-0b1d03ab0a8b tempest-ServerBootFromVolumeStableRescueTest-369828618 tempest-ServerBootFromVolumeStableRescueTest-369828618-project-member] Determining version of request: GET /v2/images/5a6bb633-8c20-4f7f-9b4b-45d3b770bd84 Accept: application/json {{(pid=99707) process_request /opt/stack/glance/glance/api/middleware/version_negotiation.py:44}}
Jul 21 05:54:07.626208 np0000005531 devstack@g-api.service[99707]: DEBUG glance.api.middleware.version_negotiation [None req-e60eee65-8f2d-440c-b7b0-0b1d03ab0a8b tempest-ServerBootFromVolumeStableRescueTest-369828618 tempest-ServerBootFromVolumeStableRescueTest-369828618-project-member] Using url versioning {{(pid=99707) process_request /opt/stack/glance/glance/api/middleware/version_negotiation.py:57}}
Jul 21 05:54:07.626208 np0000005531 devstack@g-api.service[99707]: DEBUG glance.api.middleware.version_negotiation [None req-e60eee65-8f2d-440c-b7b0-0b1d03ab0a8b tempest-ServerBootFromVolumeStableRescueTest-369828618 tempest-ServerBootFromVolumeStableRescueTest-369828618-project-member] Matched version: v2 {{(pid=99707) process_request /opt/stack/glance/glance/api/middleware/version_negotiation.py:69}}
Jul 21 05:54:07.626208 np0000005531 devstack@g-api.service[99707]: DEBUG glance.api.middleware.version_negotiation [None req-e60eee65-8f2d-440c-b7b0-0b1d03ab0a8b tempest-ServerBootFromVolumeStableRescueTest-369828618 tempest-ServerBootFromVolumeStableRescueTest-369828618-project-member] new path /v2/images/5a6bb633-8c20-4f7f-9b4b-45d3b770bd84 {{(pid=99707) process_request /opt/stack/glance/glance/api/middleware/version_negotiation.py:70}}
Jul 21 05:54:07.639253 np0000005531 devstack@g-api.service[99707]: [pid: 99707|app: 0|req: 58/161] 127.0.0.1 () {40 vars in 838 bytes} [Tue Jul 21 05:54:07 2026] GET /v2/images/5a6bb633-8c20-4f7f-9b4b-45d3b770bd84 => generated 1639 bytes in 14 msecs (HTTP/1.1 200) 4 headers in 158 bytes (1 switches on core 0)
Jul 21 05:54:08.306408 np0000005531 devstack@g-api.service[99705]: DEBUG glance.api.middleware.version_negotiation [None req-e60eee65-8f2d-440c-b7b0-0b1d03ab0a8b tempest-ServerBootFromVolumeStableRescueTest-369828618 tempest-ServerBootFromVolumeStableRescueTest-369828618-project-member] Determining version of request: GET /v2/images/d397a893-55bb-4278-a8ff-f75b39918e73 Accept: */* {{(pid=99705) process_request /opt/stack/glance/glance/api/middleware/version_negotiation.py:44}}
Jul 21 05:54:08.306408 np0000005531 devstack@g-api.service[99705]: DEBUG glance.api.middleware.version_negotiation [None req-e60eee65-8f2d-440c-b7b0-0b1d03ab0a8b tempest-ServerBootFromVolumeStableRescueTest-369828618 tempest-ServerBootFromVolumeStableRescueTest-369828618-project-member] Using url versioning {{(pid=99705) process_request /opt/stack/glance/glance/api/middleware/version_negotiation.py:57}}
Jul 21 05:54:08.306408 np0000005531 devstack@g-api.service[99705]: DEBUG glance.api.middleware.version_negotiation [None req-e60eee65-8f2d-440c-b7b0-0b1d03ab0a8b tempest-ServerBootFromVolumeStableRescueTest-369828618 tempest-ServerBootFromVolumeStableRescueTest-369828618-project-member] Matched version: v2 {{(pid=99705) process_request /opt/stack/glance/glance/api/middleware/version_negotiation.py:69}}
Jul 21 05:54:08.306408 np0000005531 devstack@g-api.service[99705]: DEBUG glance.api.middleware.version_negotiation [None req-e60eee65-8f2d-440c-b7b0-0b1d03ab0a8b tempest-ServerBootFromVolumeStableRescueTest-369828618 tempest-ServerBootFromVolumeStableRescueTest-369828618-project-member] new path /v2/images/d397a893-55bb-4278-a8ff-f75b39918e73 {{(pid=99705) process_request /opt/stack/glance/glance/api/middleware/version_negotiation.py:70}}
Jul 21 05:54:08.321212 np0000005531 devstack@g-api.service[99705]: [pid: 99705|app: 0|req: 55/162] 127.0.0.1 () {44 vars in 1115 bytes} [Tue Jul 21 05:54:08 2026] GET /v2/images/d397a893-55bb-4278-a8ff-f75b39918e73 => generated 1044 bytes in 16 msecs (HTTP/1.1 200) 4 headers in 158 bytes (1 switches on core 0)
Jul 21 05:54:08.367105 np0000005531 devstack@g-api.service[99708]: DEBUG glance.api.middleware.version_negotiation [None req-f496d105-54a7-4532-b3b2-112eddf06a75 tempest-ServerBootFromVolumeStableRescueTest-369828618 tempest-ServerBootFromVolumeStableRescueTest-369828618-project-member] Determining version of request: GET /v2/schemas/image Accept: */* {{(pid=99708) process_request /opt/stack/glance/glance/api/middleware/version_negotiation.py:44}}
Jul 21 05:54:08.367264 np0000005531 devstack@g-api.service[99708]: DEBUG glance.api.middleware.version_negotiation [None req-f496d105-54a7-4532-b3b2-112eddf06a75 tempest-ServerBootFromVolumeStableRescueTest-369828618 tempest-ServerBootFromVolumeStableRescueTest-369828618-project-member] Using url versioning {{(pid=99708) process_request /opt/stack/glance/glance/api/middleware/version_negotiation.py:57}}
Jul 21 05:54:08.367355 np0000005531 devstack@g-api.service[99708]: DEBUG glance.api.middleware.version_negotiation [None req-f496d105-54a7-4532-b3b2-112eddf06a75 tempest-ServerBootFromVolumeStableRescueTest-369828618 tempest-ServerBootFromVolumeStableRescueTest-369828618-project-member] Matched version: v2 {{(pid=99708) process_request /opt/stack/glance/glance/api/middleware/version_negotiation.py:69}}
Jul 21 05:54:08.367515 np0000005531 devstack@g-api.service[99708]: DEBUG glance.api.middleware.version_negotiation [None req-f496d105-54a7-4532-b3b2-112eddf06a75 tempest-ServerBootFromVolumeStableRescueTest-369828618 tempest-ServerBootFromVolumeStableRescueTest-369828618-project-member] new path /v2/schemas/image {{(pid=99708) process_request /opt/stack/glance/glance/api/middleware/version_negotiation.py:70}}
Jul 21 05:54:08.371098 np0000005531 devstack@g-api.service[99708]: [pid: 99708|app: 0|req: 50/163] 127.0.0.1 () {44 vars in 1055 bytes} [Tue Jul 21 05:54:08 2026] GET /v2/schemas/image => generated 6083 bytes in 4 msecs (HTTP/1.1 200) 4 headers in 158 bytes (1 switches on core 0)
Jul 21 05:54:09.839085 np0000005531 devstack@g-api.service[99707]: DEBUG glance.api.middleware.version_negotiation [None req-f398a94f-7ae5-407f-8ea9-11fb83704ec9 tempest-ServerBootFromVolumeStableRescueTest-369828618 tempest-ServerBootFromVolumeStableRescueTest-369828618-project-member] Determining version of request: GET /v2/images/d397a893-55bb-4278-a8ff-f75b39918e73 Accept: */* {{(pid=99707) process_request /opt/stack/glance/glance/api/middleware/version_negotiation.py:44}}
Jul 21 05:54:09.839503 np0000005531 devstack@g-api.service[99707]: DEBUG glance.api.middleware.version_negotiation [None req-f398a94f-7ae5-407f-8ea9-11fb83704ec9 tempest-ServerBootFromVolumeStableRescueTest-369828618 tempest-ServerBootFromVolumeStableRescueTest-369828618-project-member] Using url versioning {{(pid=99707) process_request /opt/stack/glance/glance/api/middleware/version_negotiation.py:57}}
Jul 21 05:54:09.839551 np0000005531 devstack@g-api.service[99707]: DEBUG glance.api.middleware.version_negotiation [None req-f398a94f-7ae5-407f-8ea9-11fb83704ec9 tempest-ServerBootFromVolumeStableRescueTest-369828618 tempest-ServerBootFromVolumeStableRescueTest-369828618-project-member] Matched version: v2 {{(pid=99707) process_request /opt/stack/glance/glance/api/middleware/version_negotiation.py:69}}
Jul 21 05:54:09.839690 np0000005531 devstack@g-api.service[99707]: DEBUG glance.api.middleware.version_negotiation [None req-f398a94f-7ae5-407f-8ea9-11fb83704ec9 tempest-ServerBootFromVolumeStableRescueTest-369828618 tempest-ServerBootFromVolumeStableRescueTest-369828618-project-member] new path /v2/images/d397a893-55bb-4278-a8ff-f75b39918e73 {{(pid=99707) process_request /opt/stack/glance/glance/api/middleware/version_negotiation.py:70}}
Jul 21 05:54:09.856001 np0000005531 devstack@g-api.service[99707]: [pid: 99707|app: 0|req: 59/164] 127.0.0.1 () {44 vars in 1115 bytes} [Tue Jul 21 05:54:09 2026] GET /v2/images/d397a893-55bb-4278-a8ff-f75b39918e73 => generated 1044 bytes in 17 msecs (HTTP/1.1 200) 4 headers in 158 bytes (1 switches on core 0)
Jul 21 05:54:09.886732 np0000005531 devstack@g-api.service[99705]: DEBUG glance.api.middleware.version_negotiation [None req-3ab928bf-f1c2-4651-992a-50d1d3a453c0 tempest-ServerBootFromVolumeStableRescueTest-369828618 tempest-ServerBootFromVolumeStableRescueTest-369828618-project-member] Determining version of request: GET /v2/schemas/image Accept: */* {{(pid=99705) process_request /opt/stack/glance/glance/api/middleware/version_negotiation.py:44}}
Jul 21 05:54:09.887198 np0000005531 devstack@g-api.service[99705]: DEBUG glance.api.middleware.version_negotiation [None req-3ab928bf-f1c2-4651-992a-50d1d3a453c0 tempest-ServerBootFromVolumeStableRescueTest-369828618 tempest-ServerBootFromVolumeStableRescueTest-369828618-project-member] Using url versioning {{(pid=99705) process_request /opt/stack/glance/glance/api/middleware/version_negotiation.py:57}}
Jul 21 05:54:09.887198 np0000005531 devstack@g-api.service[99705]: DEBUG glance.api.middleware.version_negotiation [None req-3ab928bf-f1c2-4651-992a-50d1d3a453c0 tempest-ServerBootFromVolumeStableRescueTest-369828618 tempest-ServerBootFromVolumeStableRescueTest-369828618-project-member] Matched version: v2 {{(pid=99705) process_request /opt/stack/glance/glance/api/middleware/version_negotiation.py:69}}
Jul 21 05:54:09.887270 np0000005531 devstack@g-api.service[99705]: DEBUG glance.api.middleware.version_negotiation [None req-3ab928bf-f1c2-4651-992a-50d1d3a453c0 tempest-ServerBootFromVolumeStableRescueTest-369828618 tempest-ServerBootFromVolumeStableRescueTest-369828618-project-member] new path /v2/schemas/image {{(pid=99705) process_request /opt/stack/glance/glance/api/middleware/version_negotiation.py:70}}
Jul 21 05:54:09.892155 np0000005531 devstack@g-api.service[99705]: [pid: 99705|app: 0|req: 56/165] 127.0.0.1 () {44 vars in 1055 bytes} [Tue Jul 21 05:54:09 2026] GET /v2/schemas/image => generated 6083 bytes in 6 msecs (HTTP/1.1 200) 4 headers in 158 bytes (1 switches on core 0)
Jul 21 05:54:17.613715 np0000005531 devstack@g-api.service[99708]: DEBUG dbcounter [-] [99708] Writing DB stats glance:SELECT=25,glance:UPDATE=2,glance:INSERT=1 {{(pid=99708) stat_writer /opt/stack/data/venv/lib/python3.12/site-packages/dbcounter.py:115}}
Jul 21 05:54:18.227158 np0000005531 devstack@g-api.service[99708]: DEBUG glance.api.middleware.version_negotiation [None req-3ab928bf-f1c2-4651-992a-50d1d3a453c0 tempest-ServerBootFromVolumeStableRescueTest-369828618 tempest-ServerBootFromVolumeStableRescueTest-369828618-project-member] Determining version of request: PATCH /v2/images/5a6bb633-8c20-4f7f-9b4b-45d3b770bd84 Accept: {{(pid=99708) process_request /opt/stack/glance/glance/api/middleware/version_negotiation.py:44}}
Jul 21 05:54:18.227158 np0000005531 devstack@g-api.service[99708]: DEBUG glance.api.middleware.version_negotiation [None req-3ab928bf-f1c2-4651-992a-50d1d3a453c0 tempest-ServerBootFromVolumeStableRescueTest-369828618 tempest-ServerBootFromVolumeStableRescueTest-369828618-project-member] Using url versioning {{(pid=99708) process_request /opt/stack/glance/glance/api/middleware/version_negotiation.py:57}}
Jul 21 05:54:18.227158 np0000005531 devstack@g-api.service[99708]: DEBUG glance.api.middleware.version_negotiation [None req-3ab928bf-f1c2-4651-992a-50d1d3a453c0 tempest-ServerBootFromVolumeStableRescueTest-369828618 tempest-ServerBootFromVolumeStableRescueTest-369828618-project-member] Matched version: v2 {{(pid=99708) process_request /opt/stack/glance/glance/api/middleware/version_negotiation.py:69}}
Jul 21 05:54:18.227158 np0000005531 devstack@g-api.service[99708]: DEBUG glance.api.middleware.version_negotiation [None req-3ab928bf-f1c2-4651-992a-50d1d3a453c0 tempest-ServerBootFromVolumeStableRescueTest-369828618 tempest-ServerBootFromVolumeStableRescueTest-369828618-project-member] new path /v2/images/5a6bb633-8c20-4f7f-9b4b-45d3b770bd84 {{(pid=99708) process_request /opt/stack/glance/glance/api/middleware/version_negotiation.py:70}}
