Jul 21 05:49:28.714200 np0000005531 nova-scheduler[93404]: DEBUG cotyledon.oslo_config_glue [-] oslo_messaging_rabbit.rabbit_quorum_delivery_limit = 0 {{(pid=93404) log_opt_values /opt/stack/data/venv/lib/python3.12/site-packages/oslo_config/cfg.py:3253}}
Jul 21 05:49:28.714241 np0000005531 nova-scheduler[93404]: DEBUG cotyledon.oslo_config_glue [-] oslo_messaging_rabbit.rabbit_quorum_max_memory_bytes = 0 {{(pid=93404) log_opt_values /opt/stack/data/venv/lib/python3.12/site-packages/oslo_config/cfg.py:3253}}
Jul 21 05:49:28.714279 np0000005531 nova-scheduler[93404]: DEBUG cotyledon.oslo_config_glue [-] oslo_messaging_rabbit.rabbit_quorum_max_memory_length = 0 {{(pid=93404) log_opt_values /opt/stack/data/venv/lib/python3.12/site-packages/oslo_config/cfg.py:3253}}
Jul 21 05:49:28.714316 np0000005531 nova-scheduler[93404]: DEBUG cotyledon.oslo_config_glue [-] oslo_messaging_rabbit.rabbit_quorum_queue = False {{(pid=93404) log_opt_values /opt/stack/data/venv/lib/python3.12/site-packages/oslo_config/cfg.py:3253}}
Jul 21 05:49:28.714351 np0000005531 nova-scheduler[93404]: DEBUG cotyledon.oslo_config_glue [-] oslo_messaging_rabbit.rabbit_retry_backoff = 2 {{(pid=93404) log_opt_values /opt/stack/data/venv/lib/python3.12/site-packages/oslo_config/cfg.py:3253}}
Jul 21 05:49:28.714386 np0000005531 nova-scheduler[93404]: DEBUG cotyledon.oslo_config_glue [-] oslo_messaging_rabbit.rabbit_retry_interval = 1 {{(pid=93404) log_opt_values /opt/stack/data/venv/lib/python3.12/site-packages/oslo_config/cfg.py:3253}}
Jul 21 05:49:28.714439 np0000005531 nova-scheduler[93404]: DEBUG cotyledon.oslo_config_glue [-] oslo_messaging_rabbit.rabbit_stream_fanout = False {{(pid=93404) log_opt_values /opt/stack/data/venv/lib/python3.12/site-packages/oslo_config/cfg.py:3253}}
Jul 21 05:49:28.714476 np0000005531 nova-scheduler[93404]: DEBUG cotyledon.oslo_config_glue [-] oslo_messaging_rabbit.rabbit_transient_queues_ttl = 1800 {{(pid=93404) log_opt_values /opt/stack/data/venv/lib/python3.12/site-packages/oslo_config/cfg.py:3253}}
Jul 21 05:49:28.714537 np0000005531 nova-scheduler[93404]: DEBUG cotyledon.oslo_config_glue [-] oslo_messaging_rabbit.rabbit_transient_quorum_queue = False {{(pid=93404) log_opt_values /opt/stack/data/venv/lib/python3.12/site-packages/oslo_config/cfg.py:3253}}
Jul 21 05:49:28.714587 np0000005531 nova-scheduler[93404]: DEBUG cotyledon.oslo_config_glue [-] oslo_messaging_rabbit.rpc_conn_pool_size = 30 {{(pid=93404) log_opt_values /opt/stack/data/venv/lib/python3.12/site-packages/oslo_config/cfg.py:3253}}
Jul 21 05:49:28.714646 np0000005531 nova-scheduler[93404]: DEBUG cotyledon.oslo_config_glue [-] oslo_messaging_rabbit.ssl = False {{(pid=93404) log_opt_values /opt/stack/data/venv/lib/python3.12/site-packages/oslo_config/cfg.py:3253}}
Jul 21 05:49:28.714687 np0000005531 nova-scheduler[93404]: DEBUG cotyledon.oslo_config_glue [-] oslo_messaging_rabbit.ssl_ca_file = {{(pid=93404) log_opt_values /opt/stack/data/venv/lib/python3.12/site-packages/oslo_config/cfg.py:3253}}
Jul 21 05:49:28.714738 np0000005531 nova-scheduler[93404]: DEBUG cotyledon.oslo_config_glue [-] oslo_messaging_rabbit.ssl_cert_file = {{(pid=93404) log_opt_values /opt/stack/data/venv/lib/python3.12/site-packages/oslo_config/cfg.py:3253}}
Jul 21 05:49:28.714781 np0000005531 nova-scheduler[93404]: DEBUG cotyledon.oslo_config_glue [-] oslo_messaging_rabbit.ssl_enforce_fips_mode = False {{(pid=93404) log_opt_values /opt/stack/data/venv/lib/python3.12/site-packages/oslo_config/cfg.py:3253}}
Jul 21 05:49:28.714821 np0000005531 nova-scheduler[93404]: DEBUG cotyledon.oslo_config_glue [-] oslo_messaging_rabbit.ssl_enforce_hostname_verification = True {{(pid=93404) log_opt_values /opt/stack/data/venv/lib/python3.12/site-packages/oslo_config/cfg.py:3253}}
Jul 21 05:49:28.714860 np0000005531 nova-scheduler[93404]: DEBUG cotyledon.oslo_config_glue [-] oslo_messaging_rabbit.ssl_key_file = {{(pid=93404) log_opt_values /opt/stack/data/venv/lib/python3.12/site-packages/oslo_config/cfg.py:3253}}
Jul 21 05:49:28.714913 np0000005531 nova-scheduler[93404]: DEBUG cotyledon.oslo_config_glue [-] oslo_messaging_rabbit.ssl_version = {{(pid=93404) log_opt_values /opt/stack/data/venv/lib/python3.12/site-packages/oslo_config/cfg.py:3253}}
Jul 21 05:49:28.714969 np0000005531 nova-scheduler[93404]: DEBUG cotyledon.oslo_config_glue [-] oslo_messaging_rabbit.use_queue_manager = False {{(pid=93404) log_opt_values /opt/stack/data/venv/lib/python3.12/site-packages/oslo_config/cfg.py:3253}}
Jul 21 05:49:28.715034 np0000005531 nova-scheduler[93404]: DEBUG cotyledon.oslo_config_glue [-] oslo_messaging_notifications.driver = ['messagingv2'] {{(pid=93404) log_opt_values /opt/stack/data/venv/lib/python3.12/site-packages/oslo_config/cfg.py:3253}}
Jul 21 05:49:28.715081 np0000005531 nova-scheduler[93404]: DEBUG cotyledon.oslo_config_glue [-] oslo_messaging_notifications.retry = -1 {{(pid=93404) log_opt_values /opt/stack/data/venv/lib/python3.12/site-packages/oslo_config/cfg.py:3253}}
Jul 21 05:49:28.715129 np0000005531 nova-scheduler[93404]: DEBUG cotyledon.oslo_config_glue [-] oslo_messaging_notifications.topics = ['notifications'] {{(pid=93404) log_opt_values /opt/stack/data/venv/lib/python3.12/site-packages/oslo_config/cfg.py:3253}}
Jul 21 05:49:28.715215 np0000005531 nova-scheduler[93404]: DEBUG cotyledon.oslo_config_glue [-] oslo_messaging_notifications.transport_url = **** {{(pid=93404) log_opt_values /opt/stack/data/venv/lib/python3.12/site-packages/oslo_config/cfg.py:3253}}
Jul 21 05:49:28.715278 np0000005531 nova-scheduler[93404]: DEBUG cotyledon.oslo_config_glue [-] oslo_limit.auth_section = None {{(pid=93404) log_opt_values /opt/stack/data/venv/lib/python3.12/site-packages/oslo_config/cfg.py:3253}}
Jul 21 05:49:28.715380 np0000005531 nova-scheduler[93404]: DEBUG cotyledon.oslo_config_glue [-] oslo_limit.auth_type = None {{(pid=93404) log_opt_values /opt/stack/data/venv/lib/python3.12/site-packages/oslo_config/cfg.py:3253}}
Jul 21 05:49:28.715380 np0000005531 nova-scheduler[93404]: DEBUG cotyledon.oslo_config_glue [-] oslo_limit.cafile = None {{(pid=93404) log_opt_values /opt/stack/data/venv/lib/python3.12/site-packages/oslo_config/cfg.py:3253}}
Jul 21 05:49:28.715380 np0000005531 nova-scheduler[93404]: DEBUG cotyledon.oslo_config_glue [-] oslo_limit.certfile = None {{(pid=93404) log_opt_values /opt/stack/data/venv/lib/python3.12/site-packages/oslo_config/cfg.py:3253}}
Jul 21 05:49:28.715496 np0000005531 nova-scheduler[93404]: DEBUG cotyledon.oslo_config_glue [-] oslo_limit.collect_timing = False {{(pid=93404) log_opt_values /opt/stack/data/venv/lib/python3.12/site-packages/oslo_config/cfg.py:3253}}
Jul 21 05:49:28.715496 np0000005531 nova-scheduler[93404]: DEBUG cotyledon.oslo_config_glue [-] oslo_limit.connect_retries = None {{(pid=93404) log_opt_values /opt/stack/data/venv/lib/python3.12/site-packages/oslo_config/cfg.py:3253}}
Jul 21 05:49:28.715554 np0000005531 nova-scheduler[93404]: DEBUG cotyledon.oslo_config_glue [-] oslo_limit.connect_retry_delay = None {{(pid=93404) log_opt_values /opt/stack/data/venv/lib/python3.12/site-packages/oslo_config/cfg.py:3253}}
Jul 21 05:49:28.715588 np0000005531 nova-scheduler[93404]: DEBUG cotyledon.oslo_config_glue [-] oslo_limit.endpoint_id = None {{(pid=93404) log_opt_values /opt/stack/data/venv/lib/python3.12/site-packages/oslo_config/cfg.py:3253}}
Jul 21 05:49:28.715621 np0000005531 nova-scheduler[93404]: DEBUG cotyledon.oslo_config_glue [-] oslo_limit.endpoint_interface = public {{(pid=93404) log_opt_values /opt/stack/data/venv/lib/python3.12/site-packages/oslo_config/cfg.py:3253}}
Jul 21 05:49:28.715723 np0000005531 nova-scheduler[93404]: DEBUG cotyledon.oslo_config_glue [-] oslo_limit.endpoint_override = None {{(pid=93404) log_opt_values /opt/stack/data/venv/lib/python3.12/site-packages/oslo_config/cfg.py:3253}}
Jul 21 05:49:28.715781 np0000005531 nova-scheduler[93404]: DEBUG cotyledon.oslo_config_glue [-] oslo_limit.endpoint_region_name = None {{(pid=93404) log_opt_values /opt/stack/data/venv/lib/python3.12/site-packages/oslo_config/cfg.py:3253}}
Jul 21 05:49:28.715841 np0000005531 nova-scheduler[93404]: DEBUG cotyledon.oslo_config_glue [-] oslo_limit.endpoint_service_name = None {{(pid=93404) log_opt_values /opt/stack/data/venv/lib/python3.12/site-packages/oslo_config/cfg.py:3253}}
Jul 21 05:49:28.715896 np0000005531 nova-scheduler[93404]: DEBUG cotyledon.oslo_config_glue [-] oslo_limit.endpoint_service_type = None {{(pid=93404) log_opt_values /opt/stack/data/venv/lib/python3.12/site-packages/oslo_config/cfg.py:3253}}
Jul 21 05:49:28.715933 np0000005531 nova-scheduler[93404]: DEBUG cotyledon.oslo_config_glue [-] oslo_limit.insecure = False {{(pid=93404) log_opt_values /opt/stack/data/venv/lib/python3.12/site-packages/oslo_config/cfg.py:3253}}
Jul 21 05:49:28.715971 np0000005531 nova-scheduler[93404]: DEBUG cotyledon.oslo_config_glue [-] oslo_limit.keyfile = None {{(pid=93404) log_opt_values /opt/stack/data/venv/lib/python3.12/site-packages/oslo_config/cfg.py:3253}}
Jul 21 05:49:28.716007 np0000005531 nova-scheduler[93404]: DEBUG cotyledon.oslo_config_glue [-] oslo_limit.max_version = None {{(pid=93404) log_opt_values /opt/stack/data/venv/lib/python3.12/site-packages/oslo_config/cfg.py:3253}}
Jul 21 05:49:28.716044 np0000005531 nova-scheduler[93404]: DEBUG cotyledon.oslo_config_glue [-] oslo_limit.min_version = None {{(pid=93404) log_opt_values /opt/stack/data/venv/lib/python3.12/site-packages/oslo_config/cfg.py:3253}}
Jul 21 05:49:28.716075 np0000005531 nova-scheduler[93404]: DEBUG cotyledon.oslo_config_glue [-] oslo_limit.region_name = None {{(pid=93404) log_opt_values /opt/stack/data/venv/lib/python3.12/site-packages/oslo_config/cfg.py:3253}}
Jul 21 05:49:28.716113 np0000005531 nova-scheduler[93404]: DEBUG cotyledon.oslo_config_glue [-] oslo_limit.retriable_status_codes = None {{(pid=93404) log_opt_values /opt/stack/data/venv/lib/python3.12/site-packages/oslo_config/cfg.py:3253}}
Jul 21 05:49:28.716421 np0000005531 nova-scheduler[93404]: DEBUG cotyledon.oslo_config_glue [-] oslo_limit.service_name = None {{(pid=93404) log_opt_values /opt/stack/data/venv/lib/python3.12/site-packages/oslo_config/cfg.py:3253}}
Jul 21 05:49:28.716421 np0000005531 nova-scheduler[93404]: DEBUG cotyledon.oslo_config_glue [-] oslo_limit.service_type = None {{(pid=93404) log_opt_values /opt/stack/data/venv/lib/python3.12/site-packages/oslo_config/cfg.py:3253}}
Jul 21 05:49:28.716421 np0000005531 nova-scheduler[93404]: DEBUG cotyledon.oslo_config_glue [-] oslo_limit.split_loggers = False {{(pid=93404) log_opt_values /opt/stack/data/venv/lib/python3.12/site-packages/oslo_config/cfg.py:3253}}
Jul 21 05:49:28.716421 np0000005531 nova-scheduler[93404]: DEBUG cotyledon.oslo_config_glue [-] oslo_limit.status_code_retries = None {{(pid=93404) log_opt_values /opt/stack/data/venv/lib/python3.12/site-packages/oslo_config/cfg.py:3253}}
Jul 21 05:49:28.716421 np0000005531 nova-scheduler[93404]: DEBUG cotyledon.oslo_config_glue [-] oslo_limit.status_code_retry_delay = None {{(pid=93404) log_opt_values /opt/stack/data/venv/lib/python3.12/site-packages/oslo_config/cfg.py:3253}}
Jul 21 05:49:28.716421 np0000005531 nova-scheduler[93404]: DEBUG cotyledon.oslo_config_glue [-] oslo_limit.timeout = None {{(pid=93404) log_opt_values /opt/stack/data/venv/lib/python3.12/site-packages/oslo_config/cfg.py:3253}}
Jul 21 05:49:28.716421 np0000005531 nova-scheduler[93404]: DEBUG cotyledon.oslo_config_glue [-] oslo_limit.valid_interfaces = None {{(pid=93404) log_opt_values /opt/stack/data/venv/lib/python3.12/site-packages/oslo_config/cfg.py:3253}}
Jul 21 05:49:28.716609 np0000005531 nova-scheduler[93404]: DEBUG cotyledon.oslo_config_glue [-] oslo_limit.version = None {{(pid=93404) log_opt_values /opt/stack/data/venv/lib/python3.12/site-packages/oslo_config/cfg.py:3253}}
Jul 21 05:49:28.716609 np0000005531 nova-scheduler[93404]: DEBUG cotyledon.oslo_config_glue [-] oslo_reports.file_event_handler = None {{(pid=93404) log_opt_values /opt/stack/data/venv/lib/python3.12/site-packages/oslo_config/cfg.py:3253}}
Jul 21 05:49:28.716609 np0000005531 nova-scheduler[93404]: DEBUG cotyledon.oslo_config_glue [-] oslo_reports.file_event_handler_interval = 1 {{(pid=93404) log_opt_values /opt/stack/data/venv/lib/python3.12/site-packages/oslo_config/cfg.py:3253}}
Jul 21 05:49:28.716609 np0000005531 nova-scheduler[93404]: DEBUG cotyledon.oslo_config_glue [-] oslo_reports.log_dir = None {{(pid=93404) log_opt_values /opt/stack/data/venv/lib/python3.12/site-packages/oslo_config/cfg.py:3253}}
Jul 21 05:49:28.716728 np0000005531 nova-scheduler[93404]: DEBUG cotyledon.oslo_config_glue [-] ******************************************************************************** {{(pid=93404) log_opt_values /opt/stack/data/venv/lib/python3.12/site-packages/oslo_config/cfg.py:3260}}
Jul 21 05:49:28.716831 np0000005531 nova-scheduler[93404]: DEBUG cotyledon._service_worker [-] Run service ServiceWrapper(2) [93404] {{(pid=93404) wait_forever /opt/stack/data/venv/lib/python3.12/site-packages/cotyledon/_service_worker.py:218}}
Jul 21 05:49:28.718459 np0000005531 nova-scheduler[93404]: INFO nova.service [-] Starting scheduler node (version 33.1.0)
Jul 21 05:49:28.722619 np0000005531 nova-scheduler[93404]: INFO dbcounter [None req-8241ab5c-cb36-43f9-bc38-85027b3bd343 None None] Registered counter for database nova_cell0
Jul 21 05:49:28.729843 np0000005531 nova-scheduler[93400]: DEBUG oslo_db.sqlalchemy.engines [None req-4838b98f-b031-4034-bcce-dcc1953b2751 None None] MySQL server mode set to STRICT_TRANS_TABLES,STRICT_ALL_TABLES,NO_ZERO_IN_DATE,NO_ZERO_DATE,ERROR_FOR_DIVISION_BY_ZERO,TRADITIONAL,NO_ENGINE_SUBSTITUTION {{(pid=93400) _check_effective_sql_mode /opt/stack/data/venv/lib/python3.12/site-packages/oslo_db/sqlalchemy/engines.py:325}}
Jul 21 05:49:28.739276 np0000005531 nova-scheduler[93400]: DEBUG dbcounter [-] [93400] Writer thread running {{(pid=93400) stat_writer /opt/stack/data/venv/lib/python3.12/site-packages/dbcounter.py:102}}
Jul 21 05:49:28.752598 np0000005531 nova-scheduler[93402]: DEBUG oslo_db.sqlalchemy.engines [None req-ac1f5ff2-bfb9-425b-91e4-1198534a55fc None None] MySQL server mode set to STRICT_TRANS_TABLES,STRICT_ALL_TABLES,NO_ZERO_IN_DATE,NO_ZERO_DATE,ERROR_FOR_DIVISION_BY_ZERO,TRADITIONAL,NO_ENGINE_SUBSTITUTION {{(pid=93402) _check_effective_sql_mode /opt/stack/data/venv/lib/python3.12/site-packages/oslo_db/sqlalchemy/engines.py:325}}
Jul 21 05:49:28.757684 np0000005531 nova-scheduler[93400]: DEBUG nova.service [None req-4838b98f-b031-4034-bcce-dcc1953b2751 None None] Creating RPC server for service: nova-scheduler on topic: scheduler {{(pid=93400) start /opt/stack/nova/nova/service.py:196}}
Jul 21 05:49:28.760938 np0000005531 nova-scheduler[93404]: DEBUG oslo_db.sqlalchemy.engines [None req-8241ab5c-cb36-43f9-bc38-85027b3bd343 None None] MySQL server mode set to STRICT_TRANS_TABLES,STRICT_ALL_TABLES,NO_ZERO_IN_DATE,NO_ZERO_DATE,ERROR_FOR_DIVISION_BY_ZERO,TRADITIONAL,NO_ENGINE_SUBSTITUTION {{(pid=93404) _check_effective_sql_mode /opt/stack/data/venv/lib/python3.12/site-packages/oslo_db/sqlalchemy/engines.py:325}}
Jul 21 05:49:28.763317 np0000005531 nova-scheduler[93402]: DEBUG dbcounter [-] [93402] Writer thread running {{(pid=93402) stat_writer /opt/stack/data/venv/lib/python3.12/site-packages/dbcounter.py:102}}
Jul 21 05:49:28.766662 np0000005531 nova-scheduler[93402]: DEBUG nova.service [None req-ac1f5ff2-bfb9-425b-91e4-1198534a55fc None None] Creating RPC server for service: nova-scheduler on topic: scheduler {{(pid=93402) start /opt/stack/nova/nova/service.py:196}}
Jul 21 05:49:28.771897 np0000005531 nova-scheduler[93404]: DEBUG dbcounter [-] [93404] Writer thread running {{(pid=93404) stat_writer /opt/stack/data/venv/lib/python3.12/site-packages/dbcounter.py:102}}
Jul 21 05:49:28.775737 np0000005531 nova-scheduler[93404]: DEBUG nova.service [None req-8241ab5c-cb36-43f9-bc38-85027b3bd343 None None] Creating RPC server for service: nova-scheduler on topic: scheduler {{(pid=93404) start /opt/stack/nova/nova/service.py:196}}
Jul 21 05:49:28.786659 np0000005531 nova-scheduler[93402]: DEBUG nova.service [None req-ac1f5ff2-bfb9-425b-91e4-1198534a55fc None None] Join ServiceGroup membership for this service scheduler {{(pid=93402) start /opt/stack/nova/nova/service.py:222}}
Jul 21 05:49:28.786775 np0000005531 nova-scheduler[93400]: DEBUG nova.service [None req-4838b98f-b031-4034-bcce-dcc1953b2751 None None] Join ServiceGroup membership for this service scheduler {{(pid=93400) start /opt/stack/nova/nova/service.py:222}}
Jul 21 05:49:28.786826 np0000005531 nova-scheduler[93402]: DEBUG nova.servicegroup.drivers.db [None req-ac1f5ff2-bfb9-425b-91e4-1198534a55fc None None] DB_Driver: join new ServiceGroup member np0000005531 to the scheduler group, service = {{(pid=93402) join /opt/stack/nova/nova/servicegroup/drivers/db.py:44}}
Jul 21 05:49:28.786893 np0000005531 nova-scheduler[93400]: DEBUG nova.servicegroup.drivers.db [None req-4838b98f-b031-4034-bcce-dcc1953b2751 None None] DB_Driver: join new ServiceGroup member np0000005531 to the scheduler group, service = {{(pid=93400) join /opt/stack/nova/nova/servicegroup/drivers/db.py:44}}
Jul 21 05:49:28.799218 np0000005531 nova-scheduler[93404]: DEBUG nova.service [None req-8241ab5c-cb36-43f9-bc38-85027b3bd343 None None] Join ServiceGroup membership for this service scheduler {{(pid=93404) start /opt/stack/nova/nova/service.py:222}}
Jul 21 05:49:28.799689 np0000005531 nova-scheduler[93404]: DEBUG nova.servicegroup.drivers.db [None req-8241ab5c-cb36-43f9-bc38-85027b3bd343 None None] DB_Driver: join new ServiceGroup member np0000005531 to the scheduler group, service = {{(pid=93404) join /opt/stack/nova/nova/servicegroup/drivers/db.py:44}}
Jul 21 05:49:33.800860 np0000005531 nova-scheduler[93400]: DEBUG oslo.service.backend._threading.loopingcall [-] Fixed interval looping call 'nova.servicegroup.drivers.db.DbDriver._report_state' sleeping for 119.99 seconds {{(pid=93400) _run_loop /opt/stack/data/venv/lib/python3.12/site-packages/oslo_service/backend/_threading/loopingcall.py:125}}
Jul 21 05:49:33.801511 np0000005531 nova-scheduler[93402]: DEBUG oslo.service.backend._threading.loopingcall [-] Fixed interval looping call 'nova.servicegroup.drivers.db.DbDriver._report_state' sleeping for 119.99 seconds {{(pid=93402) _run_loop /opt/stack/data/venv/lib/python3.12/site-packages/oslo_service/backend/_threading/loopingcall.py:125}}
Jul 21 05:49:33.810740 np0000005531 nova-scheduler[93404]: DEBUG oslo.service.backend._threading.loopingcall [-] Fixed interval looping call 'nova.servicegroup.drivers.db.DbDriver._report_state' sleeping for 119.99 seconds {{(pid=93404) _run_loop /opt/stack/data/venv/lib/python3.12/site-packages/oslo_service/backend/_threading/loopingcall.py:125}}
Jul 21 05:49:37.390421 np0000005531 nova-scheduler[92183]: DEBUG dbcounter [-] [92183] Writing DB stats nova_api:SELECT=3 {{(pid=92183) stat_writer /opt/stack/data/venv/lib/python3.12/site-packages/dbcounter.py:115}}
Jul 21 05:49:37.501507 np0000005531 nova-scheduler[92183]: DEBUG dbcounter [-] [92183] Writing DB stats nova_cell1:SELECT=1 {{(pid=92183) stat_writer /opt/stack/data/venv/lib/python3.12/site-packages/dbcounter.py:115}}
Jul 21 05:49:37.506104 np0000005531 nova-scheduler[92183]: DEBUG dbcounter [-] [92183] Writing DB stats nova_cell0:SELECT=1 {{(pid=92183) stat_writer /opt/stack/data/venv/lib/python3.12/site-packages/dbcounter.py:115}}
Jul 21 05:49:40.789648 np0000005531 nova-scheduler[93402]: DEBUG oslo.service.backend._threading.loopingcall [None req-886c19e0-ea07-4c59-99d5-5a95067a9eea None None] Dynamic interval looping call 'nova.service.Service.periodic_tasks' sleeping for 60.00 seconds {{(pid=93402) _run_loop /opt/stack/data/venv/lib/python3.12/site-packages/oslo_service/backend/_threading/loopingcall.py:125}}
Jul 21 05:49:43.797526 np0000005531 nova-scheduler[93400]: DEBUG dbcounter [-] [93400] Writing DB stats nova_cell0:SELECT=4,nova_cell0:INSERT=1,nova_cell0:UPDATE=1 {{(pid=93400) stat_writer /opt/stack/data/venv/lib/python3.12/site-packages/dbcounter.py:115}}
Jul 21 05:49:43.801327 np0000005531 nova-scheduler[93402]: DEBUG dbcounter [-] [93402] Writing DB stats nova_cell0:SELECT=3,nova_cell0:UPDATE=1 {{(pid=93402) stat_writer /opt/stack/data/venv/lib/python3.12/site-packages/dbcounter.py:115}}
Jul 21 05:49:43.809350 np0000005531 nova-scheduler[93404]: DEBUG dbcounter [-] [93404] Writing DB stats nova_cell0:SELECT=3 {{(pid=93404) stat_writer /opt/stack/data/venv/lib/python3.12/site-packages/dbcounter.py:115}}
Jul 21 05:49:47.789865 np0000005531 nova-scheduler[93400]: DEBUG oslo.service.backend._threading.loopingcall [None req-4715d0b0-56ea-46ee-98f9-384136879e70 None None] Dynamic interval looping call 'nova.service.Service.periodic_tasks' sleeping for 60.00 seconds {{(pid=93400) _run_loop /opt/stack/data/venv/lib/python3.12/site-packages/oslo_service/backend/_threading/loopingcall.py:125}}
Jul 21 05:50:26.802014 np0000005531 nova-scheduler[93404]: DEBUG oslo.service.backend._threading.loopingcall [None req-664c4ee1-2763-4318-bfc0-300fda92ae30 None None] Dynamic interval looping call 'nova.service.Service.periodic_tasks' sleeping for 60.00 seconds {{(pid=93404) _run_loop /opt/stack/data/venv/lib/python3.12/site-packages/oslo_service/backend/_threading/loopingcall.py:125}}
Jul 21 05:50:40.790214 np0000005531 nova-scheduler[93402]: DEBUG oslo.service.backend._threading.loopingcall [None req-886c19e0-ea07-4c59-99d5-5a95067a9eea None None] Dynamic interval looping call 'nova.service.Service.periodic_tasks' sleeping for 60.00 seconds {{(pid=93402) _run_loop /opt/stack/data/venv/lib/python3.12/site-packages/oslo_service/backend/_threading/loopingcall.py:125}}
Jul 21 05:50:47.790486 np0000005531 nova-scheduler[93400]: DEBUG oslo.service.backend._threading.loopingcall [None req-4715d0b0-56ea-46ee-98f9-384136879e70 None None] Dynamic interval looping call 'nova.service.Service.periodic_tasks' sleeping for 60.00 seconds {{(pid=93400) _run_loop /opt/stack/data/venv/lib/python3.12/site-packages/oslo_service/backend/_threading/loopingcall.py:125}}
Jul 21 05:51:26.804526 np0000005531 nova-scheduler[93404]: DEBUG oslo.service.backend._threading.loopingcall [None req-664c4ee1-2763-4318-bfc0-300fda92ae30 None None] Dynamic interval looping call 'nova.service.Service.periodic_tasks' sleeping for 60.00 seconds {{(pid=93404) _run_loop /opt/stack/data/venv/lib/python3.12/site-packages/oslo_service/backend/_threading/loopingcall.py:125}}
Jul 21 05:51:33.798311 np0000005531 nova-scheduler[93402]: DEBUG oslo.service.backend._threading.loopingcall [-] Fixed interval looping call 'nova.servicegroup.drivers.db.DbDriver._report_state' sleeping for 119.99 seconds {{(pid=93402) _run_loop /opt/stack/data/venv/lib/python3.12/site-packages/oslo_service/backend/_threading/loopingcall.py:125}}
Jul 21 05:51:33.798758 np0000005531 nova-scheduler[93400]: DEBUG oslo.service.backend._threading.loopingcall [-] Fixed interval looping call 'nova.servicegroup.drivers.db.DbDriver._report_state' sleeping for 119.99 seconds {{(pid=93400) _run_loop /opt/stack/data/venv/lib/python3.12/site-packages/oslo_service/backend/_threading/loopingcall.py:125}}
Jul 21 05:51:33.806291 np0000005531 nova-scheduler[93404]: DEBUG oslo.service.backend._threading.loopingcall [-] Fixed interval looping call 'nova.servicegroup.drivers.db.DbDriver._report_state' sleeping for 120.00 seconds {{(pid=93404) _run_loop /opt/stack/data/venv/lib/python3.12/site-packages/oslo_service/backend/_threading/loopingcall.py:125}}
Jul 21 05:51:40.790558 np0000005531 nova-scheduler[93402]: DEBUG oslo.service.backend._threading.loopingcall [None req-886c19e0-ea07-4c59-99d5-5a95067a9eea None None] Dynamic interval looping call 'nova.service.Service.periodic_tasks' sleeping for 60.00 seconds {{(pid=93402) _run_loop /opt/stack/data/venv/lib/python3.12/site-packages/oslo_service/backend/_threading/loopingcall.py:125}}
Jul 21 05:51:43.795474 np0000005531 nova-scheduler[93402]: DEBUG dbcounter [-] [93402] Writing DB stats nova_cell0:SELECT=1,nova_cell0:UPDATE=1 {{(pid=93402) stat_writer /opt/stack/data/venv/lib/python3.12/site-packages/dbcounter.py:115}}
Jul 21 05:51:43.796355 np0000005531 nova-scheduler[93400]: DEBUG dbcounter [-] [93400] Writing DB stats nova_cell0:SELECT=1,nova_cell0:UPDATE=1 {{(pid=93400) stat_writer /opt/stack/data/venv/lib/python3.12/site-packages/dbcounter.py:115}}
Jul 21 05:51:43.803296 np0000005531 nova-scheduler[93404]: DEBUG dbcounter [-] [93404] Writing DB stats nova_cell0:SELECT=1 {{(pid=93404) stat_writer /opt/stack/data/venv/lib/python3.12/site-packages/dbcounter.py:115}}
Jul 21 05:51:47.790856 np0000005531 nova-scheduler[93400]: DEBUG oslo.service.backend._threading.loopingcall [None req-4715d0b0-56ea-46ee-98f9-384136879e70 None None] Dynamic interval looping call 'nova.service.Service.periodic_tasks' sleeping for 60.00 seconds {{(pid=93400) _run_loop /opt/stack/data/venv/lib/python3.12/site-packages/oslo_service/backend/_threading/loopingcall.py:125}}
Jul 21 05:51:59.451780 np0000005531 nova-scheduler[93402]: DEBUG nova.scheduler.manager [None req-78b4278f-1ba9-4b52-af81-1cbbe9c8a901 tempest-DeleteServersTestJSON-1493401850 tempest-DeleteServersTestJSON-1493401850-project-member] Starting to schedule for instances: ['2ee2f945-3d29-42cc-b7c3-d9f36ae3950d'] {{(pid=93402) select_destinations /opt/stack/nova/nova/scheduler/manager.py:209}}
Jul 21 05:51:59.452261 np0000005531 nova-scheduler[93402]: DEBUG nova.scheduler.request_filter [None req-78b4278f-1ba9-4b52-af81-1cbbe9c8a901 tempest-DeleteServersTestJSON-1493401850 tempest-DeleteServersTestJSON-1493401850-project-member] compute_status_filter request filter added forbidden trait COMPUTE_STATUS_DISABLED {{(pid=93402) compute_status_filter /opt/stack/nova/nova/scheduler/request_filter.py:253}}
Jul 21 05:51:59.452393 np0000005531 nova-scheduler[93402]: DEBUG nova.scheduler.request_filter [None req-78b4278f-1ba9-4b52-af81-1cbbe9c8a901 tempest-DeleteServersTestJSON-1493401850 tempest-DeleteServersTestJSON-1493401850-project-member] Request filter 'compute_status_filter' took 0.0 seconds {{(pid=93402) wrapper /opt/stack/nova/nova/scheduler/request_filter.py:46}}
Jul 21 05:51:59.452895 np0000005531 nova-scheduler[93402]: DEBUG nova.scheduler.request_filter [None req-78b4278f-1ba9-4b52-af81-1cbbe9c8a901 tempest-DeleteServersTestJSON-1493401850 tempest-DeleteServersTestJSON-1493401850-project-member] Request filter 'accelerators_filter' took 0.0 seconds {{(pid=93402) wrapper /opt/stack/nova/nova/scheduler/request_filter.py:46}}
Jul 21 05:51:59.453322 np0000005531 nova-scheduler[93402]: DEBUG nova.scheduler.request_filter [None req-78b4278f-1ba9-4b52-af81-1cbbe9c8a901 tempest-DeleteServersTestJSON-1493401850 tempest-DeleteServersTestJSON-1493401850-project-member] Request filter 'packed_virtqueue_filter' took 0.0 seconds {{(pid=93402) wrapper /opt/stack/nova/nova/scheduler/request_filter.py:46}}
Jul 21 05:51:59.453692 np0000005531 nova-scheduler[93402]: DEBUG nova.scheduler.request_filter [None req-78b4278f-1ba9-4b52-af81-1cbbe9c8a901 tempest-DeleteServersTestJSON-1493401850 tempest-DeleteServersTestJSON-1493401850-project-member] Request filter 'remote_managed_ports_filter' took 0.0 seconds {{(pid=93402) wrapper /opt/stack/nova/nova/scheduler/request_filter.py:46}}
Jul 21 05:51:59.454124 np0000005531 nova-scheduler[93402]: DEBUG nova.scheduler.request_filter [None req-78b4278f-1ba9-4b52-af81-1cbbe9c8a901 tempest-DeleteServersTestJSON-1493401850 tempest-DeleteServersTestJSON-1493401850-project-member] ephemeral_encryption_filter skipped {{(pid=93402) ephemeral_encryption_filter /opt/stack/nova/nova/scheduler/request_filter.py:426}}
Jul 21 05:51:59.454124 np0000005531 nova-scheduler[93402]: DEBUG nova.scheduler.request_filter [None req-78b4278f-1ba9-4b52-af81-1cbbe9c8a901 tempest-DeleteServersTestJSON-1493401850 tempest-DeleteServersTestJSON-1493401850-project-member] virtio_sound_filter skipped {{(pid=93402) virtio_sound_filter /opt/stack/nova/nova/scheduler/request_filter.py:460}}
Jul 21 05:51:59.454295 np0000005531 nova-scheduler[93402]: DEBUG nova.scheduler.request_filter [None req-78b4278f-1ba9-4b52-af81-1cbbe9c8a901 tempest-DeleteServersTestJSON-1493401850 tempest-DeleteServersTestJSON-1493401850-project-member] tpm_secret_security_filter skipped {{(pid=93402) tpm_secret_security_filter /opt/stack/nova/nova/scheduler/request_filter.py:477}}
Jul 21 05:51:59.839290 np0000005531 nova-scheduler[93400]: DEBUG nova.scheduler.manager [None req-b7535f03-83f3-4a6e-a726-3124631abc99 tempest-ServerActionsTestOtherA-640235679 tempest-ServerActionsTestOtherA-640235679-project-member] Starting to schedule for instances: ['8c1e35c8-34d3-488e-8827-ca2453406cfc'] {{(pid=93400) select_destinations /opt/stack/nova/nova/scheduler/manager.py:209}}
Jul 21 05:51:59.843035 np0000005531 nova-scheduler[93400]: DEBUG nova.scheduler.request_filter [None req-b7535f03-83f3-4a6e-a726-3124631abc99 tempest-ServerActionsTestOtherA-640235679 tempest-ServerActionsTestOtherA-640235679-project-member] compute_status_filter request filter added forbidden trait COMPUTE_STATUS_DISABLED {{(pid=93400) compute_status_filter /opt/stack/nova/nova/scheduler/request_filter.py:253}}
Jul 21 05:51:59.843035 np0000005531 nova-scheduler[93400]: DEBUG nova.scheduler.request_filter [None req-b7535f03-83f3-4a6e-a726-3124631abc99 tempest-ServerActionsTestOtherA-640235679 tempest-ServerActionsTestOtherA-640235679-project-member] Request filter 'compute_status_filter' took 0.0 seconds {{(pid=93400) wrapper /opt/stack/nova/nova/scheduler/request_filter.py:46}}
Jul 21 05:51:59.843035 np0000005531 nova-scheduler[93400]: DEBUG nova.scheduler.request_filter [None req-b7535f03-83f3-4a6e-a726-3124631abc99 tempest-ServerActionsTestOtherA-640235679 tempest-ServerActionsTestOtherA-640235679-project-member] Request filter 'accelerators_filter' took 0.0 seconds {{(pid=93400) wrapper /opt/stack/nova/nova/scheduler/request_filter.py:46}}
Jul 21 05:51:59.843035 np0000005531 nova-scheduler[93400]: DEBUG nova.scheduler.request_filter [None req-b7535f03-83f3-4a6e-a726-3124631abc99 tempest-ServerActionsTestOtherA-640235679 tempest-ServerActionsTestOtherA-640235679-project-member] Request filter 'packed_virtqueue_filter' took 0.0 seconds {{(pid=93400) wrapper /opt/stack/nova/nova/scheduler/request_filter.py:46}}
Jul 21 05:51:59.843035 np0000005531 nova-scheduler[93400]: DEBUG nova.scheduler.request_filter [None req-b7535f03-83f3-4a6e-a726-3124631abc99 tempest-ServerActionsTestOtherA-640235679 tempest-ServerActionsTestOtherA-640235679-project-member] Request filter 'remote_managed_ports_filter' took 0.0 seconds {{(pid=93400) wrapper /opt/stack/nova/nova/scheduler/request_filter.py:46}}
Jul 21 05:51:59.843713 np0000005531 nova-scheduler[93400]: DEBUG nova.scheduler.request_filter [None req-b7535f03-83f3-4a6e-a726-3124631abc99 tempest-ServerActionsTestOtherA-640235679 tempest-ServerActionsTestOtherA-640235679-project-member] ephemeral_encryption_filter skipped {{(pid=93400) ephemeral_encryption_filter /opt/stack/nova/nova/scheduler/request_filter.py:426}}
Jul 21 05:51:59.843713 np0000005531 nova-scheduler[93400]: DEBUG nova.scheduler.request_filter [None req-b7535f03-83f3-4a6e-a726-3124631abc99 tempest-ServerActionsTestOtherA-640235679 tempest-ServerActionsTestOtherA-640235679-project-member] virtio_sound_filter skipped {{(pid=93400) virtio_sound_filter /opt/stack/nova/nova/scheduler/request_filter.py:460}}
Jul 21 05:51:59.843713 np0000005531 nova-scheduler[93400]: DEBUG nova.scheduler.request_filter [None req-b7535f03-83f3-4a6e-a726-3124631abc99 tempest-ServerActionsTestOtherA-640235679 tempest-ServerActionsTestOtherA-640235679-project-member] tpm_secret_security_filter skipped {{(pid=93400) tpm_secret_security_filter /opt/stack/nova/nova/scheduler/request_filter.py:477}}
Jul 21 05:51:59.968729 np0000005531 nova-scheduler[93400]: INFO nova.utils [None req-b7535f03-83f3-4a6e-a726-3124631abc99 tempest-ServerActionsTestOtherA-640235679 tempest-ServerActionsTestOtherA-640235679-project-member] The cell worker thread pool ForkProcess-1.cell_worker is initialized
Jul 21 05:51:59.969035 np0000005531 nova-scheduler[93400]: DEBUG oslo_concurrency.lockutils [None req-b7535f03-83f3-4a6e-a726-3124631abc99 tempest-ServerActionsTestOtherA-640235679 tempest-ServerActionsTestOtherA-640235679-project-member] Acquiring lock "8d95d3a3-cb67-47cb-be47-c24540e14e9f" by "nova.context.set_target_cell..get_or_set_cached_cell_and_set_connections" {{(pid=93400) inner /opt/stack/data/venv/lib/python3.12/site-packages/oslo_concurrency/lockutils.py:512}}
Jul 21 05:51:59.969233 np0000005531 nova-scheduler[93400]: DEBUG oslo_concurrency.lockutils [None req-b7535f03-83f3-4a6e-a726-3124631abc99 tempest-ServerActionsTestOtherA-640235679 tempest-ServerActionsTestOtherA-640235679-project-member] Lock "8d95d3a3-cb67-47cb-be47-c24540e14e9f" acquired by "nova.context.set_target_cell..get_or_set_cached_cell_and_set_connections" :: waited 0.000s {{(pid=93400) inner /opt/stack/data/venv/lib/python3.12/site-packages/oslo_concurrency/lockutils.py:525}}
Jul 21 05:51:59.970649 np0000005531 nova-scheduler[93400]: DEBUG oslo_concurrency.lockutils [None req-b7535f03-83f3-4a6e-a726-3124631abc99 tempest-ServerActionsTestOtherA-640235679 tempest-ServerActionsTestOtherA-640235679-project-member] Lock "8d95d3a3-cb67-47cb-be47-c24540e14e9f" "released" by "nova.context.set_target_cell..get_or_set_cached_cell_and_set_connections" :: held 0.001s {{(pid=93400) inner /opt/stack/data/venv/lib/python3.12/site-packages/oslo_concurrency/lockutils.py:544}}
Jul 21 05:51:59.972700 np0000005531 nova-scheduler[93400]: INFO dbcounter [None req-b7535f03-83f3-4a6e-a726-3124631abc99 tempest-ServerActionsTestOtherA-640235679 tempest-ServerActionsTestOtherA-640235679-project-member] Registered counter for database nova_cell1
Jul 21 05:51:59.975387 np0000005531 nova-scheduler[93402]: INFO nova.utils [None req-78b4278f-1ba9-4b52-af81-1cbbe9c8a901 tempest-DeleteServersTestJSON-1493401850 tempest-DeleteServersTestJSON-1493401850-project-member] The cell worker thread pool ForkProcess-2.cell_worker is initialized
Jul 21 05:51:59.975730 np0000005531 nova-scheduler[93402]: DEBUG oslo_concurrency.lockutils [None req-78b4278f-1ba9-4b52-af81-1cbbe9c8a901 tempest-DeleteServersTestJSON-1493401850 tempest-DeleteServersTestJSON-1493401850-project-member] Acquiring lock "8d95d3a3-cb67-47cb-be47-c24540e14e9f" by "nova.context.set_target_cell..get_or_set_cached_cell_and_set_connections" {{(pid=93402) inner /opt/stack/data/venv/lib/python3.12/site-packages/oslo_concurrency/lockutils.py:512}}
Jul 21 05:51:59.975916 np0000005531 nova-scheduler[93402]: DEBUG oslo_concurrency.lockutils [None req-78b4278f-1ba9-4b52-af81-1cbbe9c8a901 tempest-DeleteServersTestJSON-1493401850 tempest-DeleteServersTestJSON-1493401850-project-member] Lock "8d95d3a3-cb67-47cb-be47-c24540e14e9f" acquired by "nova.context.set_target_cell..get_or_set_cached_cell_and_set_connections" :: waited 0.000s {{(pid=93402) inner /opt/stack/data/venv/lib/python3.12/site-packages/oslo_concurrency/lockutils.py:525}}
Jul 21 05:51:59.977341 np0000005531 nova-scheduler[93402]: DEBUG oslo_concurrency.lockutils [None req-78b4278f-1ba9-4b52-af81-1cbbe9c8a901 tempest-DeleteServersTestJSON-1493401850 tempest-DeleteServersTestJSON-1493401850-project-member] Lock "8d95d3a3-cb67-47cb-be47-c24540e14e9f" "released" by "nova.context.set_target_cell..get_or_set_cached_cell_and_set_connections" :: held 0.001s {{(pid=93402) inner /opt/stack/data/venv/lib/python3.12/site-packages/oslo_concurrency/lockutils.py:544}}
Jul 21 05:51:59.979867 np0000005531 nova-scheduler[93402]: INFO dbcounter [None req-78b4278f-1ba9-4b52-af81-1cbbe9c8a901 tempest-DeleteServersTestJSON-1493401850 tempest-DeleteServersTestJSON-1493401850-project-member] Registered counter for database nova_cell1
Jul 21 05:52:00.006785 np0000005531 nova-scheduler[93400]: DEBUG oslo_db.sqlalchemy.engines [None req-b7535f03-83f3-4a6e-a726-3124631abc99 tempest-ServerActionsTestOtherA-640235679 tempest-ServerActionsTestOtherA-640235679-project-member] MySQL server mode set to STRICT_TRANS_TABLES,STRICT_ALL_TABLES,NO_ZERO_IN_DATE,NO_ZERO_DATE,ERROR_FOR_DIVISION_BY_ZERO,TRADITIONAL,NO_ENGINE_SUBSTITUTION {{(pid=93400) _check_effective_sql_mode /opt/stack/data/venv/lib/python3.12/site-packages/oslo_db/sqlalchemy/engines.py:325}}
Jul 21 05:52:00.013102 np0000005531 nova-scheduler[93400]: DEBUG dbcounter [-] [93400] Writer thread running {{(pid=93400) stat_writer /opt/stack/data/venv/lib/python3.12/site-packages/dbcounter.py:102}}
Jul 21 05:52:00.026394 np0000005531 nova-scheduler[93400]: DEBUG oslo_db.sqlalchemy.engines [None req-b7535f03-83f3-4a6e-a726-3124631abc99 tempest-ServerActionsTestOtherA-640235679 tempest-ServerActionsTestOtherA-640235679-project-member] Parent process 92183 forked (93400) with an open database connection, which is being discarded and recreated. {{(pid=93400) checkout /opt/stack/data/venv/lib/python3.12/site-packages/oslo_db/sqlalchemy/engines.py:402}}
Jul 21 05:52:00.028889 np0000005531 nova-scheduler[93402]: DEBUG oslo_db.sqlalchemy.engines [None req-78b4278f-1ba9-4b52-af81-1cbbe9c8a901 tempest-DeleteServersTestJSON-1493401850 tempest-DeleteServersTestJSON-1493401850-project-member] MySQL server mode set to STRICT_TRANS_TABLES,STRICT_ALL_TABLES,NO_ZERO_IN_DATE,NO_ZERO_DATE,ERROR_FOR_DIVISION_BY_ZERO,TRADITIONAL,NO_ENGINE_SUBSTITUTION {{(pid=93402) _check_effective_sql_mode /opt/stack/data/venv/lib/python3.12/site-packages/oslo_db/sqlalchemy/engines.py:325}}
Jul 21 05:52:00.043613 np0000005531 nova-scheduler[93402]: DEBUG dbcounter [-] [93402] Writer thread running {{(pid=93402) stat_writer /opt/stack/data/venv/lib/python3.12/site-packages/dbcounter.py:102}}
Jul 21 05:52:00.077486 np0000005531 nova-scheduler[93400]: DEBUG dbcounter [-] [93400] Writer thread running {{(pid=93400) stat_writer /opt/stack/data/venv/lib/python3.12/site-packages/dbcounter.py:102}}
Jul 21 05:52:00.084351 np0000005531 nova-scheduler[93400]: DEBUG oslo_concurrency.lockutils [None req-b7535f03-83f3-4a6e-a726-3124631abc99 tempest-ServerActionsTestOtherA-640235679 tempest-ServerActionsTestOtherA-640235679-project-member] Acquiring lock "8d95d3a3-cb67-47cb-be47-c24540e14e9f" by "nova.context.set_target_cell..get_or_set_cached_cell_and_set_connections" {{(pid=93400) inner /opt/stack/data/venv/lib/python3.12/site-packages/oslo_concurrency/lockutils.py:512}}
Jul 21 05:52:00.086407 np0000005531 nova-scheduler[93400]: DEBUG oslo_concurrency.lockutils [None req-b7535f03-83f3-4a6e-a726-3124631abc99 tempest-ServerActionsTestOtherA-640235679 tempest-ServerActionsTestOtherA-640235679-project-member] Lock "8d95d3a3-cb67-47cb-be47-c24540e14e9f" acquired by "nova.context.set_target_cell..get_or_set_cached_cell_and_set_connections" :: waited 0.000s {{(pid=93400) inner /opt/stack/data/venv/lib/python3.12/site-packages/oslo_concurrency/lockutils.py:525}}
Jul 21 05:52:00.086799 np0000005531 nova-scheduler[93400]: DEBUG oslo_concurrency.lockutils [None req-b7535f03-83f3-4a6e-a726-3124631abc99 tempest-ServerActionsTestOtherA-640235679 tempest-ServerActionsTestOtherA-640235679-project-member] Lock "8d95d3a3-cb67-47cb-be47-c24540e14e9f" "released" by "nova.context.set_target_cell..get_or_set_cached_cell_and_set_connections" :: held 0.002s {{(pid=93400) inner /opt/stack/data/venv/lib/python3.12/site-packages/oslo_concurrency/lockutils.py:544}}
Jul 21 05:52:00.091213 np0000005531 nova-scheduler[93400]: DEBUG oslo_concurrency.lockutils [None req-b7535f03-83f3-4a6e-a726-3124631abc99 tempest-ServerActionsTestOtherA-640235679 tempest-ServerActionsTestOtherA-640235679-project-member] Acquiring lock "np0000005531-np0000005531" by "nova.scheduler.host_manager.HostState.update.._locked_update" {{(pid=93400) inner /opt/stack/data/venv/lib/python3.12/site-packages/oslo_concurrency/lockutils.py:512}}
Jul 21 05:52:00.092279 np0000005531 nova-scheduler[93400]: DEBUG oslo_concurrency.lockutils [None req-b7535f03-83f3-4a6e-a726-3124631abc99 tempest-ServerActionsTestOtherA-640235679 tempest-ServerActionsTestOtherA-640235679-project-member] Lock "np0000005531-np0000005531" acquired by "nova.scheduler.host_manager.HostState.update.._locked_update" :: waited 0.000s {{(pid=93400) inner /opt/stack/data/venv/lib/python3.12/site-packages/oslo_concurrency/lockutils.py:525}}
Jul 21 05:52:00.093272 np0000005531 nova-scheduler[93400]: DEBUG nova.scheduler.host_manager [None req-b7535f03-83f3-4a6e-a726-3124631abc99 tempest-ServerActionsTestOtherA-640235679 tempest-ServerActionsTestOtherA-640235679-project-member] Update host state from compute node: ComputeNode(cpu_allocation_ratio=4.0,cpu_info='{"arch": "x86_64", "model": "EPYC-Milan", "vendor": "AMD", "topology": {"cells": 1, "sockets": 16, "cores": 1, "threads": 1}, "maxphysaddr": {"mode": "emulate", "bits": 40}, "features": ["pschange-mc-no", "sha-ni", "popcnt", "adx", "lahf_lm", "mtrr", "tsc_adjust", "mmx", "ibpb", "pse", "wbnoinvd", "xsaves", "svm", "cmp_legacy", "virt-ssbd", "rdctl-no", "msr", "spec-ctrl", "cx8", "amd-ssbd", "stibp", "gds-no", "f16c", "fpu", "clzero", "npt", "tsc-scale", "xgetbv1", "amd-psfd", "abm", "fsrm", "bmi1", "rdpid", "tsc-deadline", "sse", "pclmuldq", "apic", "sse2", "invpcid", "pku", "rdseed", "pae", "vaes", "pause-filter", "syscall", "lm", "lbrv", "ibrs", "pat", "mmxext", "vpclmulqdq", "rdrand", "mce", "vmcb-clean", "pfthreshold", "clwb", "v-vmsave-vmload", "3dnowprefetch", "cx16", "xsaveerptr", "avx", "mds-no", "topoext", "avx2", "fxsr", "umip", "fma", "sse4.1", "vme", "tsc", "nx", "misalignsse", "smep", "svme-addr-chk", "perfctr_core", "fxsr_opt", "de", "vgif", "nrip-save", "cmov", "sep", "aes", "ssbd", "hypervisor", "osvw", "clflushopt", "xsave", "flushbyasid", "skip-l1dfl-vmentry", "xsaveopt", "pge", "amd-stibp", "clflush", "lfence-always-serializing", "arat", "xsavec", "null-sel-clr-base", "sse4.2", "stibp-always-on", "pdpe1gb", "sse4a", "rdtscp", "bmi2", "no-nested-data-bp", "mca", "arch-capabilities", "fsgsbase", "pni", "pcid", "x2apic", "ssse3", "pse36", "smap", "movbe", "erms", "cr8legacy"]}',created_at=2026-07-21T05:49:50Z,current_workload=0,deleted=False,deleted_at=None,disk_allocation_ratio=1.0,disk_available_least=73,free_disk_gb=95,free_ram_mb=62765,host='np0000005531',host_ip=10.4.3.170,hypervisor_hostname='np0000005531',hypervisor_type='QEMU',hypervisor_version=8002002,id=1,local_gb=95,local_gb_used=0,mapped=1,memory_mb=63277,memory_mb_used=512,metrics='[]',numa_topology='{"nova_object.name": "NUMATopology", "nova_object.namespace": "nova", "nova_object.version": "1.2", "nova_object.data": {"cells": [{"nova_object.name": "NUMACell", "nova_object.namespace": "nova", "nova_object.version": "1.5", "nova_object.data": {"id": 0, "cpuset": [0, 1, 2, 3, 4, 5, 6, 7, 8, 9, 10, 11, 12, 13, 14, 15], "pcpuset": [0, 1, 2, 3, 4, 5, 6, 7, 8, 9, 10, 11, 12, 13, 14, 15], "memory": 63277, "cpu_usage": 0, "memory_usage": 0, "pinned_cpus": [], "siblings": [[6], [12], [2], [15], [5], [11], [8], [14], [4], [1], [7], [10], [0], [13], [3], [9]], "mempages": [{"nova_object.name": "NUMAPagesTopology", "nova_object.namespace": "nova", "nova_object.version": "1.1", "nova_object.data": {"size_kb": 4, "total": 16177927, "used": 0, "reserved": 0}, "nova_object.changes": ["used", "size_kb", "reserved", "total"]}, {"nova_object.name": "NUMAPagesTopology", "nova_object.namespace": "nova", "nova_object.version": "1.1", "nova_object.data": {"size_kb": 2048, "total": 41, "used": 0, "reserved": 0}, "nova_object.changes": ["used", "size_kb", "reserved", "total"]}, {"nova_object.name": "NUMAPagesTopology", "nova_object.namespace": "nova", "nova_object.version": "1.1", "nova_object.data": {"size_kb": 1048576, "total": 0, "used": 0, "reserved": 0}, "nova_object.changes": ["used", "size_kb", "reserved", "total"]}], "network_metadata": {"nova_object.name": "NetworkMetadata", "nova_object.namespace": "nova", "nova_object.version": "1.0", "nova_object.data": {"physnets": [], "tunneled": false}, "nova_object.changes": ["physnets", "tunneled"]}, "socket": null}, "nova_object.changes": ["memory_usage", "mempages", "socket", "cpuset", "id", "siblings", "pinned_cpus", "pcpuset", "memory", "cpu_usage", "network_metadata"]}]}, "nova_object.changes": ["cells"]}',pci_device_pools=PciDevicePoolList,ram_allocation_ratio=1.0,running_vms=0,service_id=3,stats={failed_builds='0',uptime=' 05:51:36 up 13 min, 2 users, load average: 1.79, 1.41, 0.79
Jul 21 05:52:00.093272 np0000005531 nova-scheduler[93400]: '},supported_hv_specs=[HVSpec,HVSpec,HVSpec,HVSpec,HVSpec,HVSpec,HVSpec,HVSpec,HVSpec,HVSpec,HVSpec,HVSpec,HVSpec,HVSpec,HVSpec,HVSpec,HVSpec,HVSpec,HVSpec,HVSpec,HVSpec,HVSpec,HVSpec,HVSpec,HVSpec],updated_at=2026-07-21T05:51:37Z,uuid=9971a185-2339-4a82-8870-23675b3c3d5a,vcpus=16,vcpus_used=0) {{(pid=93400) _locked_update /opt/stack/nova/nova/scheduler/host_manager.py:168}}
Jul 21 05:52:00.095115 np0000005531 nova-scheduler[93400]: DEBUG nova.scheduler.host_manager [None req-b7535f03-83f3-4a6e-a726-3124631abc99 tempest-ServerActionsTestOtherA-640235679 tempest-ServerActionsTestOtherA-640235679-project-member] Update host state with aggregates: [] {{(pid=93400) _locked_update /opt/stack/nova/nova/scheduler/host_manager.py:171}}
Jul 21 05:52:00.095115 np0000005531 nova-scheduler[93400]: DEBUG nova.scheduler.host_manager [None req-b7535f03-83f3-4a6e-a726-3124631abc99 tempest-ServerActionsTestOtherA-640235679 tempest-ServerActionsTestOtherA-640235679-project-member] Update host state with service dict: {'id': 3, 'uuid': '6f34e0e6-a2be-452d-a3db-bcb6ca02ba1d', 'host': 'np0000005531', 'binary': 'nova-compute', 'topic': 'compute', 'report_count': 2, 'disabled': False, 'disabled_reason': None, 'last_seen_up': datetime.datetime(2026, 7, 21, 5, 51, 56, tzinfo=datetime.timezone.utc), 'forced_down': False, 'version': 72, 'created_at': datetime.datetime(2026, 7, 21, 5, 49, 49, tzinfo=datetime.timezone.utc), 'updated_at': datetime.datetime(2026, 7, 21, 5, 51, 56, tzinfo=datetime.timezone.utc), 'deleted_at': None, 'deleted': False} {{(pid=93400) _locked_update /opt/stack/nova/nova/scheduler/host_manager.py:174}}
Jul 21 05:52:00.095115 np0000005531 nova-scheduler[93400]: DEBUG nova.scheduler.host_manager [None req-b7535f03-83f3-4a6e-a726-3124631abc99 tempest-ServerActionsTestOtherA-640235679 tempest-ServerActionsTestOtherA-640235679-project-member] Update host state with instances: [] {{(pid=93400) _locked_update /opt/stack/nova/nova/scheduler/host_manager.py:177}}
Jul 21 05:52:00.095404 np0000005531 nova-scheduler[93400]: DEBUG oslo_concurrency.lockutils [None req-b7535f03-83f3-4a6e-a726-3124631abc99 tempest-ServerActionsTestOtherA-640235679 tempest-ServerActionsTestOtherA-640235679-project-member] Lock "np0000005531-np0000005531" "released" by "nova.scheduler.host_manager.HostState.update.._locked_update" :: held 0.004s {{(pid=93400) inner /opt/stack/data/venv/lib/python3.12/site-packages/oslo_concurrency/lockutils.py:544}}
Jul 21 05:52:00.096048 np0000005531 nova-scheduler[93400]: DEBUG nova.filters [None req-b7535f03-83f3-4a6e-a726-3124631abc99 tempest-ServerActionsTestOtherA-640235679 tempest-ServerActionsTestOtherA-640235679-project-member] Starting with 1 host(s) {{(pid=93400) get_filtered_objects /opt/stack/nova/nova/filters.py:70}}
Jul 21 05:52:00.096377 np0000005531 nova-scheduler[93400]: DEBUG nova.filters [None req-b7535f03-83f3-4a6e-a726-3124631abc99 tempest-ServerActionsTestOtherA-640235679 tempest-ServerActionsTestOtherA-640235679-project-member] Filter ComputeFilter returned 1 host(s) {{(pid=93400) get_filtered_objects /opt/stack/nova/nova/filters.py:102}}
Jul 21 05:52:00.096630 np0000005531 nova-scheduler[93400]: DEBUG nova.filters [None req-b7535f03-83f3-4a6e-a726-3124631abc99 tempest-ServerActionsTestOtherA-640235679 tempest-ServerActionsTestOtherA-640235679-project-member] Filter ComputeCapabilitiesFilter returned 1 host(s) {{(pid=93400) get_filtered_objects /opt/stack/nova/nova/filters.py:102}}
Jul 21 05:52:00.097074 np0000005531 nova-scheduler[93400]: DEBUG nova.filters [None req-b7535f03-83f3-4a6e-a726-3124631abc99 tempest-ServerActionsTestOtherA-640235679 tempest-ServerActionsTestOtherA-640235679-project-member] Filter ImagePropertiesFilter returned 1 host(s) {{(pid=93400) get_filtered_objects /opt/stack/nova/nova/filters.py:102}}
Jul 21 05:52:00.097197 np0000005531 nova-scheduler[93400]: DEBUG nova.filters [None req-b7535f03-83f3-4a6e-a726-3124631abc99 tempest-ServerActionsTestOtherA-640235679 tempest-ServerActionsTestOtherA-640235679-project-member] Filter ServerGroupAntiAffinityFilter returned 1 host(s) {{(pid=93400) get_filtered_objects /opt/stack/nova/nova/filters.py:102}}
Jul 21 05:52:00.097392 np0000005531 nova-scheduler[93400]: DEBUG nova.filters [None req-b7535f03-83f3-4a6e-a726-3124631abc99 tempest-ServerActionsTestOtherA-640235679 tempest-ServerActionsTestOtherA-640235679-project-member] Filter ServerGroupAffinityFilter returned 1 host(s) {{(pid=93400) get_filtered_objects /opt/stack/nova/nova/filters.py:102}}
Jul 21 05:52:00.097608 np0000005531 nova-scheduler[93400]: DEBUG nova.filters [None req-b7535f03-83f3-4a6e-a726-3124631abc99 tempest-ServerActionsTestOtherA-640235679 tempest-ServerActionsTestOtherA-640235679-project-member] Filter SameHostFilter returned 1 host(s) {{(pid=93400) get_filtered_objects /opt/stack/nova/nova/filters.py:102}}
Jul 21 05:52:00.099524 np0000005531 nova-scheduler[93400]: DEBUG nova.filters [None req-b7535f03-83f3-4a6e-a726-3124631abc99 tempest-ServerActionsTestOtherA-640235679 tempest-ServerActionsTestOtherA-640235679-project-member] Filter DifferentHostFilter returned 1 host(s) {{(pid=93400) get_filtered_objects /opt/stack/nova/nova/filters.py:102}}
