Jun 18 13:49:53.663242 np0000003143 devstack@g-api.service[98761]: DEBUG glance.common.config [None req-570046c9-cc30-4c37-af83-2b9bfe851730 None None] database.max_retries = 10 {{(pid=98761) log_opt_values /opt/stack/data/venv/lib/python3.12/site-packages/oslo_config/cfg.py:3253}}
Jun 18 13:49:53.663299 np0000003143 devstack@g-api.service[98762]: DEBUG glance.common.config [None req-7a25ef26-5e3d-45e4-b26b-2b1dea3fc856 None None] database.db_max_retries = 20 {{(pid=98762) log_opt_values /opt/stack/data/venv/lib/python3.12/site-packages/oslo_config/cfg.py:3253}}
Jun 18 13:49:53.663330 np0000003143 devstack@g-api.service[98761]: DEBUG glance.common.config [None req-570046c9-cc30-4c37-af83-2b9bfe851730 None None] database.mysql_sql_mode = TRADITIONAL {{(pid=98761) log_opt_values /opt/stack/data/venv/lib/python3.12/site-packages/oslo_config/cfg.py:3253}}
Jun 18 13:49:53.663384 np0000003143 devstack@g-api.service[98762]: DEBUG glance.common.config [None req-7a25ef26-5e3d-45e4-b26b-2b1dea3fc856 None None] database.db_max_retry_interval = 10 {{(pid=98762) log_opt_values /opt/stack/data/venv/lib/python3.12/site-packages/oslo_config/cfg.py:3253}}
Jun 18 13:49:53.663452 np0000003143 devstack@g-api.service[98761]: DEBUG glance.common.config [None req-570046c9-cc30-4c37-af83-2b9bfe851730 None None] database.mysql_wsrep_sync_wait = None {{(pid=98761) log_opt_values /opt/stack/data/venv/lib/python3.12/site-packages/oslo_config/cfg.py:3253}}
Jun 18 13:49:53.663479 np0000003143 devstack@g-api.service[98762]: DEBUG glance.common.config [None req-7a25ef26-5e3d-45e4-b26b-2b1dea3fc856 None None] database.db_retry_interval = 1 {{(pid=98762) log_opt_values /opt/stack/data/venv/lib/python3.12/site-packages/oslo_config/cfg.py:3253}}
Jun 18 13:49:53.663549 np0000003143 devstack@g-api.service[98761]: DEBUG glance.common.config [None req-570046c9-cc30-4c37-af83-2b9bfe851730 None None] database.pool_timeout = None {{(pid=98761) log_opt_values /opt/stack/data/venv/lib/python3.12/site-packages/oslo_config/cfg.py:3253}}
Jun 18 13:49:53.663591 np0000003143 devstack@g-api.service[98762]: DEBUG glance.common.config [None req-7a25ef26-5e3d-45e4-b26b-2b1dea3fc856 None None] database.max_overflow = 50 {{(pid=98762) log_opt_values /opt/stack/data/venv/lib/python3.12/site-packages/oslo_config/cfg.py:3253}}
Jun 18 13:49:53.663654 np0000003143 devstack@g-api.service[98761]: DEBUG glance.common.config [None req-570046c9-cc30-4c37-af83-2b9bfe851730 None None] database.retry_interval = 10 {{(pid=98761) log_opt_values /opt/stack/data/venv/lib/python3.12/site-packages/oslo_config/cfg.py:3253}}
Jun 18 13:49:53.663691 np0000003143 devstack@g-api.service[98762]: DEBUG glance.common.config [None req-7a25ef26-5e3d-45e4-b26b-2b1dea3fc856 None None] database.max_pool_size = 5 {{(pid=98762) log_opt_values /opt/stack/data/venv/lib/python3.12/site-packages/oslo_config/cfg.py:3253}}
Jun 18 13:49:53.663740 np0000003143 devstack@g-api.service[98761]: DEBUG glance.common.config [None req-570046c9-cc30-4c37-af83-2b9bfe851730 None None] database.slave_connection = **** {{(pid=98761) log_opt_values /opt/stack/data/venv/lib/python3.12/site-packages/oslo_config/cfg.py:3253}}
Jun 18 13:49:53.663770 np0000003143 devstack@g-api.service[98762]: DEBUG glance.common.config [None req-7a25ef26-5e3d-45e4-b26b-2b1dea3fc856 None None] database.max_retries = 10 {{(pid=98762) log_opt_values /opt/stack/data/venv/lib/python3.12/site-packages/oslo_config/cfg.py:3253}}
Jun 18 13:49:53.663826 np0000003143 devstack@g-api.service[98761]: DEBUG glance.common.config [None req-570046c9-cc30-4c37-af83-2b9bfe851730 None None] database.sqlite_synchronous = True {{(pid=98761) log_opt_values /opt/stack/data/venv/lib/python3.12/site-packages/oslo_config/cfg.py:3253}}
Jun 18 13:49:53.663851 np0000003143 devstack@g-api.service[98762]: DEBUG glance.common.config [None req-7a25ef26-5e3d-45e4-b26b-2b1dea3fc856 None None] database.mysql_sql_mode = TRADITIONAL {{(pid=98762) log_opt_values /opt/stack/data/venv/lib/python3.12/site-packages/oslo_config/cfg.py:3253}}
Jun 18 13:49:53.663911 np0000003143 devstack@g-api.service[98761]: DEBUG glance.common.config [None req-570046c9-cc30-4c37-af83-2b9bfe851730 None None] database.synchronous_reader = True {{(pid=98761) log_opt_values /opt/stack/data/venv/lib/python3.12/site-packages/oslo_config/cfg.py:3253}}
Jun 18 13:49:53.663937 np0000003143 devstack@g-api.service[98762]: DEBUG glance.common.config [None req-7a25ef26-5e3d-45e4-b26b-2b1dea3fc856 None None] database.mysql_wsrep_sync_wait = None {{(pid=98762) log_opt_values /opt/stack/data/venv/lib/python3.12/site-packages/oslo_config/cfg.py:3253}}
Jun 18 13:49:53.663995 np0000003143 devstack@g-api.service[98761]: DEBUG glance.common.config [None req-570046c9-cc30-4c37-af83-2b9bfe851730 None None] database.use_db_reconnect = False {{(pid=98761) log_opt_values /opt/stack/data/venv/lib/python3.12/site-packages/oslo_config/cfg.py:3253}}
Jun 18 13:49:53.664022 np0000003143 devstack@g-api.service[98762]: DEBUG glance.common.config [None req-7a25ef26-5e3d-45e4-b26b-2b1dea3fc856 None None] database.pool_timeout = None {{(pid=98762) log_opt_values /opt/stack/data/venv/lib/python3.12/site-packages/oslo_config/cfg.py:3253}}
Jun 18 13:49:53.664080 np0000003143 devstack@g-api.service[98762]: DEBUG glance.common.config [None req-7a25ef26-5e3d-45e4-b26b-2b1dea3fc856 None None] database.retry_interval = 10 {{(pid=98762) log_opt_values /opt/stack/data/venv/lib/python3.12/site-packages/oslo_config/cfg.py:3253}}
Jun 18 13:49:53.664114 np0000003143 devstack@g-api.service[98761]: DEBUG glance.common.config [None req-570046c9-cc30-4c37-af83-2b9bfe851730 None None] healthcheck.allowed_source_ranges = [] {{(pid=98761) log_opt_values /opt/stack/data/venv/lib/python3.12/site-packages/oslo_config/cfg.py:3253}}
Jun 18 13:49:53.664163 np0000003143 devstack@g-api.service[98762]: DEBUG glance.common.config [None req-7a25ef26-5e3d-45e4-b26b-2b1dea3fc856 None None] database.slave_connection = **** {{(pid=98762) log_opt_values /opt/stack/data/venv/lib/python3.12/site-packages/oslo_config/cfg.py:3253}}
Jun 18 13:49:53.664203 np0000003143 devstack@g-api.service[98761]: DEBUG glance.common.config [None req-570046c9-cc30-4c37-af83-2b9bfe851730 None None] healthcheck.backends = ['disable_by_file'] {{(pid=98761) log_opt_values /opt/stack/data/venv/lib/python3.12/site-packages/oslo_config/cfg.py:3253}}
Jun 18 13:49:53.664236 np0000003143 devstack@g-api.service[98762]: DEBUG glance.common.config [None req-7a25ef26-5e3d-45e4-b26b-2b1dea3fc856 None None] database.sqlite_synchronous = True {{(pid=98762) log_opt_values /opt/stack/data/venv/lib/python3.12/site-packages/oslo_config/cfg.py:3253}}
Jun 18 13:49:53.664274 np0000003143 devstack@g-api.service[98761]: DEBUG glance.common.config [None req-570046c9-cc30-4c37-af83-2b9bfe851730 None None] healthcheck.detailed = False {{(pid=98761) log_opt_values /opt/stack/data/venv/lib/python3.12/site-packages/oslo_config/cfg.py:3253}}
Jun 18 13:49:53.664328 np0000003143 devstack@g-api.service[98762]: DEBUG glance.common.config [None req-7a25ef26-5e3d-45e4-b26b-2b1dea3fc856 None None] database.synchronous_reader = True {{(pid=98762) log_opt_values /opt/stack/data/venv/lib/python3.12/site-packages/oslo_config/cfg.py:3253}}
Jun 18 13:49:53.664356 np0000003143 devstack@g-api.service[98761]: DEBUG glance.common.config [None req-570046c9-cc30-4c37-af83-2b9bfe851730 None None] healthcheck.disable_by_file_path = None {{(pid=98761) log_opt_values /opt/stack/data/venv/lib/python3.12/site-packages/oslo_config/cfg.py:3253}}
Jun 18 13:49:53.664409 np0000003143 devstack@g-api.service[98761]: DEBUG glance.common.config [None req-570046c9-cc30-4c37-af83-2b9bfe851730 None None] healthcheck.ignore_proxied_requests = False {{(pid=98761) log_opt_values /opt/stack/data/venv/lib/python3.12/site-packages/oslo_config/cfg.py:3253}}
Jun 18 13:49:53.664438 np0000003143 devstack@g-api.service[98762]: DEBUG glance.common.config [None req-7a25ef26-5e3d-45e4-b26b-2b1dea3fc856 None None] database.use_db_reconnect = False {{(pid=98762) log_opt_values /opt/stack/data/venv/lib/python3.12/site-packages/oslo_config/cfg.py:3253}}
Jun 18 13:49:53.664464 np0000003143 devstack@g-api.service[98761]: DEBUG glance.common.config [None req-570046c9-cc30-4c37-af83-2b9bfe851730 None None] ******************************************************************************** {{(pid=98761) log_opt_values /opt/stack/data/venv/lib/python3.12/site-packages/oslo_config/cfg.py:3260}}
Jun 18 13:49:53.664511 np0000003143 devstack@g-api.service[98762]: DEBUG glance.common.config [None req-7a25ef26-5e3d-45e4-b26b-2b1dea3fc856 None None] healthcheck.allowed_source_ranges = [] {{(pid=98762) log_opt_values /opt/stack/data/venv/lib/python3.12/site-packages/oslo_config/cfg.py:3253}}
Jun 18 13:49:53.664583 np0000003143 devstack@g-api.service[98761]: WSGI app 0 (mountpoint='') ready in 2 seconds on interpreter 0x746ddbaa3668 pid: 98761 (default app)
Jun 18 13:49:53.664614 np0000003143 devstack@g-api.service[98762]: DEBUG glance.common.config [None req-7a25ef26-5e3d-45e4-b26b-2b1dea3fc856 None None] healthcheck.backends = ['disable_by_file'] {{(pid=98762) log_opt_values /opt/stack/data/venv/lib/python3.12/site-packages/oslo_config/cfg.py:3253}}
Jun 18 13:49:53.664701 np0000003143 devstack@g-api.service[98762]: DEBUG glance.common.config [None req-7a25ef26-5e3d-45e4-b26b-2b1dea3fc856 None None] healthcheck.detailed = False {{(pid=98762) log_opt_values /opt/stack/data/venv/lib/python3.12/site-packages/oslo_config/cfg.py:3253}}
Jun 18 13:49:53.664786 np0000003143 devstack@g-api.service[98762]: DEBUG glance.common.config [None req-7a25ef26-5e3d-45e4-b26b-2b1dea3fc856 None None] healthcheck.disable_by_file_path = None {{(pid=98762) log_opt_values /opt/stack/data/venv/lib/python3.12/site-packages/oslo_config/cfg.py:3253}}
Jun 18 13:49:53.664886 np0000003143 devstack@g-api.service[98762]: DEBUG glance.common.config [None req-7a25ef26-5e3d-45e4-b26b-2b1dea3fc856 None None] healthcheck.ignore_proxied_requests = False {{(pid=98762) log_opt_values /opt/stack/data/venv/lib/python3.12/site-packages/oslo_config/cfg.py:3253}}
Jun 18 13:49:53.664952 np0000003143 devstack@g-api.service[98762]: DEBUG glance.common.config [None req-7a25ef26-5e3d-45e4-b26b-2b1dea3fc856 None None] ******************************************************************************** {{(pid=98762) log_opt_values /opt/stack/data/venv/lib/python3.12/site-packages/oslo_config/cfg.py:3260}}
Jun 18 13:49:53.665060 np0000003143 devstack@g-api.service[98762]: WSGI app 0 (mountpoint='') ready in 2 seconds on interpreter 0x746ddbaa3668 pid: 98762 (default app)
Jun 18 13:49:53.665121 np0000003143 devstack@g-api.service[98761]: DEBUG glance.api.middleware.version_negotiation [None req-570046c9-cc30-4c37-af83-2b9bfe851730 None None] Determining version of request: GET / Accept: */* {{(pid=98761) process_request /opt/stack/glance/glance/api/middleware/version_negotiation.py:44}}
Jun 18 13:49:53.665241 np0000003143 devstack@g-api.service[98761]: DEBUG glance.api.middleware.version_negotiation [None req-570046c9-cc30-4c37-af83-2b9bfe851730 None None] Using url versioning {{(pid=98761) process_request /opt/stack/glance/glance/api/middleware/version_negotiation.py:57}}
Jun 18 13:49:53.666897 np0000003143 devstack@g-api.service[98761]: DEBUG glance.api.middleware.version_negotiation [None req-570046c9-cc30-4c37-af83-2b9bfe851730 None None] Unknown version. Returning version choices. {{(pid=98761) process_request /opt/stack/glance/glance/api/middleware/version_negotiation.py:64}}
Jun 18 13:49:53.667949 np0000003143 devstack@g-api.service[98761]: [pid: 98761|app: 0|req: 1/1] 127.0.0.1 () {34 vars in 455 bytes} [Thu Jun 18 13:49:53 2026] GET / => generated 1407 bytes in 3 msecs (HTTP/1.1 300) 3 headers in 106 bytes (1 switches on core 0)
Jun 18 13:49:55.469852 np0000003143 devstack@g-api.service[98762]: DEBUG glance.api.middleware.version_negotiation [None req-7a25ef26-5e3d-45e4-b26b-2b1dea3fc856 None None] Determining version of request: GET / Accept: application/json {{(pid=98762) process_request /opt/stack/glance/glance/api/middleware/version_negotiation.py:44}}
Jun 18 13:49:55.470438 np0000003143 devstack@g-api.service[98762]: DEBUG glance.api.middleware.version_negotiation [None req-7a25ef26-5e3d-45e4-b26b-2b1dea3fc856 None None] Using url versioning {{(pid=98762) process_request /opt/stack/glance/glance/api/middleware/version_negotiation.py:57}}
Jun 18 13:49:55.470438 np0000003143 devstack@g-api.service[98762]: DEBUG glance.api.middleware.version_negotiation [None req-7a25ef26-5e3d-45e4-b26b-2b1dea3fc856 None None] Unknown version. Returning version choices. {{(pid=98762) process_request /opt/stack/glance/glance/api/middleware/version_negotiation.py:64}}
Jun 18 13:49:55.471263 np0000003143 devstack@g-api.service[98762]: [pid: 98762|app: 0|req: 1/2] 127.0.0.1 () {36 vars in 573 bytes} [Thu Jun 18 13:49:55 2026] GET / => generated 1407 bytes in 2 msecs (HTTP/1.1 300) 3 headers in 106 bytes (1 switches on core 0)
Jun 18 13:49:55.480850 np0000003143 devstack@g-api.service[98761]: DEBUG glance.api.middleware.version_negotiation [None req-570046c9-cc30-4c37-af83-2b9bfe851730 None None] Determining version of request: POST /v2/images Accept: */* {{(pid=98761) process_request /opt/stack/glance/glance/api/middleware/version_negotiation.py:44}}
Jun 18 13:49:55.481173 np0000003143 devstack@g-api.service[98761]: DEBUG glance.api.middleware.version_negotiation [None req-570046c9-cc30-4c37-af83-2b9bfe851730 None None] Using url versioning {{(pid=98761) process_request /opt/stack/glance/glance/api/middleware/version_negotiation.py:57}}
Jun 18 13:49:55.481321 np0000003143 devstack@g-api.service[98761]: DEBUG glance.api.middleware.version_negotiation [None req-570046c9-cc30-4c37-af83-2b9bfe851730 None None] Matched version: v2 {{(pid=98761) process_request /opt/stack/glance/glance/api/middleware/version_negotiation.py:69}}
Jun 18 13:49:55.481414 np0000003143 devstack@g-api.service[98761]: DEBUG glance.api.middleware.version_negotiation [None req-570046c9-cc30-4c37-af83-2b9bfe851730 None None] new path /v2/images {{(pid=98761) process_request /opt/stack/glance/glance/api/middleware/version_negotiation.py:70}}
Jun 18 13:49:56.419928 np0000003143 devstack@g-api.service[98761]: [pid: 98761|app: 0|req: 2/3] 127.0.0.1 () {42 vars in 836 bytes} [Thu Jun 18 13:49:55 2026] POST /v2/images => generated 807 bytes in 939 msecs (HTTP/1.1 201) 6 headers in 315 bytes (1 switches on core 0)
Jun 18 13:49:56.428047 np0000003143 devstack@g-api.service[98762]: DEBUG glance.api.middleware.version_negotiation [None req-7a25ef26-5e3d-45e4-b26b-2b1dea3fc856 None None] Determining version of request: PUT /v2/images/ada3589f-edab-4b98-a78d-9ceedbce49a8/stage Accept: {{(pid=98762) process_request /opt/stack/glance/glance/api/middleware/version_negotiation.py:44}}
Jun 18 13:49:56.428197 np0000003143 devstack@g-api.service[98762]: DEBUG glance.api.middleware.version_negotiation [None req-7a25ef26-5e3d-45e4-b26b-2b1dea3fc856 None None] Using url versioning {{(pid=98762) process_request /opt/stack/glance/glance/api/middleware/version_negotiation.py:57}}
Jun 18 13:49:56.428637 np0000003143 devstack@g-api.service[98762]: DEBUG glance.api.middleware.version_negotiation [None req-7a25ef26-5e3d-45e4-b26b-2b1dea3fc856 None None] Matched version: v2 {{(pid=98762) process_request /opt/stack/glance/glance/api/middleware/version_negotiation.py:69}}
Jun 18 13:49:56.428766 np0000003143 devstack@g-api.service[98762]: DEBUG glance.api.middleware.version_negotiation [None req-7a25ef26-5e3d-45e4-b26b-2b1dea3fc856 None None] new path /v2/images/ada3589f-edab-4b98-a78d-9ceedbce49a8/stage {{(pid=98762) process_request /opt/stack/glance/glance/api/middleware/version_negotiation.py:70}}
Jun 18 13:49:57.022921 np0000003143 devstack@g-api.service[98762]: DEBUG glance_store.backend [None req-bbfa72fd-8b89-4d10-b181-5a27b6055939 admin admin] Attempting to import store cinder {{(pid=98762) _load_store /opt/stack/data/venv/lib/python3.12/site-packages/glance_store/backend.py:215}}
Jun 18 13:49:57.023410 np0000003143 devstack@g-api.service[98762]: DEBUG glance_store.backend [None req-bbfa72fd-8b89-4d10-b181-5a27b6055939 admin admin] Attempting to import store file {{(pid=98762) _load_store /opt/stack/data/venv/lib/python3.12/site-packages/glance_store/backend.py:215}}
Jun 18 13:49:57.023410 np0000003143 devstack@g-api.service[98762]: DEBUG glance_store.backend [None req-bbfa72fd-8b89-4d10-b181-5a27b6055939 admin admin] Attempting to import store glance.store.cinder.Store {{(pid=98762) _load_store /opt/stack/data/venv/lib/python3.12/site-packages/glance_store/backend.py:215}}
Jun 18 13:49:57.023410 np0000003143 devstack@g-api.service[98762]: DEBUG glance_store.backend [None req-bbfa72fd-8b89-4d10-b181-5a27b6055939 admin admin] Attempting to import store glance.store.filesystem.Store {{(pid=98762) _load_store /opt/stack/data/venv/lib/python3.12/site-packages/glance_store/backend.py:215}}
Jun 18 13:49:57.023410 np0000003143 devstack@g-api.service[98762]: DEBUG glance_store.backend [None req-bbfa72fd-8b89-4d10-b181-5a27b6055939 admin admin] Attempting to import store glance.store.http.Store {{(pid=98762) _load_store /opt/stack/data/venv/lib/python3.12/site-packages/glance_store/backend.py:215}}
Jun 18 13:49:57.023553 np0000003143 devstack@g-api.service[98762]: DEBUG glance_store.backend [None req-bbfa72fd-8b89-4d10-b181-5a27b6055939 admin admin] Attempting to import store glance.store.rbd.Store {{(pid=98762) _load_store /opt/stack/data/venv/lib/python3.12/site-packages/glance_store/backend.py:215}}
Jun 18 13:49:57.023789 np0000003143 devstack@g-api.service[98762]: DEBUG glance_store.backend [None req-bbfa72fd-8b89-4d10-b181-5a27b6055939 admin admin] Attempting to import store glance.store.s3.Store {{(pid=98762) _load_store /opt/stack/data/venv/lib/python3.12/site-packages/glance_store/backend.py:215}}
Jun 18 13:49:57.023982 np0000003143 devstack@g-api.service[98762]: DEBUG glance_store.backend [None req-bbfa72fd-8b89-4d10-b181-5a27b6055939 admin admin] Attempting to import store glance.store.swift.Store {{(pid=98762) _load_store /opt/stack/data/venv/lib/python3.12/site-packages/glance_store/backend.py:215}}
Jun 18 13:49:57.024122 np0000003143 devstack@g-api.service[98762]: DEBUG glance_store.backend [None req-bbfa72fd-8b89-4d10-b181-5a27b6055939 admin admin] Attempting to import store glance.store.vmware_datastore.Store {{(pid=98762) _load_store /opt/stack/data/venv/lib/python3.12/site-packages/glance_store/backend.py:215}}
Jun 18 13:49:57.024274 np0000003143 devstack@g-api.service[98762]: DEBUG glance_store.backend [None req-bbfa72fd-8b89-4d10-b181-5a27b6055939 admin admin] Attempting to import store http {{(pid=98762) _load_store /opt/stack/data/venv/lib/python3.12/site-packages/glance_store/backend.py:215}}
Jun 18 13:49:57.024405 np0000003143 devstack@g-api.service[98762]: DEBUG glance_store.backend [None req-bbfa72fd-8b89-4d10-b181-5a27b6055939 admin admin] Attempting to import store no_conf {{(pid=98762) _load_store /opt/stack/data/venv/lib/python3.12/site-packages/glance_store/backend.py:215}}
Jun 18 13:49:57.024586 np0000003143 devstack@g-api.service[98762]: DEBUG glance_store.backend [None req-bbfa72fd-8b89-4d10-b181-5a27b6055939 admin admin] Attempting to import store rbd {{(pid=98762) _load_store /opt/stack/data/venv/lib/python3.12/site-packages/glance_store/backend.py:215}}
Jun 18 13:49:57.024731 np0000003143 devstack@g-api.service[98762]: DEBUG glance_store.backend [None req-bbfa72fd-8b89-4d10-b181-5a27b6055939 admin admin] Attempting to import store s3 {{(pid=98762) _load_store /opt/stack/data/venv/lib/python3.12/site-packages/glance_store/backend.py:215}}
Jun 18 13:49:57.024859 np0000003143 devstack@g-api.service[98762]: DEBUG glance_store.backend [None req-bbfa72fd-8b89-4d10-b181-5a27b6055939 admin admin] Attempting to import store swift {{(pid=98762) _load_store /opt/stack/data/venv/lib/python3.12/site-packages/glance_store/backend.py:215}}
Jun 18 13:49:57.024953 np0000003143 devstack@g-api.service[98762]: DEBUG glance_store.backend [None req-bbfa72fd-8b89-4d10-b181-5a27b6055939 admin admin] Attempting to import store vmware {{(pid=98762) _load_store /opt/stack/data/venv/lib/python3.12/site-packages/glance_store/backend.py:215}}
Jun 18 13:49:57.025086 np0000003143 devstack@g-api.service[98762]: DEBUG glance_store.backend [None req-bbfa72fd-8b89-4d10-b181-5a27b6055939 admin admin] Registering options for group glance_store {{(pid=98762) register_opts /opt/stack/data/venv/lib/python3.12/site-packages/glance_store/backend.py:144}}
Jun 18 13:49:57.025217 np0000003143 devstack@g-api.service[98762]: DEBUG glance_store.backend [None req-bbfa72fd-8b89-4d10-b181-5a27b6055939 admin admin] Registering options for group glance_store {{(pid=98762) register_opts /opt/stack/data/venv/lib/python3.12/site-packages/glance_store/backend.py:144}}
Jun 18 13:49:57.025653 np0000003143 devstack@g-api.service[98762]: DEBUG glance_store.backend [None req-bbfa72fd-8b89-4d10-b181-5a27b6055939 admin admin] Attempting to import store file {{(pid=98762) _load_store /opt/stack/data/venv/lib/python3.12/site-packages/glance_store/backend.py:215}}
Jun 18 13:49:57.026090 np0000003143 devstack@g-api.service[98762]: INFO glance_store._drivers.filesystem [None req-bbfa72fd-8b89-4d10-b181-5a27b6055939 admin admin] Directory to write image files does not exist (/tmp/staging/). Creating.
Jun 18 13:49:57.026310 np0000003143 devstack@g-api.service[98762]: DEBUG glance_store.capabilities [None req-bbfa72fd-8b89-4d10-b181-5a27b6055939 admin admin] Store glance_store._drivers.filesystem.Store doesn't support updating dynamic storage capabilities. Please overwrite 'update_capabilities' method of the store to implement updating logics if needed. {{(pid=98762) update_capabilities /opt/stack/data/venv/lib/python3.12/site-packages/glance_store/capabilities.py:91}}
Jun 18 13:49:57.580284 np0000003143 devstack@g-api.service[98762]: DEBUG glance_store._drivers.filesystem [None req-bbfa72fd-8b89-4d10-b181-5a27b6055939 admin admin] Wrote 21430272 bytes to /tmp/staging/ada3589f-edab-4b98-a78d-9ceedbce49a8 with checksum c8fc807773e5354afe61636071771906 and multihash c8fc807773e5354afe61636071771906 {{(pid=98762) add /opt/stack/data/venv/lib/python3.12/site-packages/glance_store/_drivers/filesystem.py:899}}
Jun 18 13:49:57.598965 np0000003143 devstack@g-api.service[98762]: [pid: 98762|app: 0|req: 2/4] 127.0.0.1 () {42 vars in 931 bytes} [Thu Jun 18 13:49:56 2026] PUT /v2/images/ada3589f-edab-4b98-a78d-9ceedbce49a8/stage => generated 0 bytes in 1171 msecs (HTTP/1.1 204) 4 headers in 171 bytes (1 switches on core 0)
Jun 18 13:49:57.608389 np0000003143 devstack@g-api.service[98761]: DEBUG glance.api.middleware.version_negotiation [None req-b1a80c3c-02ae-424c-9bcb-01209a29f977 admin admin] Determining version of request: POST /v2/images/ada3589f-edab-4b98-a78d-9ceedbce49a8/import Accept: */* {{(pid=98761) process_request /opt/stack/glance/glance/api/middleware/version_negotiation.py:44}}
Jun 18 13:49:57.609803 np0000003143 devstack@g-api.service[98761]: DEBUG glance.api.middleware.version_negotiation [None req-b1a80c3c-02ae-424c-9bcb-01209a29f977 admin admin] Using url versioning {{(pid=98761) process_request /opt/stack/glance/glance/api/middleware/version_negotiation.py:57}}
Jun 18 13:49:57.609803 np0000003143 devstack@g-api.service[98761]: DEBUG glance.api.middleware.version_negotiation [None req-b1a80c3c-02ae-424c-9bcb-01209a29f977 admin admin] Matched version: v2 {{(pid=98761) process_request /opt/stack/glance/glance/api/middleware/version_negotiation.py:69}}
Jun 18 13:49:57.609803 np0000003143 devstack@g-api.service[98761]: DEBUG glance.api.middleware.version_negotiation [None req-b1a80c3c-02ae-424c-9bcb-01209a29f977 admin admin] new path /v2/images/ada3589f-edab-4b98-a78d-9ceedbce49a8/import {{(pid=98761) process_request /opt/stack/glance/glance/api/middleware/version_negotiation.py:70}}
Jun 18 13:49:58.061369 np0000003143 devstack@g-api.service[98761]: DEBUG glance.domain [None req-0fcda5fd-c671-4864-8127-d998ab8897f8 admin admin] Loading taskflow executor {{(pid=98761) new_task_executor /opt/stack/glance/glance/domain/__init__.py:530}}
Jun 18 13:49:58.237024 np0000003143 devstack@g-api.service[98761]: DEBUG oslo_concurrency.lockutils [None req-0fcda5fd-c671-4864-8127-d998ab8897f8 admin admin] Acquiring lock "tasks_pool" by "glance.api.common.memoize..memoizer_wrapper..memoizer" {{(pid=98761) inner /opt/stack/data/venv/lib/python3.12/site-packages/oslo_concurrency/lockutils.py:511}}
Jun 18 13:49:58.237143 np0000003143 devstack@g-api.service[98761]: DEBUG oslo_concurrency.lockutils [None req-0fcda5fd-c671-4864-8127-d998ab8897f8 admin admin] Lock "tasks_pool" acquired by "glance.api.common.memoize..memoizer_wrapper..memoizer" :: waited 0.000s {{(pid=98761) inner /opt/stack/data/venv/lib/python3.12/site-packages/oslo_concurrency/lockutils.py:524}}
Jun 18 13:49:58.237548 np0000003143 devstack@g-api.service[98761]: DEBUG glance.api.common [None req-0fcda5fd-c671-4864-8127-d998ab8897f8 admin admin] Initializing named threadpool 'tasks_pool' {{(pid=98761) _get_thread_pool /opt/stack/glance/glance/api/common.py:242}}
Jun 18 13:49:58.237707 np0000003143 devstack@g-api.service[98761]: DEBUG glance.async_ [None req-0fcda5fd-c671-4864-8127-d998ab8897f8 admin admin] Creating threadpool model 'ThreadPoolExecutor' with size 16 {{(pid=98761) __init__ /opt/stack/glance/glance/async_/__init__.py:100}}
Jun 18 13:49:58.237878 np0000003143 devstack@g-api.service[98761]: DEBUG oslo_concurrency.lockutils [None req-0fcda5fd-c671-4864-8127-d998ab8897f8 admin admin] Lock "tasks_pool" "released" by "glance.api.common.memoize..memoizer_wrapper..memoizer" :: held 0.001s {{(pid=98761) inner /opt/stack/data/venv/lib/python3.12/site-packages/oslo_concurrency/lockutils.py:543}}
Jun 18 13:49:58.238001 np0000003143 devstack@g-api.service[98761]: DEBUG glance.async_ [None req-0fcda5fd-c671-4864-8127-d998ab8897f8 admin admin] Spawning with ThreadPoolExecutor: >((,), {}) {{(pid=98761) spawn /opt/stack/glance/glance/async_/__init__.py:106}}
Jun 18 13:49:58.239920 np0000003143 devstack@g-api.service[98761]: [pid: 98761|app: 0|req: 3/5] 127.0.0.1 () {42 vars in 923 bytes} [Thu Jun 18 13:49:57 2026] POST /v2/images/ada3589f-edab-4b98-a78d-9ceedbce49a8/import => generated 0 bytes in 632 msecs (HTTP/1.1 202) 4 headers in 169 bytes (1 switches on core 0)
Jun 18 13:49:58.242614 np0000003143 devstack@g-api.service[98761]: INFO glance.domain [-] Task [25858869-2393-4d0a-ba7e-cb1276f4f360] status changing from pending to processing
Jun 18 13:49:58.250156 np0000003143 devstack@g-api.service[98762]: DEBUG glance.api.middleware.version_negotiation [None req-bbfa72fd-8b89-4d10-b181-5a27b6055939 admin admin] Determining version of request: GET /v2/images/ada3589f-edab-4b98-a78d-9ceedbce49a8 Accept: */* {{(pid=98762) process_request /opt/stack/glance/glance/api/middleware/version_negotiation.py:44}}
Jun 18 13:49:58.250507 np0000003143 devstack@g-api.service[98762]: DEBUG glance.api.middleware.version_negotiation [None req-bbfa72fd-8b89-4d10-b181-5a27b6055939 admin admin] Using url versioning {{(pid=98762) process_request /opt/stack/glance/glance/api/middleware/version_negotiation.py:57}}
Jun 18 13:49:58.250507 np0000003143 devstack@g-api.service[98762]: DEBUG glance.api.middleware.version_negotiation [None req-bbfa72fd-8b89-4d10-b181-5a27b6055939 admin admin] Matched version: v2 {{(pid=98762) process_request /opt/stack/glance/glance/api/middleware/version_negotiation.py:69}}
Jun 18 13:49:58.250607 np0000003143 devstack@g-api.service[98762]: DEBUG glance.api.middleware.version_negotiation [None req-bbfa72fd-8b89-4d10-b181-5a27b6055939 admin admin] new path /v2/images/ada3589f-edab-4b98-a78d-9ceedbce49a8 {{(pid=98762) process_request /opt/stack/glance/glance/api/middleware/version_negotiation.py:70}}
Jun 18 13:49:58.257826 np0000003143 devstack@g-api.service[98761]: DEBUG glance.async_.taskflow_executor [-] Taskflow executor picked up the execution of task ID 25858869-2393-4d0a-ba7e-cb1276f4f360 of task type api_image_import {{(pid=98761) _run /opt/stack/glance/glance/async_/taskflow_executor.py:163}}
Jun 18 13:49:58.260226 np0000003143 devstack@g-api.service[98762]: [pid: 98762|app: 0|req: 3/6] 127.0.0.1 () {38 vars in 856 bytes} [Thu Jun 18 13:49:58 2026] GET /v2/images/ada3589f-edab-4b98-a78d-9ceedbce49a8 => generated 879 bytes in 10 msecs (HTTP/1.1 200) 4 headers in 157 bytes (1 switches on core 0)
Jun 18 13:49:58.274646 np0000003143 devstack@g-api.service[98761]: DEBUG glance_store.backend [-] Attempting to import store cinder {{(pid=98761) _load_store /opt/stack/data/venv/lib/python3.12/site-packages/glance_store/backend.py:215}}
Jun 18 13:49:58.274768 np0000003143 devstack@g-api.service[98761]: DEBUG glance_store.backend [-] Attempting to import store file {{(pid=98761) _load_store /opt/stack/data/venv/lib/python3.12/site-packages/glance_store/backend.py:215}}
Jun 18 13:49:58.274852 np0000003143 devstack@g-api.service[98761]: DEBUG glance_store.backend [-] Attempting to import store glance.store.cinder.Store {{(pid=98761) _load_store /opt/stack/data/venv/lib/python3.12/site-packages/glance_store/backend.py:215}}
Jun 18 13:49:58.274939 np0000003143 devstack@g-api.service[98761]: DEBUG glance_store.backend [-] Attempting to import store glance.store.filesystem.Store {{(pid=98761) _load_store /opt/stack/data/venv/lib/python3.12/site-packages/glance_store/backend.py:215}}
Jun 18 13:49:58.275015 np0000003143 devstack@g-api.service[98761]: DEBUG glance_store.backend [-] Attempting to import store glance.store.http.Store {{(pid=98761) _load_store /opt/stack/data/venv/lib/python3.12/site-packages/glance_store/backend.py:215}}
Jun 18 13:49:58.275090 np0000003143 devstack@g-api.service[98761]: DEBUG glance_store.backend [-] Attempting to import store glance.store.rbd.Store {{(pid=98761) _load_store /opt/stack/data/venv/lib/python3.12/site-packages/glance_store/backend.py:215}}
Jun 18 13:49:58.275163 np0000003143 devstack@g-api.service[98761]: DEBUG glance_store.backend [-] Attempting to import store glance.store.s3.Store {{(pid=98761) _load_store /opt/stack/data/venv/lib/python3.12/site-packages/glance_store/backend.py:215}}
Jun 18 13:49:58.275231 np0000003143 devstack@g-api.service[98761]: DEBUG glance_store.backend [-] Attempting to import store glance.store.swift.Store {{(pid=98761) _load_store /opt/stack/data/venv/lib/python3.12/site-packages/glance_store/backend.py:215}}
Jun 18 13:49:58.275303 np0000003143 devstack@g-api.service[98761]: DEBUG glance_store.backend [-] Attempting to import store glance.store.vmware_datastore.Store {{(pid=98761) _load_store /opt/stack/data/venv/lib/python3.12/site-packages/glance_store/backend.py:215}}
Jun 18 13:49:58.275404 np0000003143 devstack@g-api.service[98761]: DEBUG glance_store.backend [-] Attempting to import store http {{(pid=98761) _load_store /opt/stack/data/venv/lib/python3.12/site-packages/glance_store/backend.py:215}}
Jun 18 13:49:58.275474 np0000003143 devstack@g-api.service[98761]: DEBUG glance_store.backend [-] Attempting to import store no_conf {{(pid=98761) _load_store /opt/stack/data/venv/lib/python3.12/site-packages/glance_store/backend.py:215}}
Jun 18 13:49:58.275567 np0000003143 devstack@g-api.service[98761]: DEBUG glance_store.backend [-] Attempting to import store rbd {{(pid=98761) _load_store /opt/stack/data/venv/lib/python3.12/site-packages/glance_store/backend.py:215}}
Jun 18 13:49:58.275649 np0000003143 devstack@g-api.service[98761]: DEBUG glance_store.backend [-] Attempting to import store s3 {{(pid=98761) _load_store /opt/stack/data/venv/lib/python3.12/site-packages/glance_store/backend.py:215}}
Jun 18 13:49:58.275721 np0000003143 devstack@g-api.service[98761]: DEBUG glance_store.backend [-] Attempting to import store swift {{(pid=98761) _load_store /opt/stack/data/venv/lib/python3.12/site-packages/glance_store/backend.py:215}}
Jun 18 13:49:58.275790 np0000003143 devstack@g-api.service[98761]: DEBUG glance_store.backend [-] Attempting to import store vmware {{(pid=98761) _load_store /opt/stack/data/venv/lib/python3.12/site-packages/glance_store/backend.py:215}}
Jun 18 13:49:58.275880 np0000003143 devstack@g-api.service[98761]: DEBUG glance_store.backend [-] Registering options for group glance_store {{(pid=98761) register_opts /opt/stack/data/venv/lib/python3.12/site-packages/glance_store/backend.py:144}}
Jun 18 13:49:58.275976 np0000003143 devstack@g-api.service[98761]: DEBUG glance_store.backend [-] Registering options for group glance_store {{(pid=98761) register_opts /opt/stack/data/venv/lib/python3.12/site-packages/glance_store/backend.py:144}}
Jun 18 13:49:58.276231 np0000003143 devstack@g-api.service[98761]: DEBUG glance_store.backend [-] Attempting to import store file {{(pid=98761) _load_store /opt/stack/data/venv/lib/python3.12/site-packages/glance_store/backend.py:215}}
Jun 18 13:49:58.276552 np0000003143 devstack@g-api.service[98761]: DEBUG glance_store.capabilities [-] Store glance_store._drivers.filesystem.Store doesn't support updating dynamic storage capabilities. Please overwrite 'update_capabilities' method of the store to implement updating logics if needed. {{(pid=98761) update_capabilities /opt/stack/data/venv/lib/python3.12/site-packages/glance_store/capabilities.py:91}}
Jun 18 13:49:58.283191 np0000003143 devstack@g-api.service[98761]: DEBUG glance.async_.flows.api_image_import [-] Image ada3589f-edab-4b98-a78d-9ceedbce49a8 os_glance_importing_to_stores= {{(pid=98761) merge_store_list /opt/stack/glance/glance/async_/flows/api_image_import.py:277}}
Jun 18 13:49:58.283263 np0000003143 devstack@g-api.service[98761]: DEBUG glance.async_.flows.api_image_import [-] Image ada3589f-edab-4b98-a78d-9ceedbce49a8 os_glance_failed_import= {{(pid=98761) merge_store_list /opt/stack/glance/glance/async_/flows/api_image_import.py:277}}
Jun 18 13:49:58.287655 np0000003143 devstack@g-api.service[98761]: DEBUG glance.async_.flows.api_image_import [-] Image ada3589f-edab-4b98-a78d-9ceedbce49a8 status changing from uploading to importing {{(pid=98761) __exit__ /opt/stack/glance/glance/async_/flows/api_image_import.py:166}}
Jun 18 13:49:58.714468 np0000003143 devstack@g-api.service[98761]: DEBUG glance.async_ [-] Creating threadpool model 'ThreadPoolExecutor' with size 10 {{(pid=98761) __init__ /opt/stack/glance/glance/async_/__init__.py:100}}
Jun 18 13:49:58.734416 np0000003143 devstack@g-api.service[98761]: DEBUG glance.async_.taskflow_executor [-] Flow 'api_image_import' (af2d9539-35c5-447d-9f5a-f19bfb3dea13) transitioned into state 'RUNNING' from state 'PENDING' {{(pid=98761) _flow_receiver /opt/stack/data/venv/lib/python3.12/site-packages/taskflow/listeners/logging.py:160}}
Jun 18 13:49:58.736264 np0000003143 devstack@g-api.service[98761]: DEBUG glance.async_.taskflow_executor [-] Task 'api_image_import-ImageLock-25858869-2393-4d0a-ba7e-cb1276f4f360' (705f5400-77f3-4265-a2fb-922a79b2f650) transitioned into state 'RUNNING' from state 'PENDING' {{(pid=98761) _task_receiver /opt/stack/data/venv/lib/python3.12/site-packages/taskflow/listeners/logging.py:242}}
Jun 18 13:49:58.743037 np0000003143 devstack@g-api.service[98761]: DEBUG glance.async_.flows.api_image_import [-] Image ada3589f-edab-4b98-a78d-9ceedbce49a8 import task 25858869-2393-4d0a-ba7e-cb1276f4f360 lock confirmed {{(pid=98761) execute /opt/stack/glance/glance/async_/flows/api_image_import.py:477}}
Jun 18 13:49:58.743792 np0000003143 devstack@g-api.service[98761]: DEBUG glance.async_.taskflow_executor [-] Task 'api_image_import-ImageLock-25858869-2393-4d0a-ba7e-cb1276f4f360' (705f5400-77f3-4265-a2fb-922a79b2f650) transitioned into state 'SUCCESS' from state 'RUNNING' with result 'None' {{(pid=98761) _task_receiver /opt/stack/data/venv/lib/python3.12/site-packages/taskflow/listeners/logging.py:218}}
Jun 18 13:49:58.744544 np0000003143 devstack@g-api.service[98761]: DEBUG glance.async_.taskflow_executor [-] Task 'api_image_import-ConfigureStaging-25858869-2393-4d0a-ba7e-cb1276f4f360' (431555ed-80b3-42bb-9469-94a3e9a50c27) transitioned into state 'RUNNING' from state 'PENDING' {{(pid=98761) _task_receiver /opt/stack/data/venv/lib/python3.12/site-packages/taskflow/listeners/logging.py:242}}
Jun 18 13:49:58.745471 np0000003143 devstack@g-api.service[98761]: DEBUG glance.async_.taskflow_executor [-] Task 'api_image_import-ConfigureStaging-25858869-2393-4d0a-ba7e-cb1276f4f360' (431555ed-80b3-42bb-9469-94a3e9a50c27) transitioned into state 'SUCCESS' from state 'RUNNING' with result 'file:///tmp/staging/ada3589f-edab-4b98-a78d-9ceedbce49a8' {{(pid=98761) _task_receiver /opt/stack/data/venv/lib/python3.12/site-packages/taskflow/listeners/logging.py:218}}
Jun 18 13:49:58.746220 np0000003143 devstack@g-api.service[98761]: DEBUG glance.async_.taskflow_executor [-] Task 'api_image_import--ImportToStore-25858869-2393-4d0a-ba7e-cb1276f4f360' (4733e9e5-37f0-4488-845b-b8282fc05ba9) transitioned into state 'RUNNING' from state 'PENDING' {{(pid=98761) _task_receiver /opt/stack/data/venv/lib/python3.12/site-packages/taskflow/listeners/logging.py:242}}
Jun 18 13:49:58.751890 np0000003143 devstack@g-api.service[98761]: INFO glance.common.scripts.image_import.main [-] Task 25858869-2393-4d0a-ba7e-cb1276f4f360: Got image data uri file:///tmp/staging/ada3589f-edab-4b98-a78d-9ceedbce49a8 to be imported
Jun 18 13:49:58.753168 np0000003143 devstack@g-api.service[98761]: DEBUG glance.location [-] Enabling in-flight format inspection for qcow2 {{(pid=98761) set_data /opt/stack/glance/glance/location.py:616}}
Jun 18 13:49:58.753502 np0000003143 devstack@g-api.service[98761]: DEBUG glance_store.backend [-] Attempting to import store swift {{(pid=98761) _load_store /opt/stack/data/venv/lib/python3.12/site-packages/glance_store/backend.py:215}}
Jun 18 13:49:58.754793 np0000003143 devstack@g-api.service[98761]: DEBUG glance_store.capabilities [-] Store glance_store._drivers.swift.store.SingleTenantStore doesn't support updating dynamic storage capabilities. Please overwrite 'update_capabilities' method of the store to implement updating logics if needed. {{(pid=98761) update_capabilities /opt/stack/data/venv/lib/python3.12/site-packages/glance_store/capabilities.py:91}}
Jun 18 13:49:58.754892 np0000003143 devstack@g-api.service[98761]: DEBUG glance_store.driver [-] Late loading location class glance_store._drivers.swift.store.StoreLocation {{(pid=98761) get_store_location_class /opt/stack/data/venv/lib/python3.12/site-packages/glance_store/driver.py:134}}
Jun 18 13:49:58.754972 np0000003143 devstack@g-api.service[98761]: DEBUG glance_store.location [-] Registering scheme swift+https with {'store': , 'location_class': , 'store_entry': 'swift'} {{(pid=98761) register_scheme_map /opt/stack/data/venv/lib/python3.12/site-packages/glance_store/location.py:146}}
Jun 18 13:49:58.755053 np0000003143 devstack@g-api.service[98761]: DEBUG glance_store.location [-] Registering scheme swift+https with {'store': , 'location_class': , 'store_entry': 'swift'} {{(pid=98761) register_scheme_map /opt/stack/data/venv/lib/python3.12/site-packages/glance_store/location.py:146}}
Jun 18 13:49:58.755139 np0000003143 devstack@g-api.service[98761]: DEBUG glance_store.location [-] Registering scheme swift with {'store': , 'location_class': , 'store_entry': 'swift'} {{(pid=98761) register_scheme_map /opt/stack/data/venv/lib/python3.12/site-packages/glance_store/location.py:146}}
Jun 18 13:49:58.755213 np0000003143 devstack@g-api.service[98761]: DEBUG glance_store.location [-] Registering scheme swift+https with {'store': , 'location_class': , 'store_entry': 'swift'} {{(pid=98761) register_scheme_map /opt/stack/data/venv/lib/python3.12/site-packages/glance_store/location.py:146}}
Jun 18 13:49:58.755293 np0000003143 devstack@g-api.service[98761]: DEBUG glance_store.location [-] Registering scheme swift with {'store': , 'location_class': , 'store_entry': 'swift'} {{(pid=98761) register_scheme_map /opt/stack/data/venv/lib/python3.12/site-packages/glance_store/location.py:146}}
Jun 18 13:49:58.755375 np0000003143 devstack@g-api.service[98761]: DEBUG glance_store.location [-] Registering scheme swift+http with {'store': , 'location_class': , 'store_entry': 'swift'} {{(pid=98761) register_scheme_map /opt/stack/data/venv/lib/python3.12/site-packages/glance_store/location.py:146}}
Jun 18 13:49:58.755427 np0000003143 devstack@g-api.service[98761]: DEBUG glance_store.location [-] Registering scheme swift+https with {'store': , 'location_class': , 'store_entry': 'swift'} {{(pid=98761) register_scheme_map /opt/stack/data/venv/lib/python3.12/site-packages/glance_store/location.py:146}}
Jun 18 13:49:58.755505 np0000003143 devstack@g-api.service[98761]: DEBUG glance_store.location [-] Registering scheme swift with {'store': , 'location_class': , 'store_entry': 'swift'} {{(pid=98761) register_scheme_map /opt/stack/data/venv/lib/python3.12/site-packages/glance_store/location.py:146}}
Jun 18 13:49:58.755595 np0000003143 devstack@g-api.service[98761]: DEBUG glance_store.location [-] Registering scheme swift+http with {'store': , 'location_class': , 'store_entry': 'swift'} {{(pid=98761) register_scheme_map /opt/stack/data/venv/lib/python3.12/site-packages/glance_store/location.py:146}}
Jun 18 13:49:58.755672 np0000003143 devstack@g-api.service[98761]: DEBUG glance_store.location [-] Registering scheme swift+config with {'store': , 'location_class': , 'store_entry': 'swift'} {{(pid=98761) register_scheme_map /opt/stack/data/venv/lib/python3.12/site-packages/glance_store/location.py:146}}
Jun 18 13:49:59.174783 np0000003143 devstack@g-api.service[98761]: INFO swiftclient [-] REQ: curl -i https://10.4.3.197:8080/v1/AUTH_f746005ca62f4a0ca9c2adc14322c530/glance -I -H "X-Auth-Token: gAAAAABqM_eGUY_-..."
Jun 18 13:49:59.174834 np0000003143 devstack@g-api.service[98761]: INFO swiftclient [-] RESP STATUS: 404 Not Found
Jun 18 13:49:59.174936 np0000003143 devstack@g-api.service[98761]: INFO swiftclient [-] RESP HEADERS: {'Date': 'Thu, 18 Jun 2026 13:49:59 GMT', 'Server': 'Apache/2.4.58 (Ubuntu)', 'Content-Type': 'text/html; charset=UTF-8', 'X-Trans-Id': 'txdc84b930ea4f4a7ab89a6-006a33f786', 'X-Openstack-Request-Id': 'txdc84b930ea4f4a7ab89a6-006a33f786', 'Connection': 'close'}
Jun 18 13:49:59.175130 np0000003143 devstack@g-api.service[98761]: INFO glance_store._drivers.swift.store [-] Creating swift container glance
Jun 18 13:49:59.223341 np0000003143 devstack@g-api.service[98761]: DEBUG swiftclient [-] REQ: curl -i https://10.4.3.197:8080/v1/AUTH_f746005ca62f4a0ca9c2adc14322c530/glance -X PUT -H "X-Auth-Token: gAAAAABqM_eGUY_-..." -H "Content-Length: 0" {{(pid=98761) http_log /opt/stack/data/venv/lib/python3.12/site-packages/swiftclient/client.py:160}}
Jun 18 13:49:59.223425 np0000003143 devstack@g-api.service[98761]: DEBUG swiftclient [-] RESP STATUS: 201 Created {{(pid=98761) http_log /opt/stack/data/venv/lib/python3.12/site-packages/swiftclient/client.py:161}}
Jun 18 13:49:59.223529 np0000003143 devstack@g-api.service[98761]: DEBUG swiftclient [-] RESP HEADERS: {'Date': 'Thu, 18 Jun 2026 13:49:59 GMT', 'Server': 'Apache/2.4.58 (Ubuntu)', 'Content-Type': 'text/html; charset=UTF-8', 'Content-Length': '0', 'X-Trans-Id': 'tx12e5701316f94dc497077-006a33f787', 'X-Openstack-Request-Id': 'tx12e5701316f94dc497077-006a33f787', 'Connection': 'close'} {{(pid=98761) http_log /opt/stack/data/venv/lib/python3.12/site-packages/swiftclient/client.py:162}}
Jun 18 13:49:59.223667 np0000003143 devstack@g-api.service[98761]: DEBUG glance_store._drivers.swift.store [-] Adding image object 'ada3589f-edab-4b98-a78d-9ceedbce49a8' to Swift {{(pid=98761) add /opt/stack/data/venv/lib/python3.12/site-packages/glance_store/_drivers/swift/store.py:970}}
Jun 18 13:49:59.231193 np0000003143 devstack@g-api.service[98761]: DEBUG oslo_utils.imageutils.format_inspector [-] Format inspector for vmdk does not match, excluding from consideration (Signature KDMV not found: b'QFI\xfb') {{(pid=98761) _process_chunk /opt/stack/data/venv/lib/python3.12/site-packages/oslo_utils/imageutils/format_inspector.py:1758}}
Jun 18 13:49:59.234428 np0000003143 devstack@g-api.service[98761]: DEBUG oslo_utils.imageutils.format_inspector [-] Format inspector for vhdx does not match, excluding from consideration (Region signature not found at 30000) {{(pid=98761) _process_chunk /opt/stack/data/venv/lib/python3.12/site-packages/oslo_utils/imageutils/format_inspector.py:1758}}
Jun 18 13:49:59.534031 np0000003143 devstack@g-api.service[98761]: DEBUG swiftclient [-] REQ: curl -i https://10.4.3.197:8080/v1/AUTH_f746005ca62f4a0ca9c2adc14322c530/glance/ada3589f-edab-4b98-a78d-9ceedbce49a8 -X PUT -H "X-Auth-Token: gAAAAABqM_eGUY_-..." -H "Content-Length: 21430272" {{(pid=98761) http_log /opt/stack/data/venv/lib/python3.12/site-packages/swiftclient/client.py:160}}
Jun 18 13:49:59.534108 np0000003143 devstack@g-api.service[98761]: DEBUG swiftclient [-] RESP STATUS: 201 Created {{(pid=98761) http_log /opt/stack/data/venv/lib/python3.12/site-packages/swiftclient/client.py:161}}
Jun 18 13:49:59.534209 np0000003143 devstack@g-api.service[98761]: DEBUG swiftclient [-] RESP HEADERS: {'Date': 'Thu, 18 Jun 2026 13:49:59 GMT', 'Server': 'Apache/2.4.58 (Ubuntu)', 'Content-Type': 'text/html; charset=UTF-8', 'Content-Length': '0', 'Etag': 'c8fc807773e5354afe61636071771906', 'Last-Modified': 'Thu, 18 Jun 2026 13:50:00 GMT', 'X-Trans-Id': 'txcde83315c93940078be91-006a33f787', 'X-Openstack-Request-Id': 'txcde83315c93940078be91-006a33f787', 'Connection': 'close'} {{(pid=98761) http_log /opt/stack/data/venv/lib/python3.12/site-packages/swiftclient/client.py:162}}
Jun 18 13:49:59.549857 np0000003143 devstack@g-api.service[98761]: INFO glance.location [-] Image format matched and virtual size computed: 117440512
Jun 18 13:49:59.558272 np0000003143 devstack@g-api.service[98761]: DEBUG glance.async_.flows.api_image_import [-] Image ada3589f-edab-4b98-a78d-9ceedbce49a8 status changing from importing to active {{(pid=98761) __exit__ /opt/stack/glance/glance/async_/flows/api_image_import.py:166}}
Jun 18 13:49:59.580837 np0000003143 devstack@g-api.service[98761]: DEBUG glance_store.backend [-] Attempting to import store swift {{(pid=98761) _load_store /opt/stack/data/venv/lib/python3.12/site-packages/glance_store/backend.py:215}}
Jun 18 13:49:59.581974 np0000003143 devstack@g-api.service[98761]: DEBUG glance_store.capabilities [-] Store glance_store._drivers.swift.store.SingleTenantStore doesn't support updating dynamic storage capabilities. Please overwrite 'update_capabilities' method of the store to implement updating logics if needed. {{(pid=98761) update_capabilities /opt/stack/data/venv/lib/python3.12/site-packages/glance_store/capabilities.py:91}}
Jun 18 13:49:59.582040 np0000003143 devstack@g-api.service[98761]: DEBUG glance_store.driver [-] Late loading location class glance_store._drivers.swift.store.StoreLocation {{(pid=98761) get_store_location_class /opt/stack/data/venv/lib/python3.12/site-packages/glance_store/driver.py:134}}
Jun 18 13:49:59.582122 np0000003143 devstack@g-api.service[98761]: DEBUG glance_store.location [-] Registering scheme swift+https with {'store': , 'location_class': , 'store_entry': 'swift'} {{(pid=98761) register_scheme_map /opt/stack/data/venv/lib/python3.12/site-packages/glance_store/location.py:146}}
Jun 18 13:49:59.582174 np0000003143 devstack@g-api.service[98761]: DEBUG glance_store.location [-] Registering scheme swift+https with {'store': , 'location_class': , 'store_entry': 'swift'} {{(pid=98761) register_scheme_map /opt/stack/data/venv/lib/python3.12/site-packages/glance_store/location.py:146}}
Jun 18 13:49:59.582253 np0000003143 devstack@g-api.service[98761]: DEBUG glance_store.location [-] Registering scheme swift with {'store': , 'location_class': , 'store_entry': 'swift'} {{(pid=98761) register_scheme_map /opt/stack/data/venv/lib/python3.12/site-packages/glance_store/location.py:146}}
Jun 18 13:49:59.582330 np0000003143 devstack@g-api.service[98761]: DEBUG glance_store.location [-] Registering scheme swift+https with {'store': , 'location_class': , 'store_entry': 'swift'} {{(pid=98761) register_scheme_map /opt/stack/data/venv/lib/python3.12/site-packages/glance_store/location.py:146}}
Jun 18 13:49:59.582330 np0000003143 devstack@g-api.service[98761]: DEBUG glance_store.location [-] Registering scheme swift with {'store': , 'location_class': , 'store_entry': 'swift'} {{(pid=98761) register_scheme_map /opt/stack/data/venv/lib/python3.12/site-packages/glance_store/location.py:146}}
Jun 18 13:49:59.582407 np0000003143 devstack@g-api.service[98761]: DEBUG glance_store.location [-] Registering scheme swift+http with {'store': , 'location_class': , 'store_entry': 'swift'} {{(pid=98761) register_scheme_map /opt/stack/data/venv/lib/python3.12/site-packages/glance_store/location.py:146}}
Jun 18 13:49:59.582485 np0000003143 devstack@g-api.service[98761]: DEBUG glance_store.location [-] Registering scheme swift+https with {'store': , 'location_class': , 'store_entry': 'swift'} {{(pid=98761) register_scheme_map /opt/stack/data/venv/lib/python3.12/site-packages/glance_store/location.py:146}}
Jun 18 13:49:59.582564 np0000003143 devstack@g-api.service[98761]: DEBUG glance_store.location [-] Registering scheme swift with {'store': , 'location_class': , 'store_entry': 'swift'} {{(pid=98761) register_scheme_map /opt/stack/data/venv/lib/python3.12/site-packages/glance_store/location.py:146}}
Jun 18 13:49:59.582564 np0000003143 devstack@g-api.service[98761]: DEBUG glance_store.location [-] Registering scheme swift+http with {'store': , 'location_class': , 'store_entry': 'swift'} {{(pid=98761) register_scheme_map /opt/stack/data/venv/lib/python3.12/site-packages/glance_store/location.py:146}}
