Jul 22 00:04:06.798418 np0000005609 devstack@c-api.service[97028]: DEBUG cinder.api.openstack.wsgi [None req-872308fc-1f90-427a-b68c-ded6f1316a16 tempest-TaggedBootDevicesTest_v242-1790720198 tempest-TaggedBootDevicesTest_v242-1790720198-project-member] Empty body provided in request {{(pid=97028) get_body /opt/stack/cinder/cinder/api/openstack/wsgi.py:725}}
Jul 22 00:04:06.798696 np0000005609 devstack@c-api.service[97028]: DEBUG cinder.api.openstack.wsgi [None req-872308fc-1f90-427a-b68c-ded6f1316a16 tempest-TaggedBootDevicesTest_v242-1790720198 tempest-TaggedBootDevicesTest_v242-1790720198-project-member] Calling method 'show' {{(pid=97028) _process_stack /opt/stack/cinder/cinder/api/openstack/wsgi.py:878}}
Jul 22 00:04:06.808008 np0000005609 devstack@c-api.service[97028]: /opt/stack/data/venv/lib/python3.12/site-packages/oslo_context/context.py:102: DeprecationWarning: Policy enforcement is depending on the value of is_admin. This key is deprecated. Please update your policy file to use the standard policy values.
Jul 22 00:04:06.808008 np0000005609 devstack@c-api.service[97028]: warnings.warn(
Jul 22 00:04:06.813936 np0000005609 devstack@c-api.service[97028]: INFO cinder.volume.api [None req-872308fc-1f90-427a-b68c-ded6f1316a16 tempest-TaggedBootDevicesTest_v242-1790720198 tempest-TaggedBootDevicesTest_v242-1790720198-project-member] Volume info retrieved successfully.
Jul 22 00:04:06.819671 np0000005609 devstack@c-api.service[97028]: INFO cinder.api.openstack.wsgi [None req-872308fc-1f90-427a-b68c-ded6f1316a16 tempest-TaggedBootDevicesTest_v242-1790720198 tempest-TaggedBootDevicesTest_v242-1790720198-project-member] https://10.4.3.132/volume/v3/volumes/3c2f2311-7cd9-4d54-ad0a-109bba0f1a42 returned with HTTP 200
Jul 22 00:04:06.820319 np0000005609 devstack@c-api.service[97028]: [pid: 97028|app: 0|req: 88/255] 10.4.3.132 () {66 vars in 1348 bytes} [Wed Jul 22 00:04:06 2026] GET /volume/v3/volumes/3c2f2311-7cd9-4d54-ad0a-109bba0f1a42 => generated 850 bytes in 25 msecs (HTTP/1.1 200) 7 headers in 285 bytes (1 switches on core 0)
Jul 22 00:04:07.260125 np0000005609 devstack@c-api.service[97030]: DEBUG cinder.api.middleware.request_id [None req-68559f2a-3626-4db9-8959-6a5b55164d40 None None] RequestId filter calling following filter/app {{(pid=97030) _context_setter /opt/stack/cinder/cinder/api/middleware/request_id.py:62}}
Jul 22 00:04:07.262795 np0000005609 devstack@c-api.service[97030]: INFO cinder.api.openstack.wsgi [None req-68559f2a-3626-4db9-8959-6a5b55164d40 tempest-GroupSnapshotsTest-1598101494 tempest-GroupSnapshotsTest-1598101494-project-member] GET https://10.4.3.132/volume/v3/group_snapshots/5e95f6c7-9116-4e83-ae89-b41a045d56ea
Jul 22 00:04:07.263206 np0000005609 devstack@c-api.service[97030]: DEBUG cinder.api.openstack.wsgi [None req-68559f2a-3626-4db9-8959-6a5b55164d40 tempest-GroupSnapshotsTest-1598101494 tempest-GroupSnapshotsTest-1598101494-project-member] Empty body provided in request {{(pid=97030) get_body /opt/stack/cinder/cinder/api/openstack/wsgi.py:725}}
Jul 22 00:04:07.263439 np0000005609 devstack@c-api.service[97030]: DEBUG cinder.api.openstack.wsgi [None req-68559f2a-3626-4db9-8959-6a5b55164d40 tempest-GroupSnapshotsTest-1598101494 tempest-GroupSnapshotsTest-1598101494-project-member] Calling method 'version_select' {{(pid=97030) _process_stack /opt/stack/cinder/cinder/api/openstack/wsgi.py:878}}
Jul 22 00:04:07.263654 np0000005609 devstack@c-api.service[97030]: DEBUG cinder.api.v3.group_snapshots [None req-68559f2a-3626-4db9-8959-6a5b55164d40 tempest-GroupSnapshotsTest-1598101494 tempest-GroupSnapshotsTest-1598101494-project-member] show called for member 5e95f6c7-9116-4e83-ae89-b41a045d56ea {{(pid=97030) show /opt/stack/cinder/cinder/api/v3/group_snapshots.py:58}}
Jul 22 00:04:07.270947 np0000005609 devstack@c-api.service[97030]: /opt/stack/data/venv/lib/python3.12/site-packages/oslo_context/context.py:102: DeprecationWarning: Policy enforcement is depending on the value of is_admin. This key is deprecated. Please update your policy file to use the standard policy values.
Jul 22 00:04:07.270947 np0000005609 devstack@c-api.service[97030]: warnings.warn(
Jul 22 00:04:07.278236 np0000005609 devstack@c-api.service[97030]: INFO cinder.api.openstack.wsgi [None req-68559f2a-3626-4db9-8959-6a5b55164d40 tempest-GroupSnapshotsTest-1598101494 tempest-GroupSnapshotsTest-1598101494-project-member] https://10.4.3.132/volume/v3/group_snapshots/5e95f6c7-9116-4e83-ae89-b41a045d56ea returned with HTTP 200
Jul 22 00:04:07.278999 np0000005609 devstack@c-api.service[97030]: [pid: 97030|app: 0|req: 85/256] 10.4.3.132 () {68 vars in 1413 bytes} [Wed Jul 22 00:04:07 2026] GET /volume/v3/group_snapshots/5e95f6c7-9116-4e83-ae89-b41a045d56ea => generated 307 bytes in 20 msecs (HTTP/1.1 200) 7 headers in 286 bytes (1 switches on core 0)
Jul 22 00:04:07.290539 np0000005609 devstack@c-api.service[97029]: DEBUG cinder.api.middleware.request_id [None req-0cda06c6-1c6f-46d9-bf85-806704339f17 None None] RequestId filter calling following filter/app {{(pid=97029) _context_setter /opt/stack/cinder/cinder/api/middleware/request_id.py:62}}
Jul 22 00:04:07.292954 np0000005609 devstack@c-api.service[97029]: INFO cinder.api.openstack.wsgi [None req-0cda06c6-1c6f-46d9-bf85-806704339f17 tempest-GroupSnapshotsTest-1598101494 tempest-GroupSnapshotsTest-1598101494-project-member] GET https://10.4.3.132/volume/v3/snapshots/detail
Jul 22 00:04:07.293266 np0000005609 devstack@c-api.service[97029]: DEBUG cinder.api.openstack.wsgi [None req-0cda06c6-1c6f-46d9-bf85-806704339f17 tempest-GroupSnapshotsTest-1598101494 tempest-GroupSnapshotsTest-1598101494-project-member] Empty body provided in request {{(pid=97029) get_body /opt/stack/cinder/cinder/api/openstack/wsgi.py:725}}
Jul 22 00:04:07.294019 np0000005609 devstack@c-api.service[97029]: DEBUG cinder.api.openstack.wsgi [None req-0cda06c6-1c6f-46d9-bf85-806704339f17 tempest-GroupSnapshotsTest-1598101494 tempest-GroupSnapshotsTest-1598101494-project-member] Calling method 'detail' {{(pid=97029) _process_stack /opt/stack/cinder/cinder/api/openstack/wsgi.py:878}}
Jul 22 00:04:07.294382 np0000005609 devstack@c-api.service[97029]: DEBUG cinder.api.api_utils [None req-0cda06c6-1c6f-46d9-bf85-806704339f17 tempest-GroupSnapshotsTest-1598101494 tempest-GroupSnapshotsTest-1598101494-project-member] Removing options '' from query. {{(pid=97029) remove_invalid_filter_options /opt/stack/cinder/cinder/api/api_utils.py:82}}
Jul 22 00:04:07.296916 np0000005609 devstack@c-api.service[97029]: DEBUG cinder.db.api [None req-0cda06c6-1c6f-46d9-bf85-806704339f17 tempest-GroupSnapshotsTest-1598101494 tempest-GroupSnapshotsTest-1598101494-project-member] Building query based on filter {{(pid=97029) _process_snaps_filters /opt/stack/cinder/cinder/db/api.py:3942}}
Jul 22 00:04:07.314660 np0000005609 devstack@c-api.service[97029]: INFO cinder.volume.api [None req-0cda06c6-1c6f-46d9-bf85-806704339f17 tempest-GroupSnapshotsTest-1598101494 tempest-GroupSnapshotsTest-1598101494-project-member] Get all snapshots completed successfully.
Jul 22 00:04:07.315368 np0000005609 devstack@c-api.service[97029]: /opt/stack/data/venv/lib/python3.12/site-packages/oslo_context/context.py:102: DeprecationWarning: Policy enforcement is depending on the value of is_admin. This key is deprecated. Please update your policy file to use the standard policy values.
Jul 22 00:04:07.315368 np0000005609 devstack@c-api.service[97029]: warnings.warn(
Jul 22 00:04:07.316325 np0000005609 devstack@c-api.service[97029]: INFO cinder.api.openstack.wsgi [None req-0cda06c6-1c6f-46d9-bf85-806704339f17 tempest-GroupSnapshotsTest-1598101494 tempest-GroupSnapshotsTest-1598101494-project-member] https://10.4.3.132/volume/v3/snapshots/detail returned with HTTP 200
Jul 22 00:04:07.316830 np0000005609 devstack@c-api.service[97029]: [pid: 97029|app: 0|req: 84/257] 10.4.3.132 () {66 vars in 1264 bytes} [Wed Jul 22 00:04:07 2026] GET /volume/v3/snapshots/detail => generated 453 bytes in 28 msecs (HTTP/1.1 200) 7 headers in 285 bytes (1 switches on core 0)
Jul 22 00:04:07.334569 np0000005609 devstack@c-api.service[97028]: DEBUG cinder.api.middleware.request_id [None req-45f6c314-391e-42eb-9321-d5ddf64a2d61 None None] RequestId filter calling following filter/app {{(pid=97028) _context_setter /opt/stack/cinder/cinder/api/middleware/request_id.py:62}}
Jul 22 00:04:07.339572 np0000005609 devstack@c-api.service[97030]: DEBUG cinder.api.middleware.request_id [None req-f9f420cb-af53-46ec-98ca-8923c84c2ff8 None None] RequestId filter calling following filter/app {{(pid=97030) _context_setter /opt/stack/cinder/cinder/api/middleware/request_id.py:62}}
Jul 22 00:04:07.343284 np0000005609 devstack@c-api.service[97028]: INFO cinder.api.openstack.wsgi [None req-45f6c314-391e-42eb-9321-d5ddf64a2d61 tempest-GroupSnapshotsTest-1598101494 tempest-GroupSnapshotsTest-1598101494-project-member] GET https://10.4.3.132/volume/v3/snapshots/7e21bbcb-212a-4cfa-bbbb-87813762dd74
Jul 22 00:04:07.343284 np0000005609 devstack@c-api.service[97028]: DEBUG cinder.api.openstack.wsgi [None req-45f6c314-391e-42eb-9321-d5ddf64a2d61 tempest-GroupSnapshotsTest-1598101494 tempest-GroupSnapshotsTest-1598101494-project-member] Empty body provided in request {{(pid=97028) get_body /opt/stack/cinder/cinder/api/openstack/wsgi.py:725}}
Jul 22 00:04:07.344173 np0000005609 devstack@c-api.service[97030]: INFO cinder.api.openstack.wsgi [None req-f9f420cb-af53-46ec-98ca-8923c84c2ff8 tempest-VolumeTypesAccessTest-483588352 tempest-VolumeTypesAccessTest-483588352-project-member] GET https://10.4.3.132/volume/v3/volumes/262b610a-d52b-4649-9bc8-d959eccf3ba0
Jul 22 00:04:07.344451 np0000005609 devstack@c-api.service[97030]: DEBUG cinder.api.openstack.wsgi [None req-f9f420cb-af53-46ec-98ca-8923c84c2ff8 tempest-VolumeTypesAccessTest-483588352 tempest-VolumeTypesAccessTest-483588352-project-member] Empty body provided in request {{(pid=97030) get_body /opt/stack/cinder/cinder/api/openstack/wsgi.py:725}}
Jul 22 00:04:07.344661 np0000005609 devstack@c-api.service[97030]: DEBUG cinder.api.openstack.wsgi [None req-f9f420cb-af53-46ec-98ca-8923c84c2ff8 tempest-VolumeTypesAccessTest-483588352 tempest-VolumeTypesAccessTest-483588352-project-member] Calling method 'show' {{(pid=97030) _process_stack /opt/stack/cinder/cinder/api/openstack/wsgi.py:878}}
Jul 22 00:04:07.347912 np0000005609 devstack@c-api.service[97028]: DEBUG cinder.api.openstack.wsgi [None req-45f6c314-391e-42eb-9321-d5ddf64a2d61 tempest-GroupSnapshotsTest-1598101494 tempest-GroupSnapshotsTest-1598101494-project-member] Calling method 'show' {{(pid=97028) _process_stack /opt/stack/cinder/cinder/api/openstack/wsgi.py:878}}
Jul 22 00:04:07.356693 np0000005609 devstack@c-api.service[97028]: /opt/stack/data/venv/lib/python3.12/site-packages/oslo_context/context.py:102: DeprecationWarning: Policy enforcement is depending on the value of is_admin. This key is deprecated. Please update your policy file to use the standard policy values.
Jul 22 00:04:07.356693 np0000005609 devstack@c-api.service[97028]: warnings.warn(
Jul 22 00:04:07.358162 np0000005609 devstack@c-api.service[97028]: INFO cinder.volume.api [None req-45f6c314-391e-42eb-9321-d5ddf64a2d61 tempest-GroupSnapshotsTest-1598101494 tempest-GroupSnapshotsTest-1598101494-project-member] Snapshot retrieved successfully.
Jul 22 00:04:07.358979 np0000005609 devstack@c-api.service[97028]: INFO cinder.api.openstack.wsgi [None req-45f6c314-391e-42eb-9321-d5ddf64a2d61 tempest-GroupSnapshotsTest-1598101494 tempest-GroupSnapshotsTest-1598101494-project-member] https://10.4.3.132/volume/v3/snapshots/7e21bbcb-212a-4cfa-bbbb-87813762dd74 returned with HTTP 200
Jul 22 00:04:07.359655 np0000005609 devstack@c-api.service[97028]: [pid: 97028|app: 0|req: 89/258] 10.4.3.132 () {66 vars in 1354 bytes} [Wed Jul 22 00:04:07 2026] GET /volume/v3/snapshots/7e21bbcb-212a-4cfa-bbbb-87813762dd74 => generated 450 bytes in 26 msecs (HTTP/1.1 200) 7 headers in 285 bytes (1 switches on core 0)
Jul 22 00:04:07.359812 np0000005609 devstack@c-api.service[97030]: /opt/stack/data/venv/lib/python3.12/site-packages/oslo_context/context.py:102: DeprecationWarning: Policy enforcement is depending on the value of is_admin. This key is deprecated. Please update your policy file to use the standard policy values.
Jul 22 00:04:07.359812 np0000005609 devstack@c-api.service[97030]: warnings.warn(
Jul 22 00:04:07.364720 np0000005609 devstack@c-api.service[97030]: INFO cinder.volume.api [None req-f9f420cb-af53-46ec-98ca-8923c84c2ff8 tempest-VolumeTypesAccessTest-483588352 tempest-VolumeTypesAccessTest-483588352-project-member] Volume info retrieved successfully.
Jul 22 00:04:07.371055 np0000005609 devstack@c-api.service[97030]: INFO cinder.api.openstack.wsgi [None req-f9f420cb-af53-46ec-98ca-8923c84c2ff8 tempest-VolumeTypesAccessTest-483588352 tempest-VolumeTypesAccessTest-483588352-project-member] https://10.4.3.132/volume/v3/volumes/262b610a-d52b-4649-9bc8-d959eccf3ba0 returned with HTTP 200
Jul 22 00:04:07.372038 np0000005609 devstack@c-api.service[97030]: [pid: 97030|app: 0|req: 86/259] 10.4.3.132 () {66 vars in 1348 bytes} [Wed Jul 22 00:04:07 2026] GET /volume/v3/volumes/262b610a-d52b-4649-9bc8-d959eccf3ba0 => generated 889 bytes in 34 msecs (HTTP/1.1 200) 7 headers in 285 bytes (1 switches on core 0)
Jul 22 00:04:07.372199 np0000005609 devstack@c-api.service[97029]: DEBUG cinder.api.middleware.request_id [None req-82f3cc80-b0c4-47d2-9b03-6ca05390f232 None None] RequestId filter calling following filter/app {{(pid=97029) _context_setter /opt/stack/cinder/cinder/api/middleware/request_id.py:62}}
Jul 22 00:04:07.384435 np0000005609 devstack@c-api.service[97029]: INFO cinder.api.openstack.wsgi [None req-82f3cc80-b0c4-47d2-9b03-6ca05390f232 tempest-GroupSnapshotsTest-1598101494 tempest-GroupSnapshotsTest-1598101494-project-member] POST https://10.4.3.132/volume/v3/groups/action
Jul 22 00:04:07.384435 np0000005609 devstack@c-api.service[97029]: DEBUG cinder.api.openstack.wsgi [None req-82f3cc80-b0c4-47d2-9b03-6ca05390f232 tempest-GroupSnapshotsTest-1598101494 tempest-GroupSnapshotsTest-1598101494-project-member] Action body: b'{"create-from-src": {"group_snapshot_id": "5e95f6c7-9116-4e83-ae89-b41a045d56ea", "name": "tempest-Group_from_snap-629068147"}}' {{(pid=97029) get_method /opt/stack/cinder/cinder/api/openstack/wsgi.py:993}}
Jul 22 00:04:07.384435 np0000005609 devstack@c-api.service[97029]: DEBUG cinder.api.openstack.wsgi [None req-82f3cc80-b0c4-47d2-9b03-6ca05390f232 tempest-GroupSnapshotsTest-1598101494 tempest-GroupSnapshotsTest-1598101494-project-member] Action: 'action', calling method: version_select, body: {"create-from-src": {"group_snapshot_id": "5e95f6c7-9116-4e83-ae89-b41a045d56ea", "name": "tempest-Group_from_snap-629068147"}} {{(pid=97029) _process_stack /opt/stack/cinder/cinder/api/openstack/wsgi.py:876}}
Jul 22 00:04:07.386823 np0000005609 devstack@c-api.service[97029]: DEBUG cinder.api.v3.groups [None req-82f3cc80-b0c4-47d2-9b03-6ca05390f232 tempest-GroupSnapshotsTest-1598101494 tempest-GroupSnapshotsTest-1598101494-project-member] Creating new group {'create-from-src': {'group_snapshot_id': '5e95f6c7-9116-4e83-ae89-b41a045d56ea', 'name': 'tempest-Group_from_snap-629068147'}}. {{(pid=97029) create_from_src /opt/stack/cinder/cinder/api/v3/groups.py:236}}
Jul 22 00:04:07.387128 np0000005609 devstack@c-api.service[97029]: INFO cinder.api.v3.groups [None req-82f3cc80-b0c4-47d2-9b03-6ca05390f232 tempest-GroupSnapshotsTest-1598101494 tempest-GroupSnapshotsTest-1598101494-project-member] Creating group tempest-Group_from_snap-629068147 from group_snapshot 5e95f6c7-9116-4e83-ae89-b41a045d56ea.
Jul 22 00:04:07.391607 np0000005609 devstack@c-api.service[97028]: DEBUG cinder.api.middleware.request_id [None req-6b898111-e2ce-4f3b-9d2f-cc387e11bed6 None None] RequestId filter calling following filter/app {{(pid=97028) _context_setter /opt/stack/cinder/cinder/api/middleware/request_id.py:62}}
Jul 22 00:04:07.394596 np0000005609 devstack@c-api.service[97029]: /opt/stack/data/venv/lib/python3.12/site-packages/oslo_context/context.py:102: DeprecationWarning: Policy enforcement is depending on the value of is_admin. This key is deprecated. Please update your policy file to use the standard policy values.
Jul 22 00:04:07.394596 np0000005609 devstack@c-api.service[97029]: warnings.warn(
Jul 22 00:04:07.398382 np0000005609 devstack@c-api.service[97028]: INFO cinder.api.openstack.wsgi [None req-6b898111-e2ce-4f3b-9d2f-cc387e11bed6 tempest-VolumeTypesAccessTest-483588352 tempest-VolumeTypesAccessTest-483588352-project-member] GET https://10.4.3.132/volume/v3/volumes/262b610a-d52b-4649-9bc8-d959eccf3ba0
Jul 22 00:04:07.398814 np0000005609 devstack@c-api.service[97028]: DEBUG cinder.api.openstack.wsgi [None req-6b898111-e2ce-4f3b-9d2f-cc387e11bed6 tempest-VolumeTypesAccessTest-483588352 tempest-VolumeTypesAccessTest-483588352-project-member] Empty body provided in request {{(pid=97028) get_body /opt/stack/cinder/cinder/api/openstack/wsgi.py:725}}
Jul 22 00:04:07.399351 np0000005609 devstack@c-api.service[97028]: DEBUG cinder.api.openstack.wsgi [None req-6b898111-e2ce-4f3b-9d2f-cc387e11bed6 tempest-VolumeTypesAccessTest-483588352 tempest-VolumeTypesAccessTest-483588352-project-member] Calling method 'show' {{(pid=97028) _process_stack /opt/stack/cinder/cinder/api/openstack/wsgi.py:878}}
Jul 22 00:04:07.413407 np0000005609 devstack@c-api.service[97029]: /opt/stack/data/venv/lib/python3.12/site-packages/oslo_context/context.py:102: DeprecationWarning: Policy enforcement is depending on the value of is_admin. This key is deprecated. Please update your policy file to use the standard policy values.
Jul 22 00:04:07.413407 np0000005609 devstack@c-api.service[97029]: warnings.warn(
Jul 22 00:04:07.417582 np0000005609 devstack@c-api.service[97029]: /opt/stack/data/venv/lib/python3.12/site-packages/oslo_context/context.py:102: DeprecationWarning: Policy enforcement is depending on the value of is_admin. This key is deprecated. Please update your policy file to use the standard policy values.
Jul 22 00:04:07.417582 np0000005609 devstack@c-api.service[97029]: warnings.warn(
Jul 22 00:04:07.418682 np0000005609 devstack@c-api.service[97028]: /opt/stack/data/venv/lib/python3.12/site-packages/oslo_context/context.py:102: DeprecationWarning: Policy enforcement is depending on the value of is_admin. This key is deprecated. Please update your policy file to use the standard policy values.
Jul 22 00:04:07.418682 np0000005609 devstack@c-api.service[97028]: warnings.warn(
Jul 22 00:04:07.431875 np0000005609 devstack@c-api.service[97028]: INFO cinder.volume.api [None req-6b898111-e2ce-4f3b-9d2f-cc387e11bed6 tempest-VolumeTypesAccessTest-483588352 tempest-VolumeTypesAccessTest-483588352-project-member] Volume info retrieved successfully.
Jul 22 00:04:07.434545 np0000005609 devstack@c-api.service[97028]: INFO cinder.api.openstack.wsgi [None req-6b898111-e2ce-4f3b-9d2f-cc387e11bed6 tempest-VolumeTypesAccessTest-483588352 tempest-VolumeTypesAccessTest-483588352-project-member] https://10.4.3.132/volume/v3/volumes/262b610a-d52b-4649-9bc8-d959eccf3ba0 returned with HTTP 200
Jul 22 00:04:07.435068 np0000005609 devstack@c-api.service[97028]: [pid: 97028|app: 0|req: 90/260] 10.4.3.132 () {66 vars in 1348 bytes} [Wed Jul 22 00:04:07 2026] GET /volume/v3/volumes/262b610a-d52b-4649-9bc8-d959eccf3ba0 => generated 889 bytes in 45 msecs (HTTP/1.1 200) 7 headers in 285 bytes (1 switches on core 0)
Jul 22 00:04:07.450364 np0000005609 devstack@c-api.service[97030]: DEBUG cinder.api.middleware.request_id [None req-f9b85b9f-192d-4c9e-a79e-0f5df04f6233 None None] RequestId filter calling following filter/app {{(pid=97030) _context_setter /opt/stack/cinder/cinder/api/middleware/request_id.py:62}}
Jul 22 00:04:07.453416 np0000005609 devstack@c-api.service[97030]: INFO cinder.api.openstack.wsgi [None req-f9b85b9f-192d-4c9e-a79e-0f5df04f6233 tempest-VolumeTypesAccessTest-483588352 tempest-VolumeTypesAccessTest-483588352-project-member] DELETE https://10.4.3.132/volume/v3/volumes/262b610a-d52b-4649-9bc8-d959eccf3ba0
Jul 22 00:04:07.455399 np0000005609 devstack@c-api.service[97030]: DEBUG cinder.api.openstack.wsgi [None req-f9b85b9f-192d-4c9e-a79e-0f5df04f6233 tempest-VolumeTypesAccessTest-483588352 tempest-VolumeTypesAccessTest-483588352-project-member] Empty body provided in request {{(pid=97030) get_body /opt/stack/cinder/cinder/api/openstack/wsgi.py:725}}
Jul 22 00:04:07.455756 np0000005609 devstack@c-api.service[97030]: DEBUG cinder.api.openstack.wsgi [None req-f9b85b9f-192d-4c9e-a79e-0f5df04f6233 tempest-VolumeTypesAccessTest-483588352 tempest-VolumeTypesAccessTest-483588352-project-member] Calling method 'delete' {{(pid=97030) _process_stack /opt/stack/cinder/cinder/api/openstack/wsgi.py:878}}
Jul 22 00:04:07.457158 np0000005609 devstack@c-api.service[97030]: INFO cinder.api.v3.volumes [None req-f9b85b9f-192d-4c9e-a79e-0f5df04f6233 tempest-VolumeTypesAccessTest-483588352 tempest-VolumeTypesAccessTest-483588352-project-member] Delete volume with id: 262b610a-d52b-4649-9bc8-d959eccf3ba0
Jul 22 00:04:07.474279 np0000005609 devstack@c-api.service[97029]: DEBUG cinder.quota [None req-82f3cc80-b0c4-47d2-9b03-6ca05390f232 tempest-GroupSnapshotsTest-1598101494 tempest-GroupSnapshotsTest-1598101494-project-member] Created reservations ['389b85b6-52ea-45d3-9776-09ad0bcd5f25'] {{(pid=97029) reserve /opt/stack/cinder/cinder/quota.py:752}}
Jul 22 00:04:07.477659 np0000005609 devstack@c-api.service[97030]: /opt/stack/data/venv/lib/python3.12/site-packages/oslo_context/context.py:102: DeprecationWarning: Policy enforcement is depending on the value of is_admin. This key is deprecated. Please update your policy file to use the standard policy values.
Jul 22 00:04:07.477659 np0000005609 devstack@c-api.service[97030]: warnings.warn(
Jul 22 00:04:07.480792 np0000005609 devstack@c-api.service[97030]: INFO cinder.volume.api [None req-f9b85b9f-192d-4c9e-a79e-0f5df04f6233 tempest-VolumeTypesAccessTest-483588352 tempest-VolumeTypesAccessTest-483588352-project-member] Volume info retrieved successfully.
Jul 22 00:04:07.506016 np0000005609 devstack@c-api.service[97030]: INFO cinder.volume.api [None req-f9b85b9f-192d-4c9e-a79e-0f5df04f6233 tempest-VolumeTypesAccessTest-483588352 tempest-VolumeTypesAccessTest-483588352-project-member] Delete volume request issued successfully.
Jul 22 00:04:07.506241 np0000005609 devstack@c-api.service[97030]: INFO cinder.api.openstack.wsgi [None req-f9b85b9f-192d-4c9e-a79e-0f5df04f6233 tempest-VolumeTypesAccessTest-483588352 tempest-VolumeTypesAccessTest-483588352-project-member] https://10.4.3.132/volume/v3/volumes/262b610a-d52b-4649-9bc8-d959eccf3ba0 returned with HTTP 202
Jul 22 00:04:07.506861 np0000005609 devstack@c-api.service[97030]: [pid: 97030|app: 0|req: 87/261] 10.4.3.132 () {66 vars in 1351 bytes} [Wed Jul 22 00:04:07 2026] DELETE /volume/v3/volumes/262b610a-d52b-4649-9bc8-d959eccf3ba0 => generated 0 bytes in 57 msecs (HTTP/1.1 202) 6 headers in 233 bytes (1 switches on core 0)
Jul 22 00:04:07.516606 np0000005609 devstack@c-api.service[97028]: DEBUG cinder.api.middleware.request_id [None req-89d50837-c5d1-4ac2-8a7e-63f64e0b171d None None] RequestId filter calling following filter/app {{(pid=97028) _context_setter /opt/stack/cinder/cinder/api/middleware/request_id.py:62}}
Jul 22 00:04:07.519948 np0000005609 devstack@c-api.service[97028]: INFO cinder.api.openstack.wsgi [None req-89d50837-c5d1-4ac2-8a7e-63f64e0b171d tempest-VolumeTypesAccessTest-483588352 tempest-VolumeTypesAccessTest-483588352-project-member] GET https://10.4.3.132/volume/v3/volumes/262b610a-d52b-4649-9bc8-d959eccf3ba0
Jul 22 00:04:07.520260 np0000005609 devstack@c-api.service[97028]: DEBUG cinder.api.openstack.wsgi [None req-89d50837-c5d1-4ac2-8a7e-63f64e0b171d tempest-VolumeTypesAccessTest-483588352 tempest-VolumeTypesAccessTest-483588352-project-member] Empty body provided in request {{(pid=97028) get_body /opt/stack/cinder/cinder/api/openstack/wsgi.py:725}}
Jul 22 00:04:07.520635 np0000005609 devstack@c-api.service[97028]: DEBUG cinder.api.openstack.wsgi [None req-89d50837-c5d1-4ac2-8a7e-63f64e0b171d tempest-VolumeTypesAccessTest-483588352 tempest-VolumeTypesAccessTest-483588352-project-member] Calling method 'show' {{(pid=97028) _process_stack /opt/stack/cinder/cinder/api/openstack/wsgi.py:878}}
Jul 22 00:04:07.529133 np0000005609 devstack@c-api.service[97028]: /opt/stack/data/venv/lib/python3.12/site-packages/oslo_context/context.py:102: DeprecationWarning: Policy enforcement is depending on the value of is_admin. This key is deprecated. Please update your policy file to use the standard policy values.
Jul 22 00:04:07.529133 np0000005609 devstack@c-api.service[97028]: warnings.warn(
Jul 22 00:04:07.529309 np0000005609 devstack@c-api.service[97029]: INFO cinder.group.api [None req-82f3cc80-b0c4-47d2-9b03-6ca05390f232 tempest-GroupSnapshotsTest-1598101494 tempest-GroupSnapshotsTest-1598101494-project-member] A mapping entry already exists for group 06b43b99-e641-468e-ad01-14318800af6e and volume type d1bed1fd-01bf-4631-8b2b-d06dd778dcfd. Do not need to create again.
Jul 22 00:04:07.529631 np0000005609 devstack@c-api.service[97029]: /opt/stack/data/venv/lib/python3.12/site-packages/oslo_context/context.py:102: DeprecationWarning: Policy enforcement is depending on the value of is_admin. This key is deprecated. Please update your policy file to use the standard policy values.
Jul 22 00:04:07.529631 np0000005609 devstack@c-api.service[97029]: warnings.warn(
Jul 22 00:04:07.530146 np0000005609 devstack@c-api.service[97029]: INFO cinder.volume.api [None req-82f3cc80-b0c4-47d2-9b03-6ca05390f232 tempest-GroupSnapshotsTest-1598101494 tempest-GroupSnapshotsTest-1598101494-project-member] Availability Zones retrieved successfully.
Jul 22 00:04:07.532753 np0000005609 devstack@c-api.service[97028]: INFO cinder.volume.api [None req-89d50837-c5d1-4ac2-8a7e-63f64e0b171d tempest-VolumeTypesAccessTest-483588352 tempest-VolumeTypesAccessTest-483588352-project-member] Volume info retrieved successfully.
Jul 22 00:04:07.535810 np0000005609 devstack@c-api.service[97029]: DEBUG cinder.volume.api [None req-82f3cc80-b0c4-47d2-9b03-6ca05390f232 tempest-GroupSnapshotsTest-1598101494 tempest-GroupSnapshotsTest-1598101494-project-member] Flow 'volume_create_api' (53b1b887-ea47-49b3-a87f-84b6ce3b41f3) transitioned into state 'RUNNING' from state 'PENDING' {{(pid=97029) _flow_receiver /opt/stack/data/venv/lib/python3.12/site-packages/taskflow/listeners/logging.py:160}}
Jul 22 00:04:07.536823 np0000005609 devstack@c-api.service[97029]: DEBUG cinder.volume.api [None req-82f3cc80-b0c4-47d2-9b03-6ca05390f232 tempest-GroupSnapshotsTest-1598101494 tempest-GroupSnapshotsTest-1598101494-project-member] Task 'cinder.volume.flows.api.create_volume.ExtractVolumeRequestTask;volume:create' (a8225405-40f8-421a-abd3-97d970944cfa) transitioned into state 'RUNNING' from state 'PENDING' {{(pid=97029) _task_receiver /opt/stack/data/venv/lib/python3.12/site-packages/taskflow/listeners/logging.py:242}}
Jul 22 00:04:07.537799 np0000005609 devstack@c-api.service[97029]: DEBUG cinder.volume.flows.api.create_volume [None req-82f3cc80-b0c4-47d2-9b03-6ca05390f232 tempest-GroupSnapshotsTest-1598101494 tempest-GroupSnapshotsTest-1598101494-project-member] Validating volume size '1' using validate_int, validate_snap_size {{(pid=97029) _extract_size /opt/stack/cinder/cinder/volume/flows/api/create_volume.py:226}}
Jul 22 00:04:07.538814 np0000005609 devstack@c-api.service[97028]: INFO cinder.api.openstack.wsgi [None req-89d50837-c5d1-4ac2-8a7e-63f64e0b171d tempest-VolumeTypesAccessTest-483588352 tempest-VolumeTypesAccessTest-483588352-project-member] https://10.4.3.132/volume/v3/volumes/262b610a-d52b-4649-9bc8-d959eccf3ba0 returned with HTTP 200
Jul 22 00:04:07.539244 np0000005609 devstack@c-api.service[97028]: [pid: 97028|app: 0|req: 91/262] 10.4.3.132 () {66 vars in 1348 bytes} [Wed Jul 22 00:04:07 2026] GET /volume/v3/volumes/262b610a-d52b-4649-9bc8-d959eccf3ba0 => generated 888 bytes in 23 msecs (HTTP/1.1 200) 7 headers in 285 bytes (1 switches on core 0)
Jul 22 00:04:07.570415 np0000005609 devstack@c-api.service[97029]: DEBUG cinder.volume.api [None req-82f3cc80-b0c4-47d2-9b03-6ca05390f232 tempest-GroupSnapshotsTest-1598101494 tempest-GroupSnapshotsTest-1598101494-project-member] Task 'cinder.volume.flows.api.create_volume.ExtractVolumeRequestTask;volume:create' (a8225405-40f8-421a-abd3-97d970944cfa) transitioned into state 'SUCCESS' from state 'RUNNING' with result '{'size': 1, 'snapshot_id': '7e21bbcb-212a-4cfa-bbbb-87813762dd74', 'source_volid': None, 'volume_type': VolumeType(created_at=2026-07-22T00:04:03Z,deleted=False,deleted_at=None,description=None,extra_specs={},id=d1bed1fd-01bf-4631-8b2b-d06dd778dcfd,is_public=True,name='tempest-GroupSnapshotsTest-volume-type-2057412776',projects=[],qos_specs=,qos_specs_id=None,updated_at=None), 'volume_type_id': 'd1bed1fd-01bf-4631-8b2b-d06dd778dcfd', 'encryption_key_id': None, 'qos_specs': None, 'consistencygroup_id': None, 'cgsnapshot_id': None, 'group_id': '06b43b99-e641-468e-ad01-14318800af6e', 'replication_status': 'disabled', 'refresh_az': False, 'backup_id': None, 'multiattach': False, 'availability_zones': ['nova']}' {{(pid=97029) _task_receiver /opt/stack/data/venv/lib/python3.12/site-packages/taskflow/listeners/logging.py:218}}
Jul 22 00:04:07.571760 np0000005609 devstack@c-api.service[97029]: DEBUG cinder.volume.api [None req-82f3cc80-b0c4-47d2-9b03-6ca05390f232 tempest-GroupSnapshotsTest-1598101494 tempest-GroupSnapshotsTest-1598101494-project-member] Task 'cinder.volume.flows.api.create_volume.QuotaReserveTask;volume:create' (bec5c179-45b7-4b6c-a34e-a94688dd2e2b) transitioned into state 'RUNNING' from state 'PENDING' {{(pid=97029) _task_receiver /opt/stack/data/venv/lib/python3.12/site-packages/taskflow/listeners/logging.py:242}}
Jul 22 00:04:07.595821 np0000005609 devstack@c-api.service[97029]: WARNING cinder.quota [None req-82f3cc80-b0c4-47d2-9b03-6ca05390f232 tempest-GroupSnapshotsTest-1598101494 tempest-GroupSnapshotsTest-1598101494-project-member] Deprecated: Default quota for resource: volumes_tempest-GroupSnapshotsTest-volume-type-2057412776 is set by the default quota flag: quota_volumes_tempest-GroupSnapshotsTest-volume-type-2057412776, it is now deprecated. Please use the default quota class for default quota.
Jul 22 00:04:07.607617 np0000005609 devstack@c-api.service[97029]: DEBUG cinder.quota [None req-82f3cc80-b0c4-47d2-9b03-6ca05390f232 tempest-GroupSnapshotsTest-1598101494 tempest-GroupSnapshotsTest-1598101494-project-member] Created reservations ['c498ba94-3215-4955-bd84-abc27ef09cea', '1f63ea70-14b7-499e-b084-3c020155555d'] {{(pid=97029) reserve /opt/stack/cinder/cinder/quota.py:752}}
Jul 22 00:04:07.608642 np0000005609 devstack@c-api.service[97029]: DEBUG cinder.volume.api [None req-82f3cc80-b0c4-47d2-9b03-6ca05390f232 tempest-GroupSnapshotsTest-1598101494 tempest-GroupSnapshotsTest-1598101494-project-member] Task 'cinder.volume.flows.api.create_volume.QuotaReserveTask;volume:create' (bec5c179-45b7-4b6c-a34e-a94688dd2e2b) transitioned into state 'SUCCESS' from state 'RUNNING' with result '{'reservations': ['c498ba94-3215-4955-bd84-abc27ef09cea', '1f63ea70-14b7-499e-b084-3c020155555d']}' {{(pid=97029) _task_receiver /opt/stack/data/venv/lib/python3.12/site-packages/taskflow/listeners/logging.py:218}}
Jul 22 00:04:07.609518 np0000005609 devstack@c-api.service[97029]: DEBUG cinder.volume.api [None req-82f3cc80-b0c4-47d2-9b03-6ca05390f232 tempest-GroupSnapshotsTest-1598101494 tempest-GroupSnapshotsTest-1598101494-project-member] Task 'cinder.volume.flows.api.create_volume.EntryCreateTask;volume:create' (e367fe39-9d7c-44ef-8536-b7f26cfe5b7e) transitioned into state 'RUNNING' from state 'PENDING' {{(pid=97029) _task_receiver /opt/stack/data/venv/lib/python3.12/site-packages/taskflow/listeners/logging.py:242}}
Jul 22 00:04:07.642496 np0000005609 devstack@c-api.service[97029]: DEBUG cinder.volume.api [None req-82f3cc80-b0c4-47d2-9b03-6ca05390f232 tempest-GroupSnapshotsTest-1598101494 tempest-GroupSnapshotsTest-1598101494-project-member] Task 'cinder.volume.flows.api.create_volume.EntryCreateTask;volume:create' (e367fe39-9d7c-44ef-8536-b7f26cfe5b7e) transitioned into state 'SUCCESS' from state 'RUNNING' with result '{'volume_id': '5720e68c-7a7e-4de5-906e-85fc5d9f2426', 'volume_properties': VolumeProperties(attach_status='detached',availability_zone='nova',cgsnapshot_id=None,consistencygroup_id=None,display_description=None,display_name=None,encryption_key_id=None,group_id=06b43b99-e641-468e-ad01-14318800af6e,group_type_id=,metadata={},multiattach=False,project_id='a3640092a2b94a0a960b753d64570c12',qos_specs=None,replication_status=,reservations=['c498ba94-3215-4955-bd84-abc27ef09cea','1f63ea70-14b7-499e-b084-3c020155555d'],size=1,snapshot_id=7e21bbcb-212a-4cfa-bbbb-87813762dd74,source_replicaid=,source_volid=None,status='creating',user_id='9485d7badc6b43a1bc2a746a9fc8dca7',volume_type_id=d1bed1fd-01bf-4631-8b2b-d06dd778dcfd), 'volume': Volume(_name_id=None,admin_metadata=,attach_status='detached',availability_zone='nova',bootable=False,cluster=,cluster_name=None,consistencygroup=,consistencygroup_id=None,created_at=2026-07-22T00:04:07Z,deleted=False,deleted_at=None,display_description=None,display_name=None,ec2_id=None,encryption_key_id=None,glance_metadata=,group=,group_id=06b43b99-e641-468e-ad01-14318800af6e,host=None,id=5720e68c-7a7e-4de5-906e-85fc5d9f2426,launched_at=None,metadata={},migration_status=None,multiattach=False,previous_status=None,project_id='a3640092a2b94a0a960b753d64570c12',provider_auth=None,provider_geometry=None,provider_id=None,provider_location=None,replication_driver_data=None,replication_extended_status=None,replication_status=None,scheduled_at=None,service_uuid=None,shared_targets=True,size=1,snapshot_id=7e21bbcb-212a-4cfa-bbbb-87813762dd74,snapshots=,source_volid=None,status='creating',terminated_at=None,updated_at=None,use_quota=True,user_id='9485d7badc6b43a1bc2a746a9fc8dca7',volume_attachment=VolumeAttachmentList,volume_type=VolumeType(d1bed1fd-01bf-4631-8b2b-d06dd778dcfd),volume_type_id=d1bed1fd-01bf-4631-8b2b-d06dd778dcfd)}' {{(pid=97029) _task_receiver /opt/stack/data/venv/lib/python3.12/site-packages/taskflow/listeners/logging.py:218}}
Jul 22 00:04:07.644330 np0000005609 devstack@c-api.service[97029]: DEBUG cinder.volume.api [None req-82f3cc80-b0c4-47d2-9b03-6ca05390f232 tempest-GroupSnapshotsTest-1598101494 tempest-GroupSnapshotsTest-1598101494-project-member] Task 'cinder.volume.flows.api.create_volume.QuotaCommitTask;volume:create' (4f2fd0dc-a84c-4ff7-bc45-40ce89dd86c4) transitioned into state 'RUNNING' from state 'PENDING' {{(pid=97029) _task_receiver /opt/stack/data/venv/lib/python3.12/site-packages/taskflow/listeners/logging.py:242}}
Jul 22 00:04:07.661032 np0000005609 devstack@c-api.service[97029]: DEBUG cinder.volume.api [None req-82f3cc80-b0c4-47d2-9b03-6ca05390f232 tempest-GroupSnapshotsTest-1598101494 tempest-GroupSnapshotsTest-1598101494-project-member] Task 'cinder.volume.flows.api.create_volume.QuotaCommitTask;volume:create' (4f2fd0dc-a84c-4ff7-bc45-40ce89dd86c4) transitioned into state 'SUCCESS' from state 'RUNNING' with result '{'volume_properties': VolumeProperties(attach_status='detached',availability_zone='nova',cgsnapshot_id=None,consistencygroup_id=None,display_description=None,display_name=None,encryption_key_id=None,group_id=06b43b99-e641-468e-ad01-14318800af6e,group_type_id=,metadata={},multiattach=False,project_id='a3640092a2b94a0a960b753d64570c12',qos_specs=None,replication_status=,reservations=['c498ba94-3215-4955-bd84-abc27ef09cea','1f63ea70-14b7-499e-b084-3c020155555d'],size=1,snapshot_id=7e21bbcb-212a-4cfa-bbbb-87813762dd74,source_replicaid=,source_volid=None,status='creating',user_id='9485d7badc6b43a1bc2a746a9fc8dca7',volume_type_id=d1bed1fd-01bf-4631-8b2b-d06dd778dcfd)}' {{(pid=97029) _task_receiver /opt/stack/data/venv/lib/python3.12/site-packages/taskflow/listeners/logging.py:218}}
Jul 22 00:04:07.661886 np0000005609 devstack@c-api.service[97029]: DEBUG cinder.volume.api [None req-82f3cc80-b0c4-47d2-9b03-6ca05390f232 tempest-GroupSnapshotsTest-1598101494 tempest-GroupSnapshotsTest-1598101494-project-member] Flow 'volume_create_api' (53b1b887-ea47-49b3-a87f-84b6ce3b41f3) transitioned into state 'SUCCESS' from state 'RUNNING' {{(pid=97029) _flow_receiver /opt/stack/data/venv/lib/python3.12/site-packages/taskflow/listeners/logging.py:160}}
Jul 22 00:04:07.662364 np0000005609 devstack@c-api.service[97029]: INFO cinder.volume.api [None req-82f3cc80-b0c4-47d2-9b03-6ca05390f232 tempest-GroupSnapshotsTest-1598101494 tempest-GroupSnapshotsTest-1598101494-project-member] Create volume request issued successfully.
Jul 22 00:04:07.687688 np0000005609 devstack@c-api.service[97029]: INFO cinder.api.openstack.wsgi [None req-82f3cc80-b0c4-47d2-9b03-6ca05390f232 tempest-GroupSnapshotsTest-1598101494 tempest-GroupSnapshotsTest-1598101494-project-member] https://10.4.3.132/volume/v3/groups/action returned with HTTP 202
Jul 22 00:04:07.688095 np0000005609 devstack@c-api.service[97029]: [pid: 97029|app: 0|req: 85/263] 10.4.3.132 () {70 vars in 1318 bytes} [Wed Jul 22 00:04:07 2026] POST /volume/v3/groups/action => generated 102 bytes in 317 msecs (HTTP/1.1 202) 7 headers in 292 bytes (1 switches on core 0)
Jul 22 00:04:07.697594 np0000005609 devstack@c-api.service[97030]: DEBUG cinder.api.middleware.request_id [None req-6ed0315f-2e10-435a-b339-27d2e3522da8 None None] RequestId filter calling following filter/app {{(pid=97030) _context_setter /opt/stack/cinder/cinder/api/middleware/request_id.py:62}}
Jul 22 00:04:07.699340 np0000005609 devstack@c-api.service[97030]: INFO cinder.api.openstack.wsgi [None req-6ed0315f-2e10-435a-b339-27d2e3522da8 tempest-GroupSnapshotsTest-1598101494 tempest-GroupSnapshotsTest-1598101494-project-member] GET https://10.4.3.132/volume/v3/volumes/detail
Jul 22 00:04:07.699606 np0000005609 devstack@c-api.service[97030]: DEBUG cinder.api.openstack.wsgi [None req-6ed0315f-2e10-435a-b339-27d2e3522da8 tempest-GroupSnapshotsTest-1598101494 tempest-GroupSnapshotsTest-1598101494-project-member] Empty body provided in request {{(pid=97030) get_body /opt/stack/cinder/cinder/api/openstack/wsgi.py:725}}
Jul 22 00:04:07.699838 np0000005609 devstack@c-api.service[97030]: DEBUG cinder.api.openstack.wsgi [None req-6ed0315f-2e10-435a-b339-27d2e3522da8 tempest-GroupSnapshotsTest-1598101494 tempest-GroupSnapshotsTest-1598101494-project-member] Calling method 'detail' {{(pid=97030) _process_stack /opt/stack/cinder/cinder/api/openstack/wsgi.py:878}}
Jul 22 00:04:07.700359 np0000005609 devstack@c-api.service[97030]: DEBUG cinder.api.api_utils [None req-6ed0315f-2e10-435a-b339-27d2e3522da8 tempest-GroupSnapshotsTest-1598101494 tempest-GroupSnapshotsTest-1598101494-project-member] Removing options '' from query. {{(pid=97030) remove_invalid_filter_options /opt/stack/cinder/cinder/api/api_utils.py:82}}
Jul 22 00:04:07.701102 np0000005609 devstack@c-api.service[97030]: DEBUG cinder.volume.api [None req-6ed0315f-2e10-435a-b339-27d2e3522da8 tempest-GroupSnapshotsTest-1598101494 tempest-GroupSnapshotsTest-1598101494-project-member] Searching by: MultiDict([('no_migration_targets', True)]). {{(pid=97030) get_all /opt/stack/cinder/cinder/volume/api.py:664}}
Jul 22 00:04:07.731211 np0000005609 devstack@c-api.service[97030]: INFO cinder.volume.api [None req-6ed0315f-2e10-435a-b339-27d2e3522da8 tempest-GroupSnapshotsTest-1598101494 tempest-GroupSnapshotsTest-1598101494-project-member] Get all volumes completed successfully.
Jul 22 00:04:07.731876 np0000005609 devstack@c-api.service[97030]: WARNING stevedore.named [None req-6ed0315f-2e10-435a-b339-27d2e3522da8 tempest-GroupSnapshotsTest-1598101494 tempest-GroupSnapshotsTest-1598101494-project-member] Could not load cinder.keymgr.conf_key_mgr.ConfKeyManager
Jul 22 00:04:07.732047 np0000005609 devstack@c-api.service[97030]: WARNING castellan.key_manager [None req-6ed0315f-2e10-435a-b339-27d2e3522da8 tempest-GroupSnapshotsTest-1598101494 tempest-GroupSnapshotsTest-1598101494-project-member] Deprecation Warning : cinder.keymgr.conf_key_mgr.ConfKeyManager is not a stevedore based driver, trying to load it as a class: stevedore.exception.NoMatches: No 'castellan.drivers' driver found, looking for 'cinder.keymgr.conf_key_mgr.ConfKeyManager'
Jul 22 00:04:07.771285 np0000005609 devstack@c-api.service[97030]: DEBUG oslo_db.sqlalchemy.engines [None req-6ed0315f-2e10-435a-b339-27d2e3522da8 tempest-GroupSnapshotsTest-1598101494 tempest-GroupSnapshotsTest-1598101494-project-member] MySQL server mode set to STRICT_TRANS_TABLES,STRICT_ALL_TABLES,NO_ZERO_IN_DATE,NO_ZERO_DATE,ERROR_FOR_DIVISION_BY_ZERO,TRADITIONAL,NO_ENGINE_SUBSTITUTION {{(pid=97030) _check_effective_sql_mode /opt/stack/data/venv/lib/python3.12/site-packages/oslo_db/sqlalchemy/engines.py:325}}
Jul 22 00:04:07.775674 np0000005609 devstack@c-api.service[97030]: /opt/stack/data/venv/lib/python3.12/site-packages/oslo_context/context.py:102: DeprecationWarning: Policy enforcement is depending on the value of is_admin. This key is deprecated. Please update your policy file to use the standard policy values.
Jul 22 00:04:07.775674 np0000005609 devstack@c-api.service[97030]: warnings.warn(
Jul 22 00:04:07.783759 np0000005609 devstack@c-api.service[97030]: WARNING stevedore.named [None req-6ed0315f-2e10-435a-b339-27d2e3522da8 tempest-GroupSnapshotsTest-1598101494 tempest-GroupSnapshotsTest-1598101494-project-member] Could not load cinder.keymgr.conf_key_mgr.ConfKeyManager
Jul 22 00:04:07.783907 np0000005609 devstack@c-api.service[97030]: WARNING castellan.key_manager [None req-6ed0315f-2e10-435a-b339-27d2e3522da8 tempest-GroupSnapshotsTest-1598101494 tempest-GroupSnapshotsTest-1598101494-project-member] Deprecation Warning : cinder.keymgr.conf_key_mgr.ConfKeyManager is not a stevedore based driver, trying to load it as a class: stevedore.exception.NoMatches: No 'castellan.drivers' driver found, looking for 'cinder.keymgr.conf_key_mgr.ConfKeyManager'
Jul 22 00:04:07.821202 np0000005609 devstack@c-api.service[97030]: DEBUG oslo_db.sqlalchemy.engines [None req-6ed0315f-2e10-435a-b339-27d2e3522da8 tempest-GroupSnapshotsTest-1598101494 tempest-GroupSnapshotsTest-1598101494-project-member] MySQL server mode set to STRICT_TRANS_TABLES,STRICT_ALL_TABLES,NO_ZERO_IN_DATE,NO_ZERO_DATE,ERROR_FOR_DIVISION_BY_ZERO,TRADITIONAL,NO_ENGINE_SUBSTITUTION {{(pid=97030) _check_effective_sql_mode /opt/stack/data/venv/lib/python3.12/site-packages/oslo_db/sqlalchemy/engines.py:325}}
Jul 22 00:04:07.825459 np0000005609 devstack@c-api.service[97030]: /opt/stack/data/venv/lib/python3.12/site-packages/oslo_context/context.py:102: DeprecationWarning: Policy enforcement is depending on the value of is_admin. This key is deprecated. Please update your policy file to use the standard policy values.
Jul 22 00:04:07.825459 np0000005609 devstack@c-api.service[97030]: warnings.warn(
Jul 22 00:04:07.835076 np0000005609 devstack@c-api.service[97030]: INFO cinder.api.openstack.wsgi [None req-6ed0315f-2e10-435a-b339-27d2e3522da8 tempest-GroupSnapshotsTest-1598101494 tempest-GroupSnapshotsTest-1598101494-project-member] https://10.4.3.132/volume/v3/volumes/detail returned with HTTP 200
Jul 22 00:04:07.837278 np0000005609 devstack@c-api.service[97030]: [pid: 97030|app: 0|req: 88/264] 10.4.3.132 () {68 vars in 1299 bytes} [Wed Jul 22 00:04:07 2026] GET /volume/v3/volumes/detail => generated 1836 bytes in 138 msecs (HTTP/1.1 200) 7 headers in 287 bytes (1 switches on core 0)
Jul 22 00:04:07.855590 np0000005609 devstack@c-api.service[97028]: DEBUG cinder.api.middleware.request_id [None req-bfc84ef9-0aab-4022-958c-f03395f2f98e None None] RequestId filter calling following filter/app {{(pid=97028) _context_setter /opt/stack/cinder/cinder/api/middleware/request_id.py:62}}
Jul 22 00:04:07.859899 np0000005609 devstack@c-api.service[97028]: INFO cinder.api.openstack.wsgi [None req-bfc84ef9-0aab-4022-958c-f03395f2f98e tempest-GroupSnapshotsTest-1598101494 tempest-GroupSnapshotsTest-1598101494-project-member] GET https://10.4.3.132/volume/v3/volumes/5720e68c-7a7e-4de5-906e-85fc5d9f2426
Jul 22 00:04:07.860915 np0000005609 devstack@c-api.service[97028]: DEBUG cinder.api.openstack.wsgi [None req-bfc84ef9-0aab-4022-958c-f03395f2f98e tempest-GroupSnapshotsTest-1598101494 tempest-GroupSnapshotsTest-1598101494-project-member] Empty body provided in request {{(pid=97028) get_body /opt/stack/cinder/cinder/api/openstack/wsgi.py:725}}
Jul 22 00:04:07.861126 np0000005609 devstack@c-api.service[97028]: DEBUG cinder.api.openstack.wsgi [None req-bfc84ef9-0aab-4022-958c-f03395f2f98e tempest-GroupSnapshotsTest-1598101494 tempest-GroupSnapshotsTest-1598101494-project-member] Calling method 'show' {{(pid=97028) _process_stack /opt/stack/cinder/cinder/api/openstack/wsgi.py:878}}
Jul 22 00:04:07.870133 np0000005609 devstack@c-api.service[97028]: /opt/stack/data/venv/lib/python3.12/site-packages/oslo_context/context.py:102: DeprecationWarning: Policy enforcement is depending on the value of is_admin. This key is deprecated. Please update your policy file to use the standard policy values.
Jul 22 00:04:07.870133 np0000005609 devstack@c-api.service[97028]: warnings.warn(
Jul 22 00:04:07.875367 np0000005609 devstack@c-api.service[97028]: INFO cinder.volume.api [None req-bfc84ef9-0aab-4022-958c-f03395f2f98e tempest-GroupSnapshotsTest-1598101494 tempest-GroupSnapshotsTest-1598101494-project-member] Volume info retrieved successfully.
Jul 22 00:04:07.876458 np0000005609 devstack@c-api.service[97028]: WARNING stevedore.named [None req-bfc84ef9-0aab-4022-958c-f03395f2f98e tempest-GroupSnapshotsTest-1598101494 tempest-GroupSnapshotsTest-1598101494-project-member] Could not load cinder.keymgr.conf_key_mgr.ConfKeyManager
Jul 22 00:04:07.876458 np0000005609 devstack@c-api.service[97028]: WARNING castellan.key_manager [None req-bfc84ef9-0aab-4022-958c-f03395f2f98e tempest-GroupSnapshotsTest-1598101494 tempest-GroupSnapshotsTest-1598101494-project-member] Deprecation Warning : cinder.keymgr.conf_key_mgr.ConfKeyManager is not a stevedore based driver, trying to load it as a class: stevedore.exception.NoMatches: No 'castellan.drivers' driver found, looking for 'cinder.keymgr.conf_key_mgr.ConfKeyManager'
Jul 22 00:04:07.921717 np0000005609 devstack@c-api.service[97028]: DEBUG oslo_db.sqlalchemy.engines [None req-bfc84ef9-0aab-4022-958c-f03395f2f98e tempest-GroupSnapshotsTest-1598101494 tempest-GroupSnapshotsTest-1598101494-project-member] MySQL server mode set to STRICT_TRANS_TABLES,STRICT_ALL_TABLES,NO_ZERO_IN_DATE,NO_ZERO_DATE,ERROR_FOR_DIVISION_BY_ZERO,TRADITIONAL,NO_ENGINE_SUBSTITUTION {{(pid=97028) _check_effective_sql_mode /opt/stack/data/venv/lib/python3.12/site-packages/oslo_db/sqlalchemy/engines.py:325}}
Jul 22 00:04:07.926050 np0000005609 devstack@c-api.service[97028]: /opt/stack/data/venv/lib/python3.12/site-packages/oslo_context/context.py:102: DeprecationWarning: Policy enforcement is depending on the value of is_admin. This key is deprecated. Please update your policy file to use the standard policy values.
Jul 22 00:04:07.926050 np0000005609 devstack@c-api.service[97028]: warnings.warn(
Jul 22 00:04:07.934263 np0000005609 devstack@c-api.service[97028]: INFO cinder.api.openstack.wsgi [None req-bfc84ef9-0aab-4022-958c-f03395f2f98e tempest-GroupSnapshotsTest-1598101494 tempest-GroupSnapshotsTest-1598101494-project-member] https://10.4.3.132/volume/v3/volumes/5720e68c-7a7e-4de5-906e-85fc5d9f2426 returned with HTTP 200
Jul 22 00:04:07.934652 np0000005609 devstack@c-api.service[97028]: [pid: 97028|app: 0|req: 92/265] 10.4.3.132 () {68 vars in 1389 bytes} [Wed Jul 22 00:04:07 2026] GET /volume/v3/volumes/5720e68c-7a7e-4de5-906e-85fc5d9f2426 => generated 927 bytes in 81 msecs (HTTP/1.1 200) 7 headers in 286 bytes (1 switches on core 0)
Jul 22 00:04:07.949965 np0000005609 devstack@c-api.service[97029]: DEBUG cinder.api.middleware.request_id [None req-16f40f65-3934-431e-ac24-d9d5f4338ee5 None None] RequestId filter calling following filter/app {{(pid=97029) _context_setter /opt/stack/cinder/cinder/api/middleware/request_id.py:62}}
Jul 22 00:04:07.954482 np0000005609 devstack@c-api.service[97029]: INFO cinder.api.openstack.wsgi [None req-16f40f65-3934-431e-ac24-d9d5f4338ee5 tempest-GroupSnapshotsTest-1598101494 tempest-GroupSnapshotsTest-1598101494-project-member] GET https://10.4.3.132/volume/v3/groups/06b43b99-e641-468e-ad01-14318800af6e
Jul 22 00:04:07.954694 np0000005609 devstack@c-api.service[97029]: DEBUG cinder.api.openstack.wsgi [None req-16f40f65-3934-431e-ac24-d9d5f4338ee5 tempest-GroupSnapshotsTest-1598101494 tempest-GroupSnapshotsTest-1598101494-project-member] Empty body provided in request {{(pid=97029) get_body /opt/stack/cinder/cinder/api/openstack/wsgi.py:725}}
Jul 22 00:04:07.954925 np0000005609 devstack@c-api.service[97029]: DEBUG cinder.api.openstack.wsgi [None req-16f40f65-3934-431e-ac24-d9d5f4338ee5 tempest-GroupSnapshotsTest-1598101494 tempest-GroupSnapshotsTest-1598101494-project-member] Calling method 'version_select' {{(pid=97029) _process_stack /opt/stack/cinder/cinder/api/openstack/wsgi.py:878}}
Jul 22 00:04:07.955067 np0000005609 devstack@c-api.service[97029]: DEBUG cinder.api.v3.groups [None req-16f40f65-3934-431e-ac24-d9d5f4338ee5 tempest-GroupSnapshotsTest-1598101494 tempest-GroupSnapshotsTest-1598101494-project-member] show called for member 06b43b99-e641-468e-ad01-14318800af6e {{(pid=97029) show /opt/stack/cinder/cinder/api/v3/groups.py:58}}
Jul 22 00:04:07.960037 np0000005609 devstack@c-api.service[97029]: /opt/stack/data/venv/lib/python3.12/site-packages/oslo_context/context.py:102: DeprecationWarning: Policy enforcement is depending on the value of is_admin. This key is deprecated. Please update your policy file to use the standard policy values.
Jul 22 00:04:07.960037 np0000005609 devstack@c-api.service[97029]: warnings.warn(
