Jul 22 00:01:02.401648 np0000005609 devstack@placement-api.service[90025]: If you are already using Eventlet, we recommend migrating to a different
Jul 22 00:01:02.401648 np0000005609 devstack@placement-api.service[90025]: framework. For more detail see
Jul 22 00:01:02.401648 np0000005609 devstack@placement-api.service[90025]: https://eventlet.readthedocs.io/en/latest/asyncio/migration.html
Jul 22 00:01:02.401648 np0000005609 devstack@placement-api.service[90025]: import eventlet # type: ignore[import-not-found]
Jul 22 00:01:02.401648 np0000005609 devstack@placement-api.service[90025]:
Jul 22 00:01:02.748128 np0000005609 devstack@placement-api.service[90025]: INFO placement.requestlog [req-d6ea1a46-81f8-47d8-8030-6da730635312 req-63a64704-b137-4860-956d-9bebebedc43a service nova] 10.4.3.132 "GET /placement/resource_providers?in_tree=682a253e-c8f4-43cc-b5a6-71b1b6ea0b9e" status: 200 len: 26 microversion: 1.14
Jul 22 00:01:02.748350 np0000005609 devstack@placement-api.service[90025]: [pid: 90025|app: 0|req: 3/6] 10.4.3.132 () {68 vars in 1498 bytes} [Wed Jul 22 00:01:02 2026] GET /placement/resource_providers?in_tree=682a253e-c8f4-43cc-b5a6-71b1b6ea0b9e => generated 26 bytes in 517 msecs (HTTP/1.1 200) 6 headers in 224 bytes (1 switches on core 0)
Jul 22 00:01:02.775320 np0000005609 devstack@placement-api.service[90024]: DEBUG placement.requestlog [req-d6ea1a46-81f8-47d8-8030-6da730635312 req-619426bd-31dd-4545-9c62-af8f61dc7bc6 None None] Starting request: 10.4.3.132 "POST /placement/resource_providers" {{(pid=90024) __call__ /opt/stack/placement/placement/requestlog.py:55}}
Jul 22 00:01:02.956960 np0000005609 devstack@placement-api.service[90024]: WARNING py.warnings [req-d6ea1a46-81f8-47d8-8030-6da730635312 req-619426bd-31dd-4545-9c62-af8f61dc7bc6 None None] /opt/stack/data/venv/lib/python3.12/site-packages/oslo_cache/_memcache_pool.py:29: EventletDeprecationWarning:
Jul 22 00:01:02.956960 np0000005609 devstack@placement-api.service[90024]: Eventlet is deprecated. It is currently being maintained in bugfix mode, and
Jul 22 00:01:02.956960 np0000005609 devstack@placement-api.service[90024]: we strongly recommend against using it for new projects.
Jul 22 00:01:02.956960 np0000005609 devstack@placement-api.service[90024]: If you are already using Eventlet, we recommend migrating to a different
Jul 22 00:01:02.956960 np0000005609 devstack@placement-api.service[90024]: framework. For more detail see
Jul 22 00:01:02.956960 np0000005609 devstack@placement-api.service[90024]: https://eventlet.readthedocs.io/en/latest/asyncio/migration.html
Jul 22 00:01:02.956960 np0000005609 devstack@placement-api.service[90024]: import eventlet # type: ignore[import-not-found]
Jul 22 00:01:02.956960 np0000005609 devstack@placement-api.service[90024]:
Jul 22 00:01:02.991792 np0000005609 devstack@placement-api.service[90024]: INFO placement.requestlog [req-d6ea1a46-81f8-47d8-8030-6da730635312 req-619426bd-31dd-4545-9c62-af8f61dc7bc6 service nova] 10.4.3.132 "POST /placement/resource_providers" status: 200 len: 835 microversion: 1.20
Jul 22 00:01:02.992026 np0000005609 devstack@placement-api.service[90024]: [pid: 90024|app: 0|req: 2/7] 10.4.3.132 () {72 vars in 1462 bytes} [Wed Jul 22 00:01:02 2026] POST /placement/resource_providers => generated 835 bytes in 217 msecs (HTTP/1.1 200) 9 headers in 392 bytes (1 switches on core 0)
Jul 22 00:01:03.019829 np0000005609 devstack@placement-api.service[90026]: DEBUG placement.requestlog [req-d6ea1a46-81f8-47d8-8030-6da730635312 req-1c15d2f1-fc08-4b7f-a70c-2d1711755206 None None] Starting request: 10.4.3.132 "GET /placement/resource_providers/682a253e-c8f4-43cc-b5a6-71b1b6ea0b9e/allocations" {{(pid=90026) __call__ /opt/stack/placement/placement/requestlog.py:55}}
Jul 22 00:01:03.196177 np0000005609 devstack@placement-api.service[90026]: WARNING py.warnings [req-d6ea1a46-81f8-47d8-8030-6da730635312 req-1c15d2f1-fc08-4b7f-a70c-2d1711755206 None None] /opt/stack/data/venv/lib/python3.12/site-packages/oslo_cache/_memcache_pool.py:29: EventletDeprecationWarning:
Jul 22 00:01:03.196177 np0000005609 devstack@placement-api.service[90026]: Eventlet is deprecated. It is currently being maintained in bugfix mode, and
Jul 22 00:01:03.196177 np0000005609 devstack@placement-api.service[90026]: we strongly recommend against using it for new projects.
Jul 22 00:01:03.196177 np0000005609 devstack@placement-api.service[90026]: If you are already using Eventlet, we recommend migrating to a different
Jul 22 00:01:03.196177 np0000005609 devstack@placement-api.service[90026]: framework. For more detail see
Jul 22 00:01:03.196177 np0000005609 devstack@placement-api.service[90026]: https://eventlet.readthedocs.io/en/latest/asyncio/migration.html
Jul 22 00:01:03.196177 np0000005609 devstack@placement-api.service[90026]: import eventlet # type: ignore[import-not-found]
Jul 22 00:01:03.196177 np0000005609 devstack@placement-api.service[90026]:
Jul 22 00:01:03.210846 np0000005609 devstack@placement-api.service[90026]: INFO placement.requestlog [req-d6ea1a46-81f8-47d8-8030-6da730635312 req-1c15d2f1-fc08-4b7f-a70c-2d1711755206 service nova] 10.4.3.132 "GET /placement/resource_providers/682a253e-c8f4-43cc-b5a6-71b1b6ea0b9e/allocations" status: 200 len: 54 microversion: 1.0
Jul 22 00:01:03.211031 np0000005609 devstack@placement-api.service[90026]: [pid: 90026|app: 0|req: 3/8] 10.4.3.132 () {66 vars in 1512 bytes} [Wed Jul 22 00:01:03 2026] GET /placement/resource_providers/682a253e-c8f4-43cc-b5a6-71b1b6ea0b9e/allocations => generated 54 bytes in 191 msecs (HTTP/1.1 200) 6 headers in 223 bytes (1 switches on core 0)
Jul 22 00:01:03.270797 np0000005609 devstack@placement-api.service[90025]: DEBUG placement.requestlog [req-d6ea1a46-81f8-47d8-8030-6da730635312 req-e27c1d86-ff87-45b8-9921-885fb40d8471 None None] Starting request: 10.4.3.132 "PUT /placement/resource_providers/682a253e-c8f4-43cc-b5a6-71b1b6ea0b9e/inventories" {{(pid=90025) __call__ /opt/stack/placement/placement/requestlog.py:55}}
Jul 22 00:01:03.292004 np0000005609 devstack@placement-api.service[90025]: INFO placement.requestlog [req-d6ea1a46-81f8-47d8-8030-6da730635312 req-e27c1d86-ff87-45b8-9921-885fb40d8471 service nova] 10.4.3.132 "PUT /placement/resource_providers/682a253e-c8f4-43cc-b5a6-71b1b6ea0b9e/inventories" status: 200 len: 398 microversion: 1.26
Jul 22 00:01:03.292279 np0000005609 devstack@placement-api.service[90025]: [pid: 90025|app: 0|req: 4/9] 10.4.3.132 () {72 vars in 1609 bytes} [Wed Jul 22 00:01:03 2026] PUT /placement/resource_providers/682a253e-c8f4-43cc-b5a6-71b1b6ea0b9e/inventories => generated 398 bytes in 21 msecs (HTTP/1.1 200) 8 headers in 296 bytes (1 switches on core 0)
Jul 22 00:01:03.320622 np0000005609 devstack@placement-api.service[90024]: DEBUG placement.requestlog [req-d6ea1a46-81f8-47d8-8030-6da730635312 req-f1f49133-b876-432b-8d34-4a559e2f76d2 None None] Starting request: 10.4.3.132 "GET /placement/traits?name=in:COMPUTE_GRAPHICS_MODEL_VIRTIO,COMPUTE_NET_VIF_MODEL_E1000E,COMPUTE_RESCUE_BFV,COMPUTE_ARCH_PPC64LE,HW_CPU_X86_MMX,COMPUTE_NET_VIF_MODEL_LAN9118,COMPUTE_NODE,COMPUTE_ARCH_MIPSEL,COMPUTE_VOLUME_MULTI_ATTACH,COMPUTE_IMAGE_TYPE_AMI,COMPUTE_IMAGE_TYPE_AKI,COMPUTE_IMAGE_TYPE_QCOW2,COMPUTE_STORAGE_BUS_USB,COMPUTE_NET_VIF_MODEL_VMXNET3,COMPUTE_STORAGE_BUS_IDE,COMPUTE_NET_ATTACH_INTERFACE_WITH_TAG,COMPUTE_IMAGE_TYPE_RAW,COMPUTE_ADDRESS_SPACE_EMULATED,COMPUTE_NET_VIRTIO_PACKED,COMPUTE_STORAGE_BUS_SCSI,COMPUTE_ACCELERATORS,COMPUTE_SECURITY_UEFI_SECURE_BOOT,COMPUTE_STORAGE_BUS_SATA,COMPUTE_NET_VIF_MODEL_E1000,COMPUTE_SOUND_MODEL_ES1370,COMPUTE_IMAGE_TYPE_ARI,HW_CPU_X86_SSSE3,COMPUTE_GRAPHICS_MODEL_NONE,COMPUTE_TRUSTED_CERTS,COMPUTE_SOUND_MODEL_AC97,HW_ARCH_X86_64,COMPUTE_SOUND_MODEL_ICH6,COMPUTE_STORAGE_BUS_FDC,COMPUTE_ARCH_RISCV64,COMPUTE_GRAPHICS_MODEL_QXL,COMPUTE_IMAGE_TYPE_ISO,COMPUTE_DEVICE_TAGGING,COMPUTE_NET_VIF_MODEL_SPAPR_VLAN,COMPUTE_GRAPHICS_MODEL_CIRRUS,COMPUTE_ARCH_AARCH64,COMPUTE_NET_VIF_MODEL_NE2K_PCI,COMPUTE_VIOMMU_MODEL_SMMUV3,COMPUTE_NET_ATTACH_INTERFACE,COMPUTE_GRAPHICS_MODEL_VMVGA,COMPUTE_VOLUME_ATTACH_WITH_TAG,COMPUTE_STORAGE_BUS_VIRTIO,COMPUTE_NET_VIF_MODEL_RTL8139,COMPUTE_VIOMMU_MODEL_AUTO,COMPUTE_SOUND_MODEL_PCSPK,COMPUTE_SOUND_MODEL_USB,HW_CPU_X86_SSE2,HW_CPU_X86_SSE,COMPUTE_NET_VIF_MODEL_PCNET,COMPUTE_SOCKET_PCI_NUMA_AFFINITY,COMPUTE_SOUND_MODEL_ICH9,COMPUTE_GRAPHICS_MODEL_VGA,HW_CPU_X86_SSE41,COMPUTE_SECURITY_STATELESS_FIRMWARE,COMPUTE_NET_VIF_MODEL_VIRTIO,COMPUTE_ADDRESS_SPACE_PASSTHROUGH,COMPUTE_ARCH_X86_64,COMPUTE_STORAGE_VIRTIO_FS,COMPUTE_ARCH_S390X,COMPUTE_NET_VIF_MODEL_IGB,COMPUTE_VOLUME_EXTEND,COMPUTE_VIOMMU_MODEL_INTEL,COMPUTE_VIOMMU_MODEL_VIRTIO,COMPUTE_GRAPHICS_MODEL_BOCHS,COMPUTE_SOUND_MODEL_SB16,HW_CPU_X86_SSE42" {{(pid=90024) __call__ /opt/stack/placement/placement/requestlog.py:55}}
Jul 22 00:01:03.330632 np0000005609 devstack@placement-api.service[90024]: INFO placement.requestlog [req-d6ea1a46-81f8-47d8-8030-6da730635312 req-f1f49133-b876-432b-8d34-4a559e2f76d2 service nova] 10.4.3.132 "GET /placement/traits?name=in:COMPUTE_GRAPHICS_MODEL_VIRTIO,COMPUTE_NET_VIF_MODEL_E1000E,COMPUTE_RESCUE_BFV,COMPUTE_ARCH_PPC64LE,HW_CPU_X86_MMX,COMPUTE_NET_VIF_MODEL_LAN9118,COMPUTE_NODE,COMPUTE_ARCH_MIPSEL,COMPUTE_VOLUME_MULTI_ATTACH,COMPUTE_IMAGE_TYPE_AMI,COMPUTE_IMAGE_TYPE_AKI,COMPUTE_IMAGE_TYPE_QCOW2,COMPUTE_STORAGE_BUS_USB,COMPUTE_NET_VIF_MODEL_VMXNET3,COMPUTE_STORAGE_BUS_IDE,COMPUTE_NET_ATTACH_INTERFACE_WITH_TAG,COMPUTE_IMAGE_TYPE_RAW,COMPUTE_ADDRESS_SPACE_EMULATED,COMPUTE_NET_VIRTIO_PACKED,COMPUTE_STORAGE_BUS_SCSI,COMPUTE_ACCELERATORS,COMPUTE_SECURITY_UEFI_SECURE_BOOT,COMPUTE_STORAGE_BUS_SATA,COMPUTE_NET_VIF_MODEL_E1000,COMPUTE_SOUND_MODEL_ES1370,COMPUTE_IMAGE_TYPE_ARI,HW_CPU_X86_SSSE3,COMPUTE_GRAPHICS_MODEL_NONE,COMPUTE_TRUSTED_CERTS,COMPUTE_SOUND_MODEL_AC97,HW_ARCH_X86_64,COMPUTE_SOUND_MODEL_ICH6,COMPUTE_STORAGE_BUS_FDC,COMPUTE_ARCH_RISCV64,COMPUTE_GRAPHICS_MODEL_QXL,COMPUTE_IMAGE_TYPE_ISO,COMPUTE_DEVICE_TAGGING,COMPUTE_NET_VIF_MODEL_SPAPR_VLAN,COMPUTE_GRAPHICS_MODEL_CIRRUS,COMPUTE_ARCH_AARCH64,COMPUTE_NET_VIF_MODEL_NE2K_PCI,COMPUTE_VIOMMU_MODEL_SMMUV3,COMPUTE_NET_ATTACH_INTERFACE,COMPUTE_GRAPHICS_MODEL_VMVGA,COMPUTE_VOLUME_ATTACH_WITH_TAG,COMPUTE_STORAGE_BUS_VIRTIO,COMPUTE_NET_VIF_MODEL_RTL8139,COMPUTE_VIOMMU_MODEL_AUTO,COMPUTE_SOUND_MODEL_PCSPK,COMPUTE_SOUND_MODEL_USB,HW_CPU_X86_SSE2,HW_CPU_X86_SSE,COMPUTE_NET_VIF_MODEL_PCNET,COMPUTE_SOCKET_PCI_NUMA_AFFINITY,COMPUTE_SOUND_MODEL_ICH9,COMPUTE_GRAPHICS_MODEL_VGA,HW_CPU_X86_SSE41,COMPUTE_SECURITY_STATELESS_FIRMWARE,COMPUTE_NET_VIF_MODEL_VIRTIO,COMPUTE_ADDRESS_SPACE_PASSTHROUGH,COMPUTE_ARCH_X86_64,COMPUTE_STORAGE_VIRTIO_FS,COMPUTE_ARCH_S390X,COMPUTE_NET_VIF_MODEL_IGB,COMPUTE_VOLUME_EXTEND,COMPUTE_VIOMMU_MODEL_INTEL,COMPUTE_VIOMMU_MODEL_VIRTIO,COMPUTE_GRAPHICS_MODEL_BOCHS,COMPUTE_SOUND_MODEL_SB16,HW_CPU_X86_SSE42" status: 200 len: 1991 microversion: 1.6
Jul 22 00:01:03.330800 np0000005609 devstack@placement-api.service[90024]: [pid: 90024|app: 0|req: 3/10] 10.4.3.132 () {68 vars in 4925 bytes} [Wed Jul 22 00:01:03 2026] GET /placement/traits?name=in:COMPUTE_GRAPHICS_MODEL_VIRTIO,COMPUTE_NET_VIF_MODEL_E1000E,COMPUTE_RESCUE_BFV,COMPUTE_ARCH_PPC64LE,HW_CPU_X86_MMX,COMPUTE_NET_VIF_MODEL_LAN9118,COMPUTE_NODE,COMPUTE_ARCH_MIPSEL,COMPUTE_VOLUME_MULTI_ATTACH,COMPUTE_IMAGE_TYPE_AMI,COMPUTE_IMAGE_TYPE_AKI,COMPUTE_IMAGE_TYPE_QCOW2,COMPUTE_STORAGE_BUS_USB,COMPUTE_NET_VIF_MODEL_VMXNET3,COMPUTE_STORAGE_BUS_IDE,COMPUTE_NET_ATTACH_INTERFACE_WITH_TAG,COMPUTE_IMAGE_TYPE_RAW,COMPUTE_ADDRESS_SPACE_EMULATED,COMPUTE_NET_VIRTIO_PACKED,COMPUTE_STORAGE_BUS_SCSI,COMPUTE_ACCELERATORS,COMPUTE_SECURITY_UEFI_SECURE_BOOT,COMPUTE_STORAGE_BUS_SATA,COMPUTE_NET_VIF_MODEL_E1000,COMPUTE_SOUND_MODEL_ES1370,COMPUTE_IMAGE_TYPE_ARI,HW_CPU_X86_SSSE3,COMPUTE_GRAPHICS_MODEL_NONE,COMPUTE_TRUSTED_CERTS,COMPUTE_SOUND_MODEL_AC97,HW_ARCH_X86_64,COMPUTE_SOUND_MODEL_ICH6,COMPUTE_STORAGE_BUS_FDC,COMPUTE_ARCH_RISCV64,COMPUTE_GRAPHICS_MODEL_QXL,COMPUTE_IMAGE_TYPE_ISO,COMPUTE_DEVICE_TAGGING,COMPUTE_NET_VIF_MODEL_SPAPR_VLAN,COMPUTE_GRAPHICS_MODEL_CIRRUS,COMPUTE_ARCH_AARCH64,COMPUTE_NET_VIF_MODEL_NE2K_PCI,COMPUTE_VIOMMU_MODEL_SMMUV3,COMPUTE_NET_ATTACH_INTERFACE,COMPUTE_GRAPHICS_MODEL_VMVGA,COMPUTE_VOLUME_ATTACH_WITH_TAG,COMPUTE_STORAGE_BUS_VIRTIO,COMPUTE_NET_VIF_MODEL_RTL8139,COMPUTE_VIOMMU_MODEL_AUTO,COMPUTE_SOUND_MODEL_PCSPK,COMPUTE_SOUND_MODEL_USB,HW_CPU_X86_SSE2,HW_CPU_X86_SSE,COMPUTE_NET_VIF_MODEL_PCNET,COMPUTE_SOCKET_PCI_NUMA_AFFINITY,COMPUTE_SOUND_MODEL_ICH9,COMPUTE_GRAPHICS_MODEL_VGA,HW_CPU_X86_SSE41,COMPUTE_SECURITY_STATELESS_FIRMWARE,COMPUTE_NET_VIF_MODEL_VIRTIO,COMPUTE_ADDRESS_SPACE_PASSTHROUGH,COMPUTE_ARCH_X86_64,COMPUTE_STORAGE_VIRTIO_FS,COMPUTE_ARCH_S390X,COMPUTE_NET_VIF_MODEL_IGB,COMPUTE_VOLUME_EXTEND,COMPUTE_VIOMMU_MODEL_INTEL,COMPUTE_VIOMMU_MODEL_VIRTIO,COMPUTE_GRAPHICS_MODEL_BOCHS,COMPUTE_SOUND_MODEL_SB16,HW_CPU_X86_SSE42 => generated 1991 bytes in 10 msecs (HTTP/1.1 200) 6 headers in 225 bytes (1 switches on core 0)
Jul 22 00:01:03.357035 np0000005609 devstack@placement-api.service[90026]: DEBUG placement.requestlog [req-d6ea1a46-81f8-47d8-8030-6da730635312 req-475d84ac-8814-491f-82d5-b21583ef4602 None None] Starting request: 10.4.3.132 "PUT /placement/resource_providers/682a253e-c8f4-43cc-b5a6-71b1b6ea0b9e/traits" {{(pid=90026) __call__ /opt/stack/placement/placement/requestlog.py:55}}
Jul 22 00:01:03.415874 np0000005609 devstack@placement-api.service[90026]: INFO placement.requestlog [req-d6ea1a46-81f8-47d8-8030-6da730635312 req-475d84ac-8814-491f-82d5-b21583ef4602 service nova] 10.4.3.132 "PUT /placement/resource_providers/682a253e-c8f4-43cc-b5a6-71b1b6ea0b9e/traits" status: 200 len: 2026 microversion: 1.6
Jul 22 00:01:03.416134 np0000005609 devstack@placement-api.service[90026]: [pid: 90026|app: 0|req: 4/11] 10.4.3.132 () {72 vars in 1594 bytes} [Wed Jul 22 00:01:03 2026] PUT /placement/resource_providers/682a253e-c8f4-43cc-b5a6-71b1b6ea0b9e/traits => generated 2026 bytes in 59 msecs (HTTP/1.1 200) 6 headers in 225 bytes (1 switches on core 0)
Jul 22 00:01:13.289833 np0000005609 devstack@placement-api.service[90025]: DEBUG dbcounter [-] [90025] Writing DB stats placement:SELECT=4,placement:INSERT=3,placement:UPDATE=1 {{(pid=90025) stat_writer /opt/stack/data/venv/lib/python3.12/site-packages/dbcounter.py:115}}
Jul 22 00:01:13.326976 np0000005609 devstack@placement-api.service[90024]: DEBUG dbcounter [-] [90024] Writing DB stats placement:INSERT=1,placement:UPDATE=1,placement:SELECT=1 {{(pid=90024) stat_writer /opt/stack/data/venv/lib/python3.12/site-packages/dbcounter.py:115}}
Jul 22 00:01:13.413019 np0000005609 devstack@placement-api.service[90026]: DEBUG dbcounter [-] [90026] Writing DB stats placement:SELECT=5,placement:INSERT=70,placement:UPDATE=1 {{(pid=90026) stat_writer /opt/stack/data/venv/lib/python3.12/site-packages/dbcounter.py:115}}
Jul 22 00:01:29.214066 np0000005609 devstack@placement-api.service[90025]: DEBUG placement.requestlog [None req-63621194-e4c0-4353-9aa5-658999f9ed6f None None] Starting request: 10.4.3.132 "GET /placement//" {{(pid=90025) __call__ /opt/stack/placement/placement/requestlog.py:55}}
Jul 22 00:01:29.214609 np0000005609 devstack@placement-api.service[90025]: INFO placement.requestlog [None req-63621194-e4c0-4353-9aa5-658999f9ed6f None None] 10.4.3.132 "GET /placement//" status: 200 len: 136 microversion: 1.0
Jul 22 00:01:29.214790 np0000005609 devstack@placement-api.service[90025]: [pid: 90025|app: 0|req: 5/12] 10.4.3.132 () {64 vars in 1227 bytes} [Wed Jul 22 00:01:29 2026] GET /placement/ => generated 136 bytes in 1 msecs (HTTP/1.1 200) 6 headers in 224 bytes (1 switches on core 0)
Jul 22 00:01:49.421517 np0000005609 devstack@placement-api.service[90024]: DEBUG placement.requestlog [req-30e21654-d354-438e-bf3f-e94b29f71bb5 req-9fd90cec-1918-469c-ac82-546926516676 None None] Starting request: 10.4.3.132 "GET /placement/resource_providers/682a253e-c8f4-43cc-b5a6-71b1b6ea0b9e/allocations" {{(pid=90024) __call__ /opt/stack/placement/placement/requestlog.py:55}}
Jul 22 00:01:49.431709 np0000005609 devstack@placement-api.service[90024]: INFO placement.requestlog [req-30e21654-d354-438e-bf3f-e94b29f71bb5 req-9fd90cec-1918-469c-ac82-546926516676 service nova] 10.4.3.132 "GET /placement/resource_providers/682a253e-c8f4-43cc-b5a6-71b1b6ea0b9e/allocations" status: 200 len: 54 microversion: 1.0
Jul 22 00:01:49.431900 np0000005609 devstack@placement-api.service[90024]: [pid: 90024|app: 0|req: 4/13] 10.4.3.132 () {66 vars in 1512 bytes} [Wed Jul 22 00:01:49 2026] GET /placement/resource_providers/682a253e-c8f4-43cc-b5a6-71b1b6ea0b9e/allocations => generated 54 bytes in 10 msecs (HTTP/1.1 200) 6 headers in 223 bytes (1 switches on core 0)
Jul 22 00:01:49.458092 np0000005609 devstack@placement-api.service[90026]: DEBUG placement.requestlog [req-30e21654-d354-438e-bf3f-e94b29f71bb5 req-dc149475-06be-4d01-8d76-1f9e2e54fa18 None None] Starting request: 10.4.3.132 "GET /placement/resource_providers/682a253e-c8f4-43cc-b5a6-71b1b6ea0b9e/allocations" {{(pid=90026) __call__ /opt/stack/placement/placement/requestlog.py:55}}
Jul 22 00:01:49.468418 np0000005609 devstack@placement-api.service[90026]: INFO placement.requestlog [req-30e21654-d354-438e-bf3f-e94b29f71bb5 req-dc149475-06be-4d01-8d76-1f9e2e54fa18 service nova] 10.4.3.132 "GET /placement/resource_providers/682a253e-c8f4-43cc-b5a6-71b1b6ea0b9e/allocations" status: 200 len: 54 microversion: 1.0
Jul 22 00:01:49.468796 np0000005609 devstack@placement-api.service[90026]: [pid: 90026|app: 0|req: 5/14] 10.4.3.132 () {66 vars in 1512 bytes} [Wed Jul 22 00:01:49 2026] GET /placement/resource_providers/682a253e-c8f4-43cc-b5a6-71b1b6ea0b9e/allocations => generated 54 bytes in 11 msecs (HTTP/1.1 200) 6 headers in 223 bytes (1 switches on core 0)
Jul 22 00:01:59.430632 np0000005609 devstack@placement-api.service[90024]: DEBUG dbcounter [-] [90024] Writing DB stats placement:SELECT=2 {{(pid=90024) stat_writer /opt/stack/data/venv/lib/python3.12/site-packages/dbcounter.py:115}}
Jul 22 00:01:59.467241 np0000005609 devstack@placement-api.service[90026]: DEBUG dbcounter [-] [90026] Writing DB stats placement:SELECT=2 {{(pid=90026) stat_writer /opt/stack/data/venv/lib/python3.12/site-packages/dbcounter.py:115}}
Jul 22 00:02:51.394096 np0000005609 devstack@placement-api.service[90025]: DEBUG placement.requestlog [req-90a270e9-2e7f-44e9-ad65-a2ea61558ad8 req-4dba4cbb-2169-4638-b293-11cc85b276b5 None None] Starting request: 10.4.3.132 "GET /placement/resource_providers/682a253e-c8f4-43cc-b5a6-71b1b6ea0b9e/allocations" {{(pid=90025) __call__ /opt/stack/placement/placement/requestlog.py:55}}
Jul 22 00:02:51.408190 np0000005609 devstack@placement-api.service[90025]: INFO placement.requestlog [req-90a270e9-2e7f-44e9-ad65-a2ea61558ad8 req-4dba4cbb-2169-4638-b293-11cc85b276b5 service nova] 10.4.3.132 "GET /placement/resource_providers/682a253e-c8f4-43cc-b5a6-71b1b6ea0b9e/allocations" status: 200 len: 54 microversion: 1.0
Jul 22 00:02:51.408446 np0000005609 devstack@placement-api.service[90025]: [pid: 90025|app: 0|req: 6/15] 10.4.3.132 () {66 vars in 1512 bytes} [Wed Jul 22 00:02:51 2026] GET /placement/resource_providers/682a253e-c8f4-43cc-b5a6-71b1b6ea0b9e/allocations => generated 54 bytes in 14 msecs (HTTP/1.1 200) 6 headers in 223 bytes (1 switches on core 0)
Jul 22 00:02:51.437696 np0000005609 devstack@placement-api.service[90024]: DEBUG placement.requestlog [req-90a270e9-2e7f-44e9-ad65-a2ea61558ad8 req-c26c8da2-ec75-4a80-b8b3-9f4b3b70bb9b None None] Starting request: 10.4.3.132 "GET /placement/resource_providers/682a253e-c8f4-43cc-b5a6-71b1b6ea0b9e/allocations" {{(pid=90024) __call__ /opt/stack/placement/placement/requestlog.py:55}}
Jul 22 00:02:51.447336 np0000005609 devstack@placement-api.service[90024]: INFO placement.requestlog [req-90a270e9-2e7f-44e9-ad65-a2ea61558ad8 req-c26c8da2-ec75-4a80-b8b3-9f4b3b70bb9b service nova] 10.4.3.132 "GET /placement/resource_providers/682a253e-c8f4-43cc-b5a6-71b1b6ea0b9e/allocations" status: 200 len: 54 microversion: 1.0
Jul 22 00:02:51.447633 np0000005609 devstack@placement-api.service[90024]: [pid: 90024|app: 0|req: 5/16] 10.4.3.132 () {66 vars in 1512 bytes} [Wed Jul 22 00:02:51 2026] GET /placement/resource_providers/682a253e-c8f4-43cc-b5a6-71b1b6ea0b9e/allocations => generated 54 bytes in 10 msecs (HTTP/1.1 200) 6 headers in 223 bytes (1 switches on core 0)
Jul 22 00:03:01.407188 np0000005609 devstack@placement-api.service[90025]: DEBUG dbcounter [-] [90025] Writing DB stats placement:SELECT=2 {{(pid=90025) stat_writer /opt/stack/data/venv/lib/python3.12/site-packages/dbcounter.py:115}}
Jul 22 00:03:01.445933 np0000005609 devstack@placement-api.service[90024]: DEBUG dbcounter [-] [90024] Writing DB stats placement:SELECT=2 {{(pid=90024) stat_writer /opt/stack/data/venv/lib/python3.12/site-packages/dbcounter.py:115}}
Jul 22 00:03:12.117322 np0000005609 devstack@placement-api.service[90026]: DEBUG placement.requestlog [req-66b84acb-9a35-4018-b3d5-f3e074022bff req-2e4635aa-6df2-4a42-af50-051e27b0e172 None None] Starting request: 10.4.3.132 "GET /placement/allocation_candidates?limit=1000&resources=DISK_GB%3A1%2CMEMORY_MB%3A192%2CVCPU%3A1&root_required=%21COMPUTE_STATUS_DISABLED" {{(pid=90026) __call__ /opt/stack/placement/placement/requestlog.py:55}}
Jul 22 00:03:12.496090 np0000005609 devstack@placement-api.service[90026]: DEBUG placement.objects.research_context [req-66b84acb-9a35-4018-b3d5-f3e074022bff req-2e4635aa-6df2-4a42-af50-051e27b0e172 service nova] getting providers with 1 DISK_GB {{(pid=90026) __init__ /opt/stack/placement/placement/objects/research_context.py:137}}
Jul 22 00:03:12.501194 np0000005609 devstack@placement-api.service[90026]: DEBUG placement.objects.research_context [req-66b84acb-9a35-4018-b3d5-f3e074022bff req-2e4635aa-6df2-4a42-af50-051e27b0e172 service nova] getting providers with 192 MEMORY_MB {{(pid=90026) __init__ /opt/stack/placement/placement/objects/research_context.py:137}}
Jul 22 00:03:12.504950 np0000005609 devstack@placement-api.service[90026]: DEBUG placement.objects.research_context [req-66b84acb-9a35-4018-b3d5-f3e074022bff req-2e4635aa-6df2-4a42-af50-051e27b0e172 service nova] getting providers with 1 VCPU {{(pid=90026) __init__ /opt/stack/placement/placement/objects/research_context.py:137}}
Jul 22 00:03:12.508932 np0000005609 devstack@placement-api.service[90026]: DEBUG placement.objects.research_context [req-66b84acb-9a35-4018-b3d5-f3e074022bff req-2e4635aa-6df2-4a42-af50-051e27b0e172 service nova] found 1 providers with available 1 DISK_GB {{(pid=90026) get_provider_ids_matching /opt/stack/placement/placement/objects/research_context.py:563}}
Jul 22 00:03:12.508932 np0000005609 devstack@placement-api.service[90026]: DEBUG placement.objects.research_context [req-66b84acb-9a35-4018-b3d5-f3e074022bff req-2e4635aa-6df2-4a42-af50-051e27b0e172 service nova] found 1 providers with available 192 MEMORY_MB {{(pid=90026) get_provider_ids_matching /opt/stack/placement/placement/objects/research_context.py:563}}
Jul 22 00:03:12.509049 np0000005609 devstack@placement-api.service[90026]: DEBUG placement.objects.research_context [req-66b84acb-9a35-4018-b3d5-f3e074022bff req-2e4635aa-6df2-4a42-af50-051e27b0e172 service nova] found 1 providers after filtering by previous result {{(pid=90026) get_provider_ids_matching /opt/stack/placement/placement/objects/research_context.py:594}}
Jul 22 00:03:12.509103 np0000005609 devstack@placement-api.service[90026]: DEBUG placement.objects.research_context [req-66b84acb-9a35-4018-b3d5-f3e074022bff req-2e4635aa-6df2-4a42-af50-051e27b0e172 service nova] found 1 providers with available 1 VCPU {{(pid=90026) get_provider_ids_matching /opt/stack/placement/placement/objects/research_context.py:563}}
Jul 22 00:03:12.509244 np0000005609 devstack@placement-api.service[90026]: DEBUG placement.objects.research_context [req-66b84acb-9a35-4018-b3d5-f3e074022bff req-2e4635aa-6df2-4a42-af50-051e27b0e172 service nova] found 1 providers after filtering by previous result {{(pid=90026) get_provider_ids_matching /opt/stack/placement/placement/objects/research_context.py:594}}
Jul 22 00:03:12.516979 np0000005609 devstack@placement-api.service[90026]: DEBUG placement.objects.allocation_candidate [req-66b84acb-9a35-4018-b3d5-f3e074022bff req-2e4635aa-6df2-4a42-af50-051e27b0e172 service nova] RequestGroup(use_same_provider=False, resources={DISK_GB:1, MEMORY_MB:192, VCPU:1}, traits=(), aggregates=[]) (suffix '') returned 1 matches {{(pid=90026) _get_by_requests /opt/stack/placement/placement/objects/allocation_candidate.py:158}}
Jul 22 00:03:12.517094 np0000005609 devstack@placement-api.service[90026]: DEBUG placement.objects.allocation_candidate [req-66b84acb-9a35-4018-b3d5-f3e074022bff req-2e4635aa-6df2-4a42-af50-051e27b0e172 service nova] Merging candidates yields 1 allocation requests and 1 provider summaries {{(pid=90026) _merge_candidates /opt/stack/placement/placement/objects/allocation_candidate.py:908}}
Jul 22 00:03:12.518244 np0000005609 devstack@placement-api.service[90026]: INFO placement.requestlog [req-66b84acb-9a35-4018-b3d5-f3e074022bff req-2e4635aa-6df2-4a42-af50-051e27b0e172 service nova] 10.4.3.132 "GET /placement/allocation_candidates?limit=1000&resources=DISK_GB%3A1%2CMEMORY_MB%3A192%2CVCPU%3A1&root_required=%21COMPUTE_STATUS_DISABLED" status: 200 len: 2490 microversion: 1.36
Jul 22 00:03:12.518457 np0000005609 devstack@placement-api.service[90026]: [pid: 90026|app: 0|req: 6/17] 10.4.3.132 () {68 vars in 1625 bytes} [Wed Jul 22 00:03:12 2026] GET /placement/allocation_candidates?limit=1000&resources=DISK_GB%3A1%2CMEMORY_MB%3A192%2CVCPU%3A1&root_required=%21COMPUTE_STATUS_DISABLED => generated 2490 bytes in 401 msecs (HTTP/1.1 200) 8 headers in 297 bytes (1 switches on core 0)
Jul 22 00:03:12.522652 np0000005609 devstack@placement-api.service[90025]: DEBUG placement.requestlog [req-68981771-c261-4a70-8c6c-fcf4ab969d36 req-36a46f61-62d8-4358-ab70-a8ef5e6a5164 None None] Starting request: 10.4.3.132 "GET /placement/allocation_candidates?limit=1000&resources=DISK_GB%3A1%2CMEMORY_MB%3A192%2CVCPU%3A1&root_required=%21COMPUTE_STATUS_DISABLED" {{(pid=90025) __call__ /opt/stack/placement/placement/requestlog.py:55}}
Jul 22 00:03:12.542680 np0000005609 devstack@placement-api.service[90025]: DEBUG placement.objects.research_context [req-68981771-c261-4a70-8c6c-fcf4ab969d36 req-36a46f61-62d8-4358-ab70-a8ef5e6a5164 service nova] getting providers with 1 DISK_GB {{(pid=90025) __init__ /opt/stack/placement/placement/objects/research_context.py:137}}
Jul 22 00:03:12.548082 np0000005609 devstack@placement-api.service[90025]: DEBUG placement.objects.research_context [req-68981771-c261-4a70-8c6c-fcf4ab969d36 req-36a46f61-62d8-4358-ab70-a8ef5e6a5164 service nova] getting providers with 192 MEMORY_MB {{(pid=90025) __init__ /opt/stack/placement/placement/objects/research_context.py:137}}
Jul 22 00:03:12.550884 np0000005609 devstack@placement-api.service[90025]: DEBUG placement.objects.research_context [req-68981771-c261-4a70-8c6c-fcf4ab969d36 req-36a46f61-62d8-4358-ab70-a8ef5e6a5164 service nova] getting providers with 1 VCPU {{(pid=90025) __init__ /opt/stack/placement/placement/objects/research_context.py:137}}
Jul 22 00:03:12.553219 np0000005609 devstack@placement-api.service[90025]: DEBUG placement.objects.research_context [req-68981771-c261-4a70-8c6c-fcf4ab969d36 req-36a46f61-62d8-4358-ab70-a8ef5e6a5164 service nova] found 1 providers with available 1 DISK_GB {{(pid=90025) get_provider_ids_matching /opt/stack/placement/placement/objects/research_context.py:563}}
Jul 22 00:03:12.553339 np0000005609 devstack@placement-api.service[90025]: DEBUG placement.objects.research_context [req-68981771-c261-4a70-8c6c-fcf4ab969d36 req-36a46f61-62d8-4358-ab70-a8ef5e6a5164 service nova] found 1 providers with available 192 MEMORY_MB {{(pid=90025) get_provider_ids_matching /opt/stack/placement/placement/objects/research_context.py:563}}
Jul 22 00:03:12.553576 np0000005609 devstack@placement-api.service[90025]: DEBUG placement.objects.research_context [req-68981771-c261-4a70-8c6c-fcf4ab969d36 req-36a46f61-62d8-4358-ab70-a8ef5e6a5164 service nova] found 1 providers after filtering by previous result {{(pid=90025) get_provider_ids_matching /opt/stack/placement/placement/objects/research_context.py:594}}
Jul 22 00:03:12.553693 np0000005609 devstack@placement-api.service[90025]: DEBUG placement.objects.research_context [req-68981771-c261-4a70-8c6c-fcf4ab969d36 req-36a46f61-62d8-4358-ab70-a8ef5e6a5164 service nova] found 1 providers with available 1 VCPU {{(pid=90025) get_provider_ids_matching /opt/stack/placement/placement/objects/research_context.py:563}}
Jul 22 00:03:12.553803 np0000005609 devstack@placement-api.service[90025]: DEBUG placement.objects.research_context [req-68981771-c261-4a70-8c6c-fcf4ab969d36 req-36a46f61-62d8-4358-ab70-a8ef5e6a5164 service nova] found 1 providers after filtering by previous result {{(pid=90025) get_provider_ids_matching /opt/stack/placement/placement/objects/research_context.py:594}}
Jul 22 00:03:12.562572 np0000005609 devstack@placement-api.service[90025]: DEBUG placement.objects.allocation_candidate [req-68981771-c261-4a70-8c6c-fcf4ab969d36 req-36a46f61-62d8-4358-ab70-a8ef5e6a5164 service nova] RequestGroup(use_same_provider=False, resources={DISK_GB:1, MEMORY_MB:192, VCPU:1}, traits=(), aggregates=[]) (suffix '') returned 1 matches {{(pid=90025) _get_by_requests /opt/stack/placement/placement/objects/allocation_candidate.py:158}}
Jul 22 00:03:12.562572 np0000005609 devstack@placement-api.service[90025]: DEBUG placement.objects.allocation_candidate [req-68981771-c261-4a70-8c6c-fcf4ab969d36 req-36a46f61-62d8-4358-ab70-a8ef5e6a5164 service nova] Merging candidates yields 1 allocation requests and 1 provider summaries {{(pid=90025) _merge_candidates /opt/stack/placement/placement/objects/allocation_candidate.py:908}}
Jul 22 00:03:12.563575 np0000005609 devstack@placement-api.service[90025]: INFO placement.requestlog [req-68981771-c261-4a70-8c6c-fcf4ab969d36 req-36a46f61-62d8-4358-ab70-a8ef5e6a5164 service nova] 10.4.3.132 "GET /placement/allocation_candidates?limit=1000&resources=DISK_GB%3A1%2CMEMORY_MB%3A192%2CVCPU%3A1&root_required=%21COMPUTE_STATUS_DISABLED" status: 200 len: 2490 microversion: 1.36
Jul 22 00:03:12.563773 np0000005609 devstack@placement-api.service[90025]: [pid: 90025|app: 0|req: 7/18] 10.4.3.132 () {68 vars in 1625 bytes} [Wed Jul 22 00:03:12 2026] GET /placement/allocation_candidates?limit=1000&resources=DISK_GB%3A1%2CMEMORY_MB%3A192%2CVCPU%3A1&root_required=%21COMPUTE_STATUS_DISABLED => generated 2490 bytes in 41 msecs (HTTP/1.1 200) 8 headers in 297 bytes (1 switches on core 0)
Jul 22 00:03:12.678744 np0000005609 devstack@placement-api.service[90024]: DEBUG placement.requestlog [req-66b84acb-9a35-4018-b3d5-f3e074022bff req-97d7c286-db02-4c69-99ef-5d80d099dd95 None None] Starting request: 10.4.3.132 "GET /placement/allocations/b929d28c-5e5d-4111-b235-598c8b1411fa" {{(pid=90024) __call__ /opt/stack/placement/placement/requestlog.py:55}}
Jul 22 00:03:12.692885 np0000005609 devstack@placement-api.service[90024]: INFO placement.requestlog [req-66b84acb-9a35-4018-b3d5-f3e074022bff req-97d7c286-db02-4c69-99ef-5d80d099dd95 service nova] 10.4.3.132 "GET /placement/allocations/b929d28c-5e5d-4111-b235-598c8b1411fa" status: 200 len: 19 microversion: 1.28
Jul 22 00:03:12.693156 np0000005609 devstack@placement-api.service[90024]: [pid: 90024|app: 0|req: 6/19] 10.4.3.132 () {68 vars in 1501 bytes} [Wed Jul 22 00:03:12 2026] GET /placement/allocations/b929d28c-5e5d-4111-b235-598c8b1411fa => generated 19 bytes in 15 msecs (HTTP/1.1 200) 8 headers in 295 bytes (1 switches on core 0)
Jul 22 00:03:12.716658 np0000005609 devstack@placement-api.service[90026]: DEBUG placement.requestlog [req-68981771-c261-4a70-8c6c-fcf4ab969d36 req-09304591-6d18-4249-b620-6c6caf8df990 None None] Starting request: 10.4.3.132 "GET /placement/allocations/9a2a80a5-77ed-4f83-9331-efd1b6387132" {{(pid=90026) __call__ /opt/stack/placement/placement/requestlog.py:55}}
Jul 22 00:03:12.720346 np0000005609 devstack@placement-api.service[90025]: DEBUG placement.requestlog [req-66b84acb-9a35-4018-b3d5-f3e074022bff req-3969fc6f-b7ec-4bf9-9050-9ffef058e3b7 None None] Starting request: 10.4.3.132 "PUT /placement/allocations/b929d28c-5e5d-4111-b235-598c8b1411fa" {{(pid=90025) __call__ /opt/stack/placement/placement/requestlog.py:55}}
Jul 22 00:03:12.727253 np0000005609 devstack@placement-api.service[90026]: INFO placement.requestlog [req-68981771-c261-4a70-8c6c-fcf4ab969d36 req-09304591-6d18-4249-b620-6c6caf8df990 service nova] 10.4.3.132 "GET /placement/allocations/9a2a80a5-77ed-4f83-9331-efd1b6387132" status: 200 len: 19 microversion: 1.28
Jul 22 00:03:12.727617 np0000005609 devstack@placement-api.service[90026]: [pid: 90026|app: 0|req: 7/20] 10.4.3.132 () {68 vars in 1501 bytes} [Wed Jul 22 00:03:12 2026] GET /placement/allocations/9a2a80a5-77ed-4f83-9331-efd1b6387132 => generated 19 bytes in 13 msecs (HTTP/1.1 200) 8 headers in 295 bytes (1 switches on core 0)
Jul 22 00:03:12.764930 np0000005609 devstack@placement-api.service[90024]: DEBUG placement.requestlog [req-68981771-c261-4a70-8c6c-fcf4ab969d36 req-f8c0cb1d-f52e-4cf5-8140-8ef48b66d4f6 None None] Starting request: 10.4.3.132 "PUT /placement/allocations/9a2a80a5-77ed-4f83-9331-efd1b6387132" {{(pid=90024) __call__ /opt/stack/placement/placement/requestlog.py:55}}
Jul 22 00:03:12.800377 np0000005609 devstack@placement-api.service[90025]: DEBUG placement.handlers.allocation [req-66b84acb-9a35-4018-b3d5-f3e074022bff req-3969fc6f-b7ec-4bf9-9050-9ffef058e3b7 service nova] Successfully wrote allocations [, , ] {{(pid=90025) _update_consumers_and_create_allocations /opt/stack/placement/placement/handlers/allocation.py:462}}
Jul 22 00:03:12.805984 np0000005609 devstack@placement-api.service[90025]: INFO placement.requestlog [req-66b84acb-9a35-4018-b3d5-f3e074022bff req-3969fc6f-b7ec-4bf9-9050-9ffef058e3b7 service nova] 10.4.3.132 "PUT /placement/allocations/b929d28c-5e5d-4111-b235-598c8b1411fa" status: 204 len: 0 microversion: 1.36
Jul 22 00:03:12.806294 np0000005609 devstack@placement-api.service[90025]: [pid: 90025|app: 0|req: 8/21] 10.4.3.132 () {72 vars in 1554 bytes} [Wed Jul 22 00:03:12 2026] PUT /placement/allocations/b929d28c-5e5d-4111-b235-598c8b1411fa => generated 0 bytes in 86 msecs (HTTP/1.1 204) 5 headers in 199 bytes (1 switches on core 0)
Jul 22 00:03:12.840415 np0000005609 devstack@placement-api.service[90024]: DEBUG placement.handlers.allocation [req-68981771-c261-4a70-8c6c-fcf4ab969d36 req-f8c0cb1d-f52e-4cf5-8140-8ef48b66d4f6 service nova] Successfully wrote allocations [, , ] {{(pid=90024) _update_consumers_and_create_allocations /opt/stack/placement/placement/handlers/allocation.py:462}}
Jul 22 00:03:12.843363 np0000005609 devstack@placement-api.service[90024]: INFO placement.requestlog [req-68981771-c261-4a70-8c6c-fcf4ab969d36 req-f8c0cb1d-f52e-4cf5-8140-8ef48b66d4f6 service nova] 10.4.3.132 "PUT /placement/allocations/9a2a80a5-77ed-4f83-9331-efd1b6387132" status: 204 len: 0 microversion: 1.36
Jul 22 00:03:12.843608 np0000005609 devstack@placement-api.service[90024]: [pid: 90024|app: 0|req: 7/22] 10.4.3.132 () {72 vars in 1554 bytes} [Wed Jul 22 00:03:12 2026] PUT /placement/allocations/9a2a80a5-77ed-4f83-9331-efd1b6387132 => generated 0 bytes in 79 msecs (HTTP/1.1 204) 5 headers in 199 bytes (1 switches on core 0)
Jul 22 00:03:13.260972 np0000005609 devstack@placement-api.service[90026]: DEBUG placement.requestlog [req-66b84acb-9a35-4018-b3d5-f3e074022bff req-6c3c48cd-3f32-424e-b542-01c87bb57ef1 None None] Starting request: 10.4.3.132 "GET /placement/allocations/b929d28c-5e5d-4111-b235-598c8b1411fa" {{(pid=90026) __call__ /opt/stack/placement/placement/requestlog.py:55}}
Jul 22 00:03:13.274155 np0000005609 devstack@placement-api.service[90026]: INFO placement.requestlog [req-66b84acb-9a35-4018-b3d5-f3e074022bff req-6c3c48cd-3f32-424e-b542-01c87bb57ef1 service nova] 10.4.3.132 "GET /placement/allocations/b929d28c-5e5d-4111-b235-598c8b1411fa" status: 200 len: 257 microversion: 1.28
Jul 22 00:03:13.274932 np0000005609 devstack@placement-api.service[90026]: [pid: 90026|app: 0|req: 8/23] 10.4.3.132 () {68 vars in 1499 bytes} [Wed Jul 22 00:03:13 2026] GET /placement/allocations/b929d28c-5e5d-4111-b235-598c8b1411fa => generated 257 bytes in 14 msecs (HTTP/1.1 200) 8 headers in 296 bytes (1 switches on core 0)
Jul 22 00:03:13.296986 np0000005609 devstack@placement-api.service[90025]: DEBUG placement.requestlog [req-68981771-c261-4a70-8c6c-fcf4ab969d36 req-4d385eb1-fb0e-4bd7-8fb7-6e9fb9aa6f7b None None] Starting request: 10.4.3.132 "GET /placement/allocations/9a2a80a5-77ed-4f83-9331-efd1b6387132" {{(pid=90025) __call__ /opt/stack/placement/placement/requestlog.py:55}}
Jul 22 00:03:13.312362 np0000005609 devstack@placement-api.service[90025]: INFO placement.requestlog [req-68981771-c261-4a70-8c6c-fcf4ab969d36 req-4d385eb1-fb0e-4bd7-8fb7-6e9fb9aa6f7b service nova] 10.4.3.132 "GET /placement/allocations/9a2a80a5-77ed-4f83-9331-efd1b6387132" status: 200 len: 257 microversion: 1.28
Jul 22 00:03:13.312887 np0000005609 devstack@placement-api.service[90025]: [pid: 90025|app: 0|req: 9/24] 10.4.3.132 () {68 vars in 1499 bytes} [Wed Jul 22 00:03:13 2026] GET /placement/allocations/9a2a80a5-77ed-4f83-9331-efd1b6387132 => generated 257 bytes in 16 msecs (HTTP/1.1 200) 8 headers in 296 bytes (1 switches on core 0)
Jul 22 00:03:13.399857 np0000005609 devstack@placement-api.service[90024]: DEBUG placement.requestlog [req-66b84acb-9a35-4018-b3d5-f3e074022bff req-8972953d-f1db-45ef-8984-7671a1da7411 None None] Starting request: 10.4.3.132 "GET /placement/resource_providers/682a253e-c8f4-43cc-b5a6-71b1b6ea0b9e/allocations" {{(pid=90024) __call__ /opt/stack/placement/placement/requestlog.py:55}}
Jul 22 00:03:13.414733 np0000005609 devstack@placement-api.service[90024]: INFO placement.requestlog [req-66b84acb-9a35-4018-b3d5-f3e074022bff req-8972953d-f1db-45ef-8984-7671a1da7411 service nova] 10.4.3.132 "GET /placement/resource_providers/682a253e-c8f4-43cc-b5a6-71b1b6ea0b9e/allocations" status: 200 len: 252 microversion: 1.0
Jul 22 00:03:13.414830 np0000005609 devstack@placement-api.service[90024]: [pid: 90024|app: 0|req: 8/25] 10.4.3.132 () {66 vars in 1512 bytes} [Wed Jul 22 00:03:13 2026] GET /placement/resource_providers/682a253e-c8f4-43cc-b5a6-71b1b6ea0b9e/allocations => generated 252 bytes in 15 msecs (HTTP/1.1 200) 6 headers in 224 bytes (1 switches on core 0)
Jul 22 00:03:13.450125 np0000005609 devstack@placement-api.service[90026]: DEBUG placement.requestlog [req-66b84acb-9a35-4018-b3d5-f3e074022bff req-6c72680a-4169-4bf8-aeba-60058d4a0afc None None] Starting request: 10.4.3.132 "GET /placement/allocations/b929d28c-5e5d-4111-b235-598c8b1411fa" {{(pid=90026) __call__ /opt/stack/placement/placement/requestlog.py:55}}
Jul 22 00:03:13.459773 np0000005609 devstack@placement-api.service[90026]: INFO placement.requestlog [req-66b84acb-9a35-4018-b3d5-f3e074022bff req-6c72680a-4169-4bf8-aeba-60058d4a0afc service nova] 10.4.3.132 "GET /placement/allocations/b929d28c-5e5d-4111-b235-598c8b1411fa" status: 200 len: 257 microversion: 1.28
Jul 22 00:03:13.460220 np0000005609 devstack@placement-api.service[90026]: [pid: 90026|app: 0|req: 9/26] 10.4.3.132 () {68 vars in 1499 bytes} [Wed Jul 22 00:03:13 2026] GET /placement/allocations/b929d28c-5e5d-4111-b235-598c8b1411fa => generated 257 bytes in 10 msecs (HTTP/1.1 200) 8 headers in 296 bytes (1 switches on core 0)
Jul 22 00:03:13.486622 np0000005609 devstack@placement-api.service[90025]: DEBUG placement.requestlog [req-66b84acb-9a35-4018-b3d5-f3e074022bff req-6219c08e-782c-423a-bda0-2012474b58fc None None] Starting request: 10.4.3.132 "GET /placement/allocations/9a2a80a5-77ed-4f83-9331-efd1b6387132" {{(pid=90025) __call__ /opt/stack/placement/placement/requestlog.py:55}}
Jul 22 00:03:13.496521 np0000005609 devstack@placement-api.service[90025]: INFO placement.requestlog [req-66b84acb-9a35-4018-b3d5-f3e074022bff req-6219c08e-782c-423a-bda0-2012474b58fc service nova] 10.4.3.132 "GET /placement/allocations/9a2a80a5-77ed-4f83-9331-efd1b6387132" status: 200 len: 257 microversion: 1.28
Jul 22 00:03:13.496828 np0000005609 devstack@placement-api.service[90025]: [pid: 90025|app: 0|req: 10/27] 10.4.3.132 () {68 vars in 1499 bytes} [Wed Jul 22 00:03:13 2026] GET /placement/allocations/9a2a80a5-77ed-4f83-9331-efd1b6387132 => generated 257 bytes in 10 msecs (HTTP/1.1 200) 8 headers in 296 bytes (1 switches on core 0)
Jul 22 00:03:13.665696 np0000005609 devstack@placement-api.service[90024]: DEBUG placement.requestlog [req-68981771-c261-4a70-8c6c-fcf4ab969d36 req-540c47d7-6d83-4919-9bf9-4386c21c490b None None] Starting request: 10.4.3.132 "GET /placement/resource_providers/682a253e-c8f4-43cc-b5a6-71b1b6ea0b9e/allocations" {{(pid=90024) __call__ /opt/stack/placement/placement/requestlog.py:55}}
Jul 22 00:03:13.687670 np0000005609 devstack@placement-api.service[90024]: INFO placement.requestlog [req-68981771-c261-4a70-8c6c-fcf4ab969d36 req-540c47d7-6d83-4919-9bf9-4386c21c490b service nova] 10.4.3.132 "GET /placement/resource_providers/682a253e-c8f4-43cc-b5a6-71b1b6ea0b9e/allocations" status: 200 len: 252 microversion: 1.0
Jul 22 00:03:13.688305 np0000005609 devstack@placement-api.service[90024]: [pid: 90024|app: 0|req: 9/28] 10.4.3.132 () {66 vars in 1512 bytes} [Wed Jul 22 00:03:13 2026] GET /placement/resource_providers/682a253e-c8f4-43cc-b5a6-71b1b6ea0b9e/allocations => generated 252 bytes in 22 msecs (HTTP/1.1 200) 6 headers in 224 bytes (2 switches on core 0)
Jul 22 00:03:13.721043 np0000005609 devstack@placement-api.service[90026]: DEBUG placement.requestlog [req-68981771-c261-4a70-8c6c-fcf4ab969d36 req-024f8d7c-510a-4e7c-abe1-9b303234a2e0 None None] Starting request: 10.4.3.132 "GET /placement/allocations/b929d28c-5e5d-4111-b235-598c8b1411fa" {{(pid=90026) __call__ /opt/stack/placement/placement/requestlog.py:55}}
Jul 22 00:03:13.735411 np0000005609 devstack@placement-api.service[90026]: INFO placement.requestlog [req-68981771-c261-4a70-8c6c-fcf4ab969d36 req-024f8d7c-510a-4e7c-abe1-9b303234a2e0 service nova] 10.4.3.132 "GET /placement/allocations/b929d28c-5e5d-4111-b235-598c8b1411fa" status: 200 len: 257 microversion: 1.28
Jul 22 00:03:13.735889 np0000005609 devstack@placement-api.service[90026]: [pid: 90026|app: 0|req: 10/29] 10.4.3.132 () {68 vars in 1499 bytes} [Wed Jul 22 00:03:13 2026] GET /placement/allocations/b929d28c-5e5d-4111-b235-598c8b1411fa => generated 257 bytes in 15 msecs (HTTP/1.1 200) 8 headers in 296 bytes (1 switches on core 0)
Jul 22 00:03:13.785843 np0000005609 devstack@placement-api.service[90025]: DEBUG placement.requestlog [req-68981771-c261-4a70-8c6c-fcf4ab969d36 req-4063e748-90d0-483a-a49f-0b4cc9cf2b9d None None] Starting request: 10.4.3.132 "GET /placement/allocations/9a2a80a5-77ed-4f83-9331-efd1b6387132" {{(pid=90025) __call__ /opt/stack/placement/placement/requestlog.py:55}}
Jul 22 00:03:13.802684 np0000005609 devstack@placement-api.service[90025]: INFO placement.requestlog [req-68981771-c261-4a70-8c6c-fcf4ab969d36 req-4063e748-90d0-483a-a49f-0b4cc9cf2b9d service nova] 10.4.3.132 "GET /placement/allocations/9a2a80a5-77ed-4f83-9331-efd1b6387132" status: 200 len: 257 microversion: 1.28
Jul 22 00:03:13.802978 np0000005609 devstack@placement-api.service[90025]: [pid: 90025|app: 0|req: 11/30] 10.4.3.132 () {68 vars in 1499 bytes} [Wed Jul 22 00:03:13 2026] GET /placement/allocations/9a2a80a5-77ed-4f83-9331-efd1b6387132 => generated 257 bytes in 18 msecs (HTTP/1.1 200) 8 headers in 296 bytes (1 switches on core 0)
Jul 22 00:03:13.944162 np0000005609 devstack@placement-api.service[90024]: DEBUG placement.requestlog [req-0031f404-3878-4c3b-ba6e-7e00cc1ee064 req-f0f014a5-44f4-49e2-b731-c7ddcac8d3f6 None None] Starting request: 10.4.3.132 "GET /placement/allocation_candidates?limit=1000&resources=DISK_GB%3A1%2CMEMORY_MB%3A192%2CVCPU%3A1&root_required=%21COMPUTE_STATUS_DISABLED" {{(pid=90024) __call__ /opt/stack/placement/placement/requestlog.py:55}}
Jul 22 00:03:13.976786 np0000005609 devstack@placement-api.service[90024]: DEBUG placement.objects.research_context [req-0031f404-3878-4c3b-ba6e-7e00cc1ee064 req-f0f014a5-44f4-49e2-b731-c7ddcac8d3f6 service nova] getting providers with 1 DISK_GB {{(pid=90024) __init__ /opt/stack/placement/placement/objects/research_context.py:137}}
Jul 22 00:03:13.985794 np0000005609 devstack@placement-api.service[90024]: DEBUG placement.objects.research_context [req-0031f404-3878-4c3b-ba6e-7e00cc1ee064 req-f0f014a5-44f4-49e2-b731-c7ddcac8d3f6 service nova] getting providers with 192 MEMORY_MB {{(pid=90024) __init__ /opt/stack/placement/placement/objects/research_context.py:137}}
Jul 22 00:03:13.991901 np0000005609 devstack@placement-api.service[90024]: DEBUG placement.objects.research_context [req-0031f404-3878-4c3b-ba6e-7e00cc1ee064 req-f0f014a5-44f4-49e2-b731-c7ddcac8d3f6 service nova] getting providers with 1 VCPU {{(pid=90024) __init__ /opt/stack/placement/placement/objects/research_context.py:137}}
Jul 22 00:03:13.995376 np0000005609 devstack@placement-api.service[90024]: DEBUG placement.objects.research_context [req-0031f404-3878-4c3b-ba6e-7e00cc1ee064 req-f0f014a5-44f4-49e2-b731-c7ddcac8d3f6 service nova] found 1 providers with available 1 DISK_GB {{(pid=90024) get_provider_ids_matching /opt/stack/placement/placement/objects/research_context.py:563}}
Jul 22 00:03:13.996033 np0000005609 devstack@placement-api.service[90024]: DEBUG placement.objects.research_context [req-0031f404-3878-4c3b-ba6e-7e00cc1ee064 req-f0f014a5-44f4-49e2-b731-c7ddcac8d3f6 service nova] found 1 providers with available 192 MEMORY_MB {{(pid=90024) get_provider_ids_matching /opt/stack/placement/placement/objects/research_context.py:563}}
Jul 22 00:03:13.996340 np0000005609 devstack@placement-api.service[90024]: DEBUG placement.objects.research_context [req-0031f404-3878-4c3b-ba6e-7e00cc1ee064 req-f0f014a5-44f4-49e2-b731-c7ddcac8d3f6 service nova] found 1 providers after filtering by previous result {{(pid=90024) get_provider_ids_matching /opt/stack/placement/placement/objects/research_context.py:594}}
Jul 22 00:03:13.996488 np0000005609 devstack@placement-api.service[90024]: DEBUG placement.objects.research_context [req-0031f404-3878-4c3b-ba6e-7e00cc1ee064 req-f0f014a5-44f4-49e2-b731-c7ddcac8d3f6 service nova] found 1 providers with available 1 VCPU {{(pid=90024) get_provider_ids_matching /opt/stack/placement/placement/objects/research_context.py:563}}
Jul 22 00:03:13.996648 np0000005609 devstack@placement-api.service[90024]: DEBUG placement.objects.research_context [req-0031f404-3878-4c3b-ba6e-7e00cc1ee064 req-f0f014a5-44f4-49e2-b731-c7ddcac8d3f6 service nova] found 1 providers after filtering by previous result {{(pid=90024) get_provider_ids_matching /opt/stack/placement/placement/objects/research_context.py:594}}
Jul 22 00:03:14.009255 np0000005609 devstack@placement-api.service[90024]: DEBUG placement.objects.allocation_candidate [req-0031f404-3878-4c3b-ba6e-7e00cc1ee064 req-f0f014a5-44f4-49e2-b731-c7ddcac8d3f6 service nova] RequestGroup(use_same_provider=False, resources={DISK_GB:1, MEMORY_MB:192, VCPU:1}, traits=(), aggregates=[]) (suffix '') returned 1 matches {{(pid=90024) _get_by_requests /opt/stack/placement/placement/objects/allocation_candidate.py:158}}
Jul 22 00:03:14.009570 np0000005609 devstack@placement-api.service[90024]: DEBUG placement.objects.allocation_candidate [req-0031f404-3878-4c3b-ba6e-7e00cc1ee064 req-f0f014a5-44f4-49e2-b731-c7ddcac8d3f6 service nova] Merging candidates yields 1 allocation requests and 1 provider summaries {{(pid=90024) _merge_candidates /opt/stack/placement/placement/objects/allocation_candidate.py:908}}
Jul 22 00:03:14.011015 np0000005609 devstack@placement-api.service[90024]: INFO placement.requestlog [req-0031f404-3878-4c3b-ba6e-7e00cc1ee064 req-f0f014a5-44f4-49e2-b731-c7ddcac8d3f6 service nova] 10.4.3.132 "GET /placement/allocation_candidates?limit=1000&resources=DISK_GB%3A1%2CMEMORY_MB%3A192%2CVCPU%3A1&root_required=%21COMPUTE_STATUS_DISABLED" status: 200 len: 2492 microversion: 1.36
Jul 22 00:03:14.011266 np0000005609 devstack@placement-api.service[90024]: [pid: 90024|app: 0|req: 10/31] 10.4.3.132 () {68 vars in 1625 bytes} [Wed Jul 22 00:03:13 2026] GET /placement/allocation_candidates?limit=1000&resources=DISK_GB%3A1%2CMEMORY_MB%3A192%2CVCPU%3A1&root_required=%21COMPUTE_STATUS_DISABLED => generated 2492 bytes in 68 msecs (HTTP/1.1 200) 8 headers in 297 bytes (1 switches on core 0)
Jul 22 00:03:14.188493 np0000005609 devstack@placement-api.service[90026]: DEBUG placement.requestlog [req-0031f404-3878-4c3b-ba6e-7e00cc1ee064 req-39287452-734b-4bda-a0a5-a582ab4f046f None None] Starting request: 10.4.3.132 "GET /placement/allocations/1ff58a48-d089-4fa8-9060-549d32799f79" {{(pid=90026) __call__ /opt/stack/placement/placement/requestlog.py:55}}
Jul 22 00:03:14.200193 np0000005609 devstack@placement-api.service[90026]: INFO placement.requestlog [req-0031f404-3878-4c3b-ba6e-7e00cc1ee064 req-39287452-734b-4bda-a0a5-a582ab4f046f service nova] 10.4.3.132 "GET /placement/allocations/1ff58a48-d089-4fa8-9060-549d32799f79" status: 200 len: 19 microversion: 1.28
Jul 22 00:03:14.201182 np0000005609 devstack@placement-api.service[90026]: [pid: 90026|app: 0|req: 11/32] 10.4.3.132 () {68 vars in 1501 bytes} [Wed Jul 22 00:03:14 2026] GET /placement/allocations/1ff58a48-d089-4fa8-9060-549d32799f79 => generated 19 bytes in 13 msecs (HTTP/1.1 200) 8 headers in 295 bytes (1 switches on core 0)
Jul 22 00:03:14.242006 np0000005609 devstack@placement-api.service[90025]: DEBUG placement.requestlog [req-0031f404-3878-4c3b-ba6e-7e00cc1ee064 req-cf112423-b949-4265-b090-ba704068e8fe None None] Starting request: 10.4.3.132 "PUT /placement/allocations/1ff58a48-d089-4fa8-9060-549d32799f79" {{(pid=90025) __call__ /opt/stack/placement/placement/requestlog.py:55}}
