Aug 24 20:54:50.499627 np0000008018 systemd[1]: Starting devstack@n-api.service - Devstack devstack@n-api.service...
Aug 24 20:54:50.505150 np0000008018 devstack@n-api.service[84449]: [uWSGI] getting INI configuration from /etc/nova/nova-api-uwsgi.ini
Aug 24 20:54:50.507577 np0000008018 devstack@n-api.service[84449]: *** Starting uWSGI 2.0.24-debian (64bit) on [Mon Aug 24 20:54:50 2026] ***
Aug 24 20:54:50.507577 np0000008018 devstack@n-api.service[84449]: compiled with version: 13.2.0 on 17 April 2024 16:23:48
Aug 24 20:54:50.507577 np0000008018 devstack@n-api.service[84449]: os: Linux-6.8.0-138-generic #138-Ubuntu SMP PREEMPT_DYNAMIC Fri Jul 31 22:41:49 UTC 2026
Aug 24 20:54:50.507577 np0000008018 devstack@n-api.service[84449]: nodename: np0000008018
Aug 24 20:54:50.507577 np0000008018 devstack@n-api.service[84449]: machine: x86_64
Aug 24 20:54:50.507577 np0000008018 devstack@n-api.service[84449]: clock source: unix
Aug 24 20:54:50.507577 np0000008018 devstack@n-api.service[84449]: pcre jit disabled
Aug 24 20:54:50.507577 np0000008018 devstack@n-api.service[84449]: detected number of CPU cores: 16
Aug 24 20:54:50.507577 np0000008018 devstack@n-api.service[84449]: current working directory: /
Aug 24 20:54:50.507577 np0000008018 devstack@n-api.service[84449]: detected binary path: /usr/bin/uwsgi-core
Aug 24 20:54:50.507577 np0000008018 devstack@n-api.service[84449]: your processes number limit is 252954
Aug 24 20:54:50.507577 np0000008018 devstack@n-api.service[84449]: your memory page size is 4096 bytes
Aug 24 20:54:50.507577 np0000008018 devstack@n-api.service[84449]: detected max file descriptor number: 2048
Aug 24 20:54:50.507577 np0000008018 devstack@n-api.service[84449]: lock engine: pthread robust mutexes
Aug 24 20:54:50.508004 np0000008018 devstack@n-api.service[84449]: thunder lock: enabled
Aug 24 20:54:50.508004 np0000008018 devstack@n-api.service[84449]: uwsgi socket 0 bound to UNIX address /var/run/uwsgi/nova-api.socket fd 4
Aug 24 20:54:50.508004 np0000008018 devstack@n-api.service[84449]: Python version: 3.12.3 (main, Jun 19 2026, 12:46:00) [GCC 13.3.0]
Aug 24 20:54:50.508004 np0000008018 devstack@n-api.service[84449]: PEP 405 virtualenv detected: /opt/stack/data/venv
Aug 24 20:54:50.508004 np0000008018 devstack@n-api.service[84449]: Set PythonHome to /opt/stack/data/venv
Aug 24 20:54:50.542615 np0000008018 devstack@n-api.service[84449]: Python main interpreter initialized at 0x7dd02c0a4668
Aug 24 20:54:50.542615 np0000008018 devstack@n-api.service[84449]: python threads support enabled
Aug 24 20:54:50.542615 np0000008018 devstack@n-api.service[84449]: your server socket listen backlog is limited to 100 connections
Aug 24 20:54:50.542615 np0000008018 devstack@n-api.service[84449]: your mercy for graceful operations on workers is 80 seconds
Aug 24 20:54:50.543018 np0000008018 devstack@n-api.service[84449]: mapped 537436 bytes (524 KB) for 3 cores
Aug 24 20:54:50.543144 np0000008018 devstack@n-api.service[84449]: *** Operational MODE: preforking ***
Aug 24 20:54:50.543375 np0000008018 devstack@n-api.service[84449]: *** uWSGI is running in multiple interpreter mode ***
Aug 24 20:54:50.543375 np0000008018 devstack@n-api.service[84449]: spawned uWSGI master process (pid: 84449)
Aug 24 20:54:50.543619 np0000008018 systemd[1]: Started devstack@n-api.service - Devstack devstack@n-api.service.
Aug 24 20:54:50.543976 np0000008018 devstack@n-api.service[84449]: spawned uWSGI worker 1 (pid: 84450, cores: 1)
Aug 24 20:54:50.544496 np0000008018 devstack@n-api.service[84449]: spawned uWSGI worker 2 (pid: 84451, cores: 1)
Aug 24 20:54:50.544926 np0000008018 devstack@n-api.service[84449]: spawned uWSGI worker 3 (pid: 84452, cores: 1)
Aug 24 20:54:50.545028 np0000008018 devstack@n-api.service[84449]: running "unix_signal:15 gracefully_kill_them_all" (master-start)...
Aug 24 20:54:52.303465 np0000008018 devstack@n-api.service[84451]: INFO dbcounter [None req-6195a1e0-bbe2-4e90-94ef-829d1ff9f7f6 None None] Registered counter for database nova_api
Aug 24 20:54:52.329200 np0000008018 devstack@n-api.service[84450]: INFO dbcounter [None req-55e49695-6580-4cd5-bc36-16bef89488e6 None None] Registered counter for database nova_api
Aug 24 20:54:52.345002 np0000008018 devstack@n-api.service[84451]: DEBUG oslo_db.sqlalchemy.engines [None req-6195a1e0-bbe2-4e90-94ef-829d1ff9f7f6 None None] MySQL server mode set to STRICT_TRANS_TABLES,STRICT_ALL_TABLES,NO_ZERO_IN_DATE,NO_ZERO_DATE,ERROR_FOR_DIVISION_BY_ZERO,TRADITIONAL,NO_ENGINE_SUBSTITUTION {{(pid=84451) _check_effective_sql_mode /opt/stack/data/venv/lib/python3.12/site-packages/oslo_db/sqlalchemy/engines.py:325}}
Aug 24 20:54:52.372178 np0000008018 devstack@n-api.service[84450]: DEBUG oslo_db.sqlalchemy.engines [None req-55e49695-6580-4cd5-bc36-16bef89488e6 None None] MySQL server mode set to STRICT_TRANS_TABLES,STRICT_ALL_TABLES,NO_ZERO_IN_DATE,NO_ZERO_DATE,ERROR_FOR_DIVISION_BY_ZERO,TRADITIONAL,NO_ENGINE_SUBSTITUTION {{(pid=84450) _check_effective_sql_mode /opt/stack/data/venv/lib/python3.12/site-packages/oslo_db/sqlalchemy/engines.py:325}}
Aug 24 20:54:52.374561 np0000008018 devstack@n-api.service[84451]: DEBUG dbcounter [-] [84451] Writer thread running {{(pid=84451) stat_writer /opt/stack/data/venv/lib/python3.12/site-packages/dbcounter.py:102}}
Aug 24 20:54:52.377394 np0000008018 devstack@n-api.service[84451]: DEBUG nova.context [None req-6195a1e0-bbe2-4e90-94ef-829d1ff9f7f6 None None] Found 2 cells: 00000000-0000-0000-0000-000000000000(cell0),d22f0d6f-0d94-49ab-a661-da1bb078f24e(cell1) {{(pid=84451) load_cells /opt/stack/nova/nova/context.py:509}}
Aug 24 20:54:52.379664 np0000008018 devstack@n-api.service[84452]: INFO dbcounter [None req-6602d08b-ba41-49c0-998b-50312b2a46d4 None None] Registered counter for database nova_api
Aug 24 20:54:52.380119 np0000008018 devstack@n-api.service[84451]: DEBUG oslo_concurrency.lockutils [None req-6195a1e0-bbe2-4e90-94ef-829d1ff9f7f6 None None] Acquiring lock "00000000-0000-0000-0000-000000000000" by "nova.context.set_target_cell..get_or_set_cached_cell_and_set_connections" {{(pid=84451) inner /opt/stack/data/venv/lib/python3.12/site-packages/oslo_concurrency/lockutils.py:512}}
Aug 24 20:54:52.380302 np0000008018 devstack@n-api.service[84451]: DEBUG oslo_concurrency.lockutils [None req-6195a1e0-bbe2-4e90-94ef-829d1ff9f7f6 None None] Lock "00000000-0000-0000-0000-000000000000" acquired by "nova.context.set_target_cell..get_or_set_cached_cell_and_set_connections" :: waited 0.000s {{(pid=84451) inner /opt/stack/data/venv/lib/python3.12/site-packages/oslo_concurrency/lockutils.py:525}}
Aug 24 20:54:52.381013 np0000008018 devstack@n-api.service[84451]: DEBUG oslo_concurrency.lockutils [None req-6195a1e0-bbe2-4e90-94ef-829d1ff9f7f6 None None] Lock "00000000-0000-0000-0000-000000000000" "released" by "nova.context.set_target_cell..get_or_set_cached_cell_and_set_connections" :: held 0.001s {{(pid=84451) inner /opt/stack/data/venv/lib/python3.12/site-packages/oslo_concurrency/lockutils.py:544}}
Aug 24 20:54:52.381377 np0000008018 devstack@n-api.service[84451]: INFO nova.thread_pool_factory [None req-6195a1e0-bbe2-4e90-94ef-829d1ff9f7f6 None None] The cell_worker thread pool MainProcess.cell_worker is initialized
Aug 24 20:54:52.382478 np0000008018 devstack@n-api.service[84451]: DEBUG oslo_concurrency.lockutils [None req-6195a1e0-bbe2-4e90-94ef-829d1ff9f7f6 None None] Acquiring lock "d22f0d6f-0d94-49ab-a661-da1bb078f24e" by "nova.context.set_target_cell..get_or_set_cached_cell_and_set_connections" {{(pid=84451) inner /opt/stack/data/venv/lib/python3.12/site-packages/oslo_concurrency/lockutils.py:512}}
Aug 24 20:54:52.382762 np0000008018 devstack@n-api.service[84451]: DEBUG oslo_concurrency.lockutils [None req-6195a1e0-bbe2-4e90-94ef-829d1ff9f7f6 None None] Lock "d22f0d6f-0d94-49ab-a661-da1bb078f24e" acquired by "nova.context.set_target_cell..get_or_set_cached_cell_and_set_connections" :: waited 0.000s {{(pid=84451) inner /opt/stack/data/venv/lib/python3.12/site-packages/oslo_concurrency/lockutils.py:525}}
Aug 24 20:54:52.384164 np0000008018 devstack@n-api.service[84451]: DEBUG oslo_concurrency.lockutils [None req-6195a1e0-bbe2-4e90-94ef-829d1ff9f7f6 None None] Lock "d22f0d6f-0d94-49ab-a661-da1bb078f24e" "released" by "nova.context.set_target_cell..get_or_set_cached_cell_and_set_connections" :: held 0.001s {{(pid=84451) inner /opt/stack/data/venv/lib/python3.12/site-packages/oslo_concurrency/lockutils.py:544}}
Aug 24 20:54:52.386880 np0000008018 devstack@n-api.service[84451]: INFO dbcounter [None req-6195a1e0-bbe2-4e90-94ef-829d1ff9f7f6 None None] Registered counter for database nova_cell0
Aug 24 20:54:52.390847 np0000008018 devstack@n-api.service[84451]: INFO dbcounter [None req-6195a1e0-bbe2-4e90-94ef-829d1ff9f7f6 None None] Registered counter for database nova_cell1
Aug 24 20:54:52.417609 np0000008018 devstack@n-api.service[84450]: DEBUG dbcounter [-] [84450] Writer thread running {{(pid=84450) stat_writer /opt/stack/data/venv/lib/python3.12/site-packages/dbcounter.py:102}}
Aug 24 20:54:52.421042 np0000008018 devstack@n-api.service[84450]: DEBUG nova.context [None req-55e49695-6580-4cd5-bc36-16bef89488e6 None None] Found 2 cells: 00000000-0000-0000-0000-000000000000(cell0),d22f0d6f-0d94-49ab-a661-da1bb078f24e(cell1) {{(pid=84450) load_cells /opt/stack/nova/nova/context.py:509}}
Aug 24 20:54:52.422976 np0000008018 devstack@n-api.service[84452]: DEBUG oslo_db.sqlalchemy.engines [None req-6602d08b-ba41-49c0-998b-50312b2a46d4 None None] MySQL server mode set to STRICT_TRANS_TABLES,STRICT_ALL_TABLES,NO_ZERO_IN_DATE,NO_ZERO_DATE,ERROR_FOR_DIVISION_BY_ZERO,TRADITIONAL,NO_ENGINE_SUBSTITUTION {{(pid=84452) _check_effective_sql_mode /opt/stack/data/venv/lib/python3.12/site-packages/oslo_db/sqlalchemy/engines.py:325}}
Aug 24 20:54:52.423657 np0000008018 devstack@n-api.service[84450]: DEBUG oslo_concurrency.lockutils [None req-55e49695-6580-4cd5-bc36-16bef89488e6 None None] Acquiring lock "00000000-0000-0000-0000-000000000000" by "nova.context.set_target_cell..get_or_set_cached_cell_and_set_connections" {{(pid=84450) inner /opt/stack/data/venv/lib/python3.12/site-packages/oslo_concurrency/lockutils.py:512}}
Aug 24 20:54:52.423894 np0000008018 devstack@n-api.service[84450]: DEBUG oslo_concurrency.lockutils [None req-55e49695-6580-4cd5-bc36-16bef89488e6 None None] Lock "00000000-0000-0000-0000-000000000000" acquired by "nova.context.set_target_cell..get_or_set_cached_cell_and_set_connections" :: waited 0.000s {{(pid=84450) inner /opt/stack/data/venv/lib/python3.12/site-packages/oslo_concurrency/lockutils.py:525}}
Aug 24 20:54:52.424438 np0000008018 devstack@n-api.service[84450]: DEBUG oslo_concurrency.lockutils [None req-55e49695-6580-4cd5-bc36-16bef89488e6 None None] Lock "00000000-0000-0000-0000-000000000000" "released" by "nova.context.set_target_cell..get_or_set_cached_cell_and_set_connections" :: held 0.001s {{(pid=84450) inner /opt/stack/data/venv/lib/python3.12/site-packages/oslo_concurrency/lockutils.py:544}}
Aug 24 20:54:52.424769 np0000008018 devstack@n-api.service[84450]: INFO nova.thread_pool_factory [None req-55e49695-6580-4cd5-bc36-16bef89488e6 None None] The cell_worker thread pool MainProcess.cell_worker is initialized
Aug 24 20:54:52.425656 np0000008018 devstack@n-api.service[84450]: DEBUG oslo_concurrency.lockutils [None req-55e49695-6580-4cd5-bc36-16bef89488e6 None None] Acquiring lock "d22f0d6f-0d94-49ab-a661-da1bb078f24e" by "nova.context.set_target_cell..get_or_set_cached_cell_and_set_connections" {{(pid=84450) inner /opt/stack/data/venv/lib/python3.12/site-packages/oslo_concurrency/lockutils.py:512}}
Aug 24 20:54:52.425880 np0000008018 devstack@n-api.service[84450]: DEBUG oslo_concurrency.lockutils [None req-55e49695-6580-4cd5-bc36-16bef89488e6 None None] Lock "d22f0d6f-0d94-49ab-a661-da1bb078f24e" acquired by "nova.context.set_target_cell..get_or_set_cached_cell_and_set_connections" :: waited 0.000s {{(pid=84450) inner /opt/stack/data/venv/lib/python3.12/site-packages/oslo_concurrency/lockutils.py:525}}
Aug 24 20:54:52.427130 np0000008018 devstack@n-api.service[84450]: DEBUG oslo_concurrency.lockutils [None req-55e49695-6580-4cd5-bc36-16bef89488e6 None None] Lock "d22f0d6f-0d94-49ab-a661-da1bb078f24e" "released" by "nova.context.set_target_cell..get_or_set_cached_cell_and_set_connections" :: held 0.001s {{(pid=84450) inner /opt/stack/data/venv/lib/python3.12/site-packages/oslo_concurrency/lockutils.py:544}}
Aug 24 20:54:52.428994 np0000008018 devstack@n-api.service[84450]: INFO dbcounter [None req-55e49695-6580-4cd5-bc36-16bef89488e6 None None] Registered counter for database nova_cell0
Aug 24 20:54:52.432331 np0000008018 devstack@n-api.service[84450]: INFO dbcounter [None req-55e49695-6580-4cd5-bc36-16bef89488e6 None None] Registered counter for database nova_cell1
Aug 24 20:54:52.438050 np0000008018 devstack@n-api.service[84451]: DEBUG oslo_db.sqlalchemy.engines [None req-6195a1e0-bbe2-4e90-94ef-829d1ff9f7f6 None None] MySQL server mode set to STRICT_TRANS_TABLES,STRICT_ALL_TABLES,NO_ZERO_IN_DATE,NO_ZERO_DATE,ERROR_FOR_DIVISION_BY_ZERO,TRADITIONAL,NO_ENGINE_SUBSTITUTION {{(pid=84451) _check_effective_sql_mode /opt/stack/data/venv/lib/python3.12/site-packages/oslo_db/sqlalchemy/engines.py:325}}
Aug 24 20:54:52.453170 np0000008018 devstack@n-api.service[84451]: DEBUG oslo_db.sqlalchemy.engines [None req-6195a1e0-bbe2-4e90-94ef-829d1ff9f7f6 None None] MySQL server mode set to STRICT_TRANS_TABLES,STRICT_ALL_TABLES,NO_ZERO_IN_DATE,NO_ZERO_DATE,ERROR_FOR_DIVISION_BY_ZERO,TRADITIONAL,NO_ENGINE_SUBSTITUTION {{(pid=84451) _check_effective_sql_mode /opt/stack/data/venv/lib/python3.12/site-packages/oslo_db/sqlalchemy/engines.py:325}}
Aug 24 20:54:52.460814 np0000008018 devstack@n-api.service[84452]: DEBUG dbcounter [-] [84452] Writer thread running {{(pid=84452) stat_writer /opt/stack/data/venv/lib/python3.12/site-packages/dbcounter.py:102}}
Aug 24 20:54:52.464089 np0000008018 devstack@n-api.service[84452]: DEBUG nova.context [None req-6602d08b-ba41-49c0-998b-50312b2a46d4 None None] Found 2 cells: 00000000-0000-0000-0000-000000000000(cell0),d22f0d6f-0d94-49ab-a661-da1bb078f24e(cell1) {{(pid=84452) load_cells /opt/stack/nova/nova/context.py:509}}
Aug 24 20:54:52.465944 np0000008018 devstack@n-api.service[84452]: DEBUG oslo_concurrency.lockutils [None req-6602d08b-ba41-49c0-998b-50312b2a46d4 None None] Acquiring lock "00000000-0000-0000-0000-000000000000" by "nova.context.set_target_cell..get_or_set_cached_cell_and_set_connections" {{(pid=84452) inner /opt/stack/data/venv/lib/python3.12/site-packages/oslo_concurrency/lockutils.py:512}}
Aug 24 20:54:52.466136 np0000008018 devstack@n-api.service[84452]: DEBUG oslo_concurrency.lockutils [None req-6602d08b-ba41-49c0-998b-50312b2a46d4 None None] Lock "00000000-0000-0000-0000-000000000000" acquired by "nova.context.set_target_cell..get_or_set_cached_cell_and_set_connections" :: waited 0.000s {{(pid=84452) inner /opt/stack/data/venv/lib/python3.12/site-packages/oslo_concurrency/lockutils.py:525}}
Aug 24 20:54:52.466542 np0000008018 devstack@n-api.service[84452]: DEBUG oslo_concurrency.lockutils [None req-6602d08b-ba41-49c0-998b-50312b2a46d4 None None] Lock "00000000-0000-0000-0000-000000000000" "released" by "nova.context.set_target_cell..get_or_set_cached_cell_and_set_connections" :: held 0.000s {{(pid=84452) inner /opt/stack/data/venv/lib/python3.12/site-packages/oslo_concurrency/lockutils.py:544}}
Aug 24 20:54:52.466776 np0000008018 devstack@n-api.service[84452]: INFO nova.thread_pool_factory [None req-6602d08b-ba41-49c0-998b-50312b2a46d4 None None] The cell_worker thread pool MainProcess.cell_worker is initialized
Aug 24 20:54:52.467599 np0000008018 devstack@n-api.service[84452]: DEBUG oslo_concurrency.lockutils [None req-6602d08b-ba41-49c0-998b-50312b2a46d4 None None] Acquiring lock "d22f0d6f-0d94-49ab-a661-da1bb078f24e" by "nova.context.set_target_cell..get_or_set_cached_cell_and_set_connections" {{(pid=84452) inner /opt/stack/data/venv/lib/python3.12/site-packages/oslo_concurrency/lockutils.py:512}}
Aug 24 20:54:52.469840 np0000008018 devstack@n-api.service[84452]: INFO dbcounter [None req-6602d08b-ba41-49c0-998b-50312b2a46d4 None None] Registered counter for database nova_cell0
Aug 24 20:54:52.470208 np0000008018 devstack@n-api.service[84450]: DEBUG oslo_db.sqlalchemy.engines [None req-55e49695-6580-4cd5-bc36-16bef89488e6 None None] MySQL server mode set to STRICT_TRANS_TABLES,STRICT_ALL_TABLES,NO_ZERO_IN_DATE,NO_ZERO_DATE,ERROR_FOR_DIVISION_BY_ZERO,TRADITIONAL,NO_ENGINE_SUBSTITUTION {{(pid=84450) _check_effective_sql_mode /opt/stack/data/venv/lib/python3.12/site-packages/oslo_db/sqlalchemy/engines.py:325}}
Aug 24 20:54:52.471501 np0000008018 devstack@n-api.service[84452]: DEBUG oslo_concurrency.lockutils [None req-6602d08b-ba41-49c0-998b-50312b2a46d4 None None] Lock "d22f0d6f-0d94-49ab-a661-da1bb078f24e" acquired by "nova.context.set_target_cell..get_or_set_cached_cell_and_set_connections" :: waited 0.002s {{(pid=84452) inner /opt/stack/data/venv/lib/python3.12/site-packages/oslo_concurrency/lockutils.py:525}}
Aug 24 20:54:52.473523 np0000008018 devstack@n-api.service[84452]: DEBUG oslo_concurrency.lockutils [None req-6602d08b-ba41-49c0-998b-50312b2a46d4 None None] Lock "d22f0d6f-0d94-49ab-a661-da1bb078f24e" "released" by "nova.context.set_target_cell..get_or_set_cached_cell_and_set_connections" :: held 0.004s {{(pid=84452) inner /opt/stack/data/venv/lib/python3.12/site-packages/oslo_concurrency/lockutils.py:544}}
Aug 24 20:54:52.474414 np0000008018 devstack@n-api.service[84450]: DEBUG oslo_db.sqlalchemy.engines [None req-55e49695-6580-4cd5-bc36-16bef89488e6 None None] MySQL server mode set to STRICT_TRANS_TABLES,STRICT_ALL_TABLES,NO_ZERO_IN_DATE,NO_ZERO_DATE,ERROR_FOR_DIVISION_BY_ZERO,TRADITIONAL,NO_ENGINE_SUBSTITUTION {{(pid=84450) _check_effective_sql_mode /opt/stack/data/venv/lib/python3.12/site-packages/oslo_db/sqlalchemy/engines.py:325}}
Aug 24 20:54:52.476081 np0000008018 devstack@n-api.service[84452]: INFO dbcounter [None req-6602d08b-ba41-49c0-998b-50312b2a46d4 None None] Registered counter for database nova_cell1
Aug 24 20:54:52.520252 np0000008018 devstack@n-api.service[84452]: DEBUG oslo_db.sqlalchemy.engines [None req-6602d08b-ba41-49c0-998b-50312b2a46d4 None None] MySQL server mode set to STRICT_TRANS_TABLES,STRICT_ALL_TABLES,NO_ZERO_IN_DATE,NO_ZERO_DATE,ERROR_FOR_DIVISION_BY_ZERO,TRADITIONAL,NO_ENGINE_SUBSTITUTION {{(pid=84452) _check_effective_sql_mode /opt/stack/data/venv/lib/python3.12/site-packages/oslo_db/sqlalchemy/engines.py:325}}
Aug 24 20:54:52.542331 np0000008018 devstack@n-api.service[84451]: DEBUG dbcounter [-] [84451] Writer thread running {{(pid=84451) stat_writer /opt/stack/data/venv/lib/python3.12/site-packages/dbcounter.py:102}}
Aug 24 20:54:52.546302 np0000008018 devstack@n-api.service[84451]: DEBUG dbcounter [-] [84451] Writer thread running {{(pid=84451) stat_writer /opt/stack/data/venv/lib/python3.12/site-packages/dbcounter.py:102}}
Aug 24 20:54:52.549962 np0000008018 devstack@n-api.service[84451]: INFO dbcounter [None req-6195a1e0-bbe2-4e90-94ef-829d1ff9f7f6 None None] Registered counter for database nova_cell0
Aug 24 20:54:52.568523 np0000008018 devstack@n-api.service[84450]: DEBUG dbcounter [-] [84450] Writer thread running {{(pid=84450) stat_writer /opt/stack/data/venv/lib/python3.12/site-packages/dbcounter.py:102}}
Aug 24 20:54:52.572811 np0000008018 devstack@n-api.service[84450]: DEBUG dbcounter [-] [84450] Writer thread running {{(pid=84450) stat_writer /opt/stack/data/venv/lib/python3.12/site-packages/dbcounter.py:102}}
Aug 24 20:54:52.576315 np0000008018 devstack@n-api.service[84450]: INFO dbcounter [None req-55e49695-6580-4cd5-bc36-16bef89488e6 None None] Registered counter for database nova_cell0
Aug 24 20:54:52.589020 np0000008018 devstack@n-api.service[84451]: DEBUG oslo_db.sqlalchemy.engines [None req-6195a1e0-bbe2-4e90-94ef-829d1ff9f7f6 None None] MySQL server mode set to STRICT_TRANS_TABLES,STRICT_ALL_TABLES,NO_ZERO_IN_DATE,NO_ZERO_DATE,ERROR_FOR_DIVISION_BY_ZERO,TRADITIONAL,NO_ENGINE_SUBSTITUTION {{(pid=84451) _check_effective_sql_mode /opt/stack/data/venv/lib/python3.12/site-packages/oslo_db/sqlalchemy/engines.py:325}}
Aug 24 20:54:52.598027 np0000008018 devstack@n-api.service[84451]: DEBUG dbcounter [-] [84451] Writer thread running {{(pid=84451) stat_writer /opt/stack/data/venv/lib/python3.12/site-packages/dbcounter.py:102}}
Aug 24 20:54:52.608938 np0000008018 devstack@n-api.service[84452]: DEBUG dbcounter [-] [84452] Writer thread running {{(pid=84452) stat_writer /opt/stack/data/venv/lib/python3.12/site-packages/dbcounter.py:102}}
Aug 24 20:54:52.609963 np0000008018 devstack@n-api.service[84450]: DEBUG oslo_db.sqlalchemy.engines [None req-55e49695-6580-4cd5-bc36-16bef89488e6 None None] MySQL server mode set to STRICT_TRANS_TABLES,STRICT_ALL_TABLES,NO_ZERO_IN_DATE,NO_ZERO_DATE,ERROR_FOR_DIVISION_BY_ZERO,TRADITIONAL,NO_ENGINE_SUBSTITUTION {{(pid=84450) _check_effective_sql_mode /opt/stack/data/venv/lib/python3.12/site-packages/oslo_db/sqlalchemy/engines.py:325}}
Aug 24 20:54:52.613974 np0000008018 devstack@n-api.service[84452]: DEBUG oslo_db.sqlalchemy.engines [None req-6602d08b-ba41-49c0-998b-50312b2a46d4 None None] MySQL server mode set to STRICT_TRANS_TABLES,STRICT_ALL_TABLES,NO_ZERO_IN_DATE,NO_ZERO_DATE,ERROR_FOR_DIVISION_BY_ZERO,TRADITIONAL,NO_ENGINE_SUBSTITUTION {{(pid=84452) _check_effective_sql_mode /opt/stack/data/venv/lib/python3.12/site-packages/oslo_db/sqlalchemy/engines.py:325}}
Aug 24 20:54:52.618548 np0000008018 devstack@n-api.service[84450]: DEBUG dbcounter [-] [84450] Writer thread running {{(pid=84450) stat_writer /opt/stack/data/venv/lib/python3.12/site-packages/dbcounter.py:102}}
Aug 24 20:54:52.620020 np0000008018 devstack@n-api.service[84452]: DEBUG dbcounter [-] [84452] Writer thread running {{(pid=84452) stat_writer /opt/stack/data/venv/lib/python3.12/site-packages/dbcounter.py:102}}
Aug 24 20:54:52.669067 np0000008018 devstack@n-api.service[84452]: INFO dbcounter [None req-6602d08b-ba41-49c0-998b-50312b2a46d4 None None] Registered counter for database nova_cell0
Aug 24 20:54:52.701965 np0000008018 devstack@n-api.service[84452]: DEBUG oslo_db.sqlalchemy.engines [None req-6602d08b-ba41-49c0-998b-50312b2a46d4 None None] MySQL server mode set to STRICT_TRANS_TABLES,STRICT_ALL_TABLES,NO_ZERO_IN_DATE,NO_ZERO_DATE,ERROR_FOR_DIVISION_BY_ZERO,TRADITIONAL,NO_ENGINE_SUBSTITUTION {{(pid=84452) _check_effective_sql_mode /opt/stack/data/venv/lib/python3.12/site-packages/oslo_db/sqlalchemy/engines.py:325}}
Aug 24 20:54:52.707925 np0000008018 devstack@n-api.service[84452]: DEBUG dbcounter [-] [84452] Writer thread running {{(pid=84452) stat_writer /opt/stack/data/venv/lib/python3.12/site-packages/dbcounter.py:102}}
Aug 24 20:54:52.936006 np0000008018 devstack@n-api.service[84451]: DEBUG oslo_concurrency.processutils [None req-6195a1e0-bbe2-4e90-94ef-829d1ff9f7f6 None None] Running cmd (subprocess): grep -F node.session.scan /sbin/iscsiadm {{(pid=84451) execute /opt/stack/data/venv/lib/python3.12/site-packages/oslo_concurrency/processutils.py:440}}
Aug 24 20:54:52.947022 np0000008018 devstack@n-api.service[84451]: DEBUG oslo_concurrency.processutils [None req-6195a1e0-bbe2-4e90-94ef-829d1ff9f7f6 None None] CMD "grep -F node.session.scan /sbin/iscsiadm" returned: 0 in 0.011s {{(pid=84451) execute /opt/stack/data/venv/lib/python3.12/site-packages/oslo_concurrency/processutils.py:468}}
Aug 24 20:54:52.982771 np0000008018 devstack@n-api.service[84450]: DEBUG oslo_concurrency.processutils [None req-55e49695-6580-4cd5-bc36-16bef89488e6 None None] Running cmd (subprocess): grep -F node.session.scan /sbin/iscsiadm {{(pid=84450) execute /opt/stack/data/venv/lib/python3.12/site-packages/oslo_concurrency/processutils.py:440}}
Aug 24 20:54:52.994723 np0000008018 devstack@n-api.service[84450]: DEBUG oslo_concurrency.processutils [None req-55e49695-6580-4cd5-bc36-16bef89488e6 None None] CMD "grep -F node.session.scan /sbin/iscsiadm" returned: 0 in 0.012s {{(pid=84450) execute /opt/stack/data/venv/lib/python3.12/site-packages/oslo_concurrency/processutils.py:468}}
Aug 24 20:54:53.005005 np0000008018 devstack@n-api.service[84452]: DEBUG oslo_concurrency.processutils [None req-6602d08b-ba41-49c0-998b-50312b2a46d4 None None] Running cmd (subprocess): grep -F node.session.scan /sbin/iscsiadm {{(pid=84452) execute /opt/stack/data/venv/lib/python3.12/site-packages/oslo_concurrency/processutils.py:440}}
Aug 24 20:54:53.017534 np0000008018 devstack@n-api.service[84452]: DEBUG oslo_concurrency.processutils [None req-6602d08b-ba41-49c0-998b-50312b2a46d4 None None] CMD "grep -F node.session.scan /sbin/iscsiadm" returned: 0 in 0.013s {{(pid=84452) execute /opt/stack/data/venv/lib/python3.12/site-packages/oslo_concurrency/processutils.py:468}}
Aug 24 20:54:53.619340 np0000008018 devstack@n-api.service[84450]: DEBUG nova.api.openstack.wsgi_app [None req-55e49695-6580-4cd5-bc36-16bef89488e6 None None] ******************************************************************************** {{(pid=84450) log_opt_values /opt/stack/data/venv/lib/python3.12/site-packages/oslo_config/cfg.py:3533}}
Aug 24 20:54:53.619734 np0000008018 devstack@n-api.service[84450]: DEBUG nova.api.openstack.wsgi_app [None req-55e49695-6580-4cd5-bc36-16bef89488e6 None None] Configuration options gathered from: {{(pid=84450) log_opt_values /opt/stack/data/venv/lib/python3.12/site-packages/oslo_config/cfg.py:3534}}
Aug 24 20:54:53.619845 np0000008018 devstack@n-api.service[84450]: DEBUG nova.api.openstack.wsgi_app [None req-55e49695-6580-4cd5-bc36-16bef89488e6 None None] command line args: [] {{(pid=84450) log_opt_values /opt/stack/data/venv/lib/python3.12/site-packages/oslo_config/cfg.py:3535}}
Aug 24 20:54:53.620010 np0000008018 devstack@n-api.service[84450]: DEBUG nova.api.openstack.wsgi_app [None req-55e49695-6580-4cd5-bc36-16bef89488e6 None None] config files: ['/etc/nova/api-paste.ini', '/etc/nova/nova.conf'] {{(pid=84450) log_opt_values /opt/stack/data/venv/lib/python3.12/site-packages/oslo_config/cfg.py:3536}}
Aug 24 20:54:53.620109 np0000008018 devstack@n-api.service[84450]: DEBUG nova.api.openstack.wsgi_app [None req-55e49695-6580-4cd5-bc36-16bef89488e6 None None] ================================================================================ {{(pid=84450) log_opt_values /opt/stack/data/venv/lib/python3.12/site-packages/oslo_config/cfg.py:3541}}
Aug 24 20:54:53.620289 np0000008018 devstack@n-api.service[84450]: DEBUG nova.api.openstack.wsgi_app [None req-55e49695-6580-4cd5-bc36-16bef89488e6 None None] allow_resize_to_same_host = True {{(pid=84450) log_opt_values /opt/stack/data/venv/lib/python3.12/site-packages/oslo_config/cfg.py:3549}}
Aug 24 20:54:53.620450 np0000008018 devstack@n-api.service[84450]: DEBUG nova.api.openstack.wsgi_app [None req-55e49695-6580-4cd5-bc36-16bef89488e6 None None] arq_binding_timeout = 300 {{(pid=84450) log_opt_values /opt/stack/data/venv/lib/python3.12/site-packages/oslo_config/cfg.py:3549}}
Aug 24 20:54:53.620588 np0000008018 devstack@n-api.service[84450]: DEBUG nova.api.openstack.wsgi_app [None req-55e49695-6580-4cd5-bc36-16bef89488e6 None None] block_device_allocate_retries = 60 {{(pid=84450) log_opt_values /opt/stack/data/venv/lib/python3.12/site-packages/oslo_config/cfg.py:3549}}
Aug 24 20:54:53.620703 np0000008018 devstack@n-api.service[84450]: DEBUG nova.api.openstack.wsgi_app [None req-55e49695-6580-4cd5-bc36-16bef89488e6 None None] block_device_allocate_retries_interval = 3 {{(pid=84450) log_opt_values /opt/stack/data/venv/lib/python3.12/site-packages/oslo_config/cfg.py:3549}}
Aug 24 20:54:53.620832 np0000008018 devstack@n-api.service[84450]: DEBUG nova.api.openstack.wsgi_app [None req-55e49695-6580-4cd5-bc36-16bef89488e6 None None] cell_worker_thread_pool_size = 5 {{(pid=84450) log_opt_values /opt/stack/data/venv/lib/python3.12/site-packages/oslo_config/cfg.py:3549}}
Aug 24 20:54:53.620972 np0000008018 devstack@n-api.service[84450]: DEBUG nova.api.openstack.wsgi_app [None req-55e49695-6580-4cd5-bc36-16bef89488e6 None None] cert = self.pem {{(pid=84450) log_opt_values /opt/stack/data/venv/lib/python3.12/site-packages/oslo_config/cfg.py:3549}}
Aug 24 20:54:53.621097 np0000008018 devstack@n-api.service[84450]: DEBUG nova.api.openstack.wsgi_app [None req-55e49695-6580-4cd5-bc36-16bef89488e6 None None] compute_driver = libvirt.LibvirtDriver {{(pid=84450) log_opt_values /opt/stack/data/venv/lib/python3.12/site-packages/oslo_config/cfg.py:3549}}
Aug 24 20:54:53.621213 np0000008018 devstack@n-api.service[84450]: DEBUG nova.api.openstack.wsgi_app [None req-55e49695-6580-4cd5-bc36-16bef89488e6 None None] compute_monitors = [] {{(pid=84450) log_opt_values /opt/stack/data/venv/lib/python3.12/site-packages/oslo_config/cfg.py:3549}}
Aug 24 20:54:53.621354 np0000008018 devstack@n-api.service[84450]: DEBUG nova.api.openstack.wsgi_app [None req-55e49695-6580-4cd5-bc36-16bef89488e6 None None] concurrency_backend = auto {{(pid=84450) log_opt_values /opt/stack/data/venv/lib/python3.12/site-packages/oslo_config/cfg.py:3549}}
Aug 24 20:54:53.621475 np0000008018 devstack@n-api.service[84450]: DEBUG nova.api.openstack.wsgi_app [None req-55e49695-6580-4cd5-bc36-16bef89488e6 None None] config_dir = [] {{(pid=84450) log_opt_values /opt/stack/data/venv/lib/python3.12/site-packages/oslo_config/cfg.py:3549}}
Aug 24 20:54:53.621629 np0000008018 devstack@n-api.service[84450]: DEBUG nova.api.openstack.wsgi_app [None req-55e49695-6580-4cd5-bc36-16bef89488e6 None None] config_drive_format = iso9660 {{(pid=84450) log_opt_values /opt/stack/data/venv/lib/python3.12/site-packages/oslo_config/cfg.py:3549}}
Aug 24 20:54:53.621757 np0000008018 devstack@n-api.service[84450]: DEBUG nova.api.openstack.wsgi_app [None req-55e49695-6580-4cd5-bc36-16bef89488e6 None None] config_file = ['/etc/nova/api-paste.ini', '/etc/nova/nova.conf'] {{(pid=84450) log_opt_values /opt/stack/data/venv/lib/python3.12/site-packages/oslo_config/cfg.py:3549}}
Aug 24 20:54:53.621907 np0000008018 devstack@n-api.service[84450]: DEBUG nova.api.openstack.wsgi_app [None req-55e49695-6580-4cd5-bc36-16bef89488e6 None None] config_source = [] {{(pid=84450) log_opt_values /opt/stack/data/venv/lib/python3.12/site-packages/oslo_config/cfg.py:3549}}
Aug 24 20:54:53.622044 np0000008018 devstack@n-api.service[84450]: DEBUG nova.api.openstack.wsgi_app [None req-55e49695-6580-4cd5-bc36-16bef89488e6 None None] console_host = np0000008018 {{(pid=84450) log_opt_values /opt/stack/data/venv/lib/python3.12/site-packages/oslo_config/cfg.py:3549}}
Aug 24 20:54:53.622168 np0000008018 devstack@n-api.service[84450]: DEBUG nova.api.openstack.wsgi_app [None req-55e49695-6580-4cd5-bc36-16bef89488e6 None None] control_exchange = nova {{(pid=84450) log_opt_values /opt/stack/data/venv/lib/python3.12/site-packages/oslo_config/cfg.py:3549}}
Aug 24 20:54:53.622299 np0000008018 devstack@n-api.service[84450]: DEBUG nova.api.openstack.wsgi_app [None req-55e49695-6580-4cd5-bc36-16bef89488e6 None None] cpu_allocation_ratio = None {{(pid=84450) log_opt_values /opt/stack/data/venv/lib/python3.12/site-packages/oslo_config/cfg.py:3549}}
Aug 24 20:54:53.622440 np0000008018 devstack@n-api.service[84450]: DEBUG nova.api.openstack.wsgi_app [None req-55e49695-6580-4cd5-bc36-16bef89488e6 None None] daemon = False {{(pid=84450) log_opt_values /opt/stack/data/venv/lib/python3.12/site-packages/oslo_config/cfg.py:3549}}
Aug 24 20:54:53.622576 np0000008018 devstack@n-api.service[84450]: DEBUG nova.api.openstack.wsgi_app [None req-55e49695-6580-4cd5-bc36-16bef89488e6 None None] debug = True {{(pid=84450) log_opt_values /opt/stack/data/venv/lib/python3.12/site-packages/oslo_config/cfg.py:3549}}
Aug 24 20:54:53.622707 np0000008018 devstack@n-api.service[84450]: DEBUG nova.api.openstack.wsgi_app [None req-55e49695-6580-4cd5-bc36-16bef89488e6 None None] default_access_ip_network_name = None {{(pid=84450) log_opt_values /opt/stack/data/venv/lib/python3.12/site-packages/oslo_config/cfg.py:3549}}
Aug 24 20:54:53.622844 np0000008018 devstack@n-api.service[84450]: DEBUG nova.api.openstack.wsgi_app [None req-55e49695-6580-4cd5-bc36-16bef89488e6 None None] default_availability_zone = nova {{(pid=84450) log_opt_values /opt/stack/data/venv/lib/python3.12/site-packages/oslo_config/cfg.py:3549}}
Aug 24 20:54:53.623015 np0000008018 devstack@n-api.service[84450]: DEBUG nova.api.openstack.wsgi_app [None req-55e49695-6580-4cd5-bc36-16bef89488e6 None None] default_ephemeral_format = ext4 {{(pid=84450) log_opt_values /opt/stack/data/venv/lib/python3.12/site-packages/oslo_config/cfg.py:3549}}
Aug 24 20:54:53.623145 np0000008018 devstack@n-api.service[84450]: DEBUG nova.api.openstack.wsgi_app [None req-55e49695-6580-4cd5-bc36-16bef89488e6 None None] default_green_pool_size = 1000 {{(pid=84450) log_opt_values /opt/stack/data/venv/lib/python3.12/site-packages/oslo_config/cfg.py:3549}}
Aug 24 20:54:53.623346 np0000008018 devstack@n-api.service[84450]: DEBUG nova.api.openstack.wsgi_app [None req-55e49695-6580-4cd5-bc36-16bef89488e6 None None] default_log_levels = ['amqp=WARN', 'boto=WARN', 'sqlalchemy=WARN', 'suds=INFO', 'oslo.messaging=INFO', 'oslo_messaging=INFO', 'iso8601=WARN', 'requests.packages.urllib3.connectionpool=WARN', 'urllib3.connectionpool=WARN', 'websocket=WARN', 'requests.packages.urllib3.util.retry=WARN', 'urllib3.util.retry=WARN', 'keystonemiddleware=WARN', 'routes.middleware=WARN', 'stevedore=WARN', 'taskflow=WARN', 'keystoneauth=WARN', 'oslo.cache=INFO', 'oslo_policy=INFO', 'dogpile.core.dogpile=INFO', 'glanceclient=WARN', 'oslo.privsep.daemon=INFO'] {{(pid=84450) log_opt_values /opt/stack/data/venv/lib/python3.12/site-packages/oslo_config/cfg.py:3549}}
Aug 24 20:54:53.623468 np0000008018 devstack@n-api.service[84450]: DEBUG nova.api.openstack.wsgi_app [None req-55e49695-6580-4cd5-bc36-16bef89488e6 None None] default_schedule_zone = None {{(pid=84450) log_opt_values /opt/stack/data/venv/lib/python3.12/site-packages/oslo_config/cfg.py:3549}}
Aug 24 20:54:53.623600 np0000008018 devstack@n-api.service[84450]: DEBUG nova.api.openstack.wsgi_app [None req-55e49695-6580-4cd5-bc36-16bef89488e6 None None] default_thread_pool_size = 10 {{(pid=84450) log_opt_values /opt/stack/data/venv/lib/python3.12/site-packages/oslo_config/cfg.py:3549}}
Aug 24 20:54:53.623743 np0000008018 devstack@n-api.service[84450]: DEBUG nova.api.openstack.wsgi_app [None req-55e49695-6580-4cd5-bc36-16bef89488e6 None None] disk_allocation_ratio = None {{(pid=84450) log_opt_values /opt/stack/data/venv/lib/python3.12/site-packages/oslo_config/cfg.py:3549}}
Aug 24 20:54:53.623882 np0000008018 devstack@n-api.service[84450]: DEBUG nova.api.openstack.wsgi_app [None req-55e49695-6580-4cd5-bc36-16bef89488e6 None None] enable_new_services = True {{(pid=84450) log_opt_values /opt/stack/data/venv/lib/python3.12/site-packages/oslo_config/cfg.py:3549}}
Aug 24 20:54:53.624022 np0000008018 devstack@n-api.service[84450]: DEBUG nova.api.openstack.wsgi_app [None req-55e49695-6580-4cd5-bc36-16bef89488e6 None None] flat_injected = False {{(pid=84450) log_opt_values /opt/stack/data/venv/lib/python3.12/site-packages/oslo_config/cfg.py:3549}}
Aug 24 20:54:53.624147 np0000008018 devstack@n-api.service[84450]: DEBUG nova.api.openstack.wsgi_app [None req-55e49695-6580-4cd5-bc36-16bef89488e6 None None] force_config_drive = True {{(pid=84450) log_opt_values /opt/stack/data/venv/lib/python3.12/site-packages/oslo_config/cfg.py:3549}}
Aug 24 20:54:53.624279 np0000008018 devstack@n-api.service[84450]: DEBUG nova.api.openstack.wsgi_app [None req-55e49695-6580-4cd5-bc36-16bef89488e6 None None] force_raw_images = True {{(pid=84450) log_opt_values /opt/stack/data/venv/lib/python3.12/site-packages/oslo_config/cfg.py:3549}}
Aug 24 20:54:53.624429 np0000008018 devstack@n-api.service[84450]: DEBUG nova.api.openstack.wsgi_app [None req-55e49695-6580-4cd5-bc36-16bef89488e6 None None] graceful_shutdown_timeout = 5 {{(pid=84450) log_opt_values /opt/stack/data/venv/lib/python3.12/site-packages/oslo_config/cfg.py:3549}}
Aug 24 20:54:53.624566 np0000008018 devstack@n-api.service[84450]: DEBUG nova.api.openstack.wsgi_app [None req-55e49695-6580-4cd5-bc36-16bef89488e6 None None] heal_instance_info_cache_interval = -1 {{(pid=84450) log_opt_values /opt/stack/data/venv/lib/python3.12/site-packages/oslo_config/cfg.py:3549}}
Aug 24 20:54:53.624743 np0000008018 devstack@n-api.service[84450]: DEBUG nova.api.openstack.wsgi_app [None req-55e49695-6580-4cd5-bc36-16bef89488e6 None None] host = np0000008018 {{(pid=84450) log_opt_values /opt/stack/data/venv/lib/python3.12/site-packages/oslo_config/cfg.py:3549}}
Aug 24 20:54:53.624914 np0000008018 devstack@n-api.service[84450]: DEBUG nova.api.openstack.wsgi_app [None req-55e49695-6580-4cd5-bc36-16bef89488e6 None None] initial_cpu_allocation_ratio = 4.0 {{(pid=84450) log_opt_values /opt/stack/data/venv/lib/python3.12/site-packages/oslo_config/cfg.py:3549}}
Aug 24 20:54:53.625090 np0000008018 devstack@n-api.service[84450]: DEBUG nova.api.openstack.wsgi_app [None req-55e49695-6580-4cd5-bc36-16bef89488e6 None None] initial_disk_allocation_ratio = 1.0 {{(pid=84450) log_opt_values /opt/stack/data/venv/lib/python3.12/site-packages/oslo_config/cfg.py:3549}}
Aug 24 20:54:53.625208 np0000008018 devstack@n-api.service[84450]: DEBUG nova.api.openstack.wsgi_app [None req-55e49695-6580-4cd5-bc36-16bef89488e6 None None] initial_ram_allocation_ratio = 1.0 {{(pid=84450) log_opt_values /opt/stack/data/venv/lib/python3.12/site-packages/oslo_config/cfg.py:3549}}
Aug 24 20:54:53.625396 np0000008018 devstack@n-api.service[84450]: DEBUG nova.api.openstack.wsgi_app [None req-55e49695-6580-4cd5-bc36-16bef89488e6 None None] injected_network_template = /opt/stack/nova/nova/virt/interfaces.template {{(pid=84450) log_opt_values /opt/stack/data/venv/lib/python3.12/site-packages/oslo_config/cfg.py:3549}}
Aug 24 20:54:53.625527 np0000008018 devstack@n-api.service[84450]: DEBUG nova.api.openstack.wsgi_app [None req-55e49695-6580-4cd5-bc36-16bef89488e6 None None] instance_build_timeout = 0 {{(pid=84450) log_opt_values /opt/stack/data/venv/lib/python3.12/site-packages/oslo_config/cfg.py:3549}}
Aug 24 20:54:53.625669 np0000008018 devstack@n-api.service[84450]: DEBUG nova.api.openstack.wsgi_app [None req-55e49695-6580-4cd5-bc36-16bef89488e6 None None] instance_delete_interval = 300 {{(pid=84450) log_opt_values /opt/stack/data/venv/lib/python3.12/site-packages/oslo_config/cfg.py:3549}}
Aug 24 20:54:53.625797 np0000008018 devstack@n-api.service[84450]: DEBUG nova.api.openstack.wsgi_app [None req-55e49695-6580-4cd5-bc36-16bef89488e6 None None] instance_format = [instance: %(uuid)s] {{(pid=84450) log_opt_values /opt/stack/data/venv/lib/python3.12/site-packages/oslo_config/cfg.py:3549}}
Aug 24 20:54:53.625961 np0000008018 devstack@n-api.service[84450]: DEBUG nova.api.openstack.wsgi_app [None req-55e49695-6580-4cd5-bc36-16bef89488e6 None None] instance_name_template = instance-%08x {{(pid=84450) log_opt_values /opt/stack/data/venv/lib/python3.12/site-packages/oslo_config/cfg.py:3549}}
Aug 24 20:54:53.626103 np0000008018 devstack@n-api.service[84450]: DEBUG nova.api.openstack.wsgi_app [None req-55e49695-6580-4cd5-bc36-16bef89488e6 None None] instance_usage_audit = False {{(pid=84450) log_opt_values /opt/stack/data/venv/lib/python3.12/site-packages/oslo_config/cfg.py:3549}}
Aug 24 20:54:53.626241 np0000008018 devstack@n-api.service[84450]: DEBUG nova.api.openstack.wsgi_app [None req-55e49695-6580-4cd5-bc36-16bef89488e6 None None] instance_usage_audit_period = month {{(pid=84450) log_opt_values /opt/stack/data/venv/lib/python3.12/site-packages/oslo_config/cfg.py:3549}}
Aug 24 20:54:53.626393 np0000008018 devstack@n-api.service[84450]: DEBUG nova.api.openstack.wsgi_app [None req-55e49695-6580-4cd5-bc36-16bef89488e6 None None] instance_uuid_format = [instance: %(uuid)s] {{(pid=84450) log_opt_values /opt/stack/data/venv/lib/python3.12/site-packages/oslo_config/cfg.py:3549}}
Aug 24 20:54:53.626531 np0000008018 devstack@n-api.service[84450]: DEBUG nova.api.openstack.wsgi_app [None req-55e49695-6580-4cd5-bc36-16bef89488e6 None None] instances_path = /opt/stack/data/nova/instances {{(pid=84450) log_opt_values /opt/stack/data/venv/lib/python3.12/site-packages/oslo_config/cfg.py:3549}}
Aug 24 20:54:53.626669 np0000008018 devstack@n-api.service[84450]: DEBUG nova.api.openstack.wsgi_app [None req-55e49695-6580-4cd5-bc36-16bef89488e6 None None] internal_service_availability_zone = internal {{(pid=84450) log_opt_values /opt/stack/data/venv/lib/python3.12/site-packages/oslo_config/cfg.py:3549}}
Aug 24 20:54:53.626784 np0000008018 devstack@n-api.service[84450]: DEBUG nova.api.openstack.wsgi_app [None req-55e49695-6580-4cd5-bc36-16bef89488e6 None None] key = None {{(pid=84450) log_opt_values /opt/stack/data/venv/lib/python3.12/site-packages/oslo_config/cfg.py:3549}}
Aug 24 20:54:53.626931 np0000008018 devstack@n-api.service[84450]: DEBUG nova.api.openstack.wsgi_app [None req-55e49695-6580-4cd5-bc36-16bef89488e6 None None] live_migration_retry_count = 30 {{(pid=84450) log_opt_values /opt/stack/data/venv/lib/python3.12/site-packages/oslo_config/cfg.py:3549}}
Aug 24 20:54:53.627106 np0000008018 devstack@n-api.service[84450]: DEBUG nova.api.openstack.wsgi_app [None req-55e49695-6580-4cd5-bc36-16bef89488e6 None None] log_color = False {{(pid=84450) log_opt_values /opt/stack/data/venv/lib/python3.12/site-packages/oslo_config/cfg.py:3549}}
Aug 24 20:54:53.627299 np0000008018 devstack@n-api.service[84450]: DEBUG nova.api.openstack.wsgi_app [None req-55e49695-6580-4cd5-bc36-16bef89488e6 None None] log_config_append = None {{(pid=84450) log_opt_values /opt/stack/data/venv/lib/python3.12/site-packages/oslo_config/cfg.py:3549}}
Aug 24 20:54:53.627430 np0000008018 devstack@n-api.service[84450]: DEBUG nova.api.openstack.wsgi_app [None req-55e49695-6580-4cd5-bc36-16bef89488e6 None None] log_date_format = %Y-%m-%d %H:%M:%S {{(pid=84450) log_opt_values /opt/stack/data/venv/lib/python3.12/site-packages/oslo_config/cfg.py:3549}}
Aug 24 20:54:53.627560 np0000008018 devstack@n-api.service[84450]: DEBUG nova.api.openstack.wsgi_app [None req-55e49695-6580-4cd5-bc36-16bef89488e6 None None] log_dir = None {{(pid=84450) log_opt_values /opt/stack/data/venv/lib/python3.12/site-packages/oslo_config/cfg.py:3549}}
Aug 24 20:54:53.627706 np0000008018 devstack@n-api.service[84450]: DEBUG nova.api.openstack.wsgi_app [None req-55e49695-6580-4cd5-bc36-16bef89488e6 None None] log_file = None {{(pid=84450) log_opt_values /opt/stack/data/venv/lib/python3.12/site-packages/oslo_config/cfg.py:3549}}
Aug 24 20:54:53.627797 np0000008018 devstack@n-api.service[84450]: DEBUG nova.api.openstack.wsgi_app [None req-55e49695-6580-4cd5-bc36-16bef89488e6 None None] log_options = True {{(pid=84450) log_opt_values /opt/stack/data/venv/lib/python3.12/site-packages/oslo_config/cfg.py:3549}}
Aug 24 20:54:53.627944 np0000008018 devstack@n-api.service[84450]: DEBUG nova.api.openstack.wsgi_app [None req-55e49695-6580-4cd5-bc36-16bef89488e6 None None] log_rotate_interval = 1 {{(pid=84450) log_opt_values /opt/stack/data/venv/lib/python3.12/site-packages/oslo_config/cfg.py:3549}}
Aug 24 20:54:53.628115 np0000008018 devstack@n-api.service[84450]: DEBUG nova.api.openstack.wsgi_app [None req-55e49695-6580-4cd5-bc36-16bef89488e6 None None] log_rotate_interval_type = days {{(pid=84450) log_opt_values /opt/stack/data/venv/lib/python3.12/site-packages/oslo_config/cfg.py:3549}}
Aug 24 20:54:53.628319 np0000008018 devstack@n-api.service[84450]: DEBUG nova.api.openstack.wsgi_app [None req-55e49695-6580-4cd5-bc36-16bef89488e6 None None] log_rotation_type = none {{(pid=84450) log_opt_values /opt/stack/data/venv/lib/python3.12/site-packages/oslo_config/cfg.py:3549}}
Aug 24 20:54:53.628499 np0000008018 devstack@n-api.service[84450]: DEBUG nova.api.openstack.wsgi_app [None req-55e49695-6580-4cd5-bc36-16bef89488e6 None None] logging_context_format_string = %(color)s%(levelname)s %(name)s [%(global_request_id)s %(request_id)s %(project_name)s %(user_name)s%(color)s] %(instance)s%(color)s%(message)s {{(pid=84450) log_opt_values /opt/stack/data/venv/lib/python3.12/site-packages/oslo_config/cfg.py:3549}}
Aug 24 20:54:53.628660 np0000008018 devstack@n-api.service[84450]: DEBUG nova.api.openstack.wsgi_app [None req-55e49695-6580-4cd5-bc36-16bef89488e6 None None] logging_debug_format_suffix = {{(pid=%(process)d) %(funcName)s %(pathname)s:%(lineno)d}} {{(pid=84450) log_opt_values /opt/stack/data/venv/lib/python3.12/site-packages/oslo_config/cfg.py:3549}}
Aug 24 20:54:53.628869 np0000008018 devstack@n-api.service[84450]: DEBUG nova.api.openstack.wsgi_app [None req-55e49695-6580-4cd5-bc36-16bef89488e6 None None] logging_default_format_string = %(color)s%(levelname)s %(name)s [-%(color)s] %(instance)s%(color)s%(message)s {{(pid=84450) log_opt_values /opt/stack/data/venv/lib/python3.12/site-packages/oslo_config/cfg.py:3549}}
Aug 24 20:54:53.629191 np0000008018 devstack@n-api.service[84450]: DEBUG nova.api.openstack.wsgi_app [None req-55e49695-6580-4cd5-bc36-16bef89488e6 None None] logging_exception_prefix = ERROR %(name)s %(instance)s {{(pid=84450) log_opt_values /opt/stack/data/venv/lib/python3.12/site-packages/oslo_config/cfg.py:3549}}
Aug 24 20:54:53.629265 np0000008018 devstack@n-api.service[84450]: DEBUG nova.api.openstack.wsgi_app [None req-55e49695-6580-4cd5-bc36-16bef89488e6 None None] logging_user_identity_format = %(user)s %(project)s %(domain)s %(system_scope)s %(user_domain)s %(project_domain)s {{(pid=84450) log_opt_values /opt/stack/data/venv/lib/python3.12/site-packages/oslo_config/cfg.py:3549}}
Aug 24 20:54:53.629361 np0000008018 devstack@n-api.service[84450]: DEBUG nova.api.openstack.wsgi_app [None req-55e49695-6580-4cd5-bc36-16bef89488e6 None None] long_rpc_timeout = 1800 {{(pid=84450) log_opt_values /opt/stack/data/venv/lib/python3.12/site-packages/oslo_config/cfg.py:3549}}
Aug 24 20:54:53.629476 np0000008018 devstack@n-api.service[84450]: DEBUG nova.api.openstack.wsgi_app [None req-55e49695-6580-4cd5-bc36-16bef89488e6 None None] manager_shutdown_timeout = 160 {{(pid=84450) log_opt_values /opt/stack/data/venv/lib/python3.12/site-packages/oslo_config/cfg.py:3549}}
Aug 24 20:54:53.629611 np0000008018 devstack@n-api.service[84450]: DEBUG nova.api.openstack.wsgi_app [None req-55e49695-6580-4cd5-bc36-16bef89488e6 None None] max_concurrent_builds = 10 {{(pid=84450) log_opt_values /opt/stack/data/venv/lib/python3.12/site-packages/oslo_config/cfg.py:3549}}
Aug 24 20:54:53.629721 np0000008018 devstack@n-api.service[84450]: DEBUG nova.api.openstack.wsgi_app [None req-55e49695-6580-4cd5-bc36-16bef89488e6 None None] max_concurrent_live_migrations = 1 {{(pid=84450) log_opt_values /opt/stack/data/venv/lib/python3.12/site-packages/oslo_config/cfg.py:3549}}
Aug 24 20:54:53.629830 np0000008018 devstack@n-api.service[84450]: DEBUG nova.api.openstack.wsgi_app [None req-55e49695-6580-4cd5-bc36-16bef89488e6 None None] max_concurrent_snapshots = 5 {{(pid=84450) log_opt_values /opt/stack/data/venv/lib/python3.12/site-packages/oslo_config/cfg.py:3549}}
Aug 24 20:54:53.629959 np0000008018 devstack@n-api.service[84450]: DEBUG nova.api.openstack.wsgi_app [None req-55e49695-6580-4cd5-bc36-16bef89488e6 None None] max_local_block_devices = 3 {{(pid=84450) log_opt_values /opt/stack/data/venv/lib/python3.12/site-packages/oslo_config/cfg.py:3549}}
Aug 24 20:54:53.630074 np0000008018 devstack@n-api.service[84450]: DEBUG nova.api.openstack.wsgi_app [None req-55e49695-6580-4cd5-bc36-16bef89488e6 None None] max_logfile_count = 30 {{(pid=84450) log_opt_values /opt/stack/data/venv/lib/python3.12/site-packages/oslo_config/cfg.py:3549}}
Aug 24 20:54:53.630186 np0000008018 devstack@n-api.service[84450]: DEBUG nova.api.openstack.wsgi_app [None req-55e49695-6580-4cd5-bc36-16bef89488e6 None None] max_logfile_size_mb = 200 {{(pid=84450) log_opt_values /opt/stack/data/venv/lib/python3.12/site-packages/oslo_config/cfg.py:3549}}
Aug 24 20:54:53.630316 np0000008018 devstack@n-api.service[84450]: DEBUG nova.api.openstack.wsgi_app [None req-55e49695-6580-4cd5-bc36-16bef89488e6 None None] maximum_instance_delete_attempts = 5 {{(pid=84450) log_opt_values /opt/stack/data/venv/lib/python3.12/site-packages/oslo_config/cfg.py:3549}}
Aug 24 20:54:53.630427 np0000008018 devstack@n-api.service[84450]: DEBUG nova.api.openstack.wsgi_app [None req-55e49695-6580-4cd5-bc36-16bef89488e6 None None] migrate_max_retries = -1 {{(pid=84450) log_opt_values /opt/stack/data/venv/lib/python3.12/site-packages/oslo_config/cfg.py:3549}}
Aug 24 20:54:53.630562 np0000008018 devstack@n-api.service[84450]: DEBUG nova.api.openstack.wsgi_app [None req-55e49695-6580-4cd5-bc36-16bef89488e6 None None] mkisofs_cmd = genisoimage {{(pid=84450) log_opt_values /opt/stack/data/venv/lib/python3.12/site-packages/oslo_config/cfg.py:3549}}
Aug 24 20:54:53.630650 np0000008018 devstack@n-api.service[84451]: DEBUG nova.api.openstack.wsgi_app [None req-6195a1e0-bbe2-4e90-94ef-829d1ff9f7f6 None None] ******************************************************************************** {{(pid=84451) log_opt_values /opt/stack/data/venv/lib/python3.12/site-packages/oslo_config/cfg.py:3533}}
Aug 24 20:54:53.630956 np0000008018 devstack@n-api.service[84450]: DEBUG nova.api.openstack.wsgi_app [None req-55e49695-6580-4cd5-bc36-16bef89488e6 None None] my_block_storage_ip = 10.4.3.190 {{(pid=84450) log_opt_values /opt/stack/data/venv/lib/python3.12/site-packages/oslo_config/cfg.py:3549}}
Aug 24 20:54:53.630993 np0000008018 devstack@n-api.service[84451]: DEBUG nova.api.openstack.wsgi_app [None req-6195a1e0-bbe2-4e90-94ef-829d1ff9f7f6 None None] Configuration options gathered from: {{(pid=84451) log_opt_values /opt/stack/data/venv/lib/python3.12/site-packages/oslo_config/cfg.py:3534}}
Aug 24 20:54:53.631018 np0000008018 devstack@n-api.service[84450]: DEBUG nova.api.openstack.wsgi_app [None req-55e49695-6580-4cd5-bc36-16bef89488e6 None None] my_ip = 10.4.3.190 {{(pid=84450) log_opt_values /opt/stack/data/venv/lib/python3.12/site-packages/oslo_config/cfg.py:3549}}
