Jun 09 21:16:18.527429 np0000002489 devstack@g-api.service[102065]: DEBUG glance.api.middleware.version_negotiation [None req-a1fe7ed2-a8e8-4128-97a3-8e7c0bef21ac tempest-AttachVolumeShelveTestJSON-1801181983 tempest-AttachVolumeShelveTestJSON-1801181983-project-member] Using url versioning {{(pid=102065) process_request /opt/stack/glance/glance/api/middleware/version_negotiation.py:57}}
Jun 09 21:16:18.527637 np0000002489 devstack@g-api.service[102065]: DEBUG glance.api.middleware.version_negotiation [None req-a1fe7ed2-a8e8-4128-97a3-8e7c0bef21ac tempest-AttachVolumeShelveTestJSON-1801181983 tempest-AttachVolumeShelveTestJSON-1801181983-project-member] Matched version: v2 {{(pid=102065) process_request /opt/stack/glance/glance/api/middleware/version_negotiation.py:69}}
Jun 09 21:16:18.527774 np0000002489 devstack@g-api.service[102065]: DEBUG glance.api.middleware.version_negotiation [None req-a1fe7ed2-a8e8-4128-97a3-8e7c0bef21ac tempest-AttachVolumeShelveTestJSON-1801181983 tempest-AttachVolumeShelveTestJSON-1801181983-project-member] new path /v2/images {{(pid=102065) process_request /opt/stack/glance/glance/api/middleware/version_negotiation.py:70}}
Jun 09 21:16:19.126179 np0000002489 devstack@g-api.service[102065]: [pid: 102065|app: 0|req: 81/244] 127.0.0.1 () {42 vars in 786 bytes} [Tue Jun 9 21:16:18 2026] POST /v2/images => generated 651 bytes in 599 msecs (HTTP/1.1 201) 6 headers in 315 bytes (1 switches on core 0)
Jun 09 21:16:19.138259 np0000002489 devstack@g-api.service[102066]: DEBUG glance.api.middleware.version_negotiation [None req-5ad7d29a-17fd-413a-a81d-0089a040e994 tempest-AttachVolumeMultiAttachTest-830289445 tempest-AttachVolumeMultiAttachTest-830289445-project-member] Determining version of request: PUT /v2/images/b4134c6e-07bb-4d21-ba60-2b1bd1863ef9/file Accept: {{(pid=102066) process_request /opt/stack/glance/glance/api/middleware/version_negotiation.py:44}}
Jun 09 21:16:19.138259 np0000002489 devstack@g-api.service[102066]: DEBUG glance.api.middleware.version_negotiation [None req-5ad7d29a-17fd-413a-a81d-0089a040e994 tempest-AttachVolumeMultiAttachTest-830289445 tempest-AttachVolumeMultiAttachTest-830289445-project-member] Using url versioning {{(pid=102066) process_request /opt/stack/glance/glance/api/middleware/version_negotiation.py:57}}
Jun 09 21:16:19.138259 np0000002489 devstack@g-api.service[102066]: DEBUG glance.api.middleware.version_negotiation [None req-5ad7d29a-17fd-413a-a81d-0089a040e994 tempest-AttachVolumeMultiAttachTest-830289445 tempest-AttachVolumeMultiAttachTest-830289445-project-member] Matched version: v2 {{(pid=102066) process_request /opt/stack/glance/glance/api/middleware/version_negotiation.py:69}}
Jun 09 21:16:19.138259 np0000002489 devstack@g-api.service[102066]: DEBUG glance.api.middleware.version_negotiation [None req-5ad7d29a-17fd-413a-a81d-0089a040e994 tempest-AttachVolumeMultiAttachTest-830289445 tempest-AttachVolumeMultiAttachTest-830289445-project-member] new path /v2/images/b4134c6e-07bb-4d21-ba60-2b1bd1863ef9/file {{(pid=102066) process_request /opt/stack/glance/glance/api/middleware/version_negotiation.py:70}}
Jun 09 21:16:19.845524 np0000002489 devstack@g-api.service[102066]: INFO glance.api.v2.image_data [None req-7df4c519-f2b3-48fe-a89f-08b99f66f337 tempest-VolumesNegativeTest-813766443 tempest-VolumesNegativeTest-813766443-project-member] Unable to create trust: no such option collect_timing in group [keystone_authtoken] Use the existing user token.
Jun 09 21:16:20.324528 np0000002489 devstack@g-api.service[102064]: DEBUG glance.api.middleware.version_negotiation [None req-5ad7d29a-17fd-413a-a81d-0089a040e994 tempest-AttachVolumeMultiAttachTest-830289445 tempest-AttachVolumeMultiAttachTest-830289445-project-member] Determining version of request: GET /v2/images/39c2ef81-218f-4cbe-a09f-71b8b0650374 Accept: */* {{(pid=102064) process_request /opt/stack/glance/glance/api/middleware/version_negotiation.py:44}}
Jun 09 21:16:20.325167 np0000002489 devstack@g-api.service[102064]: DEBUG glance.api.middleware.version_negotiation [None req-5ad7d29a-17fd-413a-a81d-0089a040e994 tempest-AttachVolumeMultiAttachTest-830289445 tempest-AttachVolumeMultiAttachTest-830289445-project-member] Using url versioning {{(pid=102064) process_request /opt/stack/glance/glance/api/middleware/version_negotiation.py:57}}
Jun 09 21:16:20.325167 np0000002489 devstack@g-api.service[102064]: DEBUG glance.api.middleware.version_negotiation [None req-5ad7d29a-17fd-413a-a81d-0089a040e994 tempest-AttachVolumeMultiAttachTest-830289445 tempest-AttachVolumeMultiAttachTest-830289445-project-member] Matched version: v2 {{(pid=102064) process_request /opt/stack/glance/glance/api/middleware/version_negotiation.py:69}}
Jun 09 21:16:20.325167 np0000002489 devstack@g-api.service[102064]: DEBUG glance.api.middleware.version_negotiation [None req-5ad7d29a-17fd-413a-a81d-0089a040e994 tempest-AttachVolumeMultiAttachTest-830289445 tempest-AttachVolumeMultiAttachTest-830289445-project-member] new path /v2/images/39c2ef81-218f-4cbe-a09f-71b8b0650374 {{(pid=102064) process_request /opt/stack/glance/glance/api/middleware/version_negotiation.py:70}}
Jun 09 21:16:20.346051 np0000002489 devstack@g-api.service[102064]: [pid: 102064|app: 0|req: 83/245] 127.0.0.1 () {44 vars in 1115 bytes} [Tue Jun 9 21:16:20 2026] GET /v2/images/39c2ef81-218f-4cbe-a09f-71b8b0650374 => generated 1339 bytes in 19 msecs (HTTP/1.1 200) 4 headers in 158 bytes (1 switches on core 0)
Jun 09 21:16:20.394752 np0000002489 devstack@g-api.service[102065]: DEBUG glance.api.middleware.version_negotiation [None req-ffbd868b-e96a-4bd6-8991-af0584286eb9 tempest-VolumesNegativeTest-813766443 tempest-VolumesNegativeTest-813766443-project-member] Determining version of request: GET /v2/schemas/image Accept: */* {{(pid=102065) process_request /opt/stack/glance/glance/api/middleware/version_negotiation.py:44}}
Jun 09 21:16:20.395579 np0000002489 devstack@g-api.service[102065]: DEBUG glance.api.middleware.version_negotiation [None req-ffbd868b-e96a-4bd6-8991-af0584286eb9 tempest-VolumesNegativeTest-813766443 tempest-VolumesNegativeTest-813766443-project-member] Using url versioning {{(pid=102065) process_request /opt/stack/glance/glance/api/middleware/version_negotiation.py:57}}
Jun 09 21:16:20.395579 np0000002489 devstack@g-api.service[102065]: DEBUG glance.api.middleware.version_negotiation [None req-ffbd868b-e96a-4bd6-8991-af0584286eb9 tempest-VolumesNegativeTest-813766443 tempest-VolumesNegativeTest-813766443-project-member] Matched version: v2 {{(pid=102065) process_request /opt/stack/glance/glance/api/middleware/version_negotiation.py:69}}
Jun 09 21:16:20.395797 np0000002489 devstack@g-api.service[102065]: DEBUG glance.api.middleware.version_negotiation [None req-ffbd868b-e96a-4bd6-8991-af0584286eb9 tempest-VolumesNegativeTest-813766443 tempest-VolumesNegativeTest-813766443-project-member] new path /v2/schemas/image {{(pid=102065) process_request /opt/stack/glance/glance/api/middleware/version_negotiation.py:70}}
Jun 09 21:16:20.399364 np0000002489 devstack@g-api.service[102065]: [pid: 102065|app: 0|req: 82/246] 127.0.0.1 () {44 vars in 1055 bytes} [Tue Jun 9 21:16:20 2026] GET /v2/schemas/image => generated 6083 bytes in 5 msecs (HTTP/1.1 200) 4 headers in 158 bytes (1 switches on core 0)
Jun 09 21:16:20.467708 np0000002489 devstack@g-api.service[102064]: DEBUG glance.api.middleware.version_negotiation [None req-a1fe7ed2-a8e8-4128-97a3-8e7c0bef21ac tempest-AttachVolumeShelveTestJSON-1801181983 tempest-AttachVolumeShelveTestJSON-1801181983-project-member] Determining version of request: GET /v2/schemas/image Accept: */* {{(pid=102064) process_request /opt/stack/glance/glance/api/middleware/version_negotiation.py:44}}
Jun 09 21:16:20.467997 np0000002489 devstack@g-api.service[102064]: DEBUG glance.api.middleware.version_negotiation [None req-a1fe7ed2-a8e8-4128-97a3-8e7c0bef21ac tempest-AttachVolumeShelveTestJSON-1801181983 tempest-AttachVolumeShelveTestJSON-1801181983-project-member] Using url versioning {{(pid=102064) process_request /opt/stack/glance/glance/api/middleware/version_negotiation.py:57}}
Jun 09 21:16:20.468100 np0000002489 devstack@g-api.service[102064]: DEBUG glance.api.middleware.version_negotiation [None req-a1fe7ed2-a8e8-4128-97a3-8e7c0bef21ac tempest-AttachVolumeShelveTestJSON-1801181983 tempest-AttachVolumeShelveTestJSON-1801181983-project-member] Matched version: v2 {{(pid=102064) process_request /opt/stack/glance/glance/api/middleware/version_negotiation.py:69}}
Jun 09 21:16:20.468230 np0000002489 devstack@g-api.service[102064]: DEBUG glance.api.middleware.version_negotiation [None req-a1fe7ed2-a8e8-4128-97a3-8e7c0bef21ac tempest-AttachVolumeShelveTestJSON-1801181983 tempest-AttachVolumeShelveTestJSON-1801181983-project-member] new path /v2/schemas/image {{(pid=102064) process_request /opt/stack/glance/glance/api/middleware/version_negotiation.py:70}}
Jun 09 21:16:20.475480 np0000002489 devstack@g-api.service[102064]: [pid: 102064|app: 0|req: 84/247] 127.0.0.1 () {44 vars in 1055 bytes} [Tue Jun 9 21:16:20 2026] GET /v2/schemas/image => generated 6083 bytes in 7 msecs (HTTP/1.1 200) 4 headers in 158 bytes (1 switches on core 0)
Jun 09 21:16:20.495007 np0000002489 devstack@g-api.service[102066]: DEBUG glance.location [None req-7df4c519-f2b3-48fe-a89f-08b99f66f337 tempest-VolumesNegativeTest-813766443 tempest-VolumesNegativeTest-813766443-project-member] Enabling in-flight format inspection for raw {{(pid=102066) set_data /opt/stack/glance/glance/location.py:616}}
Jun 09 21:16:20.495007 np0000002489 devstack@g-api.service[102066]: DEBUG glance_store.backend [None req-7df4c519-f2b3-48fe-a89f-08b99f66f337 tempest-VolumesNegativeTest-813766443 tempest-VolumesNegativeTest-813766443-project-member] Attempting to import store swift {{(pid=102066) _load_store /opt/stack/data/venv/lib/python3.12/site-packages/glance_store/backend.py:215}}
Jun 09 21:16:20.497176 np0000002489 devstack@g-api.service[102066]: DEBUG glance_store.capabilities [None req-7df4c519-f2b3-48fe-a89f-08b99f66f337 tempest-VolumesNegativeTest-813766443 tempest-VolumesNegativeTest-813766443-project-member] Store glance_store._drivers.swift.store.SingleTenantStore doesn't support updating dynamic storage capabilities. Please overwrite 'update_capabilities' method of the store to implement updating logics if needed. {{(pid=102066) update_capabilities /opt/stack/data/venv/lib/python3.12/site-packages/glance_store/capabilities.py:91}}
Jun 09 21:16:20.497331 np0000002489 devstack@g-api.service[102066]: DEBUG glance_store.driver [None req-7df4c519-f2b3-48fe-a89f-08b99f66f337 tempest-VolumesNegativeTest-813766443 tempest-VolumesNegativeTest-813766443-project-member] Late loading location class glance_store._drivers.swift.store.StoreLocation {{(pid=102066) get_store_location_class /opt/stack/data/venv/lib/python3.12/site-packages/glance_store/driver.py:134}}
Jun 09 21:16:20.497512 np0000002489 devstack@g-api.service[102066]: DEBUG glance_store.location [None req-7df4c519-f2b3-48fe-a89f-08b99f66f337 tempest-VolumesNegativeTest-813766443 tempest-VolumesNegativeTest-813766443-project-member] Registering scheme swift+https with {'store': , 'location_class': , 'store_entry': 'swift'} {{(pid=102066) register_scheme_map /opt/stack/data/venv/lib/python3.12/site-packages/glance_store/location.py:146}}
Jun 09 21:16:20.497627 np0000002489 devstack@g-api.service[102066]: DEBUG glance_store.location [None req-7df4c519-f2b3-48fe-a89f-08b99f66f337 tempest-VolumesNegativeTest-813766443 tempest-VolumesNegativeTest-813766443-project-member] Registering scheme swift+https with {'store': , 'location_class': , 'store_entry': 'swift'} {{(pid=102066) register_scheme_map /opt/stack/data/venv/lib/python3.12/site-packages/glance_store/location.py:146}}
Jun 09 21:16:20.497750 np0000002489 devstack@g-api.service[102066]: DEBUG glance_store.location [None req-7df4c519-f2b3-48fe-a89f-08b99f66f337 tempest-VolumesNegativeTest-813766443 tempest-VolumesNegativeTest-813766443-project-member] Registering scheme swift with {'store': , 'location_class': , 'store_entry': 'swift'} {{(pid=102066) register_scheme_map /opt/stack/data/venv/lib/python3.12/site-packages/glance_store/location.py:146}}
Jun 09 21:16:20.497855 np0000002489 devstack@g-api.service[102066]: DEBUG glance_store.location [None req-7df4c519-f2b3-48fe-a89f-08b99f66f337 tempest-VolumesNegativeTest-813766443 tempest-VolumesNegativeTest-813766443-project-member] Registering scheme swift+https with {'store': , 'location_class': , 'store_entry': 'swift'} {{(pid=102066) register_scheme_map /opt/stack/data/venv/lib/python3.12/site-packages/glance_store/location.py:146}}
Jun 09 21:16:20.497970 np0000002489 devstack@g-api.service[102066]: DEBUG glance_store.location [None req-7df4c519-f2b3-48fe-a89f-08b99f66f337 tempest-VolumesNegativeTest-813766443 tempest-VolumesNegativeTest-813766443-project-member] Registering scheme swift with {'store': , 'location_class': , 'store_entry': 'swift'} {{(pid=102066) register_scheme_map /opt/stack/data/venv/lib/python3.12/site-packages/glance_store/location.py:146}}
Jun 09 21:16:20.498107 np0000002489 devstack@g-api.service[102066]: DEBUG glance_store.location [None req-7df4c519-f2b3-48fe-a89f-08b99f66f337 tempest-VolumesNegativeTest-813766443 tempest-VolumesNegativeTest-813766443-project-member] Registering scheme swift+http with {'store': , 'location_class': , 'store_entry': 'swift'} {{(pid=102066) register_scheme_map /opt/stack/data/venv/lib/python3.12/site-packages/glance_store/location.py:146}}
Jun 09 21:16:20.498224 np0000002489 devstack@g-api.service[102066]: DEBUG glance_store.location [None req-7df4c519-f2b3-48fe-a89f-08b99f66f337 tempest-VolumesNegativeTest-813766443 tempest-VolumesNegativeTest-813766443-project-member] Registering scheme swift+https with {'store': , 'location_class': , 'store_entry': 'swift'} {{(pid=102066) register_scheme_map /opt/stack/data/venv/lib/python3.12/site-packages/glance_store/location.py:146}}
Jun 09 21:16:20.498340 np0000002489 devstack@g-api.service[102066]: DEBUG glance_store.location [None req-7df4c519-f2b3-48fe-a89f-08b99f66f337 tempest-VolumesNegativeTest-813766443 tempest-VolumesNegativeTest-813766443-project-member] Registering scheme swift with {'store': , 'location_class': , 'store_entry': 'swift'} {{(pid=102066) register_scheme_map /opt/stack/data/venv/lib/python3.12/site-packages/glance_store/location.py:146}}
Jun 09 21:16:20.498682 np0000002489 devstack@g-api.service[102066]: DEBUG glance_store.location [None req-7df4c519-f2b3-48fe-a89f-08b99f66f337 tempest-VolumesNegativeTest-813766443 tempest-VolumesNegativeTest-813766443-project-member] Registering scheme swift+http with {'store': , 'location_class': , 'store_entry': 'swift'} {{(pid=102066) register_scheme_map /opt/stack/data/venv/lib/python3.12/site-packages/glance_store/location.py:146}}
Jun 09 21:16:20.498682 np0000002489 devstack@g-api.service[102066]: DEBUG glance_store.location [None req-7df4c519-f2b3-48fe-a89f-08b99f66f337 tempest-VolumesNegativeTest-813766443 tempest-VolumesNegativeTest-813766443-project-member] Registering scheme swift+config with {'store': , 'location_class': , 'store_entry': 'swift'} {{(pid=102066) register_scheme_map /opt/stack/data/venv/lib/python3.12/site-packages/glance_store/location.py:146}}
Jun 09 21:16:20.541799 np0000002489 devstack@g-api.service[102065]: DEBUG glance.api.middleware.version_negotiation [None req-a1fe7ed2-a8e8-4128-97a3-8e7c0bef21ac tempest-AttachVolumeShelveTestJSON-1801181983 tempest-AttachVolumeShelveTestJSON-1801181983-project-member] Determining version of request: PATCH /v2/images/39c2ef81-218f-4cbe-a09f-71b8b0650374 Accept: */* {{(pid=102065) process_request /opt/stack/glance/glance/api/middleware/version_negotiation.py:44}}
Jun 09 21:16:20.541799 np0000002489 devstack@g-api.service[102065]: DEBUG glance.api.middleware.version_negotiation [None req-a1fe7ed2-a8e8-4128-97a3-8e7c0bef21ac tempest-AttachVolumeShelveTestJSON-1801181983 tempest-AttachVolumeShelveTestJSON-1801181983-project-member] Using url versioning {{(pid=102065) process_request /opt/stack/glance/glance/api/middleware/version_negotiation.py:57}}
Jun 09 21:16:20.541799 np0000002489 devstack@g-api.service[102065]: DEBUG glance.api.middleware.version_negotiation [None req-a1fe7ed2-a8e8-4128-97a3-8e7c0bef21ac tempest-AttachVolumeShelveTestJSON-1801181983 tempest-AttachVolumeShelveTestJSON-1801181983-project-member] Matched version: v2 {{(pid=102065) process_request /opt/stack/glance/glance/api/middleware/version_negotiation.py:69}}
Jun 09 21:16:20.541799 np0000002489 devstack@g-api.service[102065]: DEBUG glance.api.middleware.version_negotiation [None req-a1fe7ed2-a8e8-4128-97a3-8e7c0bef21ac tempest-AttachVolumeShelveTestJSON-1801181983 tempest-AttachVolumeShelveTestJSON-1801181983-project-member] new path /v2/images/39c2ef81-218f-4cbe-a09f-71b8b0650374 {{(pid=102065) process_request /opt/stack/glance/glance/api/middleware/version_negotiation.py:70}}
Jun 09 21:16:20.722381 np0000002489 devstack@g-api.service[102065]: [pid: 102065|app: 0|req: 83/248] 127.0.0.1 () {46 vars in 1158 bytes} [Tue Jun 9 21:16:20 2026] PATCH /v2/images/39c2ef81-218f-4cbe-a09f-71b8b0650374 => generated 1450 bytes in 180 msecs (HTTP/1.1 200) 4 headers in 158 bytes (1 switches on core 0)
Jun 09 21:16:20.745515 np0000002489 devstack@g-api.service[102066]: DEBUG swiftclient [None req-7df4c519-f2b3-48fe-a89f-08b99f66f337 tempest-VolumesNegativeTest-813766443 tempest-VolumesNegativeTest-813766443-project-member] REQ: curl -i https://10.4.3.119:8080/v1/AUTH_ba1024b26ef0463facfb9490a118088f/glance -I -H "X-Auth-Token: gAAAAABqKIKkjUfO..." {{(pid=102066) http_log /opt/stack/data/venv/lib/python3.12/site-packages/swiftclient/client.py:160}}
Jun 09 21:16:20.745635 np0000002489 devstack@g-api.service[102066]: DEBUG swiftclient [None req-7df4c519-f2b3-48fe-a89f-08b99f66f337 tempest-VolumesNegativeTest-813766443 tempest-VolumesNegativeTest-813766443-project-member] RESP STATUS: 204 No Content {{(pid=102066) http_log /opt/stack/data/venv/lib/python3.12/site-packages/swiftclient/client.py:161}}
Jun 09 21:16:20.745925 np0000002489 devstack@g-api.service[102066]: DEBUG swiftclient [None req-7df4c519-f2b3-48fe-a89f-08b99f66f337 tempest-VolumesNegativeTest-813766443 tempest-VolumesNegativeTest-813766443-project-member] RESP HEADERS: {'Date': 'Tue, 09 Jun 2026 21:16:20 GMT', 'Server': 'Apache/2.4.58 (Ubuntu)', 'Content-Type': 'text/plain; charset=utf-8', 'X-Container-Object-Count': '3', 'X-Container-Bytes-Used': '64356352', 'X-Timestamp': '1781039417.54010', 'Last-Modified': 'Tue, 09 Jun 2026 21:10:18 GMT', 'Accept-Ranges': 'bytes', 'X-Storage-Policy': 'Policy-0', 'X-Container-Sharding': 'False', 'Vary': 'Accept', 'X-Trans-Id': 'tx6c12fa58a17347daa58d0-006a2882a4', 'X-Openstack-Request-Id': 'tx6c12fa58a17347daa58d0-006a2882a4', 'Connection': 'close'} {{(pid=102066) http_log /opt/stack/data/venv/lib/python3.12/site-packages/swiftclient/client.py:162}}
Jun 09 21:16:20.746139 np0000002489 devstack@g-api.service[102066]: DEBUG glance_store._drivers.swift.store [None req-7df4c519-f2b3-48fe-a89f-08b99f66f337 tempest-VolumesNegativeTest-813766443 tempest-VolumesNegativeTest-813766443-project-member] Adding image object 'b4134c6e-07bb-4d21-ba60-2b1bd1863ef9' to Swift {{(pid=102066) add /opt/stack/data/venv/lib/python3.12/site-packages/glance_store/_drivers/swift/store.py:970}}
Jun 09 21:16:20.755976 np0000002489 devstack@g-api.service[102066]: DEBUG oslo_utils.imageutils.format_inspector [None req-7df4c519-f2b3-48fe-a89f-08b99f66f337 tempest-VolumesNegativeTest-813766443 tempest-VolumesNegativeTest-813766443-project-member] Format inspector for vmdk does not match, excluding from consideration (Signature KDMV not found: b'\n\xc6lf') {{(pid=102066) _process_chunk /opt/stack/data/venv/lib/python3.12/site-packages/oslo_utils/imageutils/format_inspector.py:1758}}
Jun 09 21:16:20.776974 np0000002489 devstack@g-api.service[102064]: DEBUG glance.api.middleware.version_negotiation [None req-a1fe7ed2-a8e8-4128-97a3-8e7c0bef21ac tempest-AttachVolumeShelveTestJSON-1801181983 tempest-AttachVolumeShelveTestJSON-1801181983-project-member] Determining version of request: GET /v2/images/39c2ef81-218f-4cbe-a09f-71b8b0650374 Accept: */* {{(pid=102064) process_request /opt/stack/glance/glance/api/middleware/version_negotiation.py:44}}
Jun 09 21:16:20.777295 np0000002489 devstack@g-api.service[102064]: DEBUG glance.api.middleware.version_negotiation [None req-a1fe7ed2-a8e8-4128-97a3-8e7c0bef21ac tempest-AttachVolumeShelveTestJSON-1801181983 tempest-AttachVolumeShelveTestJSON-1801181983-project-member] Using url versioning {{(pid=102064) process_request /opt/stack/glance/glance/api/middleware/version_negotiation.py:57}}
Jun 09 21:16:20.777577 np0000002489 devstack@g-api.service[102064]: DEBUG glance.api.middleware.version_negotiation [None req-a1fe7ed2-a8e8-4128-97a3-8e7c0bef21ac tempest-AttachVolumeShelveTestJSON-1801181983 tempest-AttachVolumeShelveTestJSON-1801181983-project-member] Matched version: v2 {{(pid=102064) process_request /opt/stack/glance/glance/api/middleware/version_negotiation.py:69}}
Jun 09 21:16:20.777741 np0000002489 devstack@g-api.service[102064]: DEBUG glance.api.middleware.version_negotiation [None req-a1fe7ed2-a8e8-4128-97a3-8e7c0bef21ac tempest-AttachVolumeShelveTestJSON-1801181983 tempest-AttachVolumeShelveTestJSON-1801181983-project-member] new path /v2/images/39c2ef81-218f-4cbe-a09f-71b8b0650374 {{(pid=102064) process_request /opt/stack/glance/glance/api/middleware/version_negotiation.py:70}}
Jun 09 21:16:20.794811 np0000002489 devstack@g-api.service[102066]: DEBUG swiftclient [None req-7df4c519-f2b3-48fe-a89f-08b99f66f337 tempest-VolumesNegativeTest-813766443 tempest-VolumesNegativeTest-813766443-project-member] REQ: curl -i https://10.4.3.119:8080/v1/AUTH_ba1024b26ef0463facfb9490a118088f/glance/b4134c6e-07bb-4d21-ba60-2b1bd1863ef9 -X PUT -H "X-Auth-Token: gAAAAABqKIKkjUfO..." -H "Content-Length: 1024" {{(pid=102066) http_log /opt/stack/data/venv/lib/python3.12/site-packages/swiftclient/client.py:160}}
Jun 09 21:16:20.794811 np0000002489 devstack@g-api.service[102066]: DEBUG swiftclient [None req-7df4c519-f2b3-48fe-a89f-08b99f66f337 tempest-VolumesNegativeTest-813766443 tempest-VolumesNegativeTest-813766443-project-member] RESP STATUS: 201 Created {{(pid=102066) http_log /opt/stack/data/venv/lib/python3.12/site-packages/swiftclient/client.py:161}}
Jun 09 21:16:20.795143 np0000002489 devstack@g-api.service[102066]: DEBUG swiftclient [None req-7df4c519-f2b3-48fe-a89f-08b99f66f337 tempest-VolumesNegativeTest-813766443 tempest-VolumesNegativeTest-813766443-project-member] RESP HEADERS: {'Date': 'Tue, 09 Jun 2026 21:16:20 GMT', 'Server': 'Apache/2.4.58 (Ubuntu)', 'Content-Type': 'text/html; charset=UTF-8', 'Content-Length': '0', 'Etag': '855c067c1502a22fab19720056597d4d', 'Last-Modified': 'Tue, 09 Jun 2026 21:16:21 GMT', 'X-Trans-Id': 'txc623d68c975b49cd801bf-006a2882a4', 'X-Openstack-Request-Id': 'txc623d68c975b49cd801bf-006a2882a4', 'Connection': 'close'} {{(pid=102066) http_log /opt/stack/data/venv/lib/python3.12/site-packages/swiftclient/client.py:162}}
Jun 09 21:16:20.796151 np0000002489 devstack@g-api.service[102064]: [pid: 102064|app: 0|req: 85/249] 127.0.0.1 () {44 vars in 1115 bytes} [Tue Jun 9 21:16:20 2026] GET /v2/images/39c2ef81-218f-4cbe-a09f-71b8b0650374 => generated 1450 bytes in 19 msecs (HTTP/1.1 200) 4 headers in 158 bytes (1 switches on core 0)
Jun 09 21:16:20.799529 np0000002489 devstack@g-api.service[102066]: INFO glance.location [None req-7df4c519-f2b3-48fe-a89f-08b99f66f337 tempest-VolumesNegativeTest-813766443 tempest-VolumesNegativeTest-813766443-project-member] Image format matched and virtual size computed: 1024
Jun 09 21:16:20.841261 np0000002489 devstack@g-api.service[102066]: DEBUG glance_store.backend [None req-7df4c519-f2b3-48fe-a89f-08b99f66f337 tempest-VolumesNegativeTest-813766443 tempest-VolumesNegativeTest-813766443-project-member] Attempting to import store swift {{(pid=102066) _load_store /opt/stack/data/venv/lib/python3.12/site-packages/glance_store/backend.py:215}}
Jun 09 21:16:20.842768 np0000002489 devstack@g-api.service[102066]: DEBUG glance_store.capabilities [None req-7df4c519-f2b3-48fe-a89f-08b99f66f337 tempest-VolumesNegativeTest-813766443 tempest-VolumesNegativeTest-813766443-project-member] Store glance_store._drivers.swift.store.SingleTenantStore doesn't support updating dynamic storage capabilities. Please overwrite 'update_capabilities' method of the store to implement updating logics if needed. {{(pid=102066) update_capabilities /opt/stack/data/venv/lib/python3.12/site-packages/glance_store/capabilities.py:91}}
Jun 09 21:16:20.843359 np0000002489 devstack@g-api.service[102066]: DEBUG glance_store.driver [None req-7df4c519-f2b3-48fe-a89f-08b99f66f337 tempest-VolumesNegativeTest-813766443 tempest-VolumesNegativeTest-813766443-project-member] Late loading location class glance_store._drivers.swift.store.StoreLocation {{(pid=102066) get_store_location_class /opt/stack/data/venv/lib/python3.12/site-packages/glance_store/driver.py:134}}
Jun 09 21:16:20.843359 np0000002489 devstack@g-api.service[102066]: DEBUG glance_store.location [None req-7df4c519-f2b3-48fe-a89f-08b99f66f337 tempest-VolumesNegativeTest-813766443 tempest-VolumesNegativeTest-813766443-project-member] Registering scheme swift+https with {'store': , 'location_class': , 'store_entry': 'swift'} {{(pid=102066) register_scheme_map /opt/stack/data/venv/lib/python3.12/site-packages/glance_store/location.py:146}}
Jun 09 21:16:20.843359 np0000002489 devstack@g-api.service[102066]: DEBUG glance_store.location [None req-7df4c519-f2b3-48fe-a89f-08b99f66f337 tempest-VolumesNegativeTest-813766443 tempest-VolumesNegativeTest-813766443-project-member] Registering scheme swift+https with {'store': , 'location_class': , 'store_entry': 'swift'} {{(pid=102066) register_scheme_map /opt/stack/data/venv/lib/python3.12/site-packages/glance_store/location.py:146}}
Jun 09 21:16:20.843359 np0000002489 devstack@g-api.service[102066]: DEBUG glance_store.location [None req-7df4c519-f2b3-48fe-a89f-08b99f66f337 tempest-VolumesNegativeTest-813766443 tempest-VolumesNegativeTest-813766443-project-member] Registering scheme swift with {'store': , 'location_class': , 'store_entry': 'swift'} {{(pid=102066) register_scheme_map /opt/stack/data/venv/lib/python3.12/site-packages/glance_store/location.py:146}}
Jun 09 21:16:20.843762 np0000002489 devstack@g-api.service[102066]: DEBUG glance_store.location [None req-7df4c519-f2b3-48fe-a89f-08b99f66f337 tempest-VolumesNegativeTest-813766443 tempest-VolumesNegativeTest-813766443-project-member] Registering scheme swift+https with {'store': , 'location_class': , 'store_entry': 'swift'} {{(pid=102066) register_scheme_map /opt/stack/data/venv/lib/python3.12/site-packages/glance_store/location.py:146}}
Jun 09 21:16:20.843762 np0000002489 devstack@g-api.service[102066]: DEBUG glance_store.location [None req-7df4c519-f2b3-48fe-a89f-08b99f66f337 tempest-VolumesNegativeTest-813766443 tempest-VolumesNegativeTest-813766443-project-member] Registering scheme swift with {'store': , 'location_class': , 'store_entry': 'swift'} {{(pid=102066) register_scheme_map /opt/stack/data/venv/lib/python3.12/site-packages/glance_store/location.py:146}}
Jun 09 21:16:20.843762 np0000002489 devstack@g-api.service[102066]: DEBUG glance_store.location [None req-7df4c519-f2b3-48fe-a89f-08b99f66f337 tempest-VolumesNegativeTest-813766443 tempest-VolumesNegativeTest-813766443-project-member] Registering scheme swift+http with {'store': , 'location_class': , 'store_entry': 'swift'} {{(pid=102066) register_scheme_map /opt/stack/data/venv/lib/python3.12/site-packages/glance_store/location.py:146}}
Jun 09 21:16:20.843762 np0000002489 devstack@g-api.service[102066]: DEBUG glance_store.location [None req-7df4c519-f2b3-48fe-a89f-08b99f66f337 tempest-VolumesNegativeTest-813766443 tempest-VolumesNegativeTest-813766443-project-member] Registering scheme swift+https with {'store': , 'location_class': , 'store_entry': 'swift'} {{(pid=102066) register_scheme_map /opt/stack/data/venv/lib/python3.12/site-packages/glance_store/location.py:146}}
Jun 09 21:16:20.844158 np0000002489 devstack@g-api.service[102066]: DEBUG glance_store.location [None req-7df4c519-f2b3-48fe-a89f-08b99f66f337 tempest-VolumesNegativeTest-813766443 tempest-VolumesNegativeTest-813766443-project-member] Registering scheme swift with {'store': , 'location_class': , 'store_entry': 'swift'} {{(pid=102066) register_scheme_map /opt/stack/data/venv/lib/python3.12/site-packages/glance_store/location.py:146}}
Jun 09 21:16:20.844158 np0000002489 devstack@g-api.service[102066]: DEBUG glance_store.location [None req-7df4c519-f2b3-48fe-a89f-08b99f66f337 tempest-VolumesNegativeTest-813766443 tempest-VolumesNegativeTest-813766443-project-member] Registering scheme swift+http with {'store': , 'location_class': , 'store_entry': 'swift'} {{(pid=102066) register_scheme_map /opt/stack/data/venv/lib/python3.12/site-packages/glance_store/location.py:146}}
Jun 09 21:16:20.844158 np0000002489 devstack@g-api.service[102066]: DEBUG glance_store.location [None req-7df4c519-f2b3-48fe-a89f-08b99f66f337 tempest-VolumesNegativeTest-813766443 tempest-VolumesNegativeTest-813766443-project-member] Registering scheme swift+config with {'store': , 'location_class': , 'store_entry': 'swift'} {{(pid=102066) register_scheme_map /opt/stack/data/venv/lib/python3.12/site-packages/glance_store/location.py:146}}
Jun 09 21:16:20.844316 np0000002489 devstack@g-api.service[102066]: DEBUG glance_store.backend [None req-7df4c519-f2b3-48fe-a89f-08b99f66f337 tempest-VolumesNegativeTest-813766443 tempest-VolumesNegativeTest-813766443-project-member] Skipping store.set_acls... not implemented. {{(pid=102066) set_acls /opt/stack/data/venv/lib/python3.12/site-packages/glance_store/backend.py:507}}
Jun 09 21:16:20.853476 np0000002489 devstack@g-api.service[102066]: [pid: 102066|app: 0|req: 82/250] 127.0.0.1 () {40 vars in 847 bytes} [Tue Jun 9 21:16:19 2026] PUT /v2/images/b4134c6e-07bb-4d21-ba60-2b1bd1863ef9/file => generated 0 bytes in 1716 msecs (HTTP/1.1 204) 4 headers in 171 bytes (1 switches on core 0)
Jun 09 21:16:20.865823 np0000002489 devstack@g-api.service[102065]: DEBUG glance.api.middleware.version_negotiation [None req-a1fe7ed2-a8e8-4128-97a3-8e7c0bef21ac tempest-AttachVolumeShelveTestJSON-1801181983 tempest-AttachVolumeShelveTestJSON-1801181983-project-member] Determining version of request: GET /v2/images/b4134c6e-07bb-4d21-ba60-2b1bd1863ef9 Accept: application/json {{(pid=102065) process_request /opt/stack/glance/glance/api/middleware/version_negotiation.py:44}}
Jun 09 21:16:20.865823 np0000002489 devstack@g-api.service[102065]: DEBUG glance.api.middleware.version_negotiation [None req-a1fe7ed2-a8e8-4128-97a3-8e7c0bef21ac tempest-AttachVolumeShelveTestJSON-1801181983 tempest-AttachVolumeShelveTestJSON-1801181983-project-member] Using url versioning {{(pid=102065) process_request /opt/stack/glance/glance/api/middleware/version_negotiation.py:57}}
Jun 09 21:16:20.865823 np0000002489 devstack@g-api.service[102065]: DEBUG glance.api.middleware.version_negotiation [None req-a1fe7ed2-a8e8-4128-97a3-8e7c0bef21ac tempest-AttachVolumeShelveTestJSON-1801181983 tempest-AttachVolumeShelveTestJSON-1801181983-project-member] Matched version: v2 {{(pid=102065) process_request /opt/stack/glance/glance/api/middleware/version_negotiation.py:69}}
Jun 09 21:16:20.865823 np0000002489 devstack@g-api.service[102065]: DEBUG glance.api.middleware.version_negotiation [None req-a1fe7ed2-a8e8-4128-97a3-8e7c0bef21ac tempest-AttachVolumeShelveTestJSON-1801181983 tempest-AttachVolumeShelveTestJSON-1801181983-project-member] new path /v2/images/b4134c6e-07bb-4d21-ba60-2b1bd1863ef9 {{(pid=102065) process_request /opt/stack/glance/glance/api/middleware/version_negotiation.py:70}}
Jun 09 21:16:20.879688 np0000002489 devstack@g-api.service[102064]: DEBUG glance.api.middleware.version_negotiation [None req-a1fe7ed2-a8e8-4128-97a3-8e7c0bef21ac tempest-AttachVolumeShelveTestJSON-1801181983 tempest-AttachVolumeShelveTestJSON-1801181983-project-member] Determining version of request: PUT /v2/images/39c2ef81-218f-4cbe-a09f-71b8b0650374/file Accept: */* {{(pid=102064) process_request /opt/stack/glance/glance/api/middleware/version_negotiation.py:44}}
Jun 09 21:16:20.879688 np0000002489 devstack@g-api.service[102064]: DEBUG glance.api.middleware.version_negotiation [None req-a1fe7ed2-a8e8-4128-97a3-8e7c0bef21ac tempest-AttachVolumeShelveTestJSON-1801181983 tempest-AttachVolumeShelveTestJSON-1801181983-project-member] Using url versioning {{(pid=102064) process_request /opt/stack/glance/glance/api/middleware/version_negotiation.py:57}}
Jun 09 21:16:20.879688 np0000002489 devstack@g-api.service[102064]: DEBUG glance.api.middleware.version_negotiation [None req-a1fe7ed2-a8e8-4128-97a3-8e7c0bef21ac tempest-AttachVolumeShelveTestJSON-1801181983 tempest-AttachVolumeShelveTestJSON-1801181983-project-member] Matched version: v2 {{(pid=102064) process_request /opt/stack/glance/glance/api/middleware/version_negotiation.py:69}}
Jun 09 21:16:20.883095 np0000002489 devstack@g-api.service[102065]: [pid: 102065|app: 0|req: 84/251] 127.0.0.1 () {40 vars in 838 bytes} [Tue Jun 9 21:16:20 2026] GET /v2/images/b4134c6e-07bb-4d21-ba60-2b1bd1863ef9 => generated 811 bytes in 17 msecs (HTTP/1.1 200) 4 headers in 157 bytes (1 switches on core 0)
Jun 09 21:16:20.883276 np0000002489 devstack@g-api.service[102064]: DEBUG glance.api.middleware.version_negotiation [None req-a1fe7ed2-a8e8-4128-97a3-8e7c0bef21ac tempest-AttachVolumeShelveTestJSON-1801181983 tempest-AttachVolumeShelveTestJSON-1801181983-project-member] new path /v2/images/39c2ef81-218f-4cbe-a09f-71b8b0650374/file {{(pid=102064) process_request /opt/stack/glance/glance/api/middleware/version_negotiation.py:70}}
Jun 09 21:16:20.895251 np0000002489 devstack@g-api.service[102066]: DEBUG glance.api.middleware.version_negotiation [None req-7df4c519-f2b3-48fe-a89f-08b99f66f337 tempest-VolumesNegativeTest-813766443 tempest-VolumesNegativeTest-813766443-project-member] Determining version of request: POST /v2/images/b4134c6e-07bb-4d21-ba60-2b1bd1863ef9/actions/deactivate Accept: application/json {{(pid=102066) process_request /opt/stack/glance/glance/api/middleware/version_negotiation.py:44}}
Jun 09 21:16:20.895929 np0000002489 devstack@g-api.service[102066]: DEBUG glance.api.middleware.version_negotiation [None req-7df4c519-f2b3-48fe-a89f-08b99f66f337 tempest-VolumesNegativeTest-813766443 tempest-VolumesNegativeTest-813766443-project-member] Using url versioning {{(pid=102066) process_request /opt/stack/glance/glance/api/middleware/version_negotiation.py:57}}
Jun 09 21:16:20.895929 np0000002489 devstack@g-api.service[102066]: DEBUG glance.api.middleware.version_negotiation [None req-7df4c519-f2b3-48fe-a89f-08b99f66f337 tempest-VolumesNegativeTest-813766443 tempest-VolumesNegativeTest-813766443-project-member] Matched version: v2 {{(pid=102066) process_request /opt/stack/glance/glance/api/middleware/version_negotiation.py:69}}
Jun 09 21:16:20.895929 np0000002489 devstack@g-api.service[102066]: DEBUG glance.api.middleware.version_negotiation [None req-7df4c519-f2b3-48fe-a89f-08b99f66f337 tempest-VolumesNegativeTest-813766443 tempest-VolumesNegativeTest-813766443-project-member] new path /v2/images/b4134c6e-07bb-4d21-ba60-2b1bd1863ef9/actions/deactivate {{(pid=102066) process_request /opt/stack/glance/glance/api/middleware/version_negotiation.py:70}}
Jun 09 21:16:20.991052 np0000002489 devstack@g-api.service[102066]: DEBUG glance_store.backend [None req-96fcd996-4fbc-4dca-be9e-2c881d49e343 tempest-VolumesNegativeTest-813766443 tempest-VolumesNegativeTest-813766443-project-member] Attempting to import store swift {{(pid=102066) _load_store /opt/stack/data/venv/lib/python3.12/site-packages/glance_store/backend.py:215}}
Jun 09 21:16:20.991052 np0000002489 devstack@g-api.service[102066]: DEBUG glance_store.capabilities [None req-96fcd996-4fbc-4dca-be9e-2c881d49e343 tempest-VolumesNegativeTest-813766443 tempest-VolumesNegativeTest-813766443-project-member] Store glance_store._drivers.swift.store.SingleTenantStore doesn't support updating dynamic storage capabilities. Please overwrite 'update_capabilities' method of the store to implement updating logics if needed. {{(pid=102066) update_capabilities /opt/stack/data/venv/lib/python3.12/site-packages/glance_store/capabilities.py:91}}
Jun 09 21:16:20.991052 np0000002489 devstack@g-api.service[102066]: DEBUG glance_store.driver [None req-96fcd996-4fbc-4dca-be9e-2c881d49e343 tempest-VolumesNegativeTest-813766443 tempest-VolumesNegativeTest-813766443-project-member] Late loading location class glance_store._drivers.swift.store.StoreLocation {{(pid=102066) get_store_location_class /opt/stack/data/venv/lib/python3.12/site-packages/glance_store/driver.py:134}}
Jun 09 21:16:20.991052 np0000002489 devstack@g-api.service[102066]: DEBUG glance_store.location [None req-96fcd996-4fbc-4dca-be9e-2c881d49e343 tempest-VolumesNegativeTest-813766443 tempest-VolumesNegativeTest-813766443-project-member] Registering scheme swift+https with {'store': , 'location_class': , 'store_entry': 'swift'} {{(pid=102066) register_scheme_map /opt/stack/data/venv/lib/python3.12/site-packages/glance_store/location.py:146}}
Jun 09 21:16:20.991052 np0000002489 devstack@g-api.service[102066]: DEBUG glance_store.location [None req-96fcd996-4fbc-4dca-be9e-2c881d49e343 tempest-VolumesNegativeTest-813766443 tempest-VolumesNegativeTest-813766443-project-member] Registering scheme swift+https with {'store': , 'location_class': , 'store_entry': 'swift'} {{(pid=102066) register_scheme_map /opt/stack/data/venv/lib/python3.12/site-packages/glance_store/location.py:146}}
Jun 09 21:16:20.991052 np0000002489 devstack@g-api.service[102066]: DEBUG glance_store.location [None req-96fcd996-4fbc-4dca-be9e-2c881d49e343 tempest-VolumesNegativeTest-813766443 tempest-VolumesNegativeTest-813766443-project-member] Registering scheme swift with {'store': , 'location_class': , 'store_entry': 'swift'} {{(pid=102066) register_scheme_map /opt/stack/data/venv/lib/python3.12/site-packages/glance_store/location.py:146}}
Jun 09 21:16:20.991052 np0000002489 devstack@g-api.service[102066]: DEBUG glance_store.location [None req-96fcd996-4fbc-4dca-be9e-2c881d49e343 tempest-VolumesNegativeTest-813766443 tempest-VolumesNegativeTest-813766443-project-member] Registering scheme swift+https with {'store': , 'location_class': , 'store_entry': 'swift'} {{(pid=102066) register_scheme_map /opt/stack/data/venv/lib/python3.12/site-packages/glance_store/location.py:146}}
Jun 09 21:16:20.991052 np0000002489 devstack@g-api.service[102066]: DEBUG glance_store.location [None req-96fcd996-4fbc-4dca-be9e-2c881d49e343 tempest-VolumesNegativeTest-813766443 tempest-VolumesNegativeTest-813766443-project-member] Registering scheme swift with {'store': , 'location_class': , 'store_entry': 'swift'} {{(pid=102066) register_scheme_map /opt/stack/data/venv/lib/python3.12/site-packages/glance_store/location.py:146}}
Jun 09 21:16:20.991052 np0000002489 devstack@g-api.service[102066]: DEBUG glance_store.location [None req-96fcd996-4fbc-4dca-be9e-2c881d49e343 tempest-VolumesNegativeTest-813766443 tempest-VolumesNegativeTest-813766443-project-member] Registering scheme swift+http with {'store': , 'location_class': , 'store_entry': 'swift'} {{(pid=102066) register_scheme_map /opt/stack/data/venv/lib/python3.12/site-packages/glance_store/location.py:146}}
Jun 09 21:16:20.991052 np0000002489 devstack@g-api.service[102066]: DEBUG glance_store.location [None req-96fcd996-4fbc-4dca-be9e-2c881d49e343 tempest-VolumesNegativeTest-813766443 tempest-VolumesNegativeTest-813766443-project-member] Registering scheme swift+https with {'store': , 'location_class': , 'store_entry': 'swift'} {{(pid=102066) register_scheme_map /opt/stack/data/venv/lib/python3.12/site-packages/glance_store/location.py:146}}
Jun 09 21:16:20.991052 np0000002489 devstack@g-api.service[102066]: DEBUG glance_store.location [None req-96fcd996-4fbc-4dca-be9e-2c881d49e343 tempest-VolumesNegativeTest-813766443 tempest-VolumesNegativeTest-813766443-project-member] Registering scheme swift with {'store': , 'location_class': , 'store_entry': 'swift'} {{(pid=102066) register_scheme_map /opt/stack/data/venv/lib/python3.12/site-packages/glance_store/location.py:146}}
Jun 09 21:16:20.991666 np0000002489 devstack@g-api.service[102066]: DEBUG glance_store.location [None req-96fcd996-4fbc-4dca-be9e-2c881d49e343 tempest-VolumesNegativeTest-813766443 tempest-VolumesNegativeTest-813766443-project-member] Registering scheme swift+http with {'store': , 'location_class': , 'store_entry': 'swift'} {{(pid=102066) register_scheme_map /opt/stack/data/venv/lib/python3.12/site-packages/glance_store/location.py:146}}
Jun 09 21:16:20.991666 np0000002489 devstack@g-api.service[102066]: DEBUG glance_store.location [None req-96fcd996-4fbc-4dca-be9e-2c881d49e343 tempest-VolumesNegativeTest-813766443 tempest-VolumesNegativeTest-813766443-project-member] Registering scheme swift+config with {'store': , 'location_class': , 'store_entry': 'swift'} {{(pid=102066) register_scheme_map /opt/stack/data/venv/lib/python3.12/site-packages/glance_store/location.py:146}}
Jun 09 21:16:20.991666 np0000002489 devstack@g-api.service[102066]: DEBUG glance_store.backend [None req-96fcd996-4fbc-4dca-be9e-2c881d49e343 tempest-VolumesNegativeTest-813766443 tempest-VolumesNegativeTest-813766443-project-member] Skipping store.set_acls... not implemented. {{(pid=102066) set_acls /opt/stack/data/venv/lib/python3.12/site-packages/glance_store/backend.py:507}}
Jun 09 21:16:21.025565 np0000002489 devstack@g-api.service[102066]: INFO glance.api.v2.image_actions [None req-96fcd996-4fbc-4dca-be9e-2c881d49e343 tempest-VolumesNegativeTest-813766443 tempest-VolumesNegativeTest-813766443-project-member] Image b4134c6e-07bb-4d21-ba60-2b1bd1863ef9 is deactivated
Jun 09 21:16:21.026603 np0000002489 devstack@g-api.service[102066]: [pid: 102066|app: 0|req: 83/252] 127.0.0.1 () {42 vars in 896 bytes} [Tue Jun 9 21:16:20 2026] POST /v2/images/b4134c6e-07bb-4d21-ba60-2b1bd1863ef9/actions/deactivate => generated 0 bytes in 131 msecs (HTTP/1.1 204) 4 headers in 171 bytes (1 switches on core 0)
Jun 09 21:16:21.042676 np0000002489 devstack@g-api.service[102065]: DEBUG glance.api.middleware.version_negotiation [None req-18aa2a6f-47d1-48f5-9a6c-b297b391de20 tempest-VolumesNegativeTest-813766443 tempest-VolumesNegativeTest-813766443-project-member] Determining version of request: GET /v2/images/b4134c6e-07bb-4d21-ba60-2b1bd1863ef9 Accept: application/json {{(pid=102065) process_request /opt/stack/glance/glance/api/middleware/version_negotiation.py:44}}
Jun 09 21:16:21.042676 np0000002489 devstack@g-api.service[102065]: DEBUG glance.api.middleware.version_negotiation [None req-18aa2a6f-47d1-48f5-9a6c-b297b391de20 tempest-VolumesNegativeTest-813766443 tempest-VolumesNegativeTest-813766443-project-member] Using url versioning {{(pid=102065) process_request /opt/stack/glance/glance/api/middleware/version_negotiation.py:57}}
Jun 09 21:16:21.042676 np0000002489 devstack@g-api.service[102065]: DEBUG glance.api.middleware.version_negotiation [None req-18aa2a6f-47d1-48f5-9a6c-b297b391de20 tempest-VolumesNegativeTest-813766443 tempest-VolumesNegativeTest-813766443-project-member] Matched version: v2 {{(pid=102065) process_request /opt/stack/glance/glance/api/middleware/version_negotiation.py:69}}
Jun 09 21:16:21.042676 np0000002489 devstack@g-api.service[102065]: DEBUG glance.api.middleware.version_negotiation [None req-18aa2a6f-47d1-48f5-9a6c-b297b391de20 tempest-VolumesNegativeTest-813766443 tempest-VolumesNegativeTest-813766443-project-member] new path /v2/images/b4134c6e-07bb-4d21-ba60-2b1bd1863ef9 {{(pid=102065) process_request /opt/stack/glance/glance/api/middleware/version_negotiation.py:70}}
Jun 09 21:16:21.065342 np0000002489 devstack@g-api.service[102065]: [pid: 102065|app: 0|req: 85/253] 127.0.0.1 () {40 vars in 838 bytes} [Tue Jun 9 21:16:21 2026] GET /v2/images/b4134c6e-07bb-4d21-ba60-2b1bd1863ef9 => generated 816 bytes in 24 msecs (HTTP/1.1 200) 4 headers in 157 bytes (1 switches on core 0)
Jun 09 21:16:21.080172 np0000002489 devstack@g-api.service[102066]: DEBUG glance.api.middleware.version_negotiation [None req-96fcd996-4fbc-4dca-be9e-2c881d49e343 tempest-VolumesNegativeTest-813766443 tempest-VolumesNegativeTest-813766443-project-member] Determining version of request: GET /v2/images/b4134c6e-07bb-4d21-ba60-2b1bd1863ef9 Accept: application/json {{(pid=102066) process_request /opt/stack/glance/glance/api/middleware/version_negotiation.py:44}}
Jun 09 21:16:21.080344 np0000002489 devstack@g-api.service[102066]: DEBUG glance.api.middleware.version_negotiation [None req-96fcd996-4fbc-4dca-be9e-2c881d49e343 tempest-VolumesNegativeTest-813766443 tempest-VolumesNegativeTest-813766443-project-member] Using url versioning {{(pid=102066) process_request /opt/stack/glance/glance/api/middleware/version_negotiation.py:57}}
Jun 09 21:16:21.081645 np0000002489 devstack@g-api.service[102066]: DEBUG glance.api.middleware.version_negotiation [None req-96fcd996-4fbc-4dca-be9e-2c881d49e343 tempest-VolumesNegativeTest-813766443 tempest-VolumesNegativeTest-813766443-project-member] Matched version: v2 {{(pid=102066) process_request /opt/stack/glance/glance/api/middleware/version_negotiation.py:69}}
Jun 09 21:16:21.081645 np0000002489 devstack@g-api.service[102066]: DEBUG glance.api.middleware.version_negotiation [None req-96fcd996-4fbc-4dca-be9e-2c881d49e343 tempest-VolumesNegativeTest-813766443 tempest-VolumesNegativeTest-813766443-project-member] new path /v2/images/b4134c6e-07bb-4d21-ba60-2b1bd1863ef9 {{(pid=102066) process_request /opt/stack/glance/glance/api/middleware/version_negotiation.py:70}}
Jun 09 21:16:21.116200 np0000002489 devstack@g-api.service[102066]: [pid: 102066|app: 0|req: 84/254] 127.0.0.1 () {40 vars in 838 bytes} [Tue Jun 9 21:16:21 2026] GET /v2/images/b4134c6e-07bb-4d21-ba60-2b1bd1863ef9 => generated 816 bytes in 36 msecs (HTTP/1.1 200) 4 headers in 157 bytes (1 switches on core 0)
Jun 09 21:16:21.161639 np0000002489 devstack@g-api.service[102065]: DEBUG glance.api.middleware.version_negotiation [None req-f0c4fb2a-5202-4e35-87ae-4bc96d4950ea tempest-VolumesNegativeTest-813766443 tempest-VolumesNegativeTest-813766443-project-member] Determining version of request: GET /v2/images/b4134c6e-07bb-4d21-ba60-2b1bd1863ef9 Accept: */* {{(pid=102065) process_request /opt/stack/glance/glance/api/middleware/version_negotiation.py:44}}
Jun 09 21:16:21.161639 np0000002489 devstack@g-api.service[102065]: DEBUG glance.api.middleware.version_negotiation [None req-f0c4fb2a-5202-4e35-87ae-4bc96d4950ea tempest-VolumesNegativeTest-813766443 tempest-VolumesNegativeTest-813766443-project-member] Using url versioning {{(pid=102065) process_request /opt/stack/glance/glance/api/middleware/version_negotiation.py:57}}
Jun 09 21:16:21.161639 np0000002489 devstack@g-api.service[102065]: DEBUG glance.api.middleware.version_negotiation [None req-f0c4fb2a-5202-4e35-87ae-4bc96d4950ea tempest-VolumesNegativeTest-813766443 tempest-VolumesNegativeTest-813766443-project-member] Matched version: v2 {{(pid=102065) process_request /opt/stack/glance/glance/api/middleware/version_negotiation.py:69}}
Jun 09 21:16:21.161831 np0000002489 devstack@g-api.service[102065]: DEBUG glance.api.middleware.version_negotiation [None req-f0c4fb2a-5202-4e35-87ae-4bc96d4950ea tempest-VolumesNegativeTest-813766443 tempest-VolumesNegativeTest-813766443-project-member] new path /v2/images/b4134c6e-07bb-4d21-ba60-2b1bd1863ef9 {{(pid=102065) process_request /opt/stack/glance/glance/api/middleware/version_negotiation.py:70}}
Jun 09 21:16:21.176094 np0000002489 devstack@g-api.service[102065]: [pid: 102065|app: 0|req: 86/255] 127.0.0.1 () {44 vars in 1115 bytes} [Tue Jun 9 21:16:21 2026] GET /v2/images/b4134c6e-07bb-4d21-ba60-2b1bd1863ef9 => generated 816 bytes in 15 msecs (HTTP/1.1 200) 4 headers in 157 bytes (1 switches on core 0)
Jun 09 21:16:21.194680 np0000002489 devstack@g-api.service[102066]: DEBUG glance.api.middleware.version_negotiation [None req-80eb222c-80de-4b67-9e5e-263cd27bb470 tempest-VolumesNegativeTest-813766443 tempest-VolumesNegativeTest-813766443-project-member] Determining version of request: GET /v2/schemas/image Accept: */* {{(pid=102066) process_request /opt/stack/glance/glance/api/middleware/version_negotiation.py:44}}
Jun 09 21:16:21.194680 np0000002489 devstack@g-api.service[102066]: DEBUG glance.api.middleware.version_negotiation [None req-80eb222c-80de-4b67-9e5e-263cd27bb470 tempest-VolumesNegativeTest-813766443 tempest-VolumesNegativeTest-813766443-project-member] Using url versioning {{(pid=102066) process_request /opt/stack/glance/glance/api/middleware/version_negotiation.py:57}}
Jun 09 21:16:21.194680 np0000002489 devstack@g-api.service[102066]: DEBUG glance.api.middleware.version_negotiation [None req-80eb222c-80de-4b67-9e5e-263cd27bb470 tempest-VolumesNegativeTest-813766443 tempest-VolumesNegativeTest-813766443-project-member] Matched version: v2 {{(pid=102066) process_request /opt/stack/glance/glance/api/middleware/version_negotiation.py:69}}
Jun 09 21:16:21.194680 np0000002489 devstack@g-api.service[102066]: DEBUG glance.api.middleware.version_negotiation [None req-80eb222c-80de-4b67-9e5e-263cd27bb470 tempest-VolumesNegativeTest-813766443 tempest-VolumesNegativeTest-813766443-project-member] new path /v2/schemas/image {{(pid=102066) process_request /opt/stack/glance/glance/api/middleware/version_negotiation.py:70}}
