Jun 09 21:12:09.691054 np0000002489 devstack@neutron-api.service[90004]: DEBUG neutron_lib.callbacks.manager [None req-dac7a932-77ae-4ed6-abbf-47edb847617f admin admin] Publish callbacks ['neutron.services.segments.db._add_segment_host_mapping_for_segment-8741743259558', 'neutron.plugins.ml2.plugin.Ml2Plugin._handle_segment_change-16599466'] for segment (6d0ba777-e585-49ba-9b2b-028b36a262ec), precommit_create {{(pid=90004) _notify_loop /opt/stack/data/venv/lib/python3.12/site-packages/neutron_lib/callbacks/manager.py:184}}
Jun 09 21:12:09.691239 np0000002489 devstack@neutron-api.service[90004]: INFO neutron.db.segments_db [None req-dac7a932-77ae-4ed6-abbf-47edb847617f admin admin] Added segment 6d0ba777-e585-49ba-9b2b-028b36a262ec of type geneve for network b03d6603-b9cf-4800-97bb-da1c39012377
Jun 09 21:12:09.701250 np0000002489 devstack@neutron-api.service[90003]: DEBUG neutron_lib.callbacks.manager [None req-f3857b7c-e446-42f0-af8b-e2df4d2aee9f admin admin] Publish callbacks ['neutron.services.auto_allocate.db._ensure_external_network_default_value_callback-8741742079390'] for network (b5bdf7d6-1997-429a-a901-7af59cef2e5e), precommit_create {{(pid=90003) _notify_loop /opt/stack/data/venv/lib/python3.12/site-packages/neutron_lib/callbacks/manager.py:184}}
Jun 09 21:12:09.702522 np0000002489 devstack@neutron-api.service[90004]: DEBUG neutron_lib.callbacks.manager [None req-dac7a932-77ae-4ed6-abbf-47edb847617f admin admin] Publish callbacks ['neutron.services.auto_allocate.db._ensure_external_network_default_value_callback-8741741549508'] for network (b03d6603-b9cf-4800-97bb-da1c39012377), precommit_create {{(pid=90004) _notify_loop /opt/stack/data/venv/lib/python3.12/site-packages/neutron_lib/callbacks/manager.py:184}}
Jun 09 21:12:09.712584 np0000002489 devstack@neutron-api.service[90004]: DEBUG neutron.plugins.ml2.drivers.ovn.mech_driver.mech_driver [None req-dac7a932-77ae-4ed6-abbf-47edb847617f admin admin] Validating network segment with type geneve, segmentation ID 3406, physical network None {{(pid=90004) _validate_network_segments /opt/stack/neutron/neutron/plugins/ml2/drivers/ovn/mech_driver/mech_driver.py:643}}
Jun 09 21:12:09.712745 np0000002489 devstack@neutron-api.service[90004]: DEBUG neutron.db.ovn_revision_numbers_db [None req-dac7a932-77ae-4ed6-abbf-47edb847617f admin admin] create_initial_revision uuid=b03d6603-b9cf-4800-97bb-da1c39012377, type=networks, rev=-1 {{(pid=90004) create_initial_revision /opt/stack/neutron/neutron/db/ovn_revision_numbers_db.py:98}}
Jun 09 21:12:09.715009 np0000002489 devstack@neutron-api.service[90003]: DEBUG neutron.plugins.ml2.drivers.ovn.mech_driver.mech_driver [None req-f3857b7c-e446-42f0-af8b-e2df4d2aee9f admin admin] Validating network segment with type geneve, segmentation ID 48366, physical network None {{(pid=90003) _validate_network_segments /opt/stack/neutron/neutron/plugins/ml2/drivers/ovn/mech_driver/mech_driver.py:643}}
Jun 09 21:12:09.715204 np0000002489 devstack@neutron-api.service[90003]: DEBUG neutron.db.ovn_revision_numbers_db [None req-f3857b7c-e446-42f0-af8b-e2df4d2aee9f admin admin] create_initial_revision uuid=b5bdf7d6-1997-429a-a901-7af59cef2e5e, type=networks, rev=-1 {{(pid=90003) create_initial_revision /opt/stack/neutron/neutron/db/ovn_revision_numbers_db.py:98}}
Jun 09 21:12:09.719583 np0000002489 devstack@neutron-api.service[90004]: DEBUG neutron_lib.callbacks.manager [None req-dac7a932-77ae-4ed6-abbf-47edb847617f admin admin] Publish callbacks ['neutron.plugins.ml2.ovo_rpc._ObjectChangeHandler.handle_event-1665652'] for network (b03d6603-b9cf-4800-97bb-da1c39012377), after_create {{(pid=90004) _notify_loop /opt/stack/data/venv/lib/python3.12/site-packages/neutron_lib/callbacks/manager.py:184}}
Jun 09 21:12:09.722594 np0000002489 devstack@neutron-api.service[90005]: DEBUG neutron.api.v2.base [None req-4cf0c2cb-0a40-4a47-8643-551afd4a875a admin admin] Request body: {'network': {'name': 'tempest-VolumesAdminNegativeTest-1478805577-network', 'project_id': '172c03dadc39440798d49f4702c30701'}} {{(pid=90005) prepare_request_body /opt/stack/neutron/neutron/api/v2/base.py:727}}
Jun 09 21:12:09.726287 np0000002489 devstack@neutron-api.service[90003]: DEBUG neutron_lib.callbacks.manager [None req-f3857b7c-e446-42f0-af8b-e2df4d2aee9f admin admin] Publish callbacks ['neutron.plugins.ml2.ovo_rpc._ObjectChangeHandler.handle_event-15184547'] for network (b5bdf7d6-1997-429a-a901-7af59cef2e5e), after_create {{(pid=90003) _notify_loop /opt/stack/data/venv/lib/python3.12/site-packages/neutron_lib/callbacks/manager.py:184}}
Jun 09 21:12:09.731823 np0000002489 devstack@neutron-api.service[90004]: DEBUG neutron.api.rpc.handlers.resources_rpc [None req-dac7a932-77ae-4ed6-abbf-47edb847617f admin admin] Pushing event updated for resources: {'Network': ['ID=b03d6603-b9cf-4800-97bb-da1c39012377,revision_number=1']} {{(pid=90004) push /opt/stack/neutron/neutron/api/rpc/handlers/resources_rpc.py:237}}
Jun 09 21:12:09.736538 np0000002489 devstack@neutron-api.service[90005]: DEBUG neutron.pecan_wsgi.hooks.quota_enforcement [None req-4cf0c2cb-0a40-4a47-8643-551afd4a875a admin admin] Made reservation on behalf of 172c03dadc39440798d49f4702c30701 for: {'network': 1} {{(pid=90005) before /opt/stack/neutron/neutron/pecan_wsgi/hooks/quota_enforcement.py:66}}
Jun 09 21:12:09.739389 np0000002489 devstack@neutron-api.service[90004]: DEBUG ovsdbapp.backend.ovs_idl.transaction [None req-82231762-bcf5-46af-ad51-faaa92850e79 None None] Running txn n=1 command(idx=0): AddNetworkCommand(_result=None, network_uuid=b03d6603-b9cf-4800-97bb-da1c39012377, may_exist=True, columns={'external_ids': {'neutron:network_name': 'tempest-AttachSCSIVolumeTestJSON-1085312359-network', 'neutron:mtu': '1372', 'neutron:revision_number': '1', 'neutron:availability_zone_hints': '', 'neutron:provnet-network-type': 'geneve'}, 'other_config': {'mcast_snoop': 'false', 'mcast_flood_unregistered': 'false', 'vlan-passthru': 'false'}}) {{(pid=90004) do_commit /opt/stack/data/venv/lib/python3.12/site-packages/ovsdbapp/backend/ovs_idl/transaction.py:89}}
Jun 09 21:12:09.739553 np0000002489 devstack@neutron-api.service[90005]: DEBUG neutron_lib.callbacks.manager [None req-4cf0c2cb-0a40-4a47-8643-551afd4a875a admin admin] Publish callbacks ['neutron.plugins.ml2.plugin.SecurityGroupDbMixin._ensure_default_security_group_handler-1070942'] for network (None), before_create {{(pid=90005) _notify_loop /opt/stack/data/venv/lib/python3.12/site-packages/neutron_lib/callbacks/manager.py:184}}
Jun 09 21:12:09.741669 np0000002489 devstack@neutron-api.service[90004]: DEBUG neutron.plugins.ml2.drivers.ovn.mech_driver.ovsdb.ovsdb_monitor [None req-82231762-bcf5-46af-ad51-faaa92850e79 None None] Hash Ring: Node 1cf84dfefc4f511c88469fd41dffed9a (host: np0000002489) handling event "create" for row b03d6603-b9cf-4800-97bb-da1c39012377 (table: Logical_Switch) {{(pid=90004) notify /opt/stack/neutron/neutron/plugins/ml2/drivers/ovn/mech_driver/ovsdb/ovsdb_monitor.py:1015}}
Jun 09 21:12:09.747658 np0000002489 devstack@neutron-api.service[90005]: DEBUG neutron_lib.callbacks.manager [None req-4cf0c2cb-0a40-4a47-8643-551afd4a875a admin admin] Publish callbacks [] for security_group (None), before_create {{(pid=90005) _notify_loop /opt/stack/data/venv/lib/python3.12/site-packages/neutron_lib/callbacks/manager.py:184}}
Jun 09 21:12:09.750166 np0000002489 devstack@neutron-api.service[90003]: DEBUG neutron.plugins.ml2.drivers.ovn.mech_driver.ovsdb.ovsdb_monitor [None req-2767323a-4b16-4aea-ab8c-5672cb640c85 None None] Hash Ring: Node 845114a8c7ea50828b21d3188e5885c9 (host: np0000002489) handling event "create" for row 502c6153-964e-4736-b4cb-230e457457a2 (table: Datapath_Binding) {{(pid=90003) notify /opt/stack/neutron/neutron/plugins/ml2/drivers/ovn/mech_driver/ovsdb/ovsdb_monitor.py:1015}}
Jun 09 21:12:09.757255 np0000002489 devstack@neutron-api.service[90003]: DEBUG neutron.api.rpc.handlers.resources_rpc [None req-f3857b7c-e446-42f0-af8b-e2df4d2aee9f admin admin] Pushing event updated for resources: {'Network': ['ID=b5bdf7d6-1997-429a-a901-7af59cef2e5e,revision_number=1']} {{(pid=90003) push /opt/stack/neutron/neutron/api/rpc/handlers/resources_rpc.py:237}}
Jun 09 21:12:09.759529 np0000002489 devstack@neutron-api.service[90004]: INFO neutron.db.ovn_revision_numbers_db [None req-dac7a932-77ae-4ed6-abbf-47edb847617f admin admin] Successfully bumped revision number for resource b03d6603-b9cf-4800-97bb-da1c39012377 (type: networks) to 1
Jun 09 21:12:09.765337 np0000002489 devstack@neutron-api.service[90003]: DEBUG ovsdbapp.backend.ovs_idl.transaction [None req-b937b0c7-0fcc-4b86-af12-afbf39d1a2d3 None None] Running txn n=1 command(idx=0): AddNetworkCommand(_result=None, network_uuid=b5bdf7d6-1997-429a-a901-7af59cef2e5e, may_exist=True, columns={'external_ids': {'neutron:network_name': 'tempest-VolumesAssistedSnapshotsTest-451610438-network', 'neutron:mtu': '1372', 'neutron:revision_number': '1', 'neutron:availability_zone_hints': '', 'neutron:provnet-network-type': 'geneve'}, 'other_config': {'mcast_snoop': 'false', 'mcast_flood_unregistered': 'false', 'vlan-passthru': 'false'}}) {{(pid=90003) do_commit /opt/stack/data/venv/lib/python3.12/site-packages/ovsdbapp/backend/ovs_idl/transaction.py:89}}
Jun 09 21:12:09.765558 np0000002489 devstack@neutron-api.service[90003]: DEBUG neutron.common.ovn.utils [None req-b937b0c7-0fcc-4b86-af12-afbf39d1a2d3 None None] OVS persist_uuid supported=True {{(pid=90003) ovs_persist_uuid_supported /opt/stack/neutron/neutron/common/ovn/utils.py:1544}}
Jun 09 21:12:09.767323 np0000002489 devstack@neutron-api.service[90003]: DEBUG neutron.plugins.ml2.drivers.ovn.mech_driver.ovsdb.ovsdb_monitor [None req-b937b0c7-0fcc-4b86-af12-afbf39d1a2d3 None None] Hash Ring: Node 845114a8c7ea50828b21d3188e5885c9 (host: np0000002489) handling event "create" for row b5bdf7d6-1997-429a-a901-7af59cef2e5e (table: Logical_Switch) {{(pid=90003) notify /opt/stack/neutron/neutron/plugins/ml2/drivers/ovn/mech_driver/ovsdb/ovsdb_monitor.py:1015}}
Jun 09 21:12:09.772997 np0000002489 devstack@neutron-api.service[90004]: DEBUG neutron_lib.callbacks.manager [None req-dac7a932-77ae-4ed6-abbf-47edb847617f admin admin] Publish callbacks ['neutron.plugins.ml2.plugin.SecurityGroupDbMixin._ensure_default_security_group_handler-101982'] for port (None), before_create {{(pid=90004) _notify_loop /opt/stack/data/venv/lib/python3.12/site-packages/neutron_lib/callbacks/manager.py:184}}
Jun 09 21:12:09.773999 np0000002489 devstack@neutron-api.service[90005]: DEBUG neutron.plugins.ml2.drivers.ovn.mech_driver.ovsdb.ovsdb_monitor [None req-dbef5de3-d8ba-473a-a8a3-419ec6c55495 None None] Hash Ring: Node 427492c625db529ca5e9ad4d815e5e73 (host: np0000002489) handling event "create" for row 2664c627-f02a-4e17-b728-0760b8671436 (table: Datapath_Binding) {{(pid=90005) notify /opt/stack/neutron/neutron/plugins/ml2/drivers/ovn/mech_driver/ovsdb/ovsdb_monitor.py:1015}}
Jun 09 21:12:09.785708 np0000002489 devstack@neutron-api.service[90003]: INFO neutron.db.ovn_revision_numbers_db [None req-f3857b7c-e446-42f0-af8b-e2df4d2aee9f admin admin] Successfully bumped revision number for resource b5bdf7d6-1997-429a-a901-7af59cef2e5e (type: networks) to 1
Jun 09 21:12:09.831644 np0000002489 devstack@neutron-api.service[90003]: DEBUG neutron_lib.callbacks.manager [None req-f3857b7c-e446-42f0-af8b-e2df4d2aee9f admin admin] Publish callbacks ['neutron.plugins.ml2.plugin.SecurityGroupDbMixin._ensure_default_security_group_handler-16722150'] for port (None), before_create {{(pid=90003) _notify_loop /opt/stack/data/venv/lib/python3.12/site-packages/neutron_lib/callbacks/manager.py:184}}
Jun 09 21:12:09.835383 np0000002489 devstack@neutron-api.service[90004]: DEBUG neutron_lib.callbacks.manager [None req-dac7a932-77ae-4ed6-abbf-47edb847617f admin admin] Publish callbacks ['neutron.plugins.ml2.drivers.ovn.mech_driver.mech_driver.OVNMechanismDriver._validate_allowed_address_pairs-491054'] for allowed_address_pair (ca60367e-4362-476a-9c80-f4928a8a1d51), before_create {{(pid=90004) _notify_loop /opt/stack/data/venv/lib/python3.12/site-packages/neutron_lib/callbacks/manager.py:184}}
Jun 09 21:12:09.835900 np0000002489 devstack@neutron-api.service[90004]: DEBUG neutron_lib.callbacks.manager [None req-dac7a932-77ae-4ed6-abbf-47edb847617f admin admin] Publish callbacks [] for port (ca60367e-4362-476a-9c80-f4928a8a1d51), precommit_create {{(pid=90004) _notify_loop /opt/stack/data/venv/lib/python3.12/site-packages/neutron_lib/callbacks/manager.py:184}}
Jun 09 21:12:09.836109 np0000002489 devstack@neutron-api.service[90004]: DEBUG neutron.plugins.ml2.drivers.ovn.mech_driver.mech_driver [None req-dac7a932-77ae-4ed6-abbf-47edb847617f admin admin] No provisioning block for port ca60367e-4362-476a-9c80-f4928a8a1d51 since it does not have a host {{(pid=90004) _is_port_provisioning_required /opt/stack/neutron/neutron/plugins/ml2/drivers/ovn/mech_driver/mech_driver.py:896}}
Jun 09 21:12:09.836304 np0000002489 devstack@neutron-api.service[90004]: DEBUG neutron.db.ovn_revision_numbers_db [None req-dac7a932-77ae-4ed6-abbf-47edb847617f admin admin] create_initial_revision uuid=ca60367e-4362-476a-9c80-f4928a8a1d51, type=ports, rev=-1 {{(pid=90004) create_initial_revision /opt/stack/neutron/neutron/db/ovn_revision_numbers_db.py:98}}
Jun 09 21:12:09.839488 np0000002489 devstack@neutron-api.service[90005]: DEBUG neutron_lib.callbacks.manager [None req-4cf0c2cb-0a40-4a47-8643-551afd4a875a admin admin] Publish callbacks ['neutron.plugins.ml2.drivers.ovn.mech_driver.mech_driver.OVNMechanismDriver._create_security_group_precommit-473304'] for security_group (ace1cf87-36b1-4148-9d71-651d0f338b67), precommit_create {{(pid=90005) _notify_loop /opt/stack/data/venv/lib/python3.12/site-packages/neutron_lib/callbacks/manager.py:184}}
Jun 09 21:12:09.839707 np0000002489 devstack@neutron-api.service[90005]: DEBUG neutron.db.ovn_revision_numbers_db [None req-4cf0c2cb-0a40-4a47-8643-551afd4a875a admin admin] create_initial_revision uuid=ace1cf87-36b1-4148-9d71-651d0f338b67, type=security_groups, rev=-1 {{(pid=90005) create_initial_revision /opt/stack/neutron/neutron/db/ovn_revision_numbers_db.py:98}}
Jun 09 21:12:09.841289 np0000002489 devstack@neutron-api.service[90005]: DEBUG neutron.db.ovn_revision_numbers_db [None req-4cf0c2cb-0a40-4a47-8643-551afd4a875a admin admin] create_initial_revision uuid=0221e7fe-affd-4b7d-ace3-1f52fad89aea, type=security_group_rules, rev=-1 {{(pid=90005) create_initial_revision /opt/stack/neutron/neutron/db/ovn_revision_numbers_db.py:98}}
Jun 09 21:12:09.842558 np0000002489 devstack@neutron-api.service[90005]: DEBUG neutron.db.ovn_revision_numbers_db [None req-4cf0c2cb-0a40-4a47-8643-551afd4a875a admin admin] create_initial_revision uuid=69ff15b7-9591-4a30-8ccb-2c73538101f5, type=security_group_rules, rev=-1 {{(pid=90005) create_initial_revision /opt/stack/neutron/neutron/db/ovn_revision_numbers_db.py:98}}
Jun 09 21:12:09.843850 np0000002489 devstack@neutron-api.service[90005]: DEBUG neutron.db.ovn_revision_numbers_db [None req-4cf0c2cb-0a40-4a47-8643-551afd4a875a admin admin] create_initial_revision uuid=94f2b799-069c-4dfe-b9d7-451bd0596180, type=security_group_rules, rev=-1 {{(pid=90005) create_initial_revision /opt/stack/neutron/neutron/db/ovn_revision_numbers_db.py:98}}
Jun 09 21:12:09.845128 np0000002489 devstack@neutron-api.service[90005]: DEBUG neutron.db.ovn_revision_numbers_db [None req-4cf0c2cb-0a40-4a47-8643-551afd4a875a admin admin] create_initial_revision uuid=a68337b0-d1c4-4ec8-aea0-8c42a7c980aa, type=security_group_rules, rev=-1 {{(pid=90005) create_initial_revision /opt/stack/neutron/neutron/db/ovn_revision_numbers_db.py:98}}
Jun 09 21:12:09.849997 np0000002489 devstack@neutron-api.service[90005]: DEBUG neutron_lib.callbacks.manager [None req-4cf0c2cb-0a40-4a47-8643-551afd4a875a admin admin] Publish callbacks ['neutron.plugins.ml2.drivers.ovn.mech_driver.mech_driver.OVNMechanismDriver._create_security_group-473250', 'neutron.plugins.ml2.ovo_rpc._ObjectChangeHandler.handle_event-1158197'] for security_group (ace1cf87-36b1-4148-9d71-651d0f338b67), after_create {{(pid=90005) _notify_loop /opt/stack/data/venv/lib/python3.12/site-packages/neutron_lib/callbacks/manager.py:184}}
Jun 09 21:12:09.852486 np0000002489 devstack@neutron-api.service[90005]: DEBUG ovsdbapp.backend.ovs_idl.transaction [None req-13feb846-a7f9-4967-8eaa-d17522f2aec6 None None] Running txn n=1 command(idx=0): PgAddCommand(_result=None, name=pg_ace1cf87_36b1_4148_9d71_651d0f338b67, may_exist=False, columns={'acls': [], 'external_ids': {'neutron:security_group_id': 'ace1cf87-36b1-4148-9d71-651d0f338b67'}}) {{(pid=90005) do_commit /opt/stack/data/venv/lib/python3.12/site-packages/ovsdbapp/backend/ovs_idl/transaction.py:89}}
Jun 09 21:12:09.852486 np0000002489 devstack@neutron-api.service[90005]: DEBUG ovsdbapp.backend.ovs_idl.transaction [None req-13feb846-a7f9-4967-8eaa-d17522f2aec6 None None] Running txn n=1 command(idx=1): PgAclAddCommand(_result=None, entity=pg_ace1cf87_36b1_4148_9d71_651d0f338b67, direction=from-lport, priority=1002, match=inport == @pg_ace1cf87_36b1_4148_9d71_651d0f338b67 && ip6, action=allow-related, log=False, may_exist=True, severity=[], name=[], meter=[], external_ids={'neutron:security_group_rule_id': '0221e7fe-affd-4b7d-ace3-1f52fad89aea'}) {{(pid=90005) do_commit /opt/stack/data/venv/lib/python3.12/site-packages/ovsdbapp/backend/ovs_idl/transaction.py:89}}
Jun 09 21:12:09.852486 np0000002489 devstack@neutron-api.service[90005]: DEBUG ovsdbapp.backend.ovs_idl.transaction [None req-13feb846-a7f9-4967-8eaa-d17522f2aec6 None None] Running txn n=1 command(idx=2): PgAclAddCommand(_result=None, entity=pg_ace1cf87_36b1_4148_9d71_651d0f338b67, direction=to-lport, priority=1002, match=outport == @pg_ace1cf87_36b1_4148_9d71_651d0f338b67 && ip6 && ip6.src == $pg_ace1cf87_36b1_4148_9d71_651d0f338b67_ip6, action=allow-related, log=False, may_exist=True, severity=[], name=[], meter=[], external_ids={'neutron:security_group_rule_id': '69ff15b7-9591-4a30-8ccb-2c73538101f5'}) {{(pid=90005) do_commit /opt/stack/data/venv/lib/python3.12/site-packages/ovsdbapp/backend/ovs_idl/transaction.py:89}}
Jun 09 21:12:09.852486 np0000002489 devstack@neutron-api.service[90005]: DEBUG ovsdbapp.backend.ovs_idl.transaction [None req-13feb846-a7f9-4967-8eaa-d17522f2aec6 None None] Running txn n=1 command(idx=3): PgAclAddCommand(_result=None, entity=pg_ace1cf87_36b1_4148_9d71_651d0f338b67, direction=to-lport, priority=1002, match=outport == @pg_ace1cf87_36b1_4148_9d71_651d0f338b67 && ip4 && ip4.src == $pg_ace1cf87_36b1_4148_9d71_651d0f338b67_ip4, action=allow-related, log=False, may_exist=True, severity=[], name=[], meter=[], external_ids={'neutron:security_group_rule_id': '94f2b799-069c-4dfe-b9d7-451bd0596180'}) {{(pid=90005) do_commit /opt/stack/data/venv/lib/python3.12/site-packages/ovsdbapp/backend/ovs_idl/transaction.py:89}}
Jun 09 21:12:09.852486 np0000002489 devstack@neutron-api.service[90005]: DEBUG ovsdbapp.backend.ovs_idl.transaction [None req-13feb846-a7f9-4967-8eaa-d17522f2aec6 None None] Running txn n=1 command(idx=4): PgAclAddCommand(_result=None, entity=pg_ace1cf87_36b1_4148_9d71_651d0f338b67, direction=from-lport, priority=1002, match=inport == @pg_ace1cf87_36b1_4148_9d71_651d0f338b67 && ip4, action=allow-related, log=False, may_exist=True, severity=[], name=[], meter=[], external_ids={'neutron:security_group_rule_id': 'a68337b0-d1c4-4ec8-aea0-8c42a7c980aa'}) {{(pid=90005) do_commit /opt/stack/data/venv/lib/python3.12/site-packages/ovsdbapp/backend/ovs_idl/transaction.py:89}}
Jun 09 21:12:09.861949 np0000002489 devstack@neutron-api.service[90004]: DEBUG neutron_lib.callbacks.manager [None req-dac7a932-77ae-4ed6-abbf-47edb847617f admin admin] Publish callbacks ['neutron.plugins.ml2.ovo_rpc._ObjectChangeHandler.handle_event-1665974'] for port (ca60367e-4362-476a-9c80-f4928a8a1d51), after_create {{(pid=90004) _notify_loop /opt/stack/data/venv/lib/python3.12/site-packages/neutron_lib/callbacks/manager.py:184}}
Jun 09 21:12:09.866738 np0000002489 devstack@neutron-api.service[90005]: DEBUG neutron.plugins.ml2.drivers.ovn.mech_driver.ovsdb.ovsdb_monitor [None req-13feb846-a7f9-4967-8eaa-d17522f2aec6 None None] Hash Ring: Node 427492c625db529ca5e9ad4d815e5e73 (host: np0000002489) handling event "create" for row f9defe0b-4715-4d31-b783-4cc390bae3cf (table: ACL) {{(pid=90005) notify /opt/stack/neutron/neutron/plugins/ml2/drivers/ovn/mech_driver/ovsdb/ovsdb_monitor.py:1015}}
Jun 09 21:12:09.866738 np0000002489 devstack@neutron-api.service[90005]: DEBUG neutron.plugins.ml2.drivers.ovn.mech_driver.ovsdb.ovsdb_monitor [None req-13feb846-a7f9-4967-8eaa-d17522f2aec6 None None] Hash Ring: Node 427492c625db529ca5e9ad4d815e5e73 (host: np0000002489) handling event "create" for row 3a8320f7-1bb1-4a88-9579-b414bab0d418 (table: Port_Group) {{(pid=90005) notify /opt/stack/neutron/neutron/plugins/ml2/drivers/ovn/mech_driver/ovsdb/ovsdb_monitor.py:1015}}
Jun 09 21:12:09.869250 np0000002489 devstack@neutron-api.service[90004]: DEBUG neutron.plugins.ml2.drivers.ovn.mech_driver.ovsdb.ovsdb_monitor [None req-82231762-bcf5-46af-ad51-faaa92850e79 None None] Hash Ring: Node 1cf84dfefc4f511c88469fd41dffed9a (host: np0000002489) handling event "create" for row 42e9cd67-8546-4757-8734-cd062d24ec4e (table: ACL) {{(pid=90004) notify /opt/stack/neutron/neutron/plugins/ml2/drivers/ovn/mech_driver/ovsdb/ovsdb_monitor.py:1015}}
Jun 09 21:12:09.871128 np0000002489 devstack@neutron-api.service[90003]: DEBUG neutron.plugins.ml2.drivers.ovn.mech_driver.ovsdb.ovsdb_monitor [None req-b937b0c7-0fcc-4b86-af12-afbf39d1a2d3 None None] Hash Ring: Node 845114a8c7ea50828b21d3188e5885c9 (host: np0000002489) handling event "create" for row 4a458087-a901-4d1a-a8ee-b9ef6dcc365e (table: ACL) {{(pid=90003) notify /opt/stack/neutron/neutron/plugins/ml2/drivers/ovn/mech_driver/ovsdb/ovsdb_monitor.py:1015}}
Jun 09 21:12:09.881618 np0000002489 devstack@neutron-api.service[90004]: DEBUG neutron.plugins.ml2.drivers.ovn.mech_driver.ovsdb.ovsdb_monitor [None req-82231762-bcf5-46af-ad51-faaa92850e79 None None] Hash Ring: Node 1cf84dfefc4f511c88469fd41dffed9a (host: np0000002489) handling event "create" for row a9ba9e1a-e41c-4d38-8392-d7cc0b5e02b8 (table: ACL) {{(pid=90004) notify /opt/stack/neutron/neutron/plugins/ml2/drivers/ovn/mech_driver/ovsdb/ovsdb_monitor.py:1015}}
Jun 09 21:12:09.887569 np0000002489 devstack@neutron-api.service[90005]: INFO neutron.db.ovn_revision_numbers_db [None req-4cf0c2cb-0a40-4a47-8643-551afd4a875a admin admin] Successfully bumped revision number for resource ace1cf87-36b1-4148-9d71-651d0f338b67 (type: security_groups) to 1
Jun 09 21:12:09.894915 np0000002489 devstack@neutron-api.service[90004]: DEBUG neutron.api.rpc.handlers.resources_rpc [None req-dac7a932-77ae-4ed6-abbf-47edb847617f admin admin] Pushing event updated for resources: {'Port': ['ID=ca60367e-4362-476a-9c80-f4928a8a1d51,revision_number=1']} {{(pid=90004) push /opt/stack/neutron/neutron/api/rpc/handlers/resources_rpc.py:237}}
Jun 09 21:12:09.901053 np0000002489 devstack@neutron-api.service[90005]: INFO neutron.db.ovn_revision_numbers_db [None req-4cf0c2cb-0a40-4a47-8643-551afd4a875a admin admin] Successfully bumped revision number for resource 0221e7fe-affd-4b7d-ace3-1f52fad89aea (type: security_group_rules) to 0
Jun 09 21:12:09.901274 np0000002489 devstack@neutron-api.service[90004]: DEBUG ovsdbapp.backend.ovs_idl.transaction [None req-82231762-bcf5-46af-ad51-faaa92850e79 None None] Running txn n=1 command(idx=0): AddLSwitchPortCommand(_result=None, lport=ca60367e-4362-476a-9c80-f4928a8a1d51, lswitch=neutron-b03d6603-b9cf-4800-97bb-da1c39012377, may_exist=True, network_uuid=b03d6603-b9cf-4800-97bb-da1c39012377, columns={'addresses': ['fa:16:3e:56:64:e0'], 'external_ids': {'neutron:port_name': '', 'neutron:device_id': 'ovnmeta-b03d6603-b9cf-4800-97bb-da1c39012377', 'neutron:project_id': '595725fdf2fe4628b88fb00d82d95e3b', 'neutron:cidrs': '', 'neutron:device_owner': 'network:distributed', 'neutron:subnet_pool_addr_scope4': '', 'neutron:subnet_pool_addr_scope6': '', 'neutron:network_name': 'neutron-b03d6603-b9cf-4800-97bb-da1c39012377', 'neutron:security_group_ids': '', 'neutron:revision_number': '1', 'neutron:vnic_type': 'normal', 'neutron:port_capabilities': '', 'neutron:mtu': '1372'}, 'parent_name': [], 'tag': [], 'enabled': True, 'options': {}, 'type': 'localport', 'port_security': [], 'dhcpv4_options': [], 'dhcpv6_options': []}) {{(pid=90004) do_commit /opt/stack/data/venv/lib/python3.12/site-packages/ovsdbapp/backend/ovs_idl/transaction.py:89}}
Jun 09 21:12:09.901866 np0000002489 devstack@neutron-api.service[90004]: DEBUG ovsdbapp.backend.ovs_idl.transaction [None req-82231762-bcf5-46af-ad51-faaa92850e79 None None] Running txn n=1 command(idx=1): QoSDelCommand(_result=None, switch=neutron-b03d6603-b9cf-4800-97bb-da1c39012377, conditions=[('direction', '=', 'to-lport'), ('priority', '=', 2002), ('match', '=', 'outport == "ca60367e-4362-476a-9c80-f4928a8a1d51"')], if_exists=True) {{(pid=90004) do_commit /opt/stack/data/venv/lib/python3.12/site-packages/ovsdbapp/backend/ovs_idl/transaction.py:89}}
Jun 09 21:12:09.902193 np0000002489 devstack@neutron-api.service[90004]: DEBUG ovsdbapp.backend.ovs_idl.transaction [None req-82231762-bcf5-46af-ad51-faaa92850e79 None None] Running txn n=1 command(idx=2): QoSDelCommand(_result=None, switch=neutron-b03d6603-b9cf-4800-97bb-da1c39012377, conditions=[('direction', '=', 'from-lport'), ('priority', '=', 2002), ('match', '=', 'inport == "ca60367e-4362-476a-9c80-f4928a8a1d51"')], if_exists=True) {{(pid=90004) do_commit /opt/stack/data/venv/lib/python3.12/site-packages/ovsdbapp/backend/ovs_idl/transaction.py:89}}
Jun 09 21:12:09.905849 np0000002489 devstack@neutron-api.service[90003]: DEBUG neutron.plugins.ml2.drivers.ovn.mech_driver.ovsdb.ovsdb_monitor [None req-b937b0c7-0fcc-4b86-af12-afbf39d1a2d3 None None] Hash Ring: Node 845114a8c7ea50828b21d3188e5885c9 (host: np0000002489) handling event "create" for row c47596c4-a218-4865-adea-7ca4571ede5d (table: Logical_Switch_Port) {{(pid=90003) notify /opt/stack/neutron/neutron/plugins/ml2/drivers/ovn/mech_driver/ovsdb/ovsdb_monitor.py:1015}}
Jun 09 21:12:09.905951 np0000002489 devstack@neutron-api.service[90004]: DEBUG neutron.plugins.ml2.drivers.ovn.mech_driver.ovsdb.ovsdb_monitor [None req-82231762-bcf5-46af-ad51-faaa92850e79 None None] Hash Ring: Node 1cf84dfefc4f511c88469fd41dffed9a (host: np0000002489) handling event "update" for row b03d6603-b9cf-4800-97bb-da1c39012377 (table: Logical_Switch) {{(pid=90004) notify /opt/stack/neutron/neutron/plugins/ml2/drivers/ovn/mech_driver/ovsdb/ovsdb_monitor.py:1015}}
Jun 09 21:12:09.907995 np0000002489 devstack@neutron-api.service[90003]: DEBUG ovsdbapp.backend.ovs_idl.event [None req-b937b0c7-0fcc-4b86-af12-afbf39d1a2d3 None None] Matched CREATE: LogicalSwitchPortCreateEvent(events=('create',), table='Logical_Switch_Port', conditions=[], old_conditions=None), priority=20 to row=Logical_Switch_Port(uuid=c47596c4-a218-4865-adea-7ca4571ede5d, addresses=['fa:16:3e:56:64:e0'], dhcpv4_options=[], dhcpv6_options=[], dynamic_addresses=[], enabled=True, external_ids={'neutron:cidrs': '', 'neutron:device_id': 'ovnmeta-b03d6603-b9cf-4800-97bb-da1c39012377', 'neutron:device_owner': 'network:distributed', 'neutron:mtu': '1372', 'neutron:network_name': 'neutron-b03d6603-b9cf-4800-97bb-da1c39012377', 'neutron:port_capabilities': '', 'neutron:port_name': '', 'neutron:project_id': '595725fdf2fe4628b88fb00d82d95e3b', 'neutron:revision_number': '1', 'neutron:security_group_ids': '', 'neutron:subnet_pool_addr_scope4': '', 'neutron:subnet_pool_addr_scope6': '', 'neutron:vnic_type': 'normal'}, ha_chassis_group=[], mirror_rules=[], name='ca60367e-4362-476a-9c80-f4928a8a1d51', options={}, parent_name=[], port_security=[], tag=[], tag_request=[], type='localport', up=[]) old= {{(pid=90003) matches /opt/stack/data/venv/lib/python3.12/site-packages/ovsdbapp/backend/ovs_idl/event.py:55}}
Jun 09 21:12:09.910483 np0000002489 devstack@neutron-api.service[90003]: DEBUG neutron.plugins.ml2.drivers.ovn.mech_driver.ovsdb.ovsdb_monitor [None req-b937b0c7-0fcc-4b86-af12-afbf39d1a2d3 None None] Hash Ring: Node 845114a8c7ea50828b21d3188e5885c9 (host: np0000002489) handling event "update" for row c47596c4-a218-4865-adea-7ca4571ede5d (table: Logical_Switch_Port) {{(pid=90003) notify /opt/stack/neutron/neutron/plugins/ml2/drivers/ovn/mech_driver/ovsdb/ovsdb_monitor.py:1015}}
Jun 09 21:12:09.914986 np0000002489 devstack@neutron-api.service[90003]: DEBUG neutron.plugins.ml2.drivers.ovn.mech_driver.ovsdb.ovsdb_monitor [None req-2767323a-4b16-4aea-ab8c-5672cb640c85 None None] Hash Ring: Node 845114a8c7ea50828b21d3188e5885c9 (host: np0000002489) handling event "create" for row 1a6e4bd1-f5b8-48b0-a09d-30e9c2aebc79 (table: Port_Binding) {{(pid=90003) notify /opt/stack/neutron/neutron/plugins/ml2/drivers/ovn/mech_driver/ovsdb/ovsdb_monitor.py:1015}}
Jun 09 21:12:09.915541 np0000002489 devstack@neutron-api.service[90003]: INFO neutron.plugins.ml2.drivers.ovn.mech_driver.mech_driver [None req-7fc66187-5d9b-4ebb-84f7-cb2ae040aab4 None None] OVN reports status down for port: ca60367e-4362-476a-9c80-f4928a8a1d51
Jun 09 21:12:09.924709 np0000002489 devstack@neutron-api.service[90005]: INFO neutron.db.ovn_revision_numbers_db [None req-4cf0c2cb-0a40-4a47-8643-551afd4a875a admin admin] Successfully bumped revision number for resource 69ff15b7-9591-4a30-8ccb-2c73538101f5 (type: security_group_rules) to 0
Jun 09 21:12:09.936959 np0000002489 devstack@neutron-api.service[90005]: INFO neutron.db.ovn_revision_numbers_db [None req-4cf0c2cb-0a40-4a47-8643-551afd4a875a admin admin] Successfully bumped revision number for resource 94f2b799-069c-4dfe-b9d7-451bd0596180 (type: security_group_rules) to 0
Jun 09 21:12:09.942524 np0000002489 devstack@neutron-api.service[90004]: INFO neutron.db.ovn_revision_numbers_db [None req-dac7a932-77ae-4ed6-abbf-47edb847617f admin admin] Successfully bumped revision number for resource ca60367e-4362-476a-9c80-f4928a8a1d51 (type: ports) to 1
Jun 09 21:12:09.947935 np0000002489 devstack@neutron-api.service[90005]: INFO neutron.db.ovn_revision_numbers_db [None req-4cf0c2cb-0a40-4a47-8643-551afd4a875a admin admin] Successfully bumped revision number for resource a68337b0-d1c4-4ec8-aea0-8c42a7c980aa (type: security_group_rules) to 0
Jun 09 21:12:09.949214 np0000002489 devstack@neutron-api.service[90004]: DEBUG neutron.pecan_wsgi.hooks.policy_enforcement [None req-dac7a932-77ae-4ed6-abbf-47edb847617f admin admin] Attributes excluded by policy engine: ['standard_attr_id'] {{(pid=90004) _exclude_attributes_by_policy /opt/stack/neutron/neutron/pecan_wsgi/hooks/policy_enforcement.py:256}}
Jun 09 21:12:09.949574 np0000002489 devstack@neutron-api.service[90004]: DEBUG neutron_lib.callbacks.manager [None req-dac7a932-77ae-4ed6-abbf-47edb847617f admin admin] Publish callbacks [] for network (None), before_response {{(pid=90004) _notify_loop /opt/stack/data/venv/lib/python3.12/site-packages/neutron_lib/callbacks/manager.py:184}}
Jun 09 21:12:09.956237 np0000002489 devstack@neutron-api.service[90003]: DEBUG neutron_lib.callbacks.manager [None req-f3857b7c-e446-42f0-af8b-e2df4d2aee9f admin admin] Publish callbacks ['neutron.plugins.ml2.drivers.ovn.mech_driver.mech_driver.OVNMechanismDriver._validate_allowed_address_pairs-458654'] for allowed_address_pair (b57d61c3-fde0-4f6f-93fa-6a76ce0a00be), before_create {{(pid=90003) _notify_loop /opt/stack/data/venv/lib/python3.12/site-packages/neutron_lib/callbacks/manager.py:184}}
Jun 09 21:12:09.956553 np0000002489 devstack@neutron-api.service[90003]: DEBUG neutron_lib.callbacks.manager [None req-f3857b7c-e446-42f0-af8b-e2df4d2aee9f admin admin] Publish callbacks [] for port (b57d61c3-fde0-4f6f-93fa-6a76ce0a00be), precommit_create {{(pid=90003) _notify_loop /opt/stack/data/venv/lib/python3.12/site-packages/neutron_lib/callbacks/manager.py:184}}
Jun 09 21:12:09.956848 np0000002489 devstack@neutron-api.service[90003]: DEBUG neutron.plugins.ml2.drivers.ovn.mech_driver.mech_driver [None req-f3857b7c-e446-42f0-af8b-e2df4d2aee9f admin admin] No provisioning block for port b57d61c3-fde0-4f6f-93fa-6a76ce0a00be since it does not have a host {{(pid=90003) _is_port_provisioning_required /opt/stack/neutron/neutron/plugins/ml2/drivers/ovn/mech_driver/mech_driver.py:896}}
Jun 09 21:12:09.957036 np0000002489 devstack@neutron-api.service[90003]: DEBUG neutron.db.ovn_revision_numbers_db [None req-f3857b7c-e446-42f0-af8b-e2df4d2aee9f admin admin] create_initial_revision uuid=b57d61c3-fde0-4f6f-93fa-6a76ce0a00be, type=ports, rev=-1 {{(pid=90003) create_initial_revision /opt/stack/neutron/neutron/db/ovn_revision_numbers_db.py:98}}
Jun 09 21:12:09.960740 np0000002489 devstack@neutron-api.service[90004]: [pid: 90004|app: 0|req: 16/44] 10.4.3.119 () {68 vars in 1277 bytes} [Tue Jun 9 21:12:09 2026] POST /networking/v2.0/networks => generated 724 bytes in 933 msecs (HTTP/1.1 201) 4 headers in 162 bytes (1 switches on core 0)
Jun 09 21:12:09.972216 np0000002489 devstack@neutron-api.service[90003]: DEBUG neutron.db.provisioning_blocks [None req-7fc66187-5d9b-4ebb-84f7-cb2ae040aab4 None None] Transition to ACTIVE for port object ca60367e-4362-476a-9c80-f4928a8a1d51 will not be triggered until provisioned by entity L2. {{(pid=90003) add_provisioning_component /opt/stack/neutron/neutron/db/provisioning_blocks.py:74}}
Jun 09 21:12:09.974642 np0000002489 devstack@neutron-api.service[90005]: DEBUG neutron.api.rpc.handlers.resources_rpc [None req-4cf0c2cb-0a40-4a47-8643-551afd4a875a admin admin] Pushing event updated for resources: {'SecurityGroup': ['ID=ace1cf87-36b1-4148-9d71-651d0f338b67,revision_number=1']} {{(pid=90005) push /opt/stack/neutron/neutron/api/rpc/handlers/resources_rpc.py:237}}
Jun 09 21:12:09.979733 np0000002489 devstack@neutron-api.service[90005]: DEBUG neutron.api.rpc.callbacks.version_manager [None req-4cf0c2cb-0a40-4a47-8643-551afd4a875a admin admin] Tracked resource versions report:
Jun 09 21:12:09.979733 np0000002489 devstack@neutron-api.service[90005]: pushed versions:
Jun 09 21:12:09.979733 np0000002489 devstack@neutron-api.service[90005]: { 'AddressGroup': {'1.2'},
Jun 09 21:12:09.979733 np0000002489 devstack@neutron-api.service[90005]: 'Agent': {'1.1'},
Jun 09 21:12:09.979733 np0000002489 devstack@neutron-api.service[90005]: 'ConntrackHelper': {'1.0'},
Jun 09 21:12:09.979733 np0000002489 devstack@neutron-api.service[90005]: 'LocalIPAssociation': {'1.0'},
Jun 09 21:12:09.979733 np0000002489 devstack@neutron-api.service[90005]: 'Log': {'1.0'},
Jun 09 21:12:09.979733 np0000002489 devstack@neutron-api.service[90005]: 'NDPProxy': {'1.0'},
Jun 09 21:12:09.979733 np0000002489 devstack@neutron-api.service[90005]: 'Network': {'1.3'},
Jun 09 21:12:09.979733 np0000002489 devstack@neutron-api.service[90005]: 'Port': {'1.11'},
Jun 09 21:12:09.979733 np0000002489 devstack@neutron-api.service[90005]: 'PortForwarding': {'1.3'},
Jun 09 21:12:09.979733 np0000002489 devstack@neutron-api.service[90005]: 'QosPolicy': {'1.10'},
Jun 09 21:12:09.979733 np0000002489 devstack@neutron-api.service[90005]: 'SecurityGroup': {'1.6'},
Jun 09 21:12:09.979733 np0000002489 devstack@neutron-api.service[90005]: 'SecurityGroupRule': {'1.3'},
Jun 09 21:12:09.979733 np0000002489 devstack@neutron-api.service[90005]: 'SubPort': {'1.0'},
Jun 09 21:12:09.979733 np0000002489 devstack@neutron-api.service[90005]: 'Subnet': {'1.2'},
Jun 09 21:12:09.979733 np0000002489 devstack@neutron-api.service[90005]: 'Trunk': {'1.1'}}
Jun 09 21:12:09.979733 np0000002489 devstack@neutron-api.service[90005]: consumer versions:
Jun 09 21:12:09.979733 np0000002489 devstack@neutron-api.service[90005]: { OVN Neutron agent@np0000002489: {},
Jun 09 21:12:09.979733 np0000002489 devstack@neutron-api.service[90005]: OVN Controller Gateway agent@np0000002489: {}}
Jun 09 21:12:09.979733 np0000002489 devstack@neutron-api.service[90005]: {{(pid=90005) report /opt/stack/neutron/neutron/api/rpc/callbacks/version_manager.py:183}}
Jun 09 21:12:10.005813 np0000002489 devstack@neutron-api.service[90005]: DEBUG neutron.plugins.ml2.drivers.helpers [None req-4cf0c2cb-0a40-4a47-8643-551afd4a875a admin admin] geneve segment allocate from pool success with {'geneve_vni': 28592} {{(pid=90005) allocate_partially_specified_segment /opt/stack/neutron/neutron/plugins/ml2/drivers/helpers.py:142}}
Jun 09 21:12:10.013238 np0000002489 devstack@neutron-api.service[90005]: DEBUG neutron_lib.callbacks.manager [None req-4cf0c2cb-0a40-4a47-8643-551afd4a875a admin admin] Publish callbacks ['neutron.plugins.ml2.plugin.Ml2Plugin._handle_segment_change-15508938'] for segment (329516f8-4305-4420-8e23-30bc1492a4f1), precommit_create {{(pid=90005) _notify_loop /opt/stack/data/venv/lib/python3.12/site-packages/neutron_lib/callbacks/manager.py:184}}
Jun 09 21:12:10.013465 np0000002489 devstack@neutron-api.service[90005]: INFO neutron.db.segments_db [None req-4cf0c2cb-0a40-4a47-8643-551afd4a875a admin admin] Added segment 329516f8-4305-4420-8e23-30bc1492a4f1 of type geneve for network 4dc40191-8a5e-40c0-bff4-bcecce60c957
Jun 09 21:12:10.027460 np0000002489 devstack@neutron-api.service[90005]: DEBUG neutron_lib.callbacks.manager [None req-4cf0c2cb-0a40-4a47-8643-551afd4a875a admin admin] Publish callbacks ['neutron.services.auto_allocate.db._ensure_external_network_default_value_callback-8741742078406'] for network (4dc40191-8a5e-40c0-bff4-bcecce60c957), precommit_create {{(pid=90005) _notify_loop /opt/stack/data/venv/lib/python3.12/site-packages/neutron_lib/callbacks/manager.py:184}}
Jun 09 21:12:10.028006 np0000002489 devstack@neutron-api.service[90003]: DEBUG neutron_lib.callbacks.manager [None req-f3857b7c-e446-42f0-af8b-e2df4d2aee9f admin admin] Publish callbacks ['neutron.plugins.ml2.ovo_rpc._ObjectChangeHandler.handle_event-15184619'] for port (b57d61c3-fde0-4f6f-93fa-6a76ce0a00be), after_create {{(pid=90003) _notify_loop /opt/stack/data/venv/lib/python3.12/site-packages/neutron_lib/callbacks/manager.py:184}}
Jun 09 21:12:10.028566 np0000002489 devstack@neutron-api.service[90003]: DEBUG neutron.plugins.ml2.plugin [None req-7fc66187-5d9b-4ebb-84f7-cb2ae040aab4 None None] Current status of the port ca60367e-4362-476a-9c80-f4928a8a1d51 is: DOWN; New status is: DOWN {{(pid=90003) _update_individual_port_db_status /opt/stack/neutron/neutron/plugins/ml2/plugin.py:2470}}
Jun 09 21:12:10.030845 np0000002489 devstack@neutron-api.service[90003]: DEBUG ovsdbapp.backend.ovs_idl.transaction [None req-b937b0c7-0fcc-4b86-af12-afbf39d1a2d3 None None] Running txn n=1 command(idx=0): DbRemoveCommand(_result=None, table=Logical_Switch_Port, record=ca60367e-4362-476a-9c80-f4928a8a1d51, column=external_ids, values=('neutron:host_id',), keyvalues={}, if_exists=True) {{(pid=90003) do_commit /opt/stack/data/venv/lib/python3.12/site-packages/ovsdbapp/backend/ovs_idl/transaction.py:89}}
Jun 09 21:12:10.038867 np0000002489 devstack@neutron-api.service[90005]: DEBUG neutron.plugins.ml2.drivers.ovn.mech_driver.mech_driver [None req-4cf0c2cb-0a40-4a47-8643-551afd4a875a admin admin] Validating network segment with type geneve, segmentation ID 28592, physical network None {{(pid=90005) _validate_network_segments /opt/stack/neutron/neutron/plugins/ml2/drivers/ovn/mech_driver/mech_driver.py:643}}
Jun 09 21:12:10.039102 np0000002489 devstack@neutron-api.service[90005]: DEBUG neutron.db.ovn_revision_numbers_db [None req-4cf0c2cb-0a40-4a47-8643-551afd4a875a admin admin] create_initial_revision uuid=4dc40191-8a5e-40c0-bff4-bcecce60c957, type=networks, rev=-1 {{(pid=90005) create_initial_revision /opt/stack/neutron/neutron/db/ovn_revision_numbers_db.py:98}}
Jun 09 21:12:10.045956 np0000002489 devstack@neutron-api.service[90005]: DEBUG neutron_lib.callbacks.manager [None req-4cf0c2cb-0a40-4a47-8643-551afd4a875a admin admin] Publish callbacks ['neutron.plugins.ml2.ovo_rpc._ObjectChangeHandler.handle_event-1158498'] for network (4dc40191-8a5e-40c0-bff4-bcecce60c957), after_create {{(pid=90005) _notify_loop /opt/stack/data/venv/lib/python3.12/site-packages/neutron_lib/callbacks/manager.py:184}}
Jun 09 21:12:10.060775 np0000002489 devstack@neutron-api.service[90005]: DEBUG neutron.api.rpc.handlers.resources_rpc [None req-4cf0c2cb-0a40-4a47-8643-551afd4a875a admin admin] Pushing event updated for resources: {'Network': ['ID=4dc40191-8a5e-40c0-bff4-bcecce60c957,revision_number=1']} {{(pid=90005) push /opt/stack/neutron/neutron/api/rpc/handlers/resources_rpc.py:237}}
Jun 09 21:12:10.069412 np0000002489 devstack@neutron-api.service[90005]: DEBUG ovsdbapp.backend.ovs_idl.transaction [None req-13feb846-a7f9-4967-8eaa-d17522f2aec6 None None] Running txn n=1 command(idx=0): AddNetworkCommand(_result=None, network_uuid=4dc40191-8a5e-40c0-bff4-bcecce60c957, may_exist=True, columns={'external_ids': {'neutron:network_name': 'tempest-VolumesAdminNegativeTest-1478805577-network', 'neutron:mtu': '1372', 'neutron:revision_number': '1', 'neutron:availability_zone_hints': '', 'neutron:provnet-network-type': 'geneve'}, 'other_config': {'mcast_snoop': 'false', 'mcast_flood_unregistered': 'false', 'vlan-passthru': 'false'}}) {{(pid=90005) do_commit /opt/stack/data/venv/lib/python3.12/site-packages/ovsdbapp/backend/ovs_idl/transaction.py:89}}
Jun 09 21:12:10.078854 np0000002489 devstack@neutron-api.service[90003]: DEBUG neutron.plugins.ml2.drivers.ovn.mech_driver.ovsdb.ovsdb_monitor [None req-2767323a-4b16-4aea-ab8c-5672cb640c85 None None] Hash Ring: Node 845114a8c7ea50828b21d3188e5885c9 (host: np0000002489) handling event "create" for row 1d5b1748-0e8a-4d79-ae9b-f54d10c1edaa (table: Datapath_Binding) {{(pid=90003) notify /opt/stack/neutron/neutron/plugins/ml2/drivers/ovn/mech_driver/ovsdb/ovsdb_monitor.py:1015}}
Jun 09 21:12:10.082346 np0000002489 devstack@neutron-api.service[90003]: DEBUG neutron.plugins.ml2.drivers.ovn.mech_driver.ovsdb.ovsdb_monitor [None req-b937b0c7-0fcc-4b86-af12-afbf39d1a2d3 None None] Touching Hash Ring node "845114a8c7ea50828b21d3188e5885c9" from IDL notify handler {{(pid=90003) notify /opt/stack/neutron/neutron/plugins/ml2/drivers/ovn/mech_driver/ovsdb/ovsdb_monitor.py:1007}}
Jun 09 21:12:10.090993 np0000002489 devstack@neutron-api.service[90003]: DEBUG neutron.plugins.ml2.drivers.ovn.mech_driver.ovsdb.ovsdb_monitor [None req-b937b0c7-0fcc-4b86-af12-afbf39d1a2d3 None None] Hash Ring: Node 845114a8c7ea50828b21d3188e5885c9 (host: np0000002489) handling event "create" for row 4dc40191-8a5e-40c0-bff4-bcecce60c957 (table: Logical_Switch) {{(pid=90003) notify /opt/stack/neutron/neutron/plugins/ml2/drivers/ovn/mech_driver/ovsdb/ovsdb_monitor.py:1015}}
Jun 09 21:12:10.093039 np0000002489 devstack@neutron-api.service[90003]: DEBUG neutron.api.rpc.handlers.resources_rpc [None req-f3857b7c-e446-42f0-af8b-e2df4d2aee9f admin admin] Pushing event updated for resources: {'Port': ['ID=b57d61c3-fde0-4f6f-93fa-6a76ce0a00be,revision_number=1']} {{(pid=90003) push /opt/stack/neutron/neutron/api/rpc/handlers/resources_rpc.py:237}}
Jun 09 21:12:10.094071 np0000002489 devstack@neutron-api.service[90005]: INFO neutron.db.ovn_revision_numbers_db [None req-4cf0c2cb-0a40-4a47-8643-551afd4a875a admin admin] Successfully bumped revision number for resource 4dc40191-8a5e-40c0-bff4-bcecce60c957 (type: networks) to 1
Jun 09 21:12:10.108372 np0000002489 devstack@neutron-api.service[90005]: DEBUG neutron_lib.callbacks.manager [None req-4cf0c2cb-0a40-4a47-8643-551afd4a875a admin admin] Publish callbacks ['neutron.plugins.ml2.plugin.SecurityGroupDbMixin._ensure_default_security_group_handler-1070942'] for port (None), before_create {{(pid=90005) _notify_loop /opt/stack/data/venv/lib/python3.12/site-packages/neutron_lib/callbacks/manager.py:184}}
Jun 09 21:12:10.114257 np0000002489 devstack@neutron-api.service[90004]: DEBUG neutron.api.v2.base [None req-4440b2e6-7245-451d-b2f9-75b6776950b9 admin admin] Request body: {'network': {'name': 'tempest-ServerActionsV293TestJSON-2078053013-network', 'project_id': 'a87989d92fda4bec82ba09d6f7386d0b'}} {{(pid=90004) prepare_request_body /opt/stack/neutron/neutron/api/v2/base.py:727}}
Jun 09 21:12:10.124032 np0000002489 devstack@neutron-api.service[90003]: DEBUG ovsdbapp.backend.ovs_idl.transaction [None req-b937b0c7-0fcc-4b86-af12-afbf39d1a2d3 None None] Running txn n=1 command(idx=0): AddLSwitchPortCommand(_result=None, lport=b57d61c3-fde0-4f6f-93fa-6a76ce0a00be, lswitch=neutron-b5bdf7d6-1997-429a-a901-7af59cef2e5e, may_exist=True, network_uuid=b5bdf7d6-1997-429a-a901-7af59cef2e5e, columns={'addresses': ['fa:16:3e:7b:03:01'], 'external_ids': {'neutron:port_name': '', 'neutron:device_id': 'ovnmeta-b5bdf7d6-1997-429a-a901-7af59cef2e5e', 'neutron:project_id': '822381f0f99c4b2bb34688f77e36e987', 'neutron:cidrs': '', 'neutron:device_owner': 'network:distributed', 'neutron:subnet_pool_addr_scope4': '', 'neutron:subnet_pool_addr_scope6': '', 'neutron:network_name': 'neutron-b5bdf7d6-1997-429a-a901-7af59cef2e5e', 'neutron:security_group_ids': '', 'neutron:revision_number': '1', 'neutron:vnic_type': 'normal', 'neutron:port_capabilities': '', 'neutron:mtu': '1372'}, 'parent_name': [], 'tag': [], 'enabled': True, 'options': {}, 'type': 'localport', 'port_security': [], 'dhcpv4_options': [], 'dhcpv6_options': []}) {{(pid=90003) do_commit /opt/stack/data/venv/lib/python3.12/site-packages/ovsdbapp/backend/ovs_idl/transaction.py:89}}
Jun 09 21:12:10.124622 np0000002489 devstack@neutron-api.service[90003]: DEBUG ovsdbapp.backend.ovs_idl.transaction [None req-b937b0c7-0fcc-4b86-af12-afbf39d1a2d3 None None] Running txn n=1 command(idx=1): QoSDelCommand(_result=None, switch=neutron-b5bdf7d6-1997-429a-a901-7af59cef2e5e, conditions=[('direction', '=', 'to-lport'), ('priority', '=', 2002), ('match', '=', 'outport == "b57d61c3-fde0-4f6f-93fa-6a76ce0a00be"')], if_exists=True) {{(pid=90003) do_commit /opt/stack/data/venv/lib/python3.12/site-packages/ovsdbapp/backend/ovs_idl/transaction.py:89}}
Jun 09 21:12:10.124894 np0000002489 devstack@neutron-api.service[90003]: DEBUG ovsdbapp.backend.ovs_idl.transaction [None req-b937b0c7-0fcc-4b86-af12-afbf39d1a2d3 None None] Running txn n=1 command(idx=2): QoSDelCommand(_result=None, switch=neutron-b5bdf7d6-1997-429a-a901-7af59cef2e5e, conditions=[('direction', '=', 'from-lport'), ('priority', '=', 2002), ('match', '=', 'inport == "b57d61c3-fde0-4f6f-93fa-6a76ce0a00be"')], if_exists=True) {{(pid=90003) do_commit /opt/stack/data/venv/lib/python3.12/site-packages/ovsdbapp/backend/ovs_idl/transaction.py:89}}
Jun 09 21:12:10.126721 np0000002489 devstack@neutron-api.service[90004]: DEBUG neutron.pecan_wsgi.hooks.quota_enforcement [None req-4440b2e6-7245-451d-b2f9-75b6776950b9 admin admin] Made reservation on behalf of a87989d92fda4bec82ba09d6f7386d0b for: {'network': 1} {{(pid=90004) before /opt/stack/neutron/neutron/pecan_wsgi/hooks/quota_enforcement.py:66}}
Jun 09 21:12:10.128326 np0000002489 devstack@neutron-api.service[90003]: DEBUG neutron.plugins.ml2.drivers.ovn.mech_driver.ovsdb.ovsdb_monitor [None req-b937b0c7-0fcc-4b86-af12-afbf39d1a2d3 None None] Touching Hash Ring node "845114a8c7ea50828b21d3188e5885c9" from IDL notify handler {{(pid=90003) notify /opt/stack/neutron/neutron/plugins/ml2/drivers/ovn/mech_driver/ovsdb/ovsdb_monitor.py:1007}}
Jun 09 21:12:10.130456 np0000002489 devstack@neutron-api.service[90004]: DEBUG neutron_lib.callbacks.manager [None req-4440b2e6-7245-451d-b2f9-75b6776950b9 admin admin] Publish callbacks ['neutron.plugins.ml2.plugin.SecurityGroupDbMixin._ensure_default_security_group_handler-101982'] for network (None), before_create {{(pid=90004) _notify_loop /opt/stack/data/venv/lib/python3.12/site-packages/neutron_lib/callbacks/manager.py:184}}
Jun 09 21:12:10.131915 np0000002489 devstack@neutron-api.service[90003]: DEBUG neutron.plugins.ml2.drivers.ovn.mech_driver.ovsdb.ovsdb_monitor [None req-2767323a-4b16-4aea-ab8c-5672cb640c85 None None] Hash Ring: Node 845114a8c7ea50828b21d3188e5885c9 (host: np0000002489) handling event "create" for row 6a09009b-5318-4fe9-b1f0-e68339544a99 (table: Port_Binding) {{(pid=90003) notify /opt/stack/neutron/neutron/plugins/ml2/drivers/ovn/mech_driver/ovsdb/ovsdb_monitor.py:1015}}
Jun 09 21:12:10.132618 np0000002489 devstack@neutron-api.service[90003]: DEBUG neutron.plugins.ml2.drivers.ovn.mech_driver.ovsdb.ovsdb_monitor [None req-b937b0c7-0fcc-4b86-af12-afbf39d1a2d3 None None] Hash Ring: Node 845114a8c7ea50828b21d3188e5885c9 (host: np0000002489) handling event "update" for row b5bdf7d6-1997-429a-a901-7af59cef2e5e (table: Logical_Switch) {{(pid=90003) notify /opt/stack/neutron/neutron/plugins/ml2/drivers/ovn/mech_driver/ovsdb/ovsdb_monitor.py:1015}}
Jun 09 21:12:10.133395 np0000002489 devstack@neutron-api.service[90003]: DEBUG neutron.plugins.ml2.drivers.ovn.mech_driver.ovsdb.ovsdb_monitor [None req-b937b0c7-0fcc-4b86-af12-afbf39d1a2d3 None None] Touching Hash Ring node "845114a8c7ea50828b21d3188e5885c9" from IDL notify handler {{(pid=90003) notify /opt/stack/neutron/neutron/plugins/ml2/drivers/ovn/mech_driver/ovsdb/ovsdb_monitor.py:1007}}
Jun 09 21:12:10.135571 np0000002489 devstack@neutron-api.service[90003]: DEBUG neutron.plugins.ml2.drivers.ovn.mech_driver.ovsdb.ovsdb_monitor [None req-b937b0c7-0fcc-4b86-af12-afbf39d1a2d3 None None] Hash Ring: Node 845114a8c7ea50828b21d3188e5885c9 (host: np0000002489) handling event "create" for row ea178a4f-8d93-44c7-adde-bc50e48e0fe5 (table: Logical_Switch_Port) {{(pid=90003) notify /opt/stack/neutron/neutron/plugins/ml2/drivers/ovn/mech_driver/ovsdb/ovsdb_monitor.py:1015}}
